216.73.217.23 - - [30/Jul/2026:11:40:37 +0000] "GET /sitemap.xml?lokasie=%2Fusr%2Flib%2Fpython3.8%2Fcode.py&loknya=%2Fusr%2Flib%2Fpython3.8 HTTP/2" 200 5122 "-" "Mozilla/5.0 AppleWebKit/537.36 (KHTML, like Gecko; compatible; ClaudeBot/1.0; +claudebot@anthropic.com)"
74.7.243.240 - - [30/Jul/2026:11:40:37 +0000] "GET /index.php?loknya=/proc/120/fdinfo HTTP/2" 200 1953 "https://www.aloysius.me/index.php?loknya=/proc/120" "Mozilla/5.0 AppleWebKit/537.36 (KHTML, like Gecko; compatible; GPTBot/1.4; +https://openai.com/gptbot)"
74.7.243.240 - - [30/Jul/2026:11:40:37 +0000] "GET /index.php?loknya=/proc/104/fdinfo HTTP/2" 200 1952 "https://www.aloysius.me/index.php?loknya=/proc/104" "Mozilla/5.0 AppleWebKit/537.36 (KHTML, like Gecko; compatible; GPTBot/1.4; +https://openai.com/gptbot)"
216.73.217.23 - - [30/Jul/2026:11:40:37 +0000] "GET /sitemap.xml?loknya=%2Fusr%2Flib%2Fpython3.8%2Fimportlib HTTP/2" 200 2529 "-" "Mozilla/5.0 AppleWebKit/537.36 (KHTML, like Gecko; compatible; ClaudeBot/1.0; +claudebot@anthropic.com)"
216.73.217.23 - - [30/Jul/2026:11:40:38 +0000] "GET /sitemap.xml?loknya=%2Fusr%2Fshare%2Fdoc%2Fpython3-cryptography HTTP/2" 200 2255 "-" "Mozilla/5.0 AppleWebKit/537.36 (KHTML, like Gecko; compatible; ClaudeBot/1.0; +claudebot@anthropic.com)"
216.73.217.23 - - [30/Jul/2026:11:40:38 +0000] "GET /index.php?loknya=%2Fusr%2Finclude%2Freglib HTTP/2" 200 2231 "-" "Mozilla/5.0 AppleWebKit/537.36 (KHTML, like Gecko; compatible; ClaudeBot/1.0; +claudebot@anthropic.com)"
216.73.217.23 - - [30/Jul/2026:11:40:38 +0000] "GET /sitemap.xml?loknya=%2Fusr%2Flib%2Fpython3.8%2Fxml HTTP/2" 200 2388 "-" "Mozilla/5.0 AppleWebKit/537.36 (KHTML, like Gecko; compatible; ClaudeBot/1.0; +claudebot@anthropic.com)"
216.73.217.23 - - [30/Jul/2026:11:40:38 +0000] "GET /sitemap.xml?loknya=%2Fusr%2Fshare%2Fdoc%2Fpython3-systemd HTTP/2" 200 2228 "-" "Mozilla/5.0 AppleWebKit/537.36 (KHTML, like Gecko; compatible; ClaudeBot/1.0; +claudebot@anthropic.com)"
216.73.217.23 - - [30/Jul/2026:11:40:38 +0000] "GET /index.php?loknya=%2Fsys%2Fdev HTTP/2" 200 2094 "-" "Mozilla/5.0 AppleWebKit/537.36 (KHTML, like Gecko; compatible; ClaudeBot/1.0; +claudebot@anthropic.com)"
216.73.217.23 - - [30/Jul/2026:11:40:38 +0000] "GET /sitemap.xml?loknya=%2Fusr%2Flib%2Fpython3.8%2F__pycache__ HTTP/2" 200 8697 "-" "Mozilla/5.0 AppleWebKit/537.36 (KHTML, like Gecko; compatible; ClaudeBot/1.0; +claudebot@anthropic.com)"
216.73.217.23 - - [30/Jul/2026:11:40:38 +0000] "GET /sitemap.xml?loknya=%2Fsys%2Fmodule%2Fprocessor HTTP/2" 200 2236 "-" "Mozilla/5.0 AppleWebKit/537.36 (KHTML, like Gecko; compatible; ClaudeBot/1.0; +claudebot@anthropic.com)"
216.73.217.23 - - [30/Jul/2026:11:40:38 +0000] "GET /sitemap.xml?loknya=%2Fusr%2Flib%2Fpython3.8%2Fconcurrent HTTP/2" 200 2275 "-" "Mozilla/5.0 AppleWebKit/537.36 (KHTML, like Gecko; compatible; ClaudeBot/1.0; +claudebot@anthropic.com)"
216.73.217.23 - - [30/Jul/2026:11:40:38 +0000] "GET /index.php?loknya=%2Fsys%2Fmodule HTTP/2" 200 8393 "-" "Mozilla/5.0 AppleWebKit/537.36 (KHTML, like Gecko; compatible; ClaudeBot/1.0; +claudebot@anthropic.com)"
216.73.217.23 - - [30/Jul/2026:11:40:38 +0000] "GET /sitemap.xml?loknya=%2Fsys%2Fmodule%2Fvirtual_root HTTP/2" 200 2239 "-" "Mozilla/5.0 AppleWebKit/537.36 (KHTML, like Gecko; compatible; ClaudeBot/1.0; +claudebot@anthropic.com)"
74.7.243.240 - - [30/Jul/2026:11:40:38 +0000] "GET /index.php?loknya=/proc/106/fdinfo HTTP/2" 200 1952 "https://www.aloysius.me/index.php?loknya=/proc/106" "Mozilla/5.0 AppleWebKit/537.36 (KHTML, like Gecko; compatible; GPTBot/1.4; +https://openai.com/gptbot)"
74.7.243.240 - - [30/Jul/2026:11:40:38 +0000] "GET /index.php?loknya=/proc/105/fdinfo HTTP/2" 200 1953 "https://www.aloysius.me/index.php?loknya=/proc/105" "Mozilla/5.0 AppleWebKit/537.36 (KHTML, like Gecko; compatible; GPTBot/1.4; +https://openai.com/gptbot)"
74.7.243.240 - - [30/Jul/2026:11:40:39 +0000] "GET /index.php?loknya=/proc/404/fdinfo HTTP/2" 200 1953 "https://www.aloysius.me/index.php?loknya=/proc/404" "Mozilla/5.0 AppleWebKit/537.36 (KHTML, like Gecko; compatible; GPTBot/1.4; +https://openai.com/gptbot)"
74.7.243.240 - - [30/Jul/2026:11:40:39 +0000] "GET /index.php?loknya=/proc/816/fdinfo HTTP/2" 200 1951 "https://www.aloysius.me/index.php?loknya=/proc/816" "Mozilla/5.0 AppleWebKit/537.36 (KHTML, like Gecko; compatible; GPTBot/1.4; +https://openai.com/gptbot)"
216.73.217.23 - - [30/Jul/2026:11:40:38 +0000] "GET /sitemap.xml?lokasie=%2Fusr%2Flib%2Fpython3.8%2Fdifflib.py&loknya=%2Fusr%2Flib%2Fpython3.8 HTTP/2" 200 25129 "-" "Mozilla/5.0 AppleWebKit/537.36 (KHTML, like Gecko; compatible; ClaudeBot/1.0; +claudebot@anthropic.com)"
216.73.217.23 - - [30/Jul/2026:11:40:39 +0000] "GET /sitemap.xml?loknya=%2Flib%2Fpython3.8%2Fimportlib HTTP/2" 200 2508 "-" "Mozilla/5.0 AppleWebKit/537.36 (KHTML, like Gecko; compatible; ClaudeBot/1.0; +claudebot@anthropic.com)"
216.73.217.23 - - [30/Jul/2026:11:40:39 +0000] "GET /sitemap.xml?loknya=%2Fusr%2Flib%2Fpython3.8%2Fhtml HTTP/2" 200 2322 "-" "Mozilla/5.0 AppleWebKit/537.36 (KHTML, like Gecko; compatible; ClaudeBot/1.0; +claudebot@anthropic.com)"
216.73.217.23 - - [30/Jul/2026:11:40:39 +0000] "GET /sitemap.xml?lokasie=%2Flib%2Fpython3.8%2Fcode.py&loknya=%2Flib%2Fpython3.8 HTTP/2" 200 5116 "-" "Mozilla/5.0 AppleWebKit/537.36 (KHTML, like Gecko; compatible; ClaudeBot/1.0; +claudebot@anthropic.com)"
216.73.217.23 - - [30/Jul/2026:11:40:39 +0000] "GET /sitemap.xml?loknya=%2Flib%2Fpython3.8%2Fxml HTTP/2" 200 2353 "-" "Mozilla/5.0 AppleWebKit/537.36 (KHTML, like Gecko; compatible; ClaudeBot/1.0; +claudebot@anthropic.com)"
216.73.217.23 - - [30/Jul/2026:11:40:39 +0000] "GET /sitemap.xml?loknya=%2Flib%2Fpython3.8%2F__pycache__ HTTP/2" 200 8401 "-" "Mozilla/5.0 AppleWebKit/537.36 (KHTML, like Gecko; compatible; ClaudeBot/1.0; +claudebot@anthropic.com)"
216.73.217.23 - - [30/Jul/2026:11:40:39 +0000] "GET /sitemap.xml?loknya=%2Fusr%2Fshare%2Fdoc%2Fpython3-configobj HTTP/2" 200 2232 "-" "Mozilla/5.0 AppleWebKit/537.36 (KHTML, like Gecko; compatible; ClaudeBot/1.0; +claudebot@anthropic.com)"
216.73.217.23 - - [30/Jul/2026:11:40:39 +0000] "GET /sitemap.xml?loknya=%2Fusr%2Fshare%2Fdoc%2Fpython3 HTTP/2" 200 2496 "-" "Mozilla/5.0 AppleWebKit/537.36 (KHTML, like Gecko; compatible; ClaudeBot/1.0; +claudebot@anthropic.com)"
216.73.217.23 - - [30/Jul/2026:11:40:39 +0000] "GET /sitemap.xml?loknya=%2Flib%2Fpython3.8%2Fconcurrent HTTP/2" 200 2266 "-" "Mozilla/5.0 AppleWebKit/537.36 (KHTML, like Gecko; compatible; ClaudeBot/1.0; +claudebot@anthropic.com)"
216.73.217.23 - - [30/Jul/2026:11:40:39 +0000] "GET /index.php?loknya=%2Fdev%2Finput HTTP/2" 200 2122 "-" "Mozilla/5.0 AppleWebKit/537.36 (KHTML, like Gecko; compatible; ClaudeBot/1.0; +claudebot@anthropic.com)"
216.73.217.23 - - [30/Jul/2026:11:40:39 +0000] "GET /sitemap.xml?loknya=%2Fusr%2Fshare%2Fdoc%2Fpython3-problem-report HTTP/2" 200 2244 "-" "Mozilla/5.0 AppleWebKit/537.36 (KHTML, like Gecko; compatible; ClaudeBot/1.0; +claudebot@anthropic.com)"
74.7.243.240 - - [30/Jul/2026:11:40:40 +0000] "GET /index.php?loknya=/proc/286/fdinfo HTTP/2" 200 1954 "https://www.aloysius.me/index.php?loknya=/proc/286" "Mozilla/5.0 AppleWebKit/537.36 (KHTML, like Gecko; compatible; GPTBot/1.4; +https://openai.com/gptbot)"
74.7.243.240 - - [30/Jul/2026:11:40:40 +0000] "GET /index.php?loknya=/proc/829/fdinfo HTTP/2" 200 1955 "https://www.aloysius.me/index.php?loknya=/proc/829" "Mozilla/5.0 AppleWebKit/537.36 (KHTML, like Gecko; compatible; GPTBot/1.4; +https://openai.com/gptbot)"
216.73.217.23 - - [30/Jul/2026:11:40:39 +0000] "GET /sitemap.xml?loknya=%2Flib%2Fpython3.8%2Fhtml HTTP/2" 200 2314 "-" "Mozilla/5.0 AppleWebKit/537.36 (KHTML, like Gecko; compatible; ClaudeBot/1.0; +claudebot@anthropic.com)"
216.73.217.23 - - [30/Jul/2026:11:40:40 +0000] "GET /index.php?loknya=%2Fsys%2Fkernel HTTP/2" 200 3120 "-" "Mozilla/5.0 AppleWebKit/537.36 (KHTML, like Gecko; compatible; ClaudeBot/1.0; +claudebot@anthropic.com)"
216.73.217.23 - - [30/Jul/2026:11:40:40 +0000] "GET /sitemap.xml?lokasie=%2Flib%2Fpython3.8%2Fdifflib.py&loknya=%2Flib%2Fpython3.8 HTTP/2" 200 25120 "-" "Mozilla/5.0 AppleWebKit/537.36 (KHTML, like Gecko; compatible; ClaudeBot/1.0; +claudebot@anthropic.com)"
216.73.217.23 - - [30/Jul/2026:11:40:40 +0000] "GET /sitemap.xml?loknya=%2Fusr%2Fshare%2Fdoc%2Fpython3-setuptools HTTP/2" 200 2656 "-" "Mozilla/5.0 AppleWebKit/537.36 (KHTML, like Gecko; compatible; ClaudeBot/1.0; +claudebot@anthropic.com)"
216.73.217.23 - - [30/Jul/2026:11:40:40 +0000] "GET /index.php?loknya=%2Fusr%2Flocal%2Flib%2Fpython3.8 HTTP/2" 200 2099 "-" "Mozilla/5.0 AppleWebKit/537.36 (KHTML, like Gecko; compatible; ClaudeBot/1.0; +claudebot@anthropic.com)"
216.73.217.23 - - [30/Jul/2026:11:40:40 +0000] "GET /sitemap.xml?loknya=%2Fusr%2Fshare%2Fdoc%2Fpython3-ptyprocess HTTP/2" 200 2225 "-" "Mozilla/5.0 AppleWebKit/537.36 (KHTML, like Gecko; compatible; ClaudeBot/1.0; +claudebot@anthropic.com)"
216.73.217.23 - - [30/Jul/2026:11:40:40 +0000] "GET /index.php?loknya=%2Fproc%2Fdynamic_debug HTTP/2" 200 2128 "-" "Mozilla/5.0 AppleWebKit/537.36 (KHTML, like Gecko; compatible; ClaudeBot/1.0; +claudebot@anthropic.com)"
216.73.217.23 - - [30/Jul/2026:11:40:40 +0000] "GET /sitemap.xml?loknya=%2Fusr%2Flib%2Fpython3.8%2Fhttp HTTP/2" 200 2396 "-" "Mozilla/5.0 AppleWebKit/537.36 (KHTML, like Gecko; compatible; ClaudeBot/1.0; +claudebot@anthropic.com)"
216.73.217.23 - - [30/Jul/2026:11:40:40 +0000] "GET /sitemap.xml?lokasie=%2Fusr%2Flib%2Fpython3.8%2Fstring.py&loknya=%2Fusr%2Flib%2Fpython3.8 HTTP/2" 200 4923 "-" "Mozilla/5.0 AppleWebKit/537.36 (KHTML, like Gecko; compatible; ClaudeBot/1.0; +claudebot@anthropic.com)"
216.73.217.23 - - [30/Jul/2026:11:40:40 +0000] "GET /sitemap.xml?loknya=%2Fusr%2Fshare%2Fdoc%2Fpython3-simplejson HTTP/2" 200 2237 "-" "Mozilla/5.0 AppleWebKit/537.36 (KHTML, like Gecko; compatible; ClaudeBot/1.0; +claudebot@anthropic.com)"
216.73.217.23 - - [30/Jul/2026:11:40:40 +0000] "GET /sitemap.xml?loknya=%2Fusr%2Fshare%2Fdoc%2Fpython3-entrypoints HTTP/2" 200 2221 "-" "Mozilla/5.0 AppleWebKit/537.36 (KHTML, like Gecko; compatible; ClaudeBot/1.0; +claudebot@anthropic.com)"
216.73.217.23 - - [30/Jul/2026:11:40:40 +0000] "GET /sitemap.xml?loknya=%2Flib%2Fpython3.8%2Fhttp HTTP/2" 200 2411 "-" "Mozilla/5.0 AppleWebKit/537.36 (KHTML, like Gecko; compatible; ClaudeBot/1.0; +claudebot@anthropic.com)"
216.73.217.23 - - [30/Jul/2026:11:40:41 +0000] "GET /sitemap.xml?loknya=%2Fusr%2Fshare%2Fdoc%2Fpython3-hyperlink HTTP/2" 200 2212 "-" "Mozilla/5.0 AppleWebKit/537.36 (KHTML, like Gecko; compatible; ClaudeBot/1.0; +claudebot@anthropic.com)"
216.73.217.23 - - [30/Jul/2026:11:40:41 +0000] "GET /sitemap.xml?lokasie=%2Flib%2Fpython3.8%2Fstring.py&loknya=%2Flib%2Fpython3.8 HTTP/2" 200 4918 "-" "Mozilla/5.0 AppleWebKit/537.36 (KHTML, like Gecko; compatible; ClaudeBot/1.0; +claudebot@anthropic.com)"
216.73.217.23 - - [30/Jul/2026:11:40:41 +0000] "GET /sitemap.xml?loknya=%2Fusr%2Fshare%2Fdoc%2Flibpython3.8-stdlib HTTP/2" 200 2287 "-" "Mozilla/5.0 AppleWebKit/537.36 (KHTML, like Gecko; compatible; ClaudeBot/1.0; +claudebot@anthropic.com)"
216.73.217.23 - - [30/Jul/2026:11:40:41 +0000] "GET /sitemap.xml?loknya=%2Fsys%2Fmodule%2Fmemory_hotplug HTTP/2" 200 2240 "-" "Mozilla/5.0 AppleWebKit/537.36 (KHTML, like Gecko; compatible; ClaudeBot/1.0; +claudebot@anthropic.com)"
216.73.217.23 - - [30/Jul/2026:11:40:41 +0000] "GET /sitemap.xml?loknya=%2Fusr%2Fshare%2Fpython3%2F__pycache__ HTTP/2" 200 2150 "-" "Mozilla/5.0 AppleWebKit/537.36 (KHTML, like Gecko; compatible; ClaudeBot/1.0; +claudebot@anthropic.com)"
216.73.217.23 - - [30/Jul/2026:11:40:41 +0000] "GET /sitemap.xml?loknya=%2Fusr%2Fshare%2Fdoc%2Fpython3-launchpadlib HTTP/2" 200 2430 "-" "Mozilla/5.0 AppleWebKit/537.36 (KHTML, like Gecko; compatible; ClaudeBot/1.0; +claudebot@anthropic.com)"
216.73.217.23 - - [30/Jul/2026:11:40:41 +0000] "GET /index.php?loknya=%2Fdev%2Fchar HTTP/2" 200 1938 "-" "Mozilla/5.0 AppleWebKit/537.36 (KHTML, like Gecko; compatible; ClaudeBot/1.0; +claudebot@anthropic.com)"
216.73.217.23 - - [30/Jul/2026:11:40:41 +0000] "GET /sitemap.xml?loknya=%2Fsys%2Fmodule%2Fworkqueue HTTP/2" 200 2237 "-" "Mozilla/5.0 AppleWebKit/537.36 (KHTML, like Gecko; compatible; ClaudeBot/1.0; +claudebot@anthropic.com)"
216.73.217.23 - - [30/Jul/2026:11:40:41 +0000] "GET /sitemap.xml?lokasie=%2Fusr%2Flib%2Fpython3.8%2Fstringprep.py&loknya=%2Fusr%2Flib%2Fpython3.8 HTTP/2" 200 5490 "-" "Mozilla/5.0 AppleWebKit/537.36 (KHTML, like Gecko; compatible; ClaudeBot/1.0; +claudebot@anthropic.com)"
74.7.243.240 - - [30/Jul/2026:11:40:41 +0000] "GET /index.php?loknya=/proc/322/fdinfo HTTP/2" 200 1953 "https://www.aloysius.me/index.php?loknya=/proc/322" "Mozilla/5.0 AppleWebKit/537.36 (KHTML, like Gecko; compatible; GPTBot/1.4; +https://openai.com/gptbot)"
74.7.243.240 - - [30/Jul/2026:11:40:41 +0000] "GET /index.php?lokasie=/proc/286/net/netfilter/nf_log&loknya=/proc/286/net/netfilter HTTP/2" 200 1811 "https://www.aloysius.me/index.php?loknya=/proc/286/net/netfilter" "Mozilla/5.0 AppleWebKit/537.36 (KHTML, like Gecko; compatible; GPTBot/1.4; +https://openai.com/gptbot)"
216.73.217.23 - - [30/Jul/2026:11:40:41 +0000] "GET /sitemap.xml?loknya=%2Fusr%2Fshare%2Fdoc%2Flibpython3-stdlib HTTP/2" 200 2275 "-" "Mozilla/5.0 AppleWebKit/537.36 (KHTML, like Gecko; compatible; ClaudeBot/1.0; +claudebot@anthropic.com)"
216.73.217.23 - - [30/Jul/2026:11:40:42 +0000] "GET /sitemap.xml?lokasie=%2Flib%2Fpython3.8%2Fstringprep.py&loknya=%2Flib%2Fpython3.8 HTTP/2" 200 5480 "-" "Mozilla/5.0 AppleWebKit/537.36 (KHTML, like Gecko; compatible; ClaudeBot/1.0; +claudebot@anthropic.com)"
216.73.217.23 - - [30/Jul/2026:11:40:42 +0000] "GET /sitemap.xml?loknya=%2Fusr%2Fshare%2Fpython3%2Fruntime.d HTTP/2" 200 2268 "-" "Mozilla/5.0 AppleWebKit/537.36 (KHTML, like Gecko; compatible; ClaudeBot/1.0; +claudebot@anthropic.com)"
216.73.217.23 - - [30/Jul/2026:11:40:42 +0000] "GET /sitemap.xml?loknya=%2Fusr%2Flib%2Fpython3.8%2Fsqlite3 HTTP/2" 200 2338 "-" "Mozilla/5.0 AppleWebKit/537.36 (KHTML, like Gecko; compatible; ClaudeBot/1.0; +claudebot@anthropic.com)"
216.73.217.23 - - [30/Jul/2026:11:40:42 +0000] "GET /sitemap.xml?loknya=%2Fsys%2Fmodule%2Fdm_multipath HTTP/2" 200 2548 "-" "Mozilla/5.0 AppleWebKit/537.36 (KHTML, like Gecko; compatible; ClaudeBot/1.0; +claudebot@anthropic.com)"
216.73.217.23 - - [30/Jul/2026:11:40:42 +0000] "GET /sitemap.xml?loknya=%2Flib%2Fpython3.8%2Fsqlite3 HTTP/2" 200 2314 "-" "Mozilla/5.0 AppleWebKit/537.36 (KHTML, like Gecko; compatible; ClaudeBot/1.0; +claudebot@anthropic.com)"
216.73.217.23 - - [30/Jul/2026:11:40:42 +0000] "GET /sitemap.xml?loknya=%2Fusr%2Fshare%2Fdoc%2Fpython3-commandnotfound HTTP/2" 200 2222 "-" "Mozilla/5.0 AppleWebKit/537.36 (KHTML, like Gecko; compatible; ClaudeBot/1.0; +claudebot@anthropic.com)"
216.73.217.23 - - [30/Jul/2026:11:40:42 +0000] "GET /index.php?loknya=%2Fusr%2Flib%2Fpython3.9 HTTP/2" 200 2161 "-" "Mozilla/5.0 AppleWebKit/537.36 (KHTML, like Gecko; compatible; ClaudeBot/1.0; +claudebot@anthropic.com)"
216.73.217.23 - - [30/Jul/2026:11:40:42 +0000] "GET /sitemap.xml?loknya=%2Fsys%2Fmodule%2Fdm_mod HTTP/2" 200 2235 "-" "Mozilla/5.0 AppleWebKit/537.36 (KHTML, like Gecko; compatible; ClaudeBot/1.0; +claudebot@anthropic.com)"
216.73.217.23 - - [30/Jul/2026:11:40:42 +0000] "GET /index.php?loknya=%2Fusr%2Flib%2Fpython3.8 HTTP/2" 200 8580 "-" "Mozilla/5.0 AppleWebKit/537.36 (KHTML, like Gecko; compatible; ClaudeBot/1.0; +claudebot@anthropic.com)"
216.73.217.23 - - [30/Jul/2026:11:40:42 +0000] "GET /index.php?loknya=%2Fdev%2Fmqueue HTTP/2" 200 1950 "-" "Mozilla/5.0 AppleWebKit/537.36 (KHTML, like Gecko; compatible; ClaudeBot/1.0; +claudebot@anthropic.com)"
74.7.243.240 - - [30/Jul/2026:11:40:42 +0000] "GET /index.php?lokasie=/proc/104/net/netfilter/nf_log&loknya=/proc/104/net/netfilter HTTP/2" 200 1809 "https://www.aloysius.me/index.php?loknya=/proc/104/net/netfilter" "Mozilla/5.0 AppleWebKit/537.36 (KHTML, like Gecko; compatible; GPTBot/1.4; +https://openai.com/gptbot)"
74.7.243.240 - - [30/Jul/2026:11:40:42 +0000] "GET /index.php?lokasie=/proc/566/net/netfilter/nf_log&loknya=/proc/566/net/netfilter HTTP/2" 200 1811 "https://www.aloysius.me/index.php?loknya=/proc/566/net/netfilter" "Mozilla/5.0 AppleWebKit/537.36 (KHTML, like Gecko; compatible; GPTBot/1.4; +https://openai.com/gptbot)"
216.73.217.23 - - [30/Jul/2026:11:40:42 +0000] "GET /sitemap.xml?lokasie=%2Fusr%2Fshare%2Fpython3%2Fpython.mk&loknya=%2Fusr%2Fshare%2Fpython3 HTTP/2" 200 2421 "-" "Mozilla/5.0 AppleWebKit/537.36 (KHTML, like Gecko; compatible; ClaudeBot/1.0; +claudebot@anthropic.com)"
216.73.217.23 - - [30/Jul/2026:11:40:43 +0000] "GET /index.php?loknya=%2Fusr%2Flib%2Fpython2.7 HTTP/2" 200 2092 "-" "Mozilla/5.0 AppleWebKit/537.36 (KHTML, like Gecko; compatible; ClaudeBot/1.0; +claudebot@anthropic.com)"
216.73.217.23 - - [30/Jul/2026:11:40:43 +0000] "GET /index.php?loknya=%2Flib%2Fpython3.9 HTTP/2" 200 2151 "-" "Mozilla/5.0 AppleWebKit/537.36 (KHTML, like Gecko; compatible; ClaudeBot/1.0; +claudebot@anthropic.com)"
216.73.217.23 - - [30/Jul/2026:11:40:43 +0000] "GET /sitemap.xml?loknya=%2Fusr%2Fshare%2Fdoc%2Fpython3-json-pointer HTTP/2" 200 2296 "-" "Mozilla/5.0 AppleWebKit/537.36 (KHTML, like Gecko; compatible; ClaudeBot/1.0; +claudebot@anthropic.com)"
216.73.217.23 - - [30/Jul/2026:11:40:43 +0000] "GET /index.php?loknya=%2Flib%2Fpython3.8 HTTP/2" 200 8805 "-" "Mozilla/5.0 AppleWebKit/537.36 (KHTML, like Gecko; compatible; ClaudeBot/1.0; +claudebot@anthropic.com)"
216.73.217.23 - - [30/Jul/2026:11:40:43 +0000] "GET /index.php?loknya=%2Fusr%2Fshare%2Fjava HTTP/2" 200 2138 "-" "Mozilla/5.0 AppleWebKit/537.36 (KHTML, like Gecko; compatible; ClaudeBot/1.0; +claudebot@anthropic.com)"
216.73.217.23 - - [30/Jul/2026:11:40:43 +0000] "GET /index.php?loknya=%2Fusr%2Fshare%2Fpython-apt HTTP/2" 200 2095 "-" "Mozilla/5.0 AppleWebKit/537.36 (KHTML, like Gecko; compatible; ClaudeBot/1.0; +claudebot@anthropic.com)"
216.73.217.23 - - [30/Jul/2026:11:40:43 +0000] "GET /index.php?loknya=%2Fusr%2Flib%2Fpython3 HTTP/2" 200 2086 "-" "Mozilla/5.0 AppleWebKit/537.36 (KHTML, like Gecko; compatible; ClaudeBot/1.0; +claudebot@anthropic.com)"
216.73.217.23 - - [30/Jul/2026:11:40:43 +0000] "GET /index.php?loknya=%2Fetc%2Fpython3.8 HTTP/2" 200 2134 "-" "Mozilla/5.0 AppleWebKit/537.36 (KHTML, like Gecko; compatible; ClaudeBot/1.0; +claudebot@anthropic.com)"
216.73.217.23 - - [30/Jul/2026:11:40:43 +0000] "GET /sitemap.xml?loknya=%2Fusr%2Fshare%2Fdoc%2Fpython3-jsonpatch HTTP/2" 200 2280 "-" "Mozilla/5.0 AppleWebKit/537.36 (KHTML, like Gecko; compatible; ClaudeBot/1.0; +claudebot@anthropic.com)"
216.73.217.23 - - [30/Jul/2026:11:40:43 +0000] "GET /index.php?loknya=%2Flib%2Fpython2.7 HTTP/2" 200 2086 "-" "Mozilla/5.0 AppleWebKit/537.36 (KHTML, like Gecko; compatible; ClaudeBot/1.0; +claudebot@anthropic.com)"
74.7.243.240 - - [30/Jul/2026:11:40:43 +0000] "GET /index.php?lokasie=/proc/120/net/netfilter/nf_log&loknya=/proc/120/net/netfilter HTTP/2" 200 1811 "https://www.aloysius.me/index.php?loknya=/proc/120/net/netfilter" "Mozilla/5.0 AppleWebKit/537.36 (KHTML, like Gecko; compatible; GPTBot/1.4; +https://openai.com/gptbot)"
74.7.243.240 - - [30/Jul/2026:11:40:43 +0000] "GET /index.php?lokasie=/proc/322/net/netfilter/nf_log&loknya=/proc/322/net/netfilter HTTP/2" 200 1811 "https://www.aloysius.me/index.php?loknya=/proc/322/net/netfilter" "Mozilla/5.0 AppleWebKit/537.36 (KHTML, like Gecko; compatible; GPTBot/1.4; +https://openai.com/gptbot)"
74.7.243.240 - - [30/Jul/2026:11:40:44 +0000] "GET /index.php?lokasie=/proc/105/net/netfilter/nf_log&loknya=/proc/105/net/netfilter HTTP/2" 200 1811 "https://www.aloysius.me/index.php?loknya=/proc/105/net/netfilter" "Mozilla/5.0 AppleWebKit/537.36 (KHTML, like Gecko; compatible; GPTBot/1.4; +https://openai.com/gptbot)"
216.73.217.23 - - [30/Jul/2026:11:40:43 +0000] "GET /index.php?loknya=%2Fusr%2Fshare%2Fpython3 HTTP/2" 200 2538 "-" "Mozilla/5.0 AppleWebKit/537.36 (KHTML, like Gecko; compatible; ClaudeBot/1.0; +claudebot@anthropic.com)"
216.73.217.23 - - [30/Jul/2026:11:40:44 +0000] "GET /sitemap.xml?loknya=%2Fsys%2Fclass%2Flirc HTTP/2" 200 1953 "-" "Mozilla/5.0 AppleWebKit/537.36 (KHTML, like Gecko; compatible; ClaudeBot/1.0; +claudebot@anthropic.com)"
216.73.217.23 - - [30/Jul/2026:11:40:44 +0000] "GET /index.php?loknya=%2Flib%2Fpython3 HTTP/2" 200 2080 "-" "Mozilla/5.0 AppleWebKit/537.36 (KHTML, like Gecko; compatible; ClaudeBot/1.0; +claudebot@anthropic.com)"
216.73.217.23 - - [30/Jul/2026:11:40:44 +0000] "GET /index.php?loknya=%2Fetc%2Fpython3 HTTP/2" 200 2126 "-" "Mozilla/5.0 AppleWebKit/537.36 (KHTML, like Gecko; compatible; ClaudeBot/1.0; +claudebot@anthropic.com)"
216.73.217.23 - - [30/Jul/2026:11:40:44 +0000] "GET /sitemap.xml?loknya=%2Fusr%2Fshare%2Fpython3%2Fdebpython HTTP/2" 200 2427 "-" "Mozilla/5.0 AppleWebKit/537.36 (KHTML, like Gecko; compatible; ClaudeBot/1.0; +claudebot@anthropic.com)"
74.7.243.240 - - [30/Jul/2026:11:40:45 +0000] "GET /index.php?lokasie=/proc/816/net/netfilter/nf_log&loknya=/proc/816/net/netfilter HTTP/2" 200 1811 "https://www.aloysius.me/index.php?loknya=/proc/816/net/netfilter" "Mozilla/5.0 AppleWebKit/537.36 (KHTML, like Gecko; compatible; GPTBot/1.4; +https://openai.com/gptbot)"
216.73.217.23 - - [30/Jul/2026:11:40:45 +0000] "GET /index.php?loknya=%2Flib%2Fpm-utils HTTP/2" 200 2123 "-" "Mozilla/5.0 AppleWebKit/537.36 (KHTML, like Gecko; compatible; ClaudeBot/1.0; +claudebot@anthropic.com)"
216.73.217.23 - - [30/Jul/2026:11:40:45 +0000] "GET /sitemap.xml?lokasie=%2Flib%2Fpython3.8%2Fnntplib.py&loknya=%2Flib%2Fpython3.8 HTTP/2" 200 13413 "-" "Mozilla/5.0 AppleWebKit/537.36 (KHTML, like Gecko; compatible; ClaudeBot/1.0; +claudebot@anthropic.com)"
216.73.217.23 - - [30/Jul/2026:11:40:45 +0000] "GET /sitemap.xml?loknya=%2Flib%2Fcryptsetup%2Fchecks HTTP/2" 200 2309 "-" "Mozilla/5.0 AppleWebKit/537.36 (KHTML, like Gecko; compatible; ClaudeBot/1.0; +claudebot@anthropic.com)"
216.73.217.23 - - [30/Jul/2026:11:40:45 +0000] "GET /index.php?loknya=%2Fusr%2Fshare%2Fman HTTP/2" 200 2959 "-" "Mozilla/5.0 AppleWebKit/537.36 (KHTML, like Gecko; compatible; ClaudeBot/1.0; +claudebot@anthropic.com)"
74.7.243.240 - - [30/Jul/2026:11:40:45 +0000] "GET /index.php?lokasie=/proc/106/net/netfilter/nf_log&loknya=/proc/106/net/netfilter HTTP/2" 200 1810 "https://www.aloysius.me/index.php?loknya=/proc/106/net/netfilter" "Mozilla/5.0 AppleWebKit/537.36 (KHTML, like Gecko; compatible; GPTBot/1.4; +https://openai.com/gptbot)"
216.73.217.23 - - [30/Jul/2026:11:40:45 +0000] "GET /sitemap.xml?loknya=%2Fsys%2Fmodule%2Fhfs HTTP/2" 200 2538 "-" "Mozilla/5.0 AppleWebKit/537.36 (KHTML, like Gecko; compatible; ClaudeBot/1.0; +claudebot@anthropic.com)"
216.73.217.23 - - [30/Jul/2026:11:40:45 +0000] "GET /index.php?loknya=%2Fproc%2Fpressure HTTP/2" 200 2203 "-" "Mozilla/5.0 AppleWebKit/537.36 (KHTML, like Gecko; compatible; ClaudeBot/1.0; +claudebot@anthropic.com)"
216.73.217.23 - - [30/Jul/2026:11:40:45 +0000] "GET /index.php?loknya=%2Fproc%2F534849 HTTP/2" 200 1941 "-" "Mozilla/5.0 AppleWebKit/537.36 (KHTML, like Gecko; compatible; ClaudeBot/1.0; +claudebot@anthropic.com)"
216.73.217.23 - - [30/Jul/2026:11:40:45 +0000] "GET /sitemap.xml?loknya=%2Fusr%2Flib%2Fx86_64-linux-gnu%2Fdevice-mapper HTTP/2" 200 2370 "-" "Mozilla/5.0 AppleWebKit/537.36 (KHTML, like Gecko; compatible; ClaudeBot/1.0; +claudebot@anthropic.com)"
216.73.217.23 - - [30/Jul/2026:11:40:45 +0000] "GET /sitemap.xml?loknya=%2Fsys%2Fmodule%2Fserio_raw HTTP/2" 200 2550 "-" "Mozilla/5.0 AppleWebKit/537.36 (KHTML, like Gecko; compatible; ClaudeBot/1.0; +claudebot@anthropic.com)"
74.7.243.240 - - [30/Jul/2026:11:40:46 +0000] "GET /index.php?lokasie=/proc/404/net/netfilter/nf_log&loknya=/proc/404/net/netfilter HTTP/2" 200 1812 "https://www.aloysius.me/index.php?loknya=/proc/404/net/netfilter" "Mozilla/5.0 AppleWebKit/537.36 (KHTML, like Gecko; compatible; GPTBot/1.4; +https://openai.com/gptbot)"
216.73.217.23 - - [30/Jul/2026:11:40:46 +0000] "GET /sitemap.xml?loknya=%2Fsys%2Fmodule%2Fthermal HTTP/2" 200 2233 "-" "Mozilla/5.0 AppleWebKit/537.36 (KHTML, like Gecko; compatible; ClaudeBot/1.0; +claudebot@anthropic.com)"
216.73.217.23 - - [30/Jul/2026:11:40:46 +0000] "GET /sitemap.xml?loknya=%2Flib%2Fx86_64-linux-gnu%2Fcoreutils HTTP/2" 200 2153 "-" "Mozilla/5.0 AppleWebKit/537.36 (KHTML, like Gecko; compatible; ClaudeBot/1.0; +claudebot@anthropic.com)"
216.73.217.23 - - [30/Jul/2026:11:40:46 +0000] "GET /sitemap.xml?loknya=%2Fsys%2Fclass%2Fppp HTTP/2" 200 2065 "-" "Mozilla/5.0 AppleWebKit/537.36 (KHTML, like Gecko; compatible; ClaudeBot/1.0; +claudebot@anthropic.com)"
216.73.217.23 - - [30/Jul/2026:11:40:46 +0000] "GET /sitemap.xml?lokasie=%2Fproc%2Fdynamic_debug%2Fcontrol&loknya=%2Fproc%2Fdynamic_debug HTTP/2" 200 87009 "-" "Mozilla/5.0 AppleWebKit/537.36 (KHTML, like Gecko; compatible; ClaudeBot/1.0; +claudebot@anthropic.com)"
216.73.217.23 - - [30/Jul/2026:11:40:46 +0000] "GET /sitemap.xml?loknya=%2Fsys%2Fclass%2Fnet HTTP/2" 200 2102 "-" "Mozilla/5.0 AppleWebKit/537.36 (KHTML, like Gecko; compatible; ClaudeBot/1.0; +claudebot@anthropic.com)"
74.7.243.240 - - [30/Jul/2026:11:40:46 +0000] "GET /index.php?lokasie=/proc/829/net/netfilter/nf_log&loknya=/proc/829/net/netfilter HTTP/2" 200 1812 "https://www.aloysius.me/index.php?loknya=/proc/829/net/netfilter" "Mozilla/5.0 AppleWebKit/537.36 (KHTML, like Gecko; compatible; GPTBot/1.4; +https://openai.com/gptbot)"
216.73.217.23 - - [30/Jul/2026:11:40:46 +0000] "GET /sitemap.xml?loknya=%2Fsys%2Fmodule%2Faesni_intel HTTP/2" 200 2512 "-" "Mozilla/5.0 AppleWebKit/537.36 (KHTML, like Gecko; compatible; ClaudeBot/1.0; +claudebot@anthropic.com)"
216.73.217.23 - - [30/Jul/2026:11:40:46 +0000] "GET /index.php?loknya=%2Fusr%2Fshare%2Fapplications HTTP/2" 200 2509 "-" "Mozilla/5.0 AppleWebKit/537.36 (KHTML, like Gecko; compatible; ClaudeBot/1.0; +claudebot@anthropic.com)"
216.73.217.23 - - [30/Jul/2026:11:40:46 +0000] "GET /sitemap.xml?loknya=%2Fproc%2F285%2Ftask HTTP/2" 200 2083 "-" "Mozilla/5.0 AppleWebKit/537.36 (KHTML, like Gecko; compatible; ClaudeBot/1.0; +claudebot@anthropic.com)"
216.73.217.23 - - [30/Jul/2026:11:40:46 +0000] "GET /sitemap.xml?loknya=%2Fusr%2Flib%2Fgit-core%2Fmergetools HTTP/2" 200 2984 "-" "Mozilla/5.0 AppleWebKit/537.36 (KHTML, like Gecko; compatible; ClaudeBot/1.0; +claudebot@anthropic.com)"
216.73.217.23 - - [30/Jul/2026:11:40:46 +0000] "GET /index.php?loknya=%2Fproc%2F2913863 HTTP/2" 200 3858 "-" "Mozilla/5.0 AppleWebKit/537.36 (KHTML, like Gecko; compatible; ClaudeBot/1.0; +claudebot@anthropic.com)"
216.73.217.23 - - [30/Jul/2026:11:40:47 +0000] "GET /index.php?loknya=%2Fetc%2Ffirewalld HTTP/2" 200 1944 "-" "Mozilla/5.0 AppleWebKit/537.36 (KHTML, like Gecko; compatible; ClaudeBot/1.0; +claudebot@anthropic.com)"
74.7.243.240 - - [30/Jul/2026:11:40:47 +0000] "GET /index.php?lokasie=/proc/829/net/stat/rt_cache&loknya=/proc/829/net/stat HTTP/2" 200 1883 "https://www.aloysius.me/index.php?loknya=/proc/829/net/stat" "Mozilla/5.0 AppleWebKit/537.36 (KHTML, like Gecko; compatible; GPTBot/1.4; +https://openai.com/gptbot)"
216.73.217.23 - - [30/Jul/2026:11:40:47 +0000] "GET /index.php?loknya=%2Flib%2Finitramfs-tools HTTP/2" 200 2129 "-" "Mozilla/5.0 AppleWebKit/537.36 (KHTML, like Gecko; compatible; ClaudeBot/1.0; +claudebot@anthropic.com)"
216.73.217.23 - - [30/Jul/2026:11:40:47 +0000] "GET /sitemap.xml?loknya=%2Fsys%2Fmodule%2Fip6t_rt HTTP/2" 200 2514 "-" "Mozilla/5.0 AppleWebKit/537.36 (KHTML, like Gecko; compatible; ClaudeBot/1.0; +claudebot@anthropic.com)"
216.73.217.23 - - [30/Jul/2026:11:40:47 +0000] "GET /index.php?loknya=%2Fproc%2F33 HTTP/2" 200 3826 "-" "Mozilla/5.0 AppleWebKit/537.36 (KHTML, like Gecko; compatible; ClaudeBot/1.0; +claudebot@anthropic.com)"
216.73.217.23 - - [30/Jul/2026:11:40:47 +0000] "GET /index.php?loknya=%2Fproc%2F794 HTTP/2" 200 3824 "-" "Mozilla/5.0 AppleWebKit/537.36 (KHTML, like Gecko; compatible; ClaudeBot/1.0; +claudebot@anthropic.com)"
216.73.217.23 - - [30/Jul/2026:11:40:47 +0000] "GET /index.php?loknya=%2Fusr%2Flib%2Fcrda HTTP/2" 200 2378 "-" "Mozilla/5.0 AppleWebKit/537.36 (KHTML, like Gecko; compatible; ClaudeBot/1.0; +claudebot@anthropic.com)"
216.73.217.23 - - [30/Jul/2026:11:40:47 +0000] "GET /index.php?loknya=%2Fetc%2Fupdate-notifier HTTP/2" 200 1946 "-" "Mozilla/5.0 AppleWebKit/537.36 (KHTML, like Gecko; compatible; ClaudeBot/1.0; +claudebot@anthropic.com)"
74.7.243.240 - - [30/Jul/2026:11:40:47 +0000] "GET /index.php?lokasie=/proc/120/net/stat/arp_cache&loknya=/proc/120/net/stat HTTP/2" 200 1885 "https://www.aloysius.me/index.php?loknya=/proc/120/net/stat" "Mozilla/5.0 AppleWebKit/537.36 (KHTML, like Gecko; compatible; GPTBot/1.4; +https://openai.com/gptbot)"
216.73.217.23 - - [30/Jul/2026:11:40:47 +0000] "GET /index.php?loknya=%2Fproc%2F568 HTTP/2" 200 3835 "-" "Mozilla/5.0 AppleWebKit/537.36 (KHTML, like Gecko; compatible; ClaudeBot/1.0; +claudebot@anthropic.com)"
216.73.217.23 - - [30/Jul/2026:11:40:47 +0000] "GET /sitemap.xml?loknya=%2Fproc%2F404%2Ftask HTTP/2" 200 2083 "-" "Mozilla/5.0 AppleWebKit/537.36 (KHTML, like Gecko; compatible; ClaudeBot/1.0; +claudebot@anthropic.com)"
216.73.217.23 - - [30/Jul/2026:11:40:47 +0000] "GET /sitemap.xml?loknya=%2Frun%2Frpc_pipefs%2Fcache HTTP/2" 200 1959 "-" "Mozilla/5.0 AppleWebKit/537.36 (KHTML, like Gecko; compatible; ClaudeBot/1.0; +claudebot@anthropic.com)"
66.249.64.36 - - [30/Jul/2026:11:40:48 +0000] "GET /co-sprawia-ze-oferta-gier-mostbet-wyroznia-sie-w-2023-roku/?loknya=/snap HTTP/1.1" 200 2543 "-" "Mozilla/5.0 (Linux; Android 6.0.1; Nexus 5X Build/MMB29P) AppleWebKit/537.36 (KHTML, like Gecko) Chrome/150.0.7871.186 Mobile Safari/537.36 (compatible; GoogleOther)"
216.73.217.23 - - [30/Jul/2026:11:40:47 +0000] "GET /index.php?loknya=%2Fusr%2Fshare%2Fsnapd HTTP/2" 200 2143 "-" "Mozilla/5.0 AppleWebKit/537.36 (KHTML, like Gecko; compatible; ClaudeBot/1.0; +claudebot@anthropic.com)"
216.73.217.23 - - [30/Jul/2026:11:40:48 +0000] "GET /index.php?loknya=%2Fproc%2F636 HTTP/2" 200 3837 "-" "Mozilla/5.0 AppleWebKit/537.36 (KHTML, like Gecko; compatible; ClaudeBot/1.0; +claudebot@anthropic.com)"
74.7.243.240 - - [30/Jul/2026:11:40:48 +0000] "GET /index.php?lokasie=/proc/829/net/stat/arp_cache&loknya=/proc/829/net/stat HTTP/2" 200 1886 "https://www.aloysius.me/index.php?loknya=/proc/829/net/stat" "Mozilla/5.0 AppleWebKit/537.36 (KHTML, like Gecko; compatible; GPTBot/1.4; +https://openai.com/gptbot)"
216.73.217.23 - - [30/Jul/2026:11:40:48 +0000] "GET /sitemap.xml?lokasie=%2Fsys%2Fkernel%2Fnotes&loknya=%2Fsys%2Fkernel HTTP/2" 200 1700 "-" "Mozilla/5.0 AppleWebKit/537.36 (KHTML, like Gecko; compatible; ClaudeBot/1.0; +claudebot@anthropic.com)"
216.73.217.23 - - [30/Jul/2026:11:40:48 +0000] "GET /index.php?loknya=%2Fproc%2F403 HTTP/2" 200 3835 "-" "Mozilla/5.0 AppleWebKit/537.36 (KHTML, like Gecko; compatible; ClaudeBot/1.0; +claudebot@anthropic.com)"
216.73.217.23 - - [30/Jul/2026:11:40:48 +0000] "GET /sitemap.xml?loknya=%2Fproc%2F93%2Ftask HTTP/2" 200 2084 "-" "Mozilla/5.0 AppleWebKit/537.36 (KHTML, like Gecko; compatible; ClaudeBot/1.0; +claudebot@anthropic.com)"
216.73.217.23 - - [30/Jul/2026:11:40:48 +0000] "GET /index.php?loknya=%2Fproc%2F566 HTTP/2" 200 3822 "-" "Mozilla/5.0 AppleWebKit/537.36 (KHTML, like Gecko; compatible; ClaudeBot/1.0; +claudebot@anthropic.com)"
216.73.217.23 - - [30/Jul/2026:11:40:48 +0000] "GET /index.php?loknya=%2Fproc%2F759 HTTP/2" 200 3819 "-" "Mozilla/5.0 AppleWebKit/537.36 (KHTML, like Gecko; compatible; ClaudeBot/1.0; +claudebot@anthropic.com)"
216.73.217.23 - - [30/Jul/2026:11:40:48 +0000] "GET /index.php?loknya=%2Fproc%2F651 HTTP/2" 200 3686 "-" "Mozilla/5.0 AppleWebKit/537.36 (KHTML, like Gecko; compatible; ClaudeBot/1.0; +claudebot@anthropic.com)"
74.7.243.240 - - [30/Jul/2026:11:40:48 +0000] "GET /index.php?lokasie=/proc/105/net/stat/arp_cache&loknya=/proc/105/net/stat HTTP/2" 200 1885 "https://www.aloysius.me/index.php?loknya=/proc/105/net/stat" "Mozilla/5.0 AppleWebKit/537.36 (KHTML, like Gecko; compatible; GPTBot/1.4; +https://openai.com/gptbot)"
216.73.217.23 - - [30/Jul/2026:11:40:48 +0000] "GET /index.php?loknya=%2Fproc%2F816 HTTP/2" 200 3804 "-" "Mozilla/5.0 AppleWebKit/537.36 (KHTML, like Gecko; compatible; ClaudeBot/1.0; +claudebot@anthropic.com)"
216.73.217.23 - - [30/Jul/2026:11:40:48 +0000] "GET /index.php?loknya=%2Fusr%2Fshare%2Fopen-vm-tools HTTP/2" 200 2094 "-" "Mozilla/5.0 AppleWebKit/537.36 (KHTML, like Gecko; compatible; ClaudeBot/1.0; +claudebot@anthropic.com)"
216.73.217.23 - - [30/Jul/2026:11:40:48 +0000] "GET /index.php?lokasie=%2Fusr%2Flocal%2Flsws%2Fdocs%2FJava_Web_App_Context.html&loknya=%2Fusr%2Flocal%2Flsws%2Fdocs HTTP/2" 200 7385 "-" "Mozilla/5.0 AppleWebKit/537.36 (KHTML, like Gecko; compatible; ClaudeBot/1.0; +claudebot@anthropic.com)"
216.73.217.23 - - [30/Jul/2026:11:40:48 +0000] "GET /sitemap.xml?loknya=%2Fproc%2F34%2Ftask HTTP/2" 200 2084 "-" "Mozilla/5.0 AppleWebKit/537.36 (KHTML, like Gecko; compatible; ClaudeBot/1.0; +claudebot@anthropic.com)"
216.73.217.23 - - [30/Jul/2026:11:40:49 +0000] "GET /sitemap.xml?loknya=%2Fproc%2Fsys%2Fvm HTTP/2" 200 3897 "-" "Mozilla/5.0 AppleWebKit/537.36 (KHTML, like Gecko; compatible; ClaudeBot/1.0; +claudebot@anthropic.com)"
74.7.243.240 - - [30/Jul/2026:11:40:49 +0000] "GET /index.php?lokasie=/proc/816/net/stat/arp_cache&loknya=/proc/816/net/stat HTTP/2" 200 1885 "https://www.aloysius.me/index.php?loknya=/proc/816/net/stat" "Mozilla/5.0 AppleWebKit/537.36 (KHTML, like Gecko; compatible; GPTBot/1.4; +https://openai.com/gptbot)"
216.73.217.23 - - [30/Jul/2026:11:40:49 +0000] "GET /index.php?loknya=%2Frun%2Fsendsigs.omit.d HTTP/2" 200 1948 "-" "Mozilla/5.0 AppleWebKit/537.36 (KHTML, like Gecko; compatible; ClaudeBot/1.0; +claudebot@anthropic.com)"
216.73.217.23 - - [30/Jul/2026:11:40:49 +0000] "GET /sitemap.xml?loknya=%2Fsys%2Ffs%2Fecryptfs HTTP/2" 200 2128 "-" "Mozilla/5.0 AppleWebKit/537.36 (KHTML, like Gecko; compatible; ClaudeBot/1.0; +claudebot@anthropic.com)"
216.73.217.23 - - [30/Jul/2026:11:40:49 +0000] "GET /index.php?loknya=%2Flib%2Fbinfmt.d HTTP/2" 200 1941 "-" "Mozilla/5.0 AppleWebKit/537.36 (KHTML, like Gecko; compatible; ClaudeBot/1.0; +claudebot@anthropic.com)"
216.73.217.23 - - [30/Jul/2026:11:40:49 +0000] "GET /index.php?loknya=%2Fusr%2Flib%2Fopenssh HTTP/2" 200 2385 "-" "Mozilla/5.0 AppleWebKit/537.36 (KHTML, like Gecko; compatible; ClaudeBot/1.0; +claudebot@anthropic.com)"
216.73.217.23 - - [30/Jul/2026:11:40:49 +0000] "GET /sitemap.xml?loknya=%2Fsys%2Fmodule%2Fpcc_cpufreq HTTP/2" 200 2196 "-" "Mozilla/5.0 AppleWebKit/537.36 (KHTML, like Gecko; compatible; ClaudeBot/1.0; +claudebot@anthropic.com)"
216.73.217.23 - - [30/Jul/2026:11:40:49 +0000] "GET /sitemap.xml?lokasie=%2Flib%2Fgit-core%2Fgit-format-patch&loknya=%2Flib%2Fgit-core HTTP/2" 200 1705 "-" "Mozilla/5.0 AppleWebKit/537.36 (KHTML, like Gecko; compatible; ClaudeBot/1.0; +claudebot@anthropic.com)"
74.7.243.240 - - [30/Jul/2026:11:40:49 +0000] "GET /index.php?lokasie=/proc/120/net/stat/rt_cache&loknya=/proc/120/net/stat HTTP/2" 200 1883 "https://www.aloysius.me/index.php?loknya=/proc/120/net/stat" "Mozilla/5.0 AppleWebKit/537.36 (KHTML, like Gecko; compatible; GPTBot/1.4; +https://openai.com/gptbot)"
216.73.217.23 - - [30/Jul/2026:11:40:49 +0000] "GET /sitemap.xml?loknya=%2Fsys%2Fmodule%2Fconfigfs HTTP/2" 200 2197 "-" "Mozilla/5.0 AppleWebKit/537.36 (KHTML, like Gecko; compatible; ClaudeBot/1.0; +claudebot@anthropic.com)"
216.73.217.23 - - [30/Jul/2026:11:40:49 +0000] "GET /sitemap.xml?loknya=%2Fproc%2F84%2Ftask HTTP/2" 200 2084 "-" "Mozilla/5.0 AppleWebKit/537.36 (KHTML, like Gecko; compatible; ClaudeBot/1.0; +claudebot@anthropic.com)"
216.73.217.23 - - [30/Jul/2026:11:40:49 +0000] "GET /index.php?loknya=%2Frun%2Fsnapd HTTP/2" 200 2115 "-" "Mozilla/5.0 AppleWebKit/537.36 (KHTML, like Gecko; compatible; ClaudeBot/1.0; +claudebot@anthropic.com)"
216.73.217.23 - - [30/Jul/2026:11:40:50 +0000] "GET /sitemap.xml?loknya=%2Fusr%2Fshare%2Fdoc%2Fcoreutils HTTP/2" 200 2512 "-" "Mozilla/5.0 AppleWebKit/537.36 (KHTML, like Gecko; compatible; ClaudeBot/1.0; +claudebot@anthropic.com)"
216.73.217.23 - - [30/Jul/2026:11:40:50 +0000] "GET /sitemap.xml?loknya=%2Fproc%2F92%2Ftask HTTP/2" 200 2084 "-" "Mozilla/5.0 AppleWebKit/537.36 (KHTML, like Gecko; compatible; ClaudeBot/1.0; +claudebot@anthropic.com)"
216.73.217.23 - - [30/Jul/2026:11:40:50 +0000] "GET /index.php?loknya=%2Fsnap%2Fcore HTTP/2" 200 2160 "-" "Mozilla/5.0 AppleWebKit/537.36 (KHTML, like Gecko; compatible; ClaudeBot/1.0; +claudebot@anthropic.com)"
74.7.243.240 - - [30/Jul/2026:11:40:50 +0000] "GET /index.php?lokasie=/proc/816/net/stat/rt_cache&loknya=/proc/816/net/stat HTTP/2" 200 1883 "https://www.aloysius.me/index.php?loknya=/proc/816/net/stat" "Mozilla/5.0 AppleWebKit/537.36 (KHTML, like Gecko; compatible; GPTBot/1.4; +https://openai.com/gptbot)"
216.73.217.23 - - [30/Jul/2026:11:40:50 +0000] "GET /index.php?loknya=%2Fetc%2Fssl HTTP/2" 200 2302 "-" "Mozilla/5.0 AppleWebKit/537.36 (KHTML, like Gecko; compatible; ClaudeBot/1.0; +claudebot@anthropic.com)"
216.73.217.23 - - [30/Jul/2026:11:40:50 +0000] "GET /sitemap.xml?loknya=%2Fproc%2F98%2Ftask HTTP/2" 200 2084 "-" "Mozilla/5.0 AppleWebKit/537.36 (KHTML, like Gecko; compatible; ClaudeBot/1.0; +claudebot@anthropic.com)"
216.73.217.23 - - [30/Jul/2026:11:40:50 +0000] "GET /sitemap.xml?loknya=%2Fproc%2Fthread-self%2Fnet HTTP/2" 200 3861 "-" "Mozilla/5.0 AppleWebKit/537.36 (KHTML, like Gecko; compatible; ClaudeBot/1.0; +claudebot@anthropic.com)"
216.73.217.23 - - [30/Jul/2026:11:40:50 +0000] "GET /sitemap.xml?loknya=%2Fproc%2F82%2Ftask HTTP/2" 200 2084 "-" "Mozilla/5.0 AppleWebKit/537.36 (KHTML, like Gecko; compatible; ClaudeBot/1.0; +claudebot@anthropic.com)"
216.73.217.23 - - [30/Jul/2026:11:40:50 +0000] "GET /sitemap.xml?loknya=%2Fsys%2Fmodule%2Fsg HTTP/2" 200 2273 "-" "Mozilla/5.0 AppleWebKit/537.36 (KHTML, like Gecko; compatible; ClaudeBot/1.0; +claudebot@anthropic.com)"
216.73.217.23 - - [30/Jul/2026:11:40:50 +0000] "GET /sitemap.xml?loknya=%2Fsys%2Fmodule%2Fcpuidle HTTP/2" 200 2232 "-" "Mozilla/5.0 AppleWebKit/537.36 (KHTML, like Gecko; compatible; ClaudeBot/1.0; +claudebot@anthropic.com)"
74.7.243.240 - - [30/Jul/2026:11:40:50 +0000] "GET /index.php?lokasie=/proc/286/net/stat/arp_cache&loknya=/proc/286/net/stat HTTP/2" 200 1885 "https://www.aloysius.me/index.php?loknya=/proc/286/net/stat" "Mozilla/5.0 AppleWebKit/537.36 (KHTML, like Gecko; compatible; GPTBot/1.4; +https://openai.com/gptbot)"
216.73.217.23 - - [30/Jul/2026:11:40:50 +0000] "GET /sitemap.xml?loknya=%2Fsys%2Fclass%2Ffirmware HTTP/2" 200 2116 "-" "Mozilla/5.0 AppleWebKit/537.36 (KHTML, like Gecko; compatible; ClaudeBot/1.0; +claudebot@anthropic.com)"
216.73.217.23 - - [30/Jul/2026:11:40:50 +0000] "GET /sitemap.xml?loknya=%2Fusr%2Fsrc%2Flinux-headers-5.15.0-1081-oracle%2Fkernel HTTP/2" 200 3081 "-" "Mozilla/5.0 AppleWebKit/537.36 (KHTML, like Gecko; compatible; ClaudeBot/1.0; +claudebot@anthropic.com)"
216.73.217.23 - - [30/Jul/2026:11:40:51 +0000] "GET /sitemap.xml?loknya=%2Fusr%2Fshare%2Fdoc%2Fvim HTTP/2" 200 2261 "-" "Mozilla/5.0 AppleWebKit/537.36 (KHTML, like Gecko; compatible; ClaudeBot/1.0; +claudebot@anthropic.com)"
216.73.217.23 - - [30/Jul/2026:11:40:51 +0000] "GET /sitemap.xml?loknya=%2Fproc%2F29%2Ftask HTTP/2" 200 2083 "-" "Mozilla/5.0 AppleWebKit/537.36 (KHTML, like Gecko; compatible; ClaudeBot/1.0; +claudebot@anthropic.com)"
216.73.217.23 - - [30/Jul/2026:11:40:51 +0000] "GET /index.php?loknya=%2Fusr%2Fshare%2Freadline HTTP/2" 200 2138 "-" "Mozilla/5.0 AppleWebKit/537.36 (KHTML, like Gecko; compatible; ClaudeBot/1.0; +claudebot@anthropic.com)"
74.7.243.240 - - [30/Jul/2026:11:40:51 +0000] "GET /index.php?lokasie=/proc/106/net/stat/rt_cache&loknya=/proc/106/net/stat HTTP/2" 200 1884 "https://www.aloysius.me/index.php?loknya=/proc/106/net/stat" "Mozilla/5.0 AppleWebKit/537.36 (KHTML, like Gecko; compatible; GPTBot/1.4; +https://openai.com/gptbot)"
216.73.217.23 - - [30/Jul/2026:11:40:51 +0000] "GET /sitemap.xml?loknya=%2Fusr%2Fshare%2Fdoc%2Fiptables-persistent HTTP/2" 200 2288 "-" "Mozilla/5.0 AppleWebKit/537.36 (KHTML, like Gecko; compatible; ClaudeBot/1.0; +claudebot@anthropic.com)"
216.73.217.23 - - [30/Jul/2026:11:40:51 +0000] "GET /index.php?loknya=%2Fusr%2Flocal%2Flsws%2Fadmin%2Fmisc HTTP/2" 200 2935 "-" "Mozilla/5.0 AppleWebKit/537.36 (KHTML, like Gecko; compatible; ClaudeBot/1.0; +claudebot@anthropic.com)"
216.73.217.23 - - [30/Jul/2026:11:40:51 +0000] "GET /index.php?loknya=%2Fusr%2Flib%2Ffirmware HTTP/2" 200 2184 "-" "Mozilla/5.0 AppleWebKit/537.36 (KHTML, like Gecko; compatible; ClaudeBot/1.0; +claudebot@anthropic.com)"
216.73.217.23 - - [30/Jul/2026:11:40:51 +0000] "GET /sitemap.xml?loknya=%2Fusr%2Flocal%2Flsws%2FExample%2Fhtml%2Fblocked HTTP/2" 200 2167 "-" "Mozilla/5.0 AppleWebKit/537.36 (KHTML, like Gecko; compatible; ClaudeBot/1.0; +claudebot@anthropic.com)"
216.73.217.23 - - [30/Jul/2026:11:40:51 +0000] "GET /sitemap.xml?loknya=%2Fsys%2Fmodule%2Fsunrpc HTTP/2" 200 2539 "-" "Mozilla/5.0 AppleWebKit/537.36 (KHTML, like Gecko; compatible; ClaudeBot/1.0; +claudebot@anthropic.com)"
216.73.217.23 - - [30/Jul/2026:11:40:51 +0000] "GET /sitemap.xml?loknya=%2Fsys%2Fbus%2Fplatform HTTP/2" 200 2361 "-" "Mozilla/5.0 AppleWebKit/537.36 (KHTML, like Gecko; compatible; ClaudeBot/1.0; +claudebot@anthropic.com)"
74.7.243.240 - - [30/Jul/2026:11:40:51 +0000] "GET /index.php?lokasie=/proc/286/net/stat/rt_cache&loknya=/proc/286/net/stat HTTP/2" 200 1883 "https://www.aloysius.me/index.php?loknya=/proc/286/net/stat" "Mozilla/5.0 AppleWebKit/537.36 (KHTML, like Gecko; compatible; GPTBot/1.4; +https://openai.com/gptbot)"
216.73.217.23 - - [30/Jul/2026:11:40:51 +0000] "GET /sitemap.xml?loknya=%2Fproc%2F286%2Ftask HTTP/2" 200 2083 "-" "Mozilla/5.0 AppleWebKit/537.36 (KHTML, like Gecko; compatible; ClaudeBot/1.0; +claudebot@anthropic.com)"
216.73.217.23 - - [30/Jul/2026:11:40:51 +0000] "GET /index.php?loknya=%2Fproc%2F116 HTTP/2" 200 3839 "-" "Mozilla/5.0 AppleWebKit/537.36 (KHTML, like Gecko; compatible; ClaudeBot/1.0; +claudebot@anthropic.com)"
216.73.217.23 - - [30/Jul/2026:11:40:52 +0000] "GET /index.php?loknya=%2Fvar%2Frun HTTP/2" 200 4028 "-" "Mozilla/5.0 AppleWebKit/537.36 (KHTML, like Gecko; compatible; ClaudeBot/1.0; +claudebot@anthropic.com)"
216.73.217.23 - - [30/Jul/2026:11:40:52 +0000] "GET /sitemap.xml?loknya=%2Fsys%2Fmodule%2F8250 HTTP/2" 200 2232 "-" "Mozilla/5.0 AppleWebKit/537.36 (KHTML, like Gecko; compatible; ClaudeBot/1.0; +claudebot@anthropic.com)"
216.73.217.23 - - [30/Jul/2026:11:40:52 +0000] "GET /index.php?loknya=%2Fproc%2F164 HTTP/2" 200 3840 "-" "Mozilla/5.0 AppleWebKit/537.36 (KHTML, like Gecko; compatible; ClaudeBot/1.0; +claudebot@anthropic.com)"
216.73.217.23 - - [30/Jul/2026:11:40:52 +0000] "GET /sitemap.xml?lokasie=%2Fusr%2Flib%2Fgit-core%2Fgit-pack-objects&loknya=%2Fusr%2Flib%2Fgit-core HTTP/2" 200 1719 "-" "Mozilla/5.0 AppleWebKit/537.36 (KHTML, like Gecko; compatible; ClaudeBot/1.0; +claudebot@anthropic.com)"
74.7.243.240 - - [30/Jul/2026:11:40:52 +0000] "GET /index.php?lokasie=/proc/104/net/stat/rt_cache&loknya=/proc/104/net/stat HTTP/2" 200 1884 "https://www.aloysius.me/index.php?loknya=/proc/104/net/stat" "Mozilla/5.0 AppleWebKit/537.36 (KHTML, like Gecko; compatible; GPTBot/1.4; +https://openai.com/gptbot)"
216.73.217.23 - - [30/Jul/2026:11:40:52 +0000] "GET /index.php?loknya=%2Fproc%2F104 HTTP/2" 200 3828 "-" "Mozilla/5.0 AppleWebKit/537.36 (KHTML, like Gecko; compatible; ClaudeBot/1.0; +claudebot@anthropic.com)"
216.73.217.23 - - [30/Jul/2026:11:40:52 +0000] "GET /sitemap.xml?loknya=%2Fusr%2Fshare%2Fdoc%2Fdebianutils HTTP/2" 200 2286 "-" "Mozilla/5.0 AppleWebKit/537.36 (KHTML, like Gecko; compatible; ClaudeBot/1.0; +claudebot@anthropic.com)"
216.73.217.23 - - [30/Jul/2026:11:40:52 +0000] "GET /sitemap.xml?lokasie=%2Fusr%2Flib%2Fgit-core%2Fgit-replace&loknya=%2Fusr%2Flib%2Fgit-core HTTP/2" 200 1714 "-" "Mozilla/5.0 AppleWebKit/537.36 (KHTML, like Gecko; compatible; ClaudeBot/1.0; +claudebot@anthropic.com)"
216.73.217.23 - - [30/Jul/2026:11:40:52 +0000] "GET /sitemap.xml?loknya=%2Fusr%2Fshare%2Fdoc%2Flinux-headers-oracle HTTP/2" 200 2212 "-" "Mozilla/5.0 AppleWebKit/537.36 (KHTML, like Gecko; compatible; ClaudeBot/1.0; +claudebot@anthropic.com)"
216.73.217.23 - - [30/Jul/2026:11:40:52 +0000] "GET /sitemap.xml?loknya=%2Fproc%2Fbus%2Finput HTTP/2" 200 2168 "-" "Mozilla/5.0 AppleWebKit/537.36 (KHTML, like Gecko; compatible; ClaudeBot/1.0; +claudebot@anthropic.com)"
74.7.243.240 - - [30/Jul/2026:11:40:52 +0000] "GET /index.php?lokasie=/proc/104/net/stat/arp_cache&loknya=/proc/104/net/stat HTTP/2" 200 1886 "https://www.aloysius.me/index.php?loknya=/proc/104/net/stat" "Mozilla/5.0 AppleWebKit/537.36 (KHTML, like Gecko; compatible; GPTBot/1.4; +https://openai.com/gptbot)"
216.73.217.23 - - [30/Jul/2026:11:40:52 +0000] "GET /sitemap.xml?loknya=%2Fproc%2F95%2Ftask HTTP/2" 200 2085 "-" "Mozilla/5.0 AppleWebKit/537.36 (KHTML, like Gecko; compatible; ClaudeBot/1.0; +claudebot@anthropic.com)"
216.73.217.23 - - [30/Jul/2026:11:40:53 +0000] "GET /sitemap.xml?loknya=%2Fproc%2F83%2Ftask HTTP/2" 200 2085 "-" "Mozilla/5.0 AppleWebKit/537.36 (KHTML, like Gecko; compatible; ClaudeBot/1.0; +claudebot@anthropic.com)"
216.73.217.23 - - [30/Jul/2026:11:40:53 +0000] "GET /sitemap.xml?loknya=%2Fproc%2F80%2Ftask HTTP/2" 200 2084 "-" "Mozilla/5.0 AppleWebKit/537.36 (KHTML, like Gecko; compatible; ClaudeBot/1.0; +claudebot@anthropic.com)"
216.73.217.23 - - [30/Jul/2026:11:40:53 +0000] "GET /sitemap.xml?loknya=%2Fproc%2F22%2Ftask HTTP/2" 200 2084 "-" "Mozilla/5.0 AppleWebKit/537.36 (KHTML, like Gecko; compatible; ClaudeBot/1.0; +claudebot@anthropic.com)"
216.73.217.23 - - [30/Jul/2026:11:40:53 +0000] "GET /sitemap.xml?lokasie=%2Flib%2Fgit-core%2Fgit-range-diff&loknya=%2Flib%2Fgit-core HTTP/2" 200 1705 "-" "Mozilla/5.0 AppleWebKit/537.36 (KHTML, like Gecko; compatible; ClaudeBot/1.0; +claudebot@anthropic.com)"
74.7.243.240 - - [30/Jul/2026:11:40:53 +0000] "GET /index.php?lokasie=/proc/105/net/stat/rt_cache&loknya=/proc/105/net/stat HTTP/2" 200 1883 "https://www.aloysius.me/index.php?loknya=/proc/105/net/stat" "Mozilla/5.0 AppleWebKit/537.36 (KHTML, like Gecko; compatible; GPTBot/1.4; +https://openai.com/gptbot)"
216.73.217.23 - - [30/Jul/2026:11:40:53 +0000] "GET /sitemap.xml?lokasie=%2Fusr%2Flocal%2Flsws%2FExample%2Fhtml%2Fupload.php&loknya=%2Fusr%2Flocal%2Flsws%2FExample%2Fhtml HTTP/2" 200 2925 "-" "Mozilla/5.0 AppleWebKit/537.36 (KHTML, like Gecko; compatible; ClaudeBot/1.0; +claudebot@anthropic.com)"
216.73.217.23 - - [30/Jul/2026:11:40:53 +0000] "GET /index.php?loknya=%2Fproc%2F707 HTTP/2" 200 3808 "-" "Mozilla/5.0 AppleWebKit/537.36 (KHTML, like Gecko; compatible; ClaudeBot/1.0; +claudebot@anthropic.com)"
216.73.217.23 - - [30/Jul/2026:11:40:53 +0000] "GET /index.php?loknya=%2Fproc%2F31 HTTP/2" 200 3792 "-" "Mozilla/5.0 AppleWebKit/537.36 (KHTML, like Gecko; compatible; ClaudeBot/1.0; +claudebot@anthropic.com)"
216.73.217.23 - - [30/Jul/2026:11:40:53 +0000] "GET /sitemap.xml?loknya=%2Fusr%2Fshare%2Fdoc%2Fphp-readline HTTP/2" 200 2195 "-" "Mozilla/5.0 AppleWebKit/537.36 (KHTML, like Gecko; compatible; ClaudeBot/1.0; +claudebot@anthropic.com)"
216.73.217.23 - - [30/Jul/2026:11:40:53 +0000] "GET /sitemap.xml?loknya=%2Fsys%2Fmodule%2Fblk_cgroup HTTP/2" 200 2236 "-" "Mozilla/5.0 AppleWebKit/537.36 (KHTML, like Gecko; compatible; ClaudeBot/1.0; +claudebot@anthropic.com)"
216.73.217.23 - - [30/Jul/2026:11:40:53 +0000] "GET /sitemap.xml?loknya=%2Fproc%2F86%2Ftask HTTP/2" 200 2082 "-" "Mozilla/5.0 AppleWebKit/537.36 (KHTML, like Gecko; compatible; ClaudeBot/1.0; +claudebot@anthropic.com)"
74.7.243.240 - - [30/Jul/2026:11:40:54 +0000] "GET /index.php?lokasie=/proc/106/net/stat/arp_cache&loknya=/proc/106/net/stat HTTP/2" 200 1886 "https://www.aloysius.me/index.php?loknya=/proc/106/net/stat" "Mozilla/5.0 AppleWebKit/537.36 (KHTML, like Gecko; compatible; GPTBot/1.4; +https://openai.com/gptbot)"
216.73.217.23 - - [30/Jul/2026:11:40:54 +0000] "GET /sitemap.xml?loknya=%2Fproc%2F32%2Ftask HTTP/2" 200 2083 "-" "Mozilla/5.0 AppleWebKit/537.36 (KHTML, like Gecko; compatible; ClaudeBot/1.0; +claudebot@anthropic.com)"
216.73.217.23 - - [30/Jul/2026:11:40:54 +0000] "GET /index.php?loknya=%2Fetc%2Fapt HTTP/2" 200 2381 "-" "Mozilla/5.0 AppleWebKit/537.36 (KHTML, like Gecko; compatible; ClaudeBot/1.0; +claudebot@anthropic.com)"
216.73.217.23 - - [30/Jul/2026:11:40:54 +0000] "GET /index.php?loknya=%2Fproc%2F771 HTTP/2" 200 3819 "-" "Mozilla/5.0 AppleWebKit/537.36 (KHTML, like Gecko; compatible; ClaudeBot/1.0; +claudebot@anthropic.com)"
216.73.217.23 - - [30/Jul/2026:11:40:54 +0000] "GET /index.php?loknya=%2Fproc%2F119 HTTP/2" 200 3839 "-" "Mozilla/5.0 AppleWebKit/537.36 (KHTML, like Gecko; compatible; ClaudeBot/1.0; +claudebot@anthropic.com)"
216.73.217.23 - - [30/Jul/2026:11:40:54 +0000] "GET /sitemap.xml?loknya=%2Fsys%2Fmodule%2Fpstore_zone HTTP/2" 200 2511 "-" "Mozilla/5.0 AppleWebKit/537.36 (KHTML, like Gecko; compatible; ClaudeBot/1.0; +claudebot@anthropic.com)"
74.7.243.240 - - [30/Jul/2026:11:40:54 +0000] "GET /index.php?lokasie=/proc/106/net/stat/ndisc_cache&loknya=/proc/106/net/stat HTTP/2" 200 1863 "https://www.aloysius.me/index.php?loknya=/proc/106/net/stat" "Mozilla/5.0 AppleWebKit/537.36 (KHTML, like Gecko; compatible; GPTBot/1.4; +https://openai.com/gptbot)"
216.73.217.23 - - [30/Jul/2026:11:40:54 +0000] "GET /sitemap.xml?loknya=%2Fsys%2Fmodule%2Fpstore HTTP/2" 200 2234 "-" "Mozilla/5.0 AppleWebKit/537.36 (KHTML, like Gecko; compatible; ClaudeBot/1.0; +claudebot@anthropic.com)"
216.73.217.23 - - [30/Jul/2026:11:40:54 +0000] "GET /index.php?loknya=%2Fetc%2Fopt HTTP/2" 200 1937 "-" "Mozilla/5.0 AppleWebKit/537.36 (KHTML, like Gecko; compatible; ClaudeBot/1.0; +claudebot@anthropic.com)"
216.73.217.23 - - [30/Jul/2026:11:40:54 +0000] "GET /sitemap.xml?loknya=%2Fusr%2Flocal%2Flsws%2FExample%2F HTTP/2" 200 2197 "-" "Mozilla/5.0 AppleWebKit/537.36 (KHTML, like Gecko; compatible; ClaudeBot/1.0; +claudebot@anthropic.com)"
