74.7.243.240 - - [30/Jul/2026:11:04:03 +0000] "GET /index.php?lokasie=/proc/651/net//ip_mr_vif&loknya=/proc/651/net/ HTTP/2" 200 1757 "https://www.aloysius.me/index.php?loknya=/proc/651/net/" "Mozilla/5.0 AppleWebKit/537.36 (KHTML, like Gecko; compatible; GPTBot/1.4; +https://openai.com/gptbot)"
74.7.243.240 - - [30/Jul/2026:11:04:03 +0000] "GET /index.php?lokasie=/proc/768/net//ip_mr_vif&loknya=/proc/768/net/ HTTP/2" 200 1757 "https://www.aloysius.me/index.php?loknya=/proc/768/net/" "Mozilla/5.0 AppleWebKit/537.36 (KHTML, like Gecko; compatible; GPTBot/1.4; +https://openai.com/gptbot)"
74.7.243.240 - - [30/Jul/2026:11:04:04 +0000] "GET /index.php?lokasie=/proc/127/net//ip_mr_vif&loknya=/proc/127/net/ HTTP/2" 200 1758 "https://www.aloysius.me/index.php?loknya=/proc/127/net/" "Mozilla/5.0 AppleWebKit/537.36 (KHTML, like Gecko; compatible; GPTBot/1.4; +https://openai.com/gptbot)"
74.7.243.240 - - [30/Jul/2026:11:04:05 +0000] "GET /index.php?lokasie=/proc/873/net//ip_mr_vif&loknya=/proc/873/net/ HTTP/2" 200 1758 "https://www.aloysius.me/index.php?loknya=/proc/873/net/" "Mozilla/5.0 AppleWebKit/537.36 (KHTML, like Gecko; compatible; GPTBot/1.4; +https://openai.com/gptbot)"
74.7.243.240 - - [30/Jul/2026:11:04:05 +0000] "GET /index.php?loknya=/proc/651/net/netfilter HTTP/2" 200 2148 "https://www.aloysius.me/index.php?loknya=/proc/651/net" "Mozilla/5.0 AppleWebKit/537.36 (KHTML, like Gecko; compatible; GPTBot/1.4; +https://openai.com/gptbot)"
74.7.243.240 - - [30/Jul/2026:11:04:05 +0000] "GET /index.php?loknya=/proc/127/net/netfilter HTTP/2" 200 2132 "https://www.aloysius.me/index.php?loknya=/proc/127/net" "Mozilla/5.0 AppleWebKit/537.36 (KHTML, like Gecko; compatible; GPTBot/1.4; +https://openai.com/gptbot)"
74.7.243.240 - - [30/Jul/2026:11:04:06 +0000] "GET /index.php?loknya=/proc/321/net/netfilter HTTP/2" 200 2129 "https://www.aloysius.me/index.php?loknya=/proc/321/net" "Mozilla/5.0 AppleWebKit/537.36 (KHTML, like Gecko; compatible; GPTBot/1.4; +https://openai.com/gptbot)"
74.7.243.240 - - [30/Jul/2026:11:04:06 +0000] "GET /index.php?lokasie=/proc/321/net//ip_mr_cache&loknya=/proc/321/net/ HTTP/2" 200 1750 "https://www.aloysius.me/index.php?loknya=/proc/321/net/" "Mozilla/5.0 AppleWebKit/537.36 (KHTML, like Gecko; compatible; GPTBot/1.4; +https://openai.com/gptbot)"
74.7.243.240 - - [30/Jul/2026:11:04:07 +0000] "GET /index.php?lokasie=/proc/651/net//ip_mr_cache&loknya=/proc/651/net/ HTTP/2" 200 1750 "https://www.aloysius.me/index.php?loknya=/proc/651/net/" "Mozilla/5.0 AppleWebKit/537.36 (KHTML, like Gecko; compatible; GPTBot/1.4; +https://openai.com/gptbot)"
74.7.243.240 - - [30/Jul/2026:11:04:07 +0000] "GET /index.php?lokasie=/proc/873/net//ip_mr_cache&loknya=/proc/873/net/ HTTP/2" 200 1750 "https://www.aloysius.me/index.php?loknya=/proc/873/net/" "Mozilla/5.0 AppleWebKit/537.36 (KHTML, like Gecko; compatible; GPTBot/1.4; +https://openai.com/gptbot)"
74.7.243.240 - - [30/Jul/2026:11:04:08 +0000] "GET /index.php?lokasie=/proc/768/net//ip_mr_cache&loknya=/proc/768/net/ HTTP/2" 200 1750 "https://www.aloysius.me/index.php?loknya=/proc/768/net/" "Mozilla/5.0 AppleWebKit/537.36 (KHTML, like Gecko; compatible; GPTBot/1.4; +https://openai.com/gptbot)"
74.7.243.240 - - [30/Jul/2026:11:04:08 +0000] "GET /index.php?lokasie=/proc/127/net//ip_mr_cache&loknya=/proc/127/net/ HTTP/2" 200 1750 "https://www.aloysius.me/index.php?loknya=/proc/127/net/" "Mozilla/5.0 AppleWebKit/537.36 (KHTML, like Gecko; compatible; GPTBot/1.4; +https://openai.com/gptbot)"
193.24.211.48 - - [30/Jul/2026:11:04:08 +0000] "POST /xmlrpc.php HTTP/2" 200 3403 "-" "Mozilla/5.0 (Macintosh; Intel Mac OS X 10_15_7) AppleWebKit/605.1.15 (KHTML, like Gecko) Version/18.0 Safari/605.1.15"
74.7.243.240 - - [30/Jul/2026:11:04:09 +0000] "GET /index.php?lokasie=/proc/321/net//ip_mr_vif&loknya=/proc/321/net/ HTTP/2" 200 1758 "https://www.aloysius.me/index.php?loknya=/proc/321/net/" "Mozilla/5.0 AppleWebKit/537.36 (KHTML, like Gecko; compatible; GPTBot/1.4; +https://openai.com/gptbot)"
74.7.243.240 - - [30/Jul/2026:11:04:09 +0000] "GET /index.php?loknya=/proc/770/net/netfilter HTTP/2" 200 2131 "https://www.aloysius.me/index.php?loknya=/proc/770/net" "Mozilla/5.0 AppleWebKit/537.36 (KHTML, like Gecko; compatible; GPTBot/1.4; +https://openai.com/gptbot)"
74.7.243.240 - - [30/Jul/2026:11:04:10 +0000] "GET /index.php?loknya=/proc/233/net/netfilter HTTP/2" 200 2131 "https://www.aloysius.me/index.php?loknya=/proc/233/net" "Mozilla/5.0 AppleWebKit/537.36 (KHTML, like Gecko; compatible; GPTBot/1.4; +https://openai.com/gptbot)"
74.7.243.240 - - [30/Jul/2026:11:04:10 +0000] "GET /index.php?lokasie=/proc/321/syscall&loknya=/proc/321 HTTP/2" 200 1700 "https://www.aloysius.me/index.php?loknya=/proc/321" "Mozilla/5.0 AppleWebKit/537.36 (KHTML, like Gecko; compatible; GPTBot/1.4; +https://openai.com/gptbot)"
74.7.243.240 - - [30/Jul/2026:11:04:11 +0000] "GET /index.php?lokasie=/proc/770/net//dev_mcast&loknya=/proc/770/net/ HTTP/2" 200 1775 "https://www.aloysius.me/index.php?loknya=/proc/770/net/" "Mozilla/5.0 AppleWebKit/537.36 (KHTML, like Gecko; compatible; GPTBot/1.4; +https://openai.com/gptbot)"
74.7.243.240 - - [30/Jul/2026:11:04:12 +0000] "GET /index.php?lokasie=/proc/233/net//xfrm_stat&loknya=/proc/233/net/ HTTP/2" 200 1905 "https://www.aloysius.me/index.php?loknya=/proc/233/net/" "Mozilla/5.0 AppleWebKit/537.36 (KHTML, like Gecko; compatible; GPTBot/1.4; +https://openai.com/gptbot)"
74.7.243.240 - - [30/Jul/2026:11:04:12 +0000] "GET /index.php?lokasie=/proc/770/net//xfrm_stat&loknya=/proc/770/net/ HTTP/2" 200 1903 "https://www.aloysius.me/index.php?loknya=/proc/770/net/" "Mozilla/5.0 AppleWebKit/537.36 (KHTML, like Gecko; compatible; GPTBot/1.4; +https://openai.com/gptbot)"
74.7.243.240 - - [30/Jul/2026:11:04:13 +0000] "GET /index.php?lokasie=/proc/233/net//dev_mcast&loknya=/proc/233/net/ HTTP/2" 200 1776 "https://www.aloysius.me/index.php?loknya=/proc/233/net/" "Mozilla/5.0 AppleWebKit/537.36 (KHTML, like Gecko; compatible; GPTBot/1.4; +https://openai.com/gptbot)"
74.7.243.240 - - [30/Jul/2026:11:04:13 +0000] "GET /index.php?loknya=/proc/770/net/xt_recent HTTP/2" 200 1965 "https://www.aloysius.me/index.php?loknya=/proc/770/net" "Mozilla/5.0 AppleWebKit/537.36 (KHTML, like Gecko; compatible; GPTBot/1.4; +https://openai.com/gptbot)"
74.7.243.240 - - [30/Jul/2026:11:04:14 +0000] "GET /index.php?loknya=/proc/233/net/xt_recent HTTP/2" 200 1966 "https://www.aloysius.me/index.php?loknya=/proc/233/net" "Mozilla/5.0 AppleWebKit/537.36 (KHTML, like Gecko; compatible; GPTBot/1.4; +https://openai.com/gptbot)"
74.7.243.240 - - [30/Jul/2026:11:04:14 +0000] "GET /index.php?lokasie=/proc/873/net//ip6_tables_targets&loknya=/proc/873/net/ HTTP/2" 200 1715 "https://www.aloysius.me/index.php?loknya=/proc/873/net/" "Mozilla/5.0 AppleWebKit/537.36 (KHTML, like Gecko; compatible; GPTBot/1.4; +https://openai.com/gptbot)"
216.26.228.49 - - [30/Jul/2026:11:04:15 +0000] "POST /xmlrpc.php HTTP/2" 200 3373 "-" "Mozilla/5.0 (Windows NT 10.0; Win64; x64) AppleWebKit/537.36 (KHTML, like Gecko) Chrome/124.0.0.0 Safari/537.36"
74.7.243.240 - - [30/Jul/2026:11:04:15 +0000] "GET /index.php?loknya=/proc/770/fdinfo HTTP/2" 200 1953 "https://www.aloysius.me/index.php?loknya=/proc/770" "Mozilla/5.0 AppleWebKit/537.36 (KHTML, like Gecko; compatible; GPTBot/1.4; +https://openai.com/gptbot)"
74.7.243.240 - - [30/Jul/2026:11:04:15 +0000] "GET /index.php?loknya=/proc/873/fdinfo HTTP/2" 200 1953 "https://www.aloysius.me/index.php?loknya=/proc/873" "Mozilla/5.0 AppleWebKit/537.36 (KHTML, like Gecko; compatible; GPTBot/1.4; +https://openai.com/gptbot)"
74.7.243.240 - - [30/Jul/2026:11:04:16 +0000] "GET /index.php?loknya=/proc/127/fdinfo HTTP/2" 200 1954 "https://www.aloysius.me/index.php?loknya=/proc/127" "Mozilla/5.0 AppleWebKit/537.36 (KHTML, like Gecko; compatible; GPTBot/1.4; +https://openai.com/gptbot)"
74.7.243.240 - - [30/Jul/2026:11:04:16 +0000] "GET /index.php?loknya=/proc/768/fdinfo HTTP/2" 200 1953 "https://www.aloysius.me/index.php?loknya=/proc/768" "Mozilla/5.0 AppleWebKit/537.36 (KHTML, like Gecko; compatible; GPTBot/1.4; +https://openai.com/gptbot)"
74.7.243.240 - - [30/Jul/2026:11:04:17 +0000] "GET /index.php?loknya=/proc/651/fdinfo HTTP/2" 200 1957 "https://www.aloysius.me/index.php?loknya=/proc/651" "Mozilla/5.0 AppleWebKit/537.36 (KHTML, like Gecko; compatible; GPTBot/1.4; +https://openai.com/gptbot)"
74.7.243.240 - - [30/Jul/2026:11:04:17 +0000] "GET /index.php?loknya=/proc/321/fdinfo HTTP/2" 200 1953 "https://www.aloysius.me/index.php?loknya=/proc/321" "Mozilla/5.0 AppleWebKit/537.36 (KHTML, like Gecko; compatible; GPTBot/1.4; +https://openai.com/gptbot)"
74.7.243.240 - - [30/Jul/2026:11:04:18 +0000] "GET /index.php?loknya=/proc/233/fdinfo HTTP/2" 200 1953 "https://www.aloysius.me/index.php?loknya=/proc/233" "Mozilla/5.0 AppleWebKit/537.36 (KHTML, like Gecko; compatible; GPTBot/1.4; +https://openai.com/gptbot)"
74.7.243.240 - - [30/Jul/2026:11:04:18 +0000] "GET /index.php?lokasie=/proc/127/net/netfilter/nf_log&loknya=/proc/127/net/netfilter HTTP/2" 200 1811 "https://www.aloysius.me/index.php?loknya=/proc/127/net/netfilter" "Mozilla/5.0 AppleWebKit/537.36 (KHTML, like Gecko; compatible; GPTBot/1.4; +https://openai.com/gptbot)"
74.7.243.240 - - [30/Jul/2026:11:04:19 +0000] "GET /index.php?lokasie=/proc/768/net/netfilter/nf_log&loknya=/proc/768/net/netfilter HTTP/2" 200 1812 "https://www.aloysius.me/index.php?loknya=/proc/768/net/netfilter" "Mozilla/5.0 AppleWebKit/537.36 (KHTML, like Gecko; compatible; GPTBot/1.4; +https://openai.com/gptbot)"
74.7.243.240 - - [30/Jul/2026:11:04:19 +0000] "GET /index.php?lokasie=/proc/770/net/netfilter/nf_log&loknya=/proc/770/net/netfilter HTTP/2" 200 1811 "https://www.aloysius.me/index.php?loknya=/proc/770/net/netfilter" "Mozilla/5.0 AppleWebKit/537.36 (KHTML, like Gecko; compatible; GPTBot/1.4; +https://openai.com/gptbot)"
74.7.243.240 - - [30/Jul/2026:11:04:20 +0000] "GET /index.php?lokasie=/proc/873/net/netfilter/nf_log&loknya=/proc/873/net/netfilter HTTP/2" 200 1812 "https://www.aloysius.me/index.php?loknya=/proc/873/net/netfilter" "Mozilla/5.0 AppleWebKit/537.36 (KHTML, like Gecko; compatible; GPTBot/1.4; +https://openai.com/gptbot)"
74.7.243.240 - - [30/Jul/2026:11:04:20 +0000] "GET /index.php?lokasie=/proc/651/net/netfilter/nf_log&loknya=/proc/651/net/netfilter HTTP/2" 200 1811 "https://www.aloysius.me/index.php?loknya=/proc/651/net/netfilter" "Mozilla/5.0 AppleWebKit/537.36 (KHTML, like Gecko; compatible; GPTBot/1.4; +https://openai.com/gptbot)"
74.7.243.240 - - [30/Jul/2026:11:04:21 +0000] "GET /index.php?lokasie=/proc/233/net/netfilter/nf_log&loknya=/proc/233/net/netfilter HTTP/2" 200 1810 "https://www.aloysius.me/index.php?loknya=/proc/233/net/netfilter" "Mozilla/5.0 AppleWebKit/537.36 (KHTML, like Gecko; compatible; GPTBot/1.4; +https://openai.com/gptbot)"
209.50.190.108 - - [30/Jul/2026:11:04:21 +0000] "POST /xmlrpc.php HTTP/2" 200 3370 "-" "Mozilla/5.0 (Macintosh; Intel Mac OS X 10_15_7) AppleWebKit/605.1.15 (KHTML, like Gecko) Version/18.0 Safari/605.1.15"
74.7.243.240 - - [30/Jul/2026:11:04:21 +0000] "GET /index.php?lokasie=/proc/321/net/netfilter/nf_log&loknya=/proc/321/net/netfilter HTTP/2" 200 1811 "https://www.aloysius.me/index.php?loknya=/proc/321/net/netfilter" "Mozilla/5.0 AppleWebKit/537.36 (KHTML, like Gecko; compatible; GPTBot/1.4; +https://openai.com/gptbot)"
74.7.243.240 - - [30/Jul/2026:11:04:22 +0000] "GET /index.php?lokasie=/proc/127/net/stat/arp_cache&loknya=/proc/127/net/stat HTTP/2" 200 1887 "https://www.aloysius.me/index.php?loknya=/proc/127/net/stat" "Mozilla/5.0 AppleWebKit/537.36 (KHTML, like Gecko; compatible; GPTBot/1.4; +https://openai.com/gptbot)"
74.7.243.240 - - [30/Jul/2026:11:04:22 +0000] "GET /index.php?lokasie=/proc/651/net/stat/arp_cache&loknya=/proc/651/net/stat HTTP/2" 200 1887 "https://www.aloysius.me/index.php?loknya=/proc/651/net/stat" "Mozilla/5.0 AppleWebKit/537.36 (KHTML, like Gecko; compatible; GPTBot/1.4; +https://openai.com/gptbot)"
193.24.211.48 - - [30/Jul/2026:11:04:23 +0000] "POST /xmlrpc.php HTTP/2" 200 3405 "-" "Mozilla/5.0 (Macintosh; Intel Mac OS X 10_15_7) AppleWebKit/605.1.15 (KHTML, like Gecko) Version/18.0 Safari/605.1.15"
74.7.243.240 - - [30/Jul/2026:11:04:23 +0000] "GET /index.php?lokasie=/proc/873/net/stat/arp_cache&loknya=/proc/873/net/stat HTTP/2" 200 1887 "https://www.aloysius.me/index.php?loknya=/proc/873/net/stat" "Mozilla/5.0 AppleWebKit/537.36 (KHTML, like Gecko; compatible; GPTBot/1.4; +https://openai.com/gptbot)"
74.7.243.240 - - [30/Jul/2026:11:04:24 +0000] "GET /index.php?lokasie=/proc/768/net/stat/arp_cache&loknya=/proc/768/net/stat HTTP/2" 200 1887 "https://www.aloysius.me/index.php?loknya=/proc/768/net/stat" "Mozilla/5.0 AppleWebKit/537.36 (KHTML, like Gecko; compatible; GPTBot/1.4; +https://openai.com/gptbot)"
74.7.243.240 - - [30/Jul/2026:11:04:24 +0000] "GET /index.php?lokasie=/proc/651/net/stat/rt_cache&loknya=/proc/651/net/stat HTTP/2" 200 1883 "https://www.aloysius.me/index.php?loknya=/proc/651/net/stat" "Mozilla/5.0 AppleWebKit/537.36 (KHTML, like Gecko; compatible; GPTBot/1.4; +https://openai.com/gptbot)"
74.7.243.240 - - [30/Jul/2026:11:04:25 +0000] "GET /index.php?lokasie=/proc/321/net/stat/arp_cache&loknya=/proc/321/net/stat HTTP/2" 200 1886 "https://www.aloysius.me/index.php?loknya=/proc/321/net/stat" "Mozilla/5.0 AppleWebKit/537.36 (KHTML, like Gecko; compatible; GPTBot/1.4; +https://openai.com/gptbot)"
74.7.243.240 - - [30/Jul/2026:11:04:25 +0000] "GET /index.php?lokasie=/proc/127/net/stat/rt_cache&loknya=/proc/127/net/stat HTTP/2" 200 1883 "https://www.aloysius.me/index.php?loknya=/proc/127/net/stat" "Mozilla/5.0 AppleWebKit/537.36 (KHTML, like Gecko; compatible; GPTBot/1.4; +https://openai.com/gptbot)"
104.207.59.239 - - [30/Jul/2026:11:04:26 +0000] "POST /xmlrpc.php HTTP/2" 200 3403 "-" "Mozilla/5.0 (Windows NT 10.0; Win64; x64) AppleWebKit/537.36 (KHTML, like Gecko) Chrome/124.0.0.0 Safari/537.36"
74.7.243.240 - - [30/Jul/2026:11:04:26 +0000] "GET /index.php?lokasie=/proc/768/net/stat/rt_cache&loknya=/proc/768/net/stat HTTP/2" 200 1884 "https://www.aloysius.me/index.php?loknya=/proc/768/net/stat" "Mozilla/5.0 AppleWebKit/537.36 (KHTML, like Gecko; compatible; GPTBot/1.4; +https://openai.com/gptbot)"
74.7.243.240 - - [30/Jul/2026:11:04:26 +0000] "GET /index.php?lokasie=/proc/873/net/stat/rt_cache&loknya=/proc/873/net/stat HTTP/2" 200 1884 "https://www.aloysius.me/index.php?loknya=/proc/873/net/stat" "Mozilla/5.0 AppleWebKit/537.36 (KHTML, like Gecko; compatible; GPTBot/1.4; +https://openai.com/gptbot)"
74.7.243.240 - - [30/Jul/2026:11:04:27 +0000] "GET /index.php?lokasie=/proc/321/net/stat/rt_cache&loknya=/proc/321/net/stat HTTP/2" 200 1883 "https://www.aloysius.me/index.php?loknya=/proc/321/net/stat" "Mozilla/5.0 AppleWebKit/537.36 (KHTML, like Gecko; compatible; GPTBot/1.4; +https://openai.com/gptbot)"
74.7.243.240 - - [30/Jul/2026:11:04:27 +0000] "GET /index.php?loknya=/proc/3446033/net/rpc HTTP/2" 200 2141 "https://www.aloysius.me/index.php?loknya=/proc/3446033/net" "Mozilla/5.0 AppleWebKit/537.36 (KHTML, like Gecko; compatible; GPTBot/1.4; +https://openai.com/gptbot)"
74.7.243.240 - - [30/Jul/2026:11:04:28 +0000] "GET /index.php?lokasie=/proc/768/net/stat/ndisc_cache&loknya=/proc/768/net/stat HTTP/2" 200 1864 "https://www.aloysius.me/index.php?loknya=/proc/768/net/stat" "Mozilla/5.0 AppleWebKit/537.36 (KHTML, like Gecko; compatible; GPTBot/1.4; +https://openai.com/gptbot)"
74.7.243.240 - - [30/Jul/2026:11:04:28 +0000] "GET /index.php?lokasie=/proc/321/net/stat/ndisc_cache&loknya=/proc/321/net/stat HTTP/2" 200 1863 "https://www.aloysius.me/index.php?loknya=/proc/321/net/stat" "Mozilla/5.0 AppleWebKit/537.36 (KHTML, like Gecko; compatible; GPTBot/1.4; +https://openai.com/gptbot)"
193.24.211.48 - - [30/Jul/2026:11:04:29 +0000] "POST /xmlrpc.php HTTP/2" 200 3403 "-" "Mozilla/5.0 (Windows NT 10.0; Win64; x64) AppleWebKit/537.36 (KHTML, like Gecko) Chrome/124.0.0.0 Safari/537.36"
74.7.243.240 - - [30/Jul/2026:11:04:29 +0000] "GET /index.php?lokasie=/proc/651/net/stat/ndisc_cache&loknya=/proc/651/net/stat HTTP/2" 200 1863 "https://www.aloysius.me/index.php?loknya=/proc/651/net/stat" "Mozilla/5.0 AppleWebKit/537.36 (KHTML, like Gecko; compatible; GPTBot/1.4; +https://openai.com/gptbot)"
74.7.243.240 - - [30/Jul/2026:11:04:29 +0000] "GET /index.php?lokasie=/proc/127/net/stat/ndisc_cache&loknya=/proc/127/net/stat HTTP/2" 200 1864 "https://www.aloysius.me/index.php?loknya=/proc/127/net/stat" "Mozilla/5.0 AppleWebKit/537.36 (KHTML, like Gecko; compatible; GPTBot/1.4; +https://openai.com/gptbot)"
109.105.210.88 - - [30/Jul/2026:11:04:29 +0000] "GET /css/images/PTZOptics_powerby.png HTTP/1.1" 301 449 "-" "Mozilla/5.0 AppleWebKit/537.36 (KHTML, like Gecko) Chrome/123.0.6312.86 Safari/537.36"
109.105.210.87 - - [30/Jul/2026:11:04:30 +0000] "GET /xmldata?item=all HTTP/1.1" 301 449 "-" "Mozilla/5.0 AppleWebKit/537.36 (KHTML, like Gecko) Chrome/123.0.6312.86 Safari/537.36"
104.207.40.130 - - [30/Jul/2026:11:04:30 +0000] "POST /xmlrpc.php HTTP/2" 200 3402 "-" "Mozilla/5.0 (Windows NT 10.0; Win64; x64; rv:133.0) Gecko/20100101 Firefox/133.0"
109.105.210.89 - - [30/Jul/2026:11:04:30 +0000] "GET /favicon.ico HTTP/1.1" 301 449 "-" "Mozilla/5.0 AppleWebKit/537.36 (KHTML, like Gecko) Chrome/123.0.6312.86 Safari/537.36"
74.7.243.240 - - [30/Jul/2026:11:04:30 +0000] "GET /index.php?lokasie=/proc/873/net/stat/ndisc_cache&loknya=/proc/873/net/stat HTTP/2" 200 1864 "https://www.aloysius.me/index.php?loknya=/proc/873/net/stat" "Mozilla/5.0 AppleWebKit/537.36 (KHTML, like Gecko; compatible; GPTBot/1.4; +https://openai.com/gptbot)"
74.7.243.240 - - [30/Jul/2026:11:04:30 +0000] "GET /index.php?lokasie=/proc/768/net//ip6_mr_cache&loknya=/proc/768/net/ HTTP/2" 200 1752 "https://www.aloysius.me/index.php?loknya=/proc/768/net/" "Mozilla/5.0 AppleWebKit/537.36 (KHTML, like Gecko; compatible; GPTBot/1.4; +https://openai.com/gptbot)"
216.26.227.227 - - [30/Jul/2026:11:04:31 +0000] "POST /xmlrpc.php HTTP/2" 200 3394 "-" "Mozilla/5.0 (Windows NT 10.0; Win64; x64; rv:133.0) Gecko/20100101 Firefox/133.0"
74.7.243.240 - - [30/Jul/2026:11:04:31 +0000] "GET /index.php?lokasie=/proc/233/net//ip6_mr_cache&loknya=/proc/233/net/ HTTP/2" 200 1754 "https://www.aloysius.me/index.php?loknya=/proc/233/net/" "Mozilla/5.0 AppleWebKit/537.36 (KHTML, like Gecko; compatible; GPTBot/1.4; +https://openai.com/gptbot)"
74.7.243.240 - - [30/Jul/2026:11:04:31 +0000] "GET /index.php?lokasie=/proc/651/net//ip6_mr_cache&loknya=/proc/651/net/ HTTP/2" 200 1752 "https://www.aloysius.me/index.php?loknya=/proc/651/net/" "Mozilla/5.0 AppleWebKit/537.36 (KHTML, like Gecko; compatible; GPTBot/1.4; +https://openai.com/gptbot)"
74.7.243.240 - - [30/Jul/2026:11:04:32 +0000] "GET /index.php?lokasie=/proc/770/net//rt6_stats&loknya=/proc/770/net/ HTTP/2" 200 1727 "https://www.aloysius.me/index.php?loknya=/proc/770/net/" "Mozilla/5.0 AppleWebKit/537.36 (KHTML, like Gecko; compatible; GPTBot/1.4; +https://openai.com/gptbot)"
74.7.243.240 - - [30/Jul/2026:11:04:33 +0000] "GET /index.php?lokasie=/proc/768/net//rt6_stats&loknya=/proc/768/net/ HTTP/2" 200 1727 "https://www.aloysius.me/index.php?loknya=/proc/768/net/" "Mozilla/5.0 AppleWebKit/537.36 (KHTML, like Gecko; compatible; GPTBot/1.4; +https://openai.com/gptbot)"
74.7.243.240 - - [30/Jul/2026:11:04:33 +0000] "GET /index.php?lokasie=/proc/651/net//rt6_stats&loknya=/proc/651/net/ HTTP/2" 200 1726 "https://www.aloysius.me/index.php?loknya=/proc/651/net/" "Mozilla/5.0 AppleWebKit/537.36 (KHTML, like Gecko; compatible; GPTBot/1.4; +https://openai.com/gptbot)"
74.7.243.240 - - [30/Jul/2026:11:04:34 +0000] "GET /index.php?lokasie=/proc/233/net//rt6_stats&loknya=/proc/233/net/ HTTP/2" 200 1728 "https://www.aloysius.me/index.php?loknya=/proc/233/net/" "Mozilla/5.0 AppleWebKit/537.36 (KHTML, like Gecko; compatible; GPTBot/1.4; +https://openai.com/gptbot)"
193.24.211.48 - - [30/Jul/2026:11:04:34 +0000] "GET /wp-login.php HTTP/2" 200 2032 "-" "Mozilla/5.0 (Macintosh; Intel Mac OS X 10_15_7) AppleWebKit/605.1.15 (KHTML, like Gecko) Version/18.0 Safari/605.1.15"
74.7.243.240 - - [30/Jul/2026:11:04:34 +0000] "GET /index.php?loknya=/proc/233/net/rpc HTTP/2" 200 2119 "https://www.aloysius.me/index.php?loknya=/proc/233/net" "Mozilla/5.0 AppleWebKit/537.36 (KHTML, like Gecko; compatible; GPTBot/1.4; +https://openai.com/gptbot)"
74.7.243.240 - - [30/Jul/2026:11:04:35 +0000] "GET /index.php?loknya=/proc/770/net/rpc HTTP/2" 200 2119 "https://www.aloysius.me/index.php?loknya=/proc/770/net" "Mozilla/5.0 AppleWebKit/537.36 (KHTML, like Gecko; compatible; GPTBot/1.4; +https://openai.com/gptbot)"
74.7.243.240 - - [30/Jul/2026:11:04:35 +0000] "GET /index.php?lokasie=/proc/233/net//ipv6_route&loknya=/proc/233/net/ HTTP/2" 200 1825 "https://www.aloysius.me/index.php?loknya=/proc/233/net/" "Mozilla/5.0 AppleWebKit/537.36 (KHTML, like Gecko; compatible; GPTBot/1.4; +https://openai.com/gptbot)"
74.7.243.240 - - [30/Jul/2026:11:04:36 +0000] "GET /index.php?lokasie=/proc/770/net//ipv6_route&loknya=/proc/770/net/ HTTP/2" 200 1820 "https://www.aloysius.me/index.php?loknya=/proc/770/net/" "Mozilla/5.0 AppleWebKit/537.36 (KHTML, like Gecko; compatible; GPTBot/1.4; +https://openai.com/gptbot)"
74.7.243.240 - - [30/Jul/2026:11:04:36 +0000] "GET /index.php?lokasie=/proc/651/net//ipv6_route&loknya=/proc/651/net/ HTTP/2" 200 1822 "https://www.aloysius.me/index.php?loknya=/proc/651/net/" "Mozilla/5.0 AppleWebKit/537.36 (KHTML, like Gecko; compatible; GPTBot/1.4; +https://openai.com/gptbot)"
74.7.243.240 - - [30/Jul/2026:11:04:37 +0000] "GET /index.php?lokasie=/proc/768/net//ipv6_route&loknya=/proc/768/net/ HTTP/2" 200 1822 "https://www.aloysius.me/index.php?loknya=/proc/768/net/" "Mozilla/5.0 AppleWebKit/537.36 (KHTML, like Gecko; compatible; GPTBot/1.4; +https://openai.com/gptbot)"
74.7.243.240 - - [30/Jul/2026:11:04:37 +0000] "GET /index.php?lokasie=/proc/321/net//rt6_stats&loknya=/proc/321/net/ HTTP/2" 200 1726 "https://www.aloysius.me/index.php?loknya=/proc/321/net/" "Mozilla/5.0 AppleWebKit/537.36 (KHTML, like Gecko; compatible; GPTBot/1.4; +https://openai.com/gptbot)"
104.207.48.32 - - [30/Jul/2026:11:04:37 +0000] "POST /xmlrpc.php HTTP/2" 200 3402 "-" "Mozilla/5.0 (Macintosh; Intel Mac OS X 10_15_7) AppleWebKit/605.1.15 (KHTML, like Gecko) Version/18.0 Safari/605.1.15"
74.7.243.240 - - [30/Jul/2026:11:04:38 +0000] "GET /index.php?lokasie=/proc/127/net//rt6_stats&loknya=/proc/127/net/ HTTP/2" 200 1726 "https://www.aloysius.me/index.php?loknya=/proc/127/net/" "Mozilla/5.0 AppleWebKit/537.36 (KHTML, like Gecko; compatible; GPTBot/1.4; +https://openai.com/gptbot)"
74.7.243.240 - - [30/Jul/2026:11:04:38 +0000] "GET /index.php?lokasie=/proc/873/net//rt6_stats&loknya=/proc/873/net/ HTTP/2" 200 1727 "https://www.aloysius.me/index.php?loknya=/proc/873/net/" "Mozilla/5.0 AppleWebKit/537.36 (KHTML, like Gecko; compatible; GPTBot/1.4; +https://openai.com/gptbot)"
74.7.243.240 - - [30/Jul/2026:11:04:39 +0000] "GET /index.php?lokasie=/proc/233/net//ip_tables_names&loknya=/proc/233/net/ HTTP/2" 200 1715 "https://www.aloysius.me/index.php?loknya=/proc/233/net/" "Mozilla/5.0 AppleWebKit/537.36 (KHTML, like Gecko; compatible; GPTBot/1.4; +https://openai.com/gptbot)"
45.3.39.225 - - [30/Jul/2026:11:04:39 +0000] "POST /xmlrpc.php HTTP/2" 200 3403 "-" "Mozilla/5.0 (Windows NT 10.0; Win64; x64) AppleWebKit/537.36 (KHTML, like Gecko) Chrome/124.0.0.0 Safari/537.36"
74.7.243.240 - - [30/Jul/2026:11:04:39 +0000] "GET /index.php?lokasie=/proc/770/net//ip_tables_names&loknya=/proc/770/net/ HTTP/2" 200 1710 "https://www.aloysius.me/index.php?loknya=/proc/770/net/" "Mozilla/5.0 AppleWebKit/537.36 (KHTML, like Gecko; compatible; GPTBot/1.4; +https://openai.com/gptbot)"
74.7.243.240 - - [30/Jul/2026:11:04:40 +0000] "GET /index.php?lokasie=/proc/3446033/net/dev&loknya=/proc/3446033/net HTTP/2" 200 1878 "https://www.aloysius.me/index.php?loknya=/proc/3446033/net" "Mozilla/5.0 AppleWebKit/537.36 (KHTML, like Gecko; compatible; GPTBot/1.4; +https://openai.com/gptbot)"
74.7.243.240 - - [30/Jul/2026:11:04:41 +0000] "GET /index.php?lokasie=/proc/873/net//ip_tables_targets&loknya=/proc/873/net/ HTTP/2" 200 1712 "https://www.aloysius.me/index.php?loknya=/proc/873/net/" "Mozilla/5.0 AppleWebKit/537.36 (KHTML, like Gecko; compatible; GPTBot/1.4; +https://openai.com/gptbot)"
74.7.243.240 - - [30/Jul/2026:11:04:41 +0000] "GET /index.php?lokasie=/proc/233/net//ip6_tables_matches&loknya=/proc/233/net/ HTTP/2" 200 1718 "https://www.aloysius.me/index.php?loknya=/proc/233/net/" "Mozilla/5.0 AppleWebKit/537.36 (KHTML, like Gecko; compatible; GPTBot/1.4; +https://openai.com/gptbot)"
74.7.243.240 - - [30/Jul/2026:11:04:42 +0000] "GET /index.php?lokasie=/proc/321/net//ip6_tables_matches&loknya=/proc/321/net/ HTTP/2" 200 1715 "https://www.aloysius.me/index.php?loknya=/proc/321/net/" "Mozilla/5.0 AppleWebKit/537.36 (KHTML, like Gecko; compatible; GPTBot/1.4; +https://openai.com/gptbot)"
74.7.243.240 - - [30/Jul/2026:11:04:42 +0000] "GET /index.php?lokasie=/proc/873/net//ip6_tables_matches&loknya=/proc/873/net/ HTTP/2" 200 1715 "https://www.aloysius.me/index.php?loknya=/proc/873/net/" "Mozilla/5.0 AppleWebKit/537.36 (KHTML, like Gecko; compatible; GPTBot/1.4; +https://openai.com/gptbot)"
74.7.243.240 - - [30/Jul/2026:11:04:43 +0000] "GET /index.php?lokasie=/proc/321/net//ip6_tables_targets&loknya=/proc/321/net/ HTTP/2" 200 1715 "https://www.aloysius.me/index.php?loknya=/proc/321/net/" "Mozilla/5.0 AppleWebKit/537.36 (KHTML, like Gecko; compatible; GPTBot/1.4; +https://openai.com/gptbot)"
104.207.39.128 - - [30/Jul/2026:11:04:43 +0000] "POST /xmlrpc.php HTTP/2" 200 3334 "-" "Mozilla/5.0 (Macintosh; Intel Mac OS X 10_15_7) AppleWebKit/605.1.15 (KHTML, like Gecko) Version/18.0 Safari/605.1.15"
74.7.243.240 - - [30/Jul/2026:11:04:43 +0000] "GET /index.php?lokasie=/proc/768/net//ip6_tables_matches&loknya=/proc/768/net/ HTTP/2" 200 1715 "https://www.aloysius.me/index.php?loknya=/proc/768/net/" "Mozilla/5.0 AppleWebKit/537.36 (KHTML, like Gecko; compatible; GPTBot/1.4; +https://openai.com/gptbot)"
74.7.243.240 - - [30/Jul/2026:11:04:44 +0000] "GET /index.php?lokasie=/proc/127/net//ip6_tables_targets&loknya=/proc/127/net/ HTTP/2" 200 1715 "https://www.aloysius.me/index.php?loknya=/proc/127/net/" "Mozilla/5.0 AppleWebKit/537.36 (KHTML, like Gecko; compatible; GPTBot/1.4; +https://openai.com/gptbot)"
74.7.243.240 - - [30/Jul/2026:11:04:44 +0000] "GET /index.php?lokasie=/proc/233/net//ip6_tables_targets&loknya=/proc/233/net/ HTTP/2" 200 1715 "https://www.aloysius.me/index.php?loknya=/proc/233/net/" "Mozilla/5.0 AppleWebKit/537.36 (KHTML, like Gecko; compatible; GPTBot/1.4; +https://openai.com/gptbot)"
45.3.62.249 - - [30/Jul/2026:11:04:44 +0000] "POST /xmlrpc.php HTTP/2" 200 3403 "-" "Mozilla/5.0 (Macintosh; Intel Mac OS X 10_15_7) AppleWebKit/605.1.15 (KHTML, like Gecko) Version/18.0 Safari/605.1.15"
74.7.243.240 - - [30/Jul/2026:11:04:45 +0000] "GET /index.php?lokasie=/proc/770/net//ip6_tables_targets&loknya=/proc/770/net/ HTTP/2" 200 1715 "https://www.aloysius.me/index.php?loknya=/proc/770/net/" "Mozilla/5.0 AppleWebKit/537.36 (KHTML, like Gecko; compatible; GPTBot/1.4; +https://openai.com/gptbot)"
74.7.243.240 - - [30/Jul/2026:11:04:45 +0000] "GET /index.php?lokasie=/proc/651/net//ip6_tables_targets&loknya=/proc/651/net/ HTTP/2" 200 1715 "https://www.aloysius.me/index.php?loknya=/proc/651/net/" "Mozilla/5.0 AppleWebKit/537.36 (KHTML, like Gecko; compatible; GPTBot/1.4; +https://openai.com/gptbot)"
74.7.243.240 - - [30/Jul/2026:11:04:46 +0000] "GET /index.php?lokasie=/proc/651/net//ip6_tables_matches&loknya=/proc/651/net/ HTTP/2" 200 1715 "https://www.aloysius.me/index.php?loknya=/proc/651/net/" "Mozilla/5.0 AppleWebKit/537.36 (KHTML, like Gecko; compatible; GPTBot/1.4; +https://openai.com/gptbot)"
74.7.243.240 - - [30/Jul/2026:11:04:46 +0000] "GET /index.php?lokasie=/proc/127/net//ip6_tables_matches&loknya=/proc/127/net/ HTTP/2" 200 1715 "https://www.aloysius.me/index.php?loknya=/proc/127/net/" "Mozilla/5.0 AppleWebKit/537.36 (KHTML, like Gecko; compatible; GPTBot/1.4; +https://openai.com/gptbot)"
74.7.243.240 - - [30/Jul/2026:11:04:47 +0000] "GET /index.php?lokasie=/proc/770/net//ip6_tables_matches&loknya=/proc/770/net/ HTTP/2" 200 1715 "https://www.aloysius.me/index.php?loknya=/proc/770/net/" "Mozilla/5.0 AppleWebKit/537.36 (KHTML, like Gecko; compatible; GPTBot/1.4; +https://openai.com/gptbot)"
74.7.243.240 - - [30/Jul/2026:11:04:47 +0000] "GET /index.php?loknya=/proc/3446033/net/ HTTP/2" 200 3658 "https://www.aloysius.me/index.php?loknya=/proc/3446033/net/rpc" "Mozilla/5.0 AppleWebKit/537.36 (KHTML, like Gecko; compatible; GPTBot/1.4; +https://openai.com/gptbot)"
74.7.243.240 - - [30/Jul/2026:11:04:48 +0000] "GET /index.php?loknya=/proc/768/net/rpc HTTP/2" 200 2118 "https://www.aloysius.me/index.php?loknya=/proc/768/net" "Mozilla/5.0 AppleWebKit/537.36 (KHTML, like Gecko; compatible; GPTBot/1.4; +https://openai.com/gptbot)"
45.3.35.30 - - [30/Jul/2026:11:04:48 +0000] "POST /xmlrpc.php HTTP/2" 200 3334 "-" "Mozilla/5.0 (Windows NT 10.0; Win64; x64; rv:133.0) Gecko/20100101 Firefox/133.0"
74.7.243.240 - - [30/Jul/2026:11:04:48 +0000] "GET /index.php?loknya=/proc/321/net/rpc HTTP/2" 200 2117 "https://www.aloysius.me/index.php?loknya=/proc/321/net" "Mozilla/5.0 AppleWebKit/537.36 (KHTML, like Gecko; compatible; GPTBot/1.4; +https://openai.com/gptbot)"
74.7.243.240 - - [30/Jul/2026:11:04:49 +0000] "GET /index.php?loknya=/proc/651/net/rpc HTTP/2" 200 2134 "https://www.aloysius.me/index.php?loknya=/proc/651/net" "Mozilla/5.0 AppleWebKit/537.36 (KHTML, like Gecko; compatible; GPTBot/1.4; +https://openai.com/gptbot)"
209.50.176.219 - - [30/Jul/2026:11:04:49 +0000] "POST /xmlrpc.php HTTP/2" 200 3405 "-" "Mozilla/5.0 (Macintosh; Intel Mac OS X 10_15_7) AppleWebKit/605.1.15 (KHTML, like Gecko) Version/18.0 Safari/605.1.15"
74.7.243.240 - - [30/Jul/2026:11:04:49 +0000] "GET /index.php?loknya=/proc/873/net/rpc HTTP/2" 200 2118 "https://www.aloysius.me/index.php?loknya=/proc/873/net" "Mozilla/5.0 AppleWebKit/537.36 (KHTML, like Gecko; compatible; GPTBot/1.4; +https://openai.com/gptbot)"
74.7.243.240 - - [30/Jul/2026:11:04:50 +0000] "GET /index.php?loknya=/proc/127/net/rpc HTTP/2" 200 2118 "https://www.aloysius.me/index.php?loknya=/proc/127/net" "Mozilla/5.0 AppleWebKit/537.36 (KHTML, like Gecko; compatible; GPTBot/1.4; +https://openai.com/gptbot)"
74.7.243.240 - - [30/Jul/2026:11:04:50 +0000] "GET /index.php?loknya=/proc/3446033/net/xt_recent HTTP/2" 200 1976 "https://www.aloysius.me/index.php?loknya=/proc/3446033/net" "Mozilla/5.0 AppleWebKit/537.36 (KHTML, like Gecko; compatible; GPTBot/1.4; +https://openai.com/gptbot)"
74.7.243.240 - - [30/Jul/2026:11:04:51 +0000] "GET /index.php?loknya=/proc/565 HTTP/2" 200 3714 "https://www.aloysius.me/index.php?loknya=/proc" "Mozilla/5.0 AppleWebKit/537.36 (KHTML, like Gecko; compatible; GPTBot/1.4; +https://openai.com/gptbot)"
74.7.243.240 - - [30/Jul/2026:11:04:51 +0000] "GET /index.php?loknya=/proc/568 HTTP/2" 200 3834 "https://www.aloysius.me/index.php?loknya=/proc" "Mozilla/5.0 AppleWebKit/537.36 (KHTML, like Gecko; compatible; GPTBot/1.4; +https://openai.com/gptbot)"
74.7.243.240 - - [30/Jul/2026:11:04:52 +0000] "GET /index.php?loknya=/proc/119 HTTP/2" 200 3838 "https://www.aloysius.me/index.php?loknya=/proc" "Mozilla/5.0 AppleWebKit/537.36 (KHTML, like Gecko; compatible; GPTBot/1.4; +https://openai.com/gptbot)"
209.50.186.248 - - [30/Jul/2026:11:04:52 +0000] "POST /xmlrpc.php HTTP/2" 200 3366 "-" "Mozilla/5.0 (Macintosh; Intel Mac OS X 10_15_7) AppleWebKit/605.1.15 (KHTML, like Gecko) Version/18.0 Safari/605.1.15"
74.7.243.240 - - [30/Jul/2026:11:04:53 +0000] "GET /index.php?loknya=/proc/569 HTTP/2" 200 3810 "https://www.aloysius.me/index.php?loknya=/proc" "Mozilla/5.0 AppleWebKit/537.36 (KHTML, like Gecko; compatible; GPTBot/1.4; +https://openai.com/gptbot)"
74.7.243.240 - - [30/Jul/2026:11:04:53 +0000] "GET /index.php?lokasie=/proc/3446033/net//ip6_tables_matches&loknya=/proc/3446033/net/ HTTP/2" 200 1723 "https://www.aloysius.me/index.php?loknya=/proc/3446033/net/" "Mozilla/5.0 AppleWebKit/537.36 (KHTML, like Gecko; compatible; GPTBot/1.4; +https://openai.com/gptbot)"
193.24.211.48 - - [30/Jul/2026:11:04:53 +0000] "GET /wp-login.php HTTP/2" 200 2032 "-" "Mozilla/5.0 (Windows NT 10.0; Win64; x64) AppleWebKit/537.36 (KHTML, like Gecko) Chrome/124.0.0.0 Safari/537.36"
74.7.243.240 - - [30/Jul/2026:11:04:54 +0000] "GET /index.php?lokasie=/proc/3446033/net//xfrm_stat&loknya=/proc/3446033/net/ HTTP/2" 200 1908 "https://www.aloysius.me/index.php?loknya=/proc/3446033/net/" "Mozilla/5.0 AppleWebKit/537.36 (KHTML, like Gecko; compatible; GPTBot/1.4; +https://openai.com/gptbot)"
74.7.243.240 - - [30/Jul/2026:11:04:54 +0000] "GET /index.php?lokasie=/proc/3446033/net//route&loknya=/proc/3446033/net/ HTTP/2" 200 1844 "https://www.aloysius.me/index.php?loknya=/proc/3446033/net/" "Mozilla/5.0 AppleWebKit/537.36 (KHTML, like Gecko; compatible; GPTBot/1.4; +https://openai.com/gptbot)"
74.7.243.240 - - [30/Jul/2026:11:04:55 +0000] "GET /index.php?lokasie=/proc/3446033/net//raw&loknya=/proc/3446033/net/ HTTP/2" 200 1784 "https://www.aloysius.me/index.php?loknya=/proc/3446033/net/" "Mozilla/5.0 AppleWebKit/537.36 (KHTML, like Gecko; compatible; GPTBot/1.4; +https://openai.com/gptbot)"
74.7.243.240 - - [30/Jul/2026:11:04:55 +0000] "GET /index.php?lokasie=/proc/3446033/net//unix&loknya=/proc/3446033/net/ HTTP/2" 200 16890 "https://www.aloysius.me/index.php?loknya=/proc/3446033/net/" "Mozilla/5.0 AppleWebKit/537.36 (KHTML, like Gecko; compatible; GPTBot/1.4; +https://openai.com/gptbot)"
109.105.210.89 - - [30/Jul/2026:11:04:55 +0000] "GET /OA_HTML/AppsLocalLogin.jsp HTTP/1.1" 301 449 "-" "Mozilla/5.0 AppleWebKit/537.36 (KHTML, like Gecko) Chrome/123.0.6312.86 Safari/537.36"
74.7.243.240 - - [30/Jul/2026:11:04:56 +0000] "GET /index.php?lokasie=/proc/3446033/net//igmp&loknya=/proc/3446033/net/ HTTP/2" 200 1800 "https://www.aloysius.me/index.php?loknya=/proc/3446033/net/" "Mozilla/5.0 AppleWebKit/537.36 (KHTML, like Gecko; compatible; GPTBot/1.4; +https://openai.com/gptbot)"
74.7.243.240 - - [30/Jul/2026:11:04:56 +0000] "GET /index.php?lokasie=/proc/3446033/net//icmp&loknya=/proc/3446033/net/ HTTP/2" 200 1787 "https://www.aloysius.me/index.php?loknya=/proc/3446033/net/" "Mozilla/5.0 AppleWebKit/537.36 (KHTML, like Gecko; compatible; GPTBot/1.4; +https://openai.com/gptbot)"
193.24.211.48 - - [30/Jul/2026:11:04:56 +0000] "GET /wp-login.php HTTP/2" 200 2032 "-" "Mozilla/5.0 (Windows NT 10.0; Win64; x64) AppleWebKit/537.36 (KHTML, like Gecko) Chrome/124.0.0.0 Safari/537.36"
74.7.243.240 - - [30/Jul/2026:11:04:57 +0000] "GET /index.php?lokasie=/proc/3446033/net//udp&loknya=/proc/3446033/net/ HTTP/2" 200 1966 "https://www.aloysius.me/index.php?loknya=/proc/3446033/net/" "Mozilla/5.0 AppleWebKit/537.36 (KHTML, like Gecko; compatible; GPTBot/1.4; +https://openai.com/gptbot)"
74.7.243.240 - - [30/Jul/2026:11:04:57 +0000] "GET /index.php?lokasie=/proc/3446033/net//arp&loknya=/proc/3446033/net/ HTTP/2" 200 1818 "https://www.aloysius.me/index.php?loknya=/proc/3446033/net/" "Mozilla/5.0 AppleWebKit/537.36 (KHTML, like Gecko; compatible; GPTBot/1.4; +https://openai.com/gptbot)"
74.7.243.240 - - [30/Jul/2026:11:04:58 +0000] "GET /index.php?lokasie=/proc/3446033/net//udp6&loknya=/proc/3446033/net/ HTTP/2" 200 1832 "https://www.aloysius.me/index.php?loknya=/proc/3446033/net/" "Mozilla/5.0 AppleWebKit/537.36 (KHTML, like Gecko; compatible; GPTBot/1.4; +https://openai.com/gptbot)"
74.7.243.240 - - [30/Jul/2026:11:04:58 +0000] "GET /index.php?lokasie=/proc/3446033/net//snmp6&loknya=/proc/3446033/net/ HTTP/2" 200 2354 "https://www.aloysius.me/index.php?loknya=/proc/3446033/net/" "Mozilla/5.0 AppleWebKit/537.36 (KHTML, like Gecko; compatible; GPTBot/1.4; +https://openai.com/gptbot)"
74.7.243.240 - - [30/Jul/2026:11:04:59 +0000] "GET /index.php?lokasie=/proc/3446033/net//icmp6&loknya=/proc/3446033/net/ HTTP/2" 200 1789 "https://www.aloysius.me/index.php?loknya=/proc/3446033/net/" "Mozilla/5.0 AppleWebKit/537.36 (KHTML, like Gecko; compatible; GPTBot/1.4; +https://openai.com/gptbot)"
74.7.243.240 - - [30/Jul/2026:11:04:59 +0000] "GET /index.php?lokasie=/proc/3446033/net//raw6&loknya=/proc/3446033/net/ HTTP/2" 200 1835 "https://www.aloysius.me/index.php?loknya=/proc/3446033/net/" "Mozilla/5.0 AppleWebKit/537.36 (KHTML, like Gecko; compatible; GPTBot/1.4; +https://openai.com/gptbot)"
74.7.243.240 - - [30/Jul/2026:11:05:00 +0000] "GET /index.php?lokasie=/proc/3446033/net//igmp6&loknya=/proc/3446033/net/ HTTP/2" 200 1786 "https://www.aloysius.me/index.php?loknya=/proc/3446033/net/" "Mozilla/5.0 AppleWebKit/537.36 (KHTML, like Gecko; compatible; GPTBot/1.4; +https://openai.com/gptbot)"
74.7.243.240 - - [30/Jul/2026:11:05:00 +0000] "GET /index.php?lokasie=/proc/3446033/net//psched&loknya=/proc/3446033/net/ HTTP/2" 200 1737 "https://www.aloysius.me/index.php?loknya=/proc/3446033/net/" "Mozilla/5.0 AppleWebKit/537.36 (KHTML, like Gecko; compatible; GPTBot/1.4; +https://openai.com/gptbot)"
74.7.243.240 - - [30/Jul/2026:11:05:01 +0000] "GET /index.php?lokasie=/proc/3446033/net//udplite&loknya=/proc/3446033/net/ HTTP/2" 200 1789 "https://www.aloysius.me/index.php?loknya=/proc/3446033/net/" "Mozilla/5.0 AppleWebKit/537.36 (KHTML, like Gecko; compatible; GPTBot/1.4; +https://openai.com/gptbot)"
74.7.243.240 - - [30/Jul/2026:11:05:01 +0000] "GET /index.php?lokasie=/proc/3446033/net//netlink&loknya=/proc/3446033/net/ HTTP/2" 200 2094 "https://www.aloysius.me/index.php?loknya=/proc/3446033/net/" "Mozilla/5.0 AppleWebKit/537.36 (KHTML, like Gecko; compatible; GPTBot/1.4; +https://openai.com/gptbot)"
74.7.243.240 - - [30/Jul/2026:11:05:02 +0000] "GET /index.php?lokasie=/proc/3446033/net//netstat&loknya=/proc/3446033/net/ HTTP/2" 200 3290 "https://www.aloysius.me/index.php?loknya=/proc/3446033/net/" "Mozilla/5.0 AppleWebKit/537.36 (KHTML, like Gecko; compatible; GPTBot/1.4; +https://openai.com/gptbot)"
74.7.243.240 - - [30/Jul/2026:11:05:03 +0000] "GET /index.php?lokasie=/proc/3446033/net//packet&loknya=/proc/3446033/net/ HTTP/2" 200 1783 "https://www.aloysius.me/index.php?loknya=/proc/3446033/net/" "Mozilla/5.0 AppleWebKit/537.36 (KHTML, like Gecko; compatible; GPTBot/1.4; +https://openai.com/gptbot)"
74.7.243.240 - - [30/Jul/2026:11:05:03 +0000] "GET /index.php?lokasie=/proc/3446033/net//snmp&loknya=/proc/3446033/net/ HTTP/2" 200 2316 "https://www.aloysius.me/index.php?loknya=/proc/3446033/net/" "Mozilla/5.0 AppleWebKit/537.36 (KHTML, like Gecko; compatible; GPTBot/1.4; +https://openai.com/gptbot)"
74.7.243.240 - - [30/Jul/2026:11:05:04 +0000] "GET /index.php?lokasie=/proc/3446033/net//rt_acct&loknya=/proc/3446033/net/ HTTP/2" 200 1770 "https://www.aloysius.me/index.php?loknya=/proc/3446033/net/" "Mozilla/5.0 AppleWebKit/537.36 (KHTML, like Gecko; compatible; GPTBot/1.4; +https://openai.com/gptbot)"
74.7.243.240 - - [30/Jul/2026:11:05:04 +0000] "GET /index.php?lokasie=/proc/3446033/net//ptype&loknya=/proc/3446033/net/ HTTP/2" 200 1756 "https://www.aloysius.me/index.php?loknya=/proc/3446033/net/" "Mozilla/5.0 AppleWebKit/537.36 (KHTML, like Gecko; compatible; GPTBot/1.4; +https://openai.com/gptbot)"
74.7.243.240 - - [30/Jul/2026:11:05:05 +0000] "GET /index.php?lokasie=/proc/3446033/net//tcp&loknya=/proc/3446033/net/ HTTP/2" 200 3643 "https://www.aloysius.me/index.php?loknya=/proc/3446033/net/" "Mozilla/5.0 AppleWebKit/537.36 (KHTML, like Gecko; compatible; GPTBot/1.4; +https://openai.com/gptbot)"
74.7.243.240 - - [30/Jul/2026:11:05:05 +0000] "GET /index.php?lokasie=/proc/3446033/net//sockstat&loknya=/proc/3446033/net/ HTTP/2" 200 1800 "https://www.aloysius.me/index.php?loknya=/proc/3446033/net/" "Mozilla/5.0 AppleWebKit/537.36 (KHTML, like Gecko; compatible; GPTBot/1.4; +https://openai.com/gptbot)"
74.7.243.240 - - [30/Jul/2026:11:05:06 +0000] "GET /index.php?lokasie=/proc/3446033/net//wireless&loknya=/proc/3446033/net/ HTTP/2" 200 1814 "https://www.aloysius.me/index.php?loknya=/proc/3446033/net/" "Mozilla/5.0 AppleWebKit/537.36 (KHTML, like Gecko; compatible; GPTBot/1.4; +https://openai.com/gptbot)"
74.7.243.240 - - [30/Jul/2026:11:05:06 +0000] "GET /index.php?lokasie=/proc/3446033/net//protocols&loknya=/proc/3446033/net/ HTTP/2" 200 2095 "https://www.aloysius.me/index.php?loknya=/proc/3446033/net/" "Mozilla/5.0 AppleWebKit/537.36 (KHTML, like Gecko; compatible; GPTBot/1.4; +https://openai.com/gptbot)"
74.7.243.240 - - [30/Jul/2026:11:05:07 +0000] "GET /index.php?lokasie=/proc/3446033/net//connector&loknya=/proc/3446033/net/ HTTP/2" 200 1734 "https://www.aloysius.me/index.php?loknya=/proc/3446033/net/" "Mozilla/5.0 AppleWebKit/537.36 (KHTML, like Gecko; compatible; GPTBot/1.4; +https://openai.com/gptbot)"
74.7.243.240 - - [30/Jul/2026:11:05:07 +0000] "GET /index.php?lokasie=/proc/3446033/net//tcp6&loknya=/proc/3446033/net/ HTTP/2" 200 1851 "https://www.aloysius.me/index.php?loknya=/proc/3446033/net/" "Mozilla/5.0 AppleWebKit/537.36 (KHTML, like Gecko; compatible; GPTBot/1.4; +https://openai.com/gptbot)"
74.7.243.240 - - [30/Jul/2026:11:05:08 +0000] "GET /index.php?lokasie=/proc/3446033/net//softnet_stat&loknya=/proc/3446033/net/ HTTP/2" 200 1760 "https://www.aloysius.me/index.php?loknya=/proc/3446033/net/" "Mozilla/5.0 AppleWebKit/537.36 (KHTML, like Gecko; compatible; GPTBot/1.4; +https://openai.com/gptbot)"
74.7.243.240 - - [30/Jul/2026:11:05:08 +0000] "GET /index.php?lokasie=/proc/3446033/net//anycast6&loknya=/proc/3446033/net/ HTTP/2" 200 1717 "https://www.aloysius.me/index.php?loknya=/proc/3446033/net/" "Mozilla/5.0 AppleWebKit/537.36 (KHTML, like Gecko; compatible; GPTBot/1.4; +https://openai.com/gptbot)"
74.7.243.240 - - [30/Jul/2026:11:05:09 +0000] "GET /index.php?lokasie=/proc/3446033/net//udplite6&loknya=/proc/3446033/net/ HTTP/2" 200 1791 "https://www.aloysius.me/index.php?loknya=/proc/3446033/net/" "Mozilla/5.0 AppleWebKit/537.36 (KHTML, like Gecko; compatible; GPTBot/1.4; +https://openai.com/gptbot)"
74.7.243.240 - - [30/Jul/2026:11:05:09 +0000] "GET /index.php?lokasie=/proc/3446033/net//sockstat6&loknya=/proc/3446033/net/ HTTP/2" 200 1761 "https://www.aloysius.me/index.php?loknya=/proc/3446033/net/" "Mozilla/5.0 AppleWebKit/537.36 (KHTML, like Gecko; compatible; GPTBot/1.4; +https://openai.com/gptbot)"
74.7.243.240 - - [30/Jul/2026:11:05:10 +0000] "GET /index.php?lokasie=/proc/3446033/net//ip_mr_cache&loknya=/proc/3446033/net/ HTTP/2" 200 1754 "https://www.aloysius.me/index.php?loknya=/proc/3446033/net/" "Mozilla/5.0 AppleWebKit/537.36 (KHTML, like Gecko; compatible; GPTBot/1.4; +https://openai.com/gptbot)"
74.7.243.240 - - [30/Jul/2026:11:05:10 +0000] "GET /index.php?lokasie=/proc/3446033/net//tls_stat&loknya=/proc/3446033/net/ HTTP/2" 200 1785 "https://www.aloysius.me/index.php?loknya=/proc/3446033/net/" "Mozilla/5.0 AppleWebKit/537.36 (KHTML, like Gecko; compatible; GPTBot/1.4; +https://openai.com/gptbot)"
74.7.243.240 - - [30/Jul/2026:11:05:11 +0000] "GET /index.php?lokasie=/proc/3446033/net//rt_cache&loknya=/proc/3446033/net/ HTTP/2" 200 1801 "https://www.aloysius.me/index.php?loknya=/proc/3446033/net/" "Mozilla/5.0 AppleWebKit/537.36 (KHTML, like Gecko; compatible; GPTBot/1.4; +https://openai.com/gptbot)"
74.7.243.240 - - [30/Jul/2026:11:05:11 +0000] "GET /index.php?lokasie=/proc/3446033/net//fib_trie&loknya=/proc/3446033/net/ HTTP/2" 200 1905 "https://www.aloysius.me/index.php?loknya=/proc/3446033/net/" "Mozilla/5.0 AppleWebKit/537.36 (KHTML, like Gecko; compatible; GPTBot/1.4; +https://openai.com/gptbot)"
5.61.209.44 - - [30/Jul/2026:11:05:11 +0000] "GET /SDK/webLanguage HTTP/1.1" 301 449 "-" "Mozilla/5.0 (Windows NT 10.0; Win64; x64) AppleWebKit/537.36 (KHTML, like Gecko) Chrome/90.0.4430.85 Safari/537.36 Edg/90.0.818.46"
109.105.210.88 - - [30/Jul/2026:11:05:12 +0000] "GET / HTTP/1.1" 301 449 "-" "Mozilla/5.0 AppleWebKit/537.36 (KHTML, like Gecko) Chrome/123.0.6312.86 Safari/537.36"
109.105.210.90 - - [30/Jul/2026:11:05:12 +0000] "GET / HTTP/1.1" 301 449 "-" "Mozilla/5.0 AppleWebKit/537.36 (KHTML, like Gecko) Chrome/123.0.6312.86 Safari/537.36"
109.105.210.89 - - [30/Jul/2026:11:05:12 +0000] "GET /Web/Auth HTTP/1.1" 301 449 "-" "Mozilla/5.0 AppleWebKit/537.36 (KHTML, like Gecko) Chrome/123.0.6312.86 Safari/537.36"
109.105.210.87 - - [30/Jul/2026:11:05:12 +0000] "GET / HTTP/1.1" 301 449 "-" "Mozilla/5.0 AppleWebKit/537.36 (KHTML, like Gecko) Chrome/123.0.6312.86 Safari/537.36"
74.7.243.240 - - [30/Jul/2026:11:05:12 +0000] "GET /index.php?lokasie=/proc/3446033/net//mcfilter&loknya=/proc/3446033/net/ HTTP/2" 200 1744 "https://www.aloysius.me/index.php?loknya=/proc/3446033/net/" "Mozilla/5.0 AppleWebKit/537.36 (KHTML, like Gecko; compatible; GPTBot/1.4; +https://openai.com/gptbot)"
74.7.243.240 - - [30/Jul/2026:11:05:12 +0000] "GET /index.php?lokasie=/proc/3446033/net//dev_mcast&loknya=/proc/3446033/net/ HTTP/2" 200 1779 "https://www.aloysius.me/index.php?loknya=/proc/3446033/net/" "Mozilla/5.0 AppleWebKit/537.36 (KHTML, like Gecko; compatible; GPTBot/1.4; +https://openai.com/gptbot)"
74.7.243.240 - - [30/Jul/2026:11:05:13 +0000] "GET /index.php?lokasie=/proc/3446033/net//if_inet6&loknya=/proc/3446033/net/ HTTP/2" 200 1760 "https://www.aloysius.me/index.php?loknya=/proc/3446033/net/" "Mozilla/5.0 AppleWebKit/537.36 (KHTML, like Gecko; compatible; GPTBot/1.4; +https://openai.com/gptbot)"
74.7.243.240 - - [30/Jul/2026:11:05:14 +0000] "GET /index.php?lokasie=/proc/3446033/net//rt6_stats&loknya=/proc/3446033/net/ HTTP/2" 200 1731 "https://www.aloysius.me/index.php?loknya=/proc/3446033/net/" "Mozilla/5.0 AppleWebKit/537.36 (KHTML, like Gecko; compatible; GPTBot/1.4; +https://openai.com/gptbot)"
74.7.243.240 - - [30/Jul/2026:11:05:14 +0000] "GET /index.php?lokasie=/proc/3446033/net//ip_tables_names&loknya=/proc/3446033/net/ HTTP/2" 200 1720 "https://www.aloysius.me/index.php?loknya=/proc/3446033/net/" "Mozilla/5.0 AppleWebKit/537.36 (KHTML, like Gecko; compatible; GPTBot/1.4; +https://openai.com/gptbot)"
74.7.243.240 - - [30/Jul/2026:11:05:15 +0000] "GET /index.php?lokasie=/proc/3446033/net//fib_triestat&loknya=/proc/3446033/net/ HTTP/2" 200 1956 "https://www.aloysius.me/index.php?loknya=/proc/3446033/net/" "Mozilla/5.0 AppleWebKit/537.36 (KHTML, like Gecko; compatible; GPTBot/1.4; +https://openai.com/gptbot)"
74.7.243.240 - - [30/Jul/2026:11:05:15 +0000] "GET /index.php?lokasie=/proc/3446033/net//ipv6_route&loknya=/proc/3446033/net/ HTTP/2" 200 1827 "https://www.aloysius.me/index.php?loknya=/proc/3446033/net/" "Mozilla/5.0 AppleWebKit/537.36 (KHTML, like Gecko; compatible; GPTBot/1.4; +https://openai.com/gptbot)"
74.7.243.240 - - [30/Jul/2026:11:05:16 +0000] "GET /index.php?lokasie=/proc/3446033/net//mcfilter6&loknya=/proc/3446033/net/ HTTP/2" 200 1759 "https://www.aloysius.me/index.php?loknya=/proc/3446033/net/" "Mozilla/5.0 AppleWebKit/537.36 (KHTML, like Gecko; compatible; GPTBot/1.4; +https://openai.com/gptbot)"
74.7.243.240 - - [30/Jul/2026:11:05:16 +0000] "GET /index.php?lokasie=/proc/3446033/net//ip6_tables_names&loknya=/proc/3446033/net/ HTTP/2" 200 1721 "https://www.aloysius.me/index.php?loknya=/proc/3446033/net/" "Mozilla/5.0 AppleWebKit/537.36 (KHTML, like Gecko; compatible; GPTBot/1.4; +https://openai.com/gptbot)"
74.7.243.240 - - [30/Jul/2026:11:05:17 +0000] "GET /index.php?lokasie=/proc/3446033/net//ip_tables_targets&loknya=/proc/3446033/net/ HTTP/2" 200 1719 "https://www.aloysius.me/index.php?loknya=/proc/3446033/net/" "Mozilla/5.0 AppleWebKit/537.36 (KHTML, like Gecko; compatible; GPTBot/1.4; +https://openai.com/gptbot)"
74.7.243.240 - - [30/Jul/2026:11:05:17 +0000] "GET /index.php?lokasie=/proc/3446033/net//ip_tables_matches&loknya=/proc/3446033/net/ HTTP/2" 200 1722 "https://www.aloysius.me/index.php?loknya=/proc/3446033/net/" "Mozilla/5.0 AppleWebKit/537.36 (KHTML, like Gecko; compatible; GPTBot/1.4; +https://openai.com/gptbot)"
74.7.243.240 - - [30/Jul/2026:11:05:18 +0000] "GET /index.php?loknya=/proc/565/net HTTP/2" 200 3750 "https://www.aloysius.me/index.php?loknya=/proc/565" "Mozilla/5.0 AppleWebKit/537.36 (KHTML, like Gecko; compatible; GPTBot/1.4; +https://openai.com/gptbot)"
74.7.243.240 - - [30/Jul/2026:11:05:18 +0000] "GET /index.php?loknya=/proc/119/net HTTP/2" 200 3845 "https://www.aloysius.me/index.php?loknya=/proc/119" "Mozilla/5.0 AppleWebKit/537.36 (KHTML, like Gecko; compatible; GPTBot/1.4; +https://openai.com/gptbot)"
74.7.243.240 - - [30/Jul/2026:11:05:19 +0000] "GET /index.php?lokasie=/proc/3446033/net//ip6_tables_targets&loknya=/proc/3446033/net/ HTTP/2" 200 1720 "https://www.aloysius.me/index.php?loknya=/proc/3446033/net/" "Mozilla/5.0 AppleWebKit/537.36 (KHTML, like Gecko; compatible; GPTBot/1.4; +https://openai.com/gptbot)"
74.7.243.240 - - [30/Jul/2026:11:05:19 +0000] "GET /index.php?lokasie=/proc/3446033/net//ip6_flowlabel&loknya=/proc/3446033/net/ HTTP/2" 200 1754 "https://www.aloysius.me/index.php?loknya=/proc/3446033/net/" "Mozilla/5.0 AppleWebKit/537.36 (KHTML, like Gecko; compatible; GPTBot/1.4; +https://openai.com/gptbot)"
74.7.243.240 - - [30/Jul/2026:11:05:20 +0000] "GET /index.php?lokasie=/proc/3446033/net//ip6_mr_cache&loknya=/proc/3446033/net/ HTTP/2" 200 1756 "https://www.aloysius.me/index.php?loknya=/proc/3446033/net/" "Mozilla/5.0 AppleWebKit/537.36 (KHTML, like Gecko; compatible; GPTBot/1.4; +https://openai.com/gptbot)"
74.7.243.240 - - [30/Jul/2026:11:05:20 +0000] "GET /index.php?loknya=/proc/569/net HTTP/2" 200 3844 "https://www.aloysius.me/index.php?loknya=/proc/569" "Mozilla/5.0 AppleWebKit/537.36 (KHTML, like Gecko; compatible; GPTBot/1.4; +https://openai.com/gptbot)"
74.7.243.240 - - [30/Jul/2026:11:05:21 +0000] "GET /index.php?loknya=/proc/568/net HTTP/2" 200 3786 "https://www.aloysius.me/index.php?loknya=/proc/568" "Mozilla/5.0 AppleWebKit/537.36 (KHTML, like Gecko; compatible; GPTBot/1.4; +https://openai.com/gptbot)"
