74.7.243.240 - - [30/Jul/2026:11:40:05 +0000] "GET /index.php?lokasie=/proc/566/net//ip_mr_cache&loknya=/proc/566/net/ HTTP/2" 200 1750 "https://www.aloysius.me/index.php?loknya=/proc/566/net/" "Mozilla/5.0 AppleWebKit/537.36 (KHTML, like Gecko; compatible; GPTBot/1.4; +https://openai.com/gptbot)"
216.73.217.23 - - [30/Jul/2026:11:40:05 +0000] "GET /sitemap.xml?lokasie=%2Fusr%2Flib%2Fpython3.8%2Ftty.py&loknya=%2Fusr%2Flib%2Fpython3.8 HTTP/2" 200 2094 "-" "Mozilla/5.0 AppleWebKit/537.36 (KHTML, like Gecko; compatible; ClaudeBot/1.0; +claudebot@anthropic.com)"
216.73.217.23 - - [30/Jul/2026:11:40:06 +0000] "GET /index.php?loknya=%2Fusr%2Fshare%2Fawk HTTP/2" 200 3081 "-" "Mozilla/5.0 AppleWebKit/537.36 (KHTML, like Gecko; compatible; ClaudeBot/1.0; +claudebot@anthropic.com)"
216.73.217.23 - - [30/Jul/2026:11:40:06 +0000] "GET /sitemap.xml?lokasie=%2Flib%2Fpython3.8%2Ftempfile.py&loknya=%2Flib%2Fpython3.8 HTTP/2" 200 10576 "-" "Mozilla/5.0 AppleWebKit/537.36 (KHTML, like Gecko; compatible; ClaudeBot/1.0; +claudebot@anthropic.com)"
216.73.217.23 - - [30/Jul/2026:11:40:06 +0000] "GET /sitemap.xml?loknya=%2Fusr%2Fshare%2Fdoc%2Fpython3-urllib3 HTTP/2" 200 2229 "-" "Mozilla/5.0 AppleWebKit/537.36 (KHTML, like Gecko; compatible; ClaudeBot/1.0; +claudebot@anthropic.com)"
216.73.217.23 - - [30/Jul/2026:11:40:06 +0000] "GET /sitemap.xml?lokasie=%2Fusr%2Flib%2Fpython3.8%2Fmodulefinder.py&loknya=%2Fusr%2Flib%2Fpython3.8 HTTP/2" 200 8138 "-" "Mozilla/5.0 AppleWebKit/537.36 (KHTML, like Gecko; compatible; ClaudeBot/1.0; +claudebot@anthropic.com)"
66.249.64.38 - - [30/Jul/2026:11:40:06 +0000] "GET /kak-vybrat-luchshee-pinko-kazino-iz-mnozhestva-onlain-kazino/?loknya=/usr/local/lsws/aloysius HTTP/1.1" 200 2268 "-" "Mozilla/5.0 (Linux; Android 6.0.1; Nexus 5X Build/MMB29P) AppleWebKit/537.36 (KHTML, like Gecko) Chrome/150.0.7871.186 Mobile Safari/537.36 (compatible; Googlebot/2.1; +http://www.google.com/bot.html)"
216.73.217.23 - - [30/Jul/2026:11:40:06 +0000] "GET /index.php?loknya=%2Fusr%2Flib%2Fmodules HTTP/2" 200 4530 "-" "Mozilla/5.0 AppleWebKit/537.36 (KHTML, like Gecko; compatible; ClaudeBot/1.0; +claudebot@anthropic.com)"
74.7.243.240 - - [30/Jul/2026:11:40:06 +0000] "GET /index.php?lokasie=/proc/322/net//fib_trie&loknya=/proc/322/net/ HTTP/2" 200 1903 "https://www.aloysius.me/index.php?loknya=/proc/322/net/" "Mozilla/5.0 AppleWebKit/537.36 (KHTML, like Gecko; compatible; GPTBot/1.4; +https://openai.com/gptbot)"
74.7.243.240 - - [30/Jul/2026:11:40:06 +0000] "GET /index.php?lokasie=/proc/106/net//rt_cache&loknya=/proc/106/net/ HTTP/2" 200 1797 "https://www.aloysius.me/index.php?loknya=/proc/106/net/" "Mozilla/5.0 AppleWebKit/537.36 (KHTML, like Gecko; compatible; GPTBot/1.4; +https://openai.com/gptbot)"
74.7.243.240 - - [30/Jul/2026:11:40:07 +0000] "GET /index.php?lokasie=/proc/816/net//rt_cache&loknya=/proc/816/net/ HTTP/2" 200 1796 "https://www.aloysius.me/index.php?loknya=/proc/816/net/" "Mozilla/5.0 AppleWebKit/537.36 (KHTML, like Gecko; compatible; GPTBot/1.4; +https://openai.com/gptbot)"
74.7.243.240 - - [30/Jul/2026:11:40:07 +0000] "GET /index.php?lokasie=/proc/105/net//rt_cache&loknya=/proc/105/net/ HTTP/2" 200 1795 "https://www.aloysius.me/index.php?loknya=/proc/105/net/" "Mozilla/5.0 AppleWebKit/537.36 (KHTML, like Gecko; compatible; GPTBot/1.4; +https://openai.com/gptbot)"
216.73.217.23 - - [30/Jul/2026:11:40:07 +0000] "GET /index.php?loknya=%2Fetc%2FNetworkManager HTTP/2" 200 2081 "-" "Mozilla/5.0 AppleWebKit/537.36 (KHTML, like Gecko; compatible; ClaudeBot/1.0; +claudebot@anthropic.com)"
216.73.217.23 - - [30/Jul/2026:11:40:07 +0000] "GET /sitemap.xml?lokasie=%2Fusr%2Flib%2Fpython3.8%2Fre.py&loknya=%2Fusr%2Flib%2Fpython3.8 HTTP/2" 200 6794 "-" "Mozilla/5.0 AppleWebKit/537.36 (KHTML, like Gecko; compatible; ClaudeBot/1.0; +claudebot@anthropic.com)"
216.73.217.23 - - [30/Jul/2026:11:40:07 +0000] "GET /index.php?loknya=%2Fusr%2Flib%2Fcloud-init HTTP/2" 200 2304 "-" "Mozilla/5.0 AppleWebKit/537.36 (KHTML, like Gecko; compatible; ClaudeBot/1.0; +claudebot@anthropic.com)"
216.73.217.23 - - [30/Jul/2026:11:40:07 +0000] "GET /sitemap.xml?loknya=%2Fsys%2Fmodule%2Fsrcutree HTTP/2" 200 2234 "-" "Mozilla/5.0 AppleWebKit/537.36 (KHTML, like Gecko; compatible; ClaudeBot/1.0; +claudebot@anthropic.com)"
216.73.217.23 - - [30/Jul/2026:11:40:07 +0000] "GET /sitemap.xml?lokasie=%2Fusr%2Flib%2Fpython3.8%2Frunpy.py&loknya=%2Fusr%2Flib%2Fpython3.8 HTTP/2" 200 5552 "-" "Mozilla/5.0 AppleWebKit/537.36 (KHTML, like Gecko; compatible; ClaudeBot/1.0; +claudebot@anthropic.com)"
216.73.217.23 - - [30/Jul/2026:11:40:07 +0000] "GET /sitemap.xml?lokasie=%2Flib%2Fpython3.8%2F_threading_local.py&loknya=%2Flib%2Fpython3.8 HTTP/2" 200 4164 "-" "Mozilla/5.0 AppleWebKit/537.36 (KHTML, like Gecko; compatible; ClaudeBot/1.0; +claudebot@anthropic.com)"
216.73.217.23 - - [30/Jul/2026:11:40:08 +0000] "GET /sitemap.xml?lokasie=%2Fusr%2Flib%2Fpython3.8%2Fgettext.py&loknya=%2Fusr%2Flib%2Fpython3.8 HTTP/2" 200 8884 "-" "Mozilla/5.0 AppleWebKit/537.36 (KHTML, like Gecko; compatible; ClaudeBot/1.0; +claudebot@anthropic.com)"
216.73.217.23 - - [30/Jul/2026:11:40:08 +0000] "GET /sitemap.xml?loknya=%2Flib%2Fpython3%2Fdist-packages HTTP/2" 200 8680 "-" "Mozilla/5.0 AppleWebKit/537.36 (KHTML, like Gecko; compatible; ClaudeBot/1.0; +claudebot@anthropic.com)"
216.73.217.23 - - [30/Jul/2026:11:40:08 +0000] "GET /sitemap.xml?lokasie=%2Flib%2Fpython3.8%2Frandom.py&loknya=%2Flib%2Fpython3.8 HTTP/2" 200 10950 "-" "Mozilla/5.0 AppleWebKit/537.36 (KHTML, like Gecko; compatible; ClaudeBot/1.0; +claudebot@anthropic.com)"
216.73.217.23 - - [30/Jul/2026:11:40:08 +0000] "GET /sitemap.xml?lokasie=%2Flib%2Fpython3.8%2Fpickletools.py&loknya=%2Flib%2Fpython3.8 HTTP/2" 200 24277 "-" "Mozilla/5.0 AppleWebKit/537.36 (KHTML, like Gecko; compatible; ClaudeBot/1.0; +claudebot@anthropic.com)"
216.73.217.23 - - [30/Jul/2026:11:40:08 +0000] "GET /sitemap.xml?loknya=%2Fusr%2Flocal%2Flsws%2FExample%2Fhtml%2Fcss HTTP/2" 200 2225 "-" "Mozilla/5.0 AppleWebKit/537.36 (KHTML, like Gecko; compatible; ClaudeBot/1.0; +claudebot@anthropic.com)"
216.73.217.23 - - [30/Jul/2026:11:40:08 +0000] "GET /sitemap.xml?loknya=%2Fsys%2Fblock%2Floop2 HTTP/2" 200 3031 "-" "Mozilla/5.0 AppleWebKit/537.36 (KHTML, like Gecko; compatible; ClaudeBot/1.0; +claudebot@anthropic.com)"
206.206.91.124 - - [30/Jul/2026:11:40:08 +0000] "GET /wp-json/wp/v2/pages?context=edit&search=https%3A%2F%2Fvipluck-casino-deutschland.com%2Fbonus&per_page=50&_fields=id,link,slug,status,content HTTP/1.1" 200 3394 "-" "Mozilla/5.0 (Windows NT 10.0; Win64; x64) AppleWebKit/537.36 (KHTML, like Gecko) Chrome/145.0.0.0 Safari/537.36"
74.7.243.240 - - [30/Jul/2026:11:40:08 +0000] "GET /index.php?lokasie=/proc/404/net//ip_mr_cache&loknya=/proc/404/net/ HTTP/2" 200 1750 "https://www.aloysius.me/index.php?loknya=/proc/404/net/" "Mozilla/5.0 AppleWebKit/537.36 (KHTML, like Gecko; compatible; GPTBot/1.4; +https://openai.com/gptbot)"
74.7.243.240 - - [30/Jul/2026:11:40:08 +0000] "GET /index.php?lokasie=/proc/104/net//rt_cache&loknya=/proc/104/net/ HTTP/2" 200 1796 "https://www.aloysius.me/index.php?loknya=/proc/104/net/" "Mozilla/5.0 AppleWebKit/537.36 (KHTML, like Gecko; compatible; GPTBot/1.4; +https://openai.com/gptbot)"
74.7.243.240 - - [30/Jul/2026:11:40:09 +0000] "GET /index.php?lokasie=/proc/829/net//rt_cache&loknya=/proc/829/net/ HTTP/2" 200 1797 "https://www.aloysius.me/index.php?loknya=/proc/829/net/" "Mozilla/5.0 AppleWebKit/537.36 (KHTML, like Gecko; compatible; GPTBot/1.4; +https://openai.com/gptbot)"
216.73.217.23 - - [30/Jul/2026:11:40:08 +0000] "GET /index.php?loknya=%2Fetc%2Fsysctl.d HTTP/2" 200 2643 "-" "Mozilla/5.0 AppleWebKit/537.36 (KHTML, like Gecko; compatible; ClaudeBot/1.0; +claudebot@anthropic.com)"
216.73.217.23 - - [30/Jul/2026:11:40:09 +0000] "GET /index.php?loknya=%2Fetc%2Fmodules-load.d HTTP/2" 200 2129 "-" "Mozilla/5.0 AppleWebKit/537.36 (KHTML, like Gecko; compatible; ClaudeBot/1.0; +claudebot@anthropic.com)"
216.73.217.23 - - [30/Jul/2026:11:40:09 +0000] "GET /sitemap.xml?lokasie=%2Flib%2Fpython3.8%2Fsysconfig.py&loknya=%2Flib%2Fpython3.8 HTTP/2" 200 9064 "-" "Mozilla/5.0 AppleWebKit/537.36 (KHTML, like Gecko; compatible; ClaudeBot/1.0; +claudebot@anthropic.com)"
216.73.217.23 - - [30/Jul/2026:11:40:09 +0000] "GET /sitemap.xml?lokasie=%2Fusr%2Flib%2Fpython3.8%2F__phello__.foo.py&loknya=%2Fusr%2Flib%2Fpython3.8 HTTP/2" 200 1764 "-" "Mozilla/5.0 AppleWebKit/537.36 (KHTML, like Gecko; compatible; ClaudeBot/1.0; +claudebot@anthropic.com)"
216.73.217.23 - - [30/Jul/2026:11:40:09 +0000] "GET /sitemap.xml?loknya=%2Fusr%2Fshare%2Fdoc%2Fpython3-distupgrade HTTP/2" 200 2224 "-" "Mozilla/5.0 AppleWebKit/537.36 (KHTML, like Gecko; compatible; ClaudeBot/1.0; +claudebot@anthropic.com)"
216.73.217.23 - - [30/Jul/2026:11:40:09 +0000] "GET /sitemap.xml?lokasie=%2Fusr%2Flib%2Fpython3.8%2Ftoken.py&loknya=%2Fusr%2Flib%2Fpython3.8 HTTP/2" 200 2755 "-" "Mozilla/5.0 AppleWebKit/537.36 (KHTML, like Gecko; compatible; ClaudeBot/1.0; +claudebot@anthropic.com)"
216.73.217.23 - - [30/Jul/2026:11:40:09 +0000] "GET /index.php?loknya=%2Fusr%2Flib%2Fgit-core HTTP/2" 200 7334 "-" "Mozilla/5.0 AppleWebKit/537.36 (KHTML, like Gecko; compatible; ClaudeBot/1.0; +claudebot@anthropic.com)"
216.73.217.23 - - [30/Jul/2026:11:40:09 +0000] "GET /sitemap.xml?loknya=%2Fusr%2Fshare%2Fdoc%2Flsof HTTP/2" 200 2545 "-" "Mozilla/5.0 AppleWebKit/537.36 (KHTML, like Gecko; compatible; ClaudeBot/1.0; +claudebot@anthropic.com)"
216.73.217.23 - - [30/Jul/2026:11:40:09 +0000] "GET /index.php?loknya=%2Fvar%2Fcache HTTP/2" 200 2735 "-" "Mozilla/5.0 AppleWebKit/537.36 (KHTML, like Gecko; compatible; ClaudeBot/1.0; +claudebot@anthropic.com)"
216.73.217.23 - - [30/Jul/2026:11:40:10 +0000] "GET /index.php?loknya=%2Fusr%2Fshare%2Fdebianutils HTTP/2" 200 2137 "-" "Mozilla/5.0 AppleWebKit/537.36 (KHTML, like Gecko; compatible; ClaudeBot/1.0; +claudebot@anthropic.com)"
216.73.217.23 - - [30/Jul/2026:11:40:10 +0000] "GET /sitemap.xml?lokasie=%2Flib%2Fpython3.8%2Ftelnetlib.py&loknya=%2Flib%2Fpython3.8 HTTP/2" 200 8471 "-" "Mozilla/5.0 AppleWebKit/537.36 (KHTML, like Gecko; compatible; ClaudeBot/1.0; +claudebot@anthropic.com)"
216.73.217.23 - - [30/Jul/2026:11:40:10 +0000] "GET /index.php?loknya=%2Flib%2Fkernel HTTP/2" 200 2082 "-" "Mozilla/5.0 AppleWebKit/537.36 (KHTML, like Gecko; compatible; ClaudeBot/1.0; +claudebot@anthropic.com)"
216.73.217.23 - - [30/Jul/2026:11:40:10 +0000] "GET /sitemap.xml?loknya=%2Fusr%2Fshare%2Frsync%2Fscripts HTTP/2" 200 2802 "-" "Mozilla/5.0 AppleWebKit/537.36 (KHTML, like Gecko; compatible; ClaudeBot/1.0; +claudebot@anthropic.com)"
216.73.217.23 - - [30/Jul/2026:11:40:10 +0000] "GET /sitemap.xml?lokasie=%2Flib%2Fpython3.8%2Fbdb.py&loknya=%2Flib%2Fpython3.8 HTTP/2" 200 9925 "-" "Mozilla/5.0 AppleWebKit/537.36 (KHTML, like Gecko; compatible; ClaudeBot/1.0; +claudebot@anthropic.com)"
216.73.217.23 - - [30/Jul/2026:11:40:10 +0000] "GET /sitemap.xml?loknya=%2Flib%2Fpython3.8%2Fvenv HTTP/2" 200 2341 "-" "Mozilla/5.0 AppleWebKit/537.36 (KHTML, like Gecko; compatible; ClaudeBot/1.0; +claudebot@anthropic.com)"
216.73.217.23 - - [30/Jul/2026:11:40:10 +0000] "GET /sitemap.xml?lokasie=%2Flib%2Fpython3.8%2Fsymtable.py&loknya=%2Flib%2Fpython3.8 HTTP/2" 200 3764 "-" "Mozilla/5.0 AppleWebKit/537.36 (KHTML, like Gecko; compatible; ClaudeBot/1.0; +claudebot@anthropic.com)"
216.73.217.23 - - [30/Jul/2026:11:40:10 +0000] "GET /sitemap.xml?loknya=%2Fsys%2Fmodule%2Flinear HTTP/2" 200 2505 "-" "Mozilla/5.0 AppleWebKit/537.36 (KHTML, like Gecko; compatible; ClaudeBot/1.0; +claudebot@anthropic.com)"
216.73.217.23 - - [30/Jul/2026:11:40:10 +0000] "GET /sitemap.xml?lokasie=%2Flib%2Fpython3.8%2Fbinhex.py&loknya=%2Flib%2Fpython3.8 HTTP/2" 200 5597 "-" "Mozilla/5.0 AppleWebKit/537.36 (KHTML, like Gecko; compatible; ClaudeBot/1.0; +claudebot@anthropic.com)"
74.7.243.240 - - [30/Jul/2026:11:40:09 +0000] "GET /index.php?lokasie=/proc/106/net//tls_stat&loknya=/proc/106/net/ HTTP/2" 200 1781 "https://www.aloysius.me/index.php?loknya=/proc/106/net/" "Mozilla/5.0 AppleWebKit/537.36 (KHTML, like Gecko; compatible; GPTBot/1.4; +https://openai.com/gptbot)"
74.7.243.240 - - [30/Jul/2026:11:40:10 +0000] "GET /index.php?lokasie=/proc/566/net//fib_trie&loknya=/proc/566/net/ HTTP/2" 200 1903 "https://www.aloysius.me/index.php?loknya=/proc/566/net/" "Mozilla/5.0 AppleWebKit/537.36 (KHTML, like Gecko; compatible; GPTBot/1.4; +https://openai.com/gptbot)"
216.73.217.23 - - [30/Jul/2026:11:40:10 +0000] "GET /sitemap.xml?loknya=%2Fsys%2Fmodule%2Fcrypto_simd HTTP/2" 200 2507 "-" "Mozilla/5.0 AppleWebKit/537.36 (KHTML, like Gecko; compatible; ClaudeBot/1.0; +claudebot@anthropic.com)"
216.73.217.23 - - [30/Jul/2026:11:40:11 +0000] "GET /sitemap.xml?lokasie=%2Flib%2Fpython3.8%2Ftypes.py&loknya=%2Flib%2Fpython3.8 HTTP/2" 200 4868 "-" "Mozilla/5.0 AppleWebKit/537.36 (KHTML, like Gecko; compatible; ClaudeBot/1.0; +claudebot@anthropic.com)"
216.73.217.23 - - [30/Jul/2026:11:40:11 +0000] "GET /sitemap.xml?loknya=%2Fusr%2Fshare%2Fdoc%2Fpython3-zipp HTTP/2" 200 2227 "-" "Mozilla/5.0 AppleWebKit/537.36 (KHTML, like Gecko; compatible; ClaudeBot/1.0; +claudebot@anthropic.com)"
216.73.217.23 - - [30/Jul/2026:11:40:11 +0000] "GET /sitemap.xml?lokasie=%2Flib%2Fpython3.8%2Ffunctools.py&loknya=%2Flib%2Fpython3.8 HTTP/2" 200 11875 "-" "Mozilla/5.0 AppleWebKit/537.36 (KHTML, like Gecko; compatible; ClaudeBot/1.0; +claudebot@anthropic.com)"
216.73.217.23 - - [30/Jul/2026:11:40:11 +0000] "GET /sitemap.xml?lokasie=%2Fusr%2Flib%2Fpython3.8%2Ftempfile.py&loknya=%2Fusr%2Flib%2Fpython3.8 HTTP/2" 200 10584 "-" "Mozilla/5.0 AppleWebKit/537.36 (KHTML, like Gecko; compatible; ClaudeBot/1.0; +claudebot@anthropic.com)"
216.73.217.23 - - [30/Jul/2026:11:40:11 +0000] "GET /index.php?loknya=%2Flib%2Fsysusers.d HTTP/2" 200 2237 "-" "Mozilla/5.0 AppleWebKit/537.36 (KHTML, like Gecko; compatible; ClaudeBot/1.0; +claudebot@anthropic.com)"
216.73.217.23 - - [30/Jul/2026:11:40:11 +0000] "GET /sitemap.xml?lokasie=%2Flib%2Fpython3.8%2Ftrace.py&loknya=%2Flib%2Fpython3.8 HTTP/2" 200 10034 "-" "Mozilla/5.0 AppleWebKit/537.36 (KHTML, like Gecko; compatible; ClaudeBot/1.0; +claudebot@anthropic.com)"
216.73.217.23 - - [30/Jul/2026:11:40:11 +0000] "GET /sitemap.xml?lokasie=%2Flib%2Fpython3.8%2Fbisect.py&loknya=%2Flib%2Fpython3.8 HTTP/2" 200 2318 "-" "Mozilla/5.0 AppleWebKit/537.36 (KHTML, like Gecko; compatible; ClaudeBot/1.0; +claudebot@anthropic.com)"
216.73.217.23 - - [30/Jul/2026:11:40:11 +0000] "GET /sitemap.xml?lokasie=%2Flib%2Fpython3.8%2F_dummy_thread.py&loknya=%2Flib%2Fpython3.8 HTTP/2" 200 3860 "-" "Mozilla/5.0 AppleWebKit/537.36 (KHTML, like Gecko; compatible; ClaudeBot/1.0; +claudebot@anthropic.com)"
216.73.217.23 - - [30/Jul/2026:11:40:11 +0000] "GET /sitemap.xml?lokasie=%2Fusr%2Flib%2Fpython3.8%2F_threading_local.py&loknya=%2Fusr%2Flib%2Fpython3.8 HTTP/2" 200 4173 "-" "Mozilla/5.0 AppleWebKit/537.36 (KHTML, like Gecko; compatible; ClaudeBot/1.0; +claudebot@anthropic.com)"
216.73.217.23 - - [30/Jul/2026:11:40:11 +0000] "GET /index.php?loknya=%2Fusr%2Fshare%2Fvim HTTP/2" 200 2399 "-" "Mozilla/5.0 AppleWebKit/537.36 (KHTML, like Gecko; compatible; ClaudeBot/1.0; +claudebot@anthropic.com)"
74.7.243.240 - - [30/Jul/2026:11:40:10 +0000] "GET /index.php?lokasie=/proc/105/net//tls_stat&loknya=/proc/105/net/ HTTP/2" 200 1780 "https://www.aloysius.me/index.php?loknya=/proc/105/net/" "Mozilla/5.0 AppleWebKit/537.36 (KHTML, like Gecko; compatible; GPTBot/1.4; +https://openai.com/gptbot)"
74.7.243.240 - - [30/Jul/2026:11:40:11 +0000] "GET /index.php?lokasie=/proc/120/net//tls_stat&loknya=/proc/120/net/ HTTP/2" 200 1780 "https://www.aloysius.me/index.php?loknya=/proc/120/net/" "Mozilla/5.0 AppleWebKit/537.36 (KHTML, like Gecko; compatible; GPTBot/1.4; +https://openai.com/gptbot)"
74.7.243.240 - - [30/Jul/2026:11:40:11 +0000] "GET /index.php?lokasie=/proc/404/net//fib_trie&loknya=/proc/404/net/ HTTP/2" 200 1903 "https://www.aloysius.me/index.php?loknya=/proc/404/net/" "Mozilla/5.0 AppleWebKit/537.36 (KHTML, like Gecko; compatible; GPTBot/1.4; +https://openai.com/gptbot)"
74.7.243.240 - - [30/Jul/2026:11:40:12 +0000] "GET /index.php?lokasie=/proc/322/net//ip_mr_cache&loknya=/proc/322/net/ HTTP/2" 200 1750 "https://www.aloysius.me/index.php?loknya=/proc/322/net/" "Mozilla/5.0 AppleWebKit/537.36 (KHTML, like Gecko; compatible; GPTBot/1.4; +https://openai.com/gptbot)"
216.73.217.23 - - [30/Jul/2026:11:40:11 +0000] "GET /sitemap.xml?loknya=%2Fusr%2Flib%2Fpython3%2Fdist-packages HTTP/2" 200 8742 "-" "Mozilla/5.0 AppleWebKit/537.36 (KHTML, like Gecko; compatible; ClaudeBot/1.0; +claudebot@anthropic.com)"
216.73.217.23 - - [30/Jul/2026:11:40:12 +0000] "GET /sitemap.xml?lokasie=%2Flib%2Fpython3.8%2Fnturl2path.py&loknya=%2Flib%2Fpython3.8 HTTP/2" 200 2739 "-" "Mozilla/5.0 AppleWebKit/537.36 (KHTML, like Gecko; compatible; ClaudeBot/1.0; +claudebot@anthropic.com)"
216.73.217.23 - - [30/Jul/2026:11:40:12 +0000] "GET /sitemap.xml?lokasie=%2Fusr%2Flib%2Fpython3.8%2Fpickletools.py&loknya=%2Fusr%2Flib%2Fpython3.8 HTTP/2" 200 24287 "-" "Mozilla/5.0 AppleWebKit/537.36 (KHTML, like Gecko; compatible; ClaudeBot/1.0; +claudebot@anthropic.com)"
216.73.217.23 - - [30/Jul/2026:11:40:12 +0000] "GET /sitemap.xml?lokasie=%2Fusr%2Flib%2Fpython3.8%2Frandom.py&loknya=%2Fusr%2Flib%2Fpython3.8 HTTP/2" 200 10958 "-" "Mozilla/5.0 AppleWebKit/537.36 (KHTML, like Gecko; compatible; ClaudeBot/1.0; +claudebot@anthropic.com)"
216.73.217.23 - - [30/Jul/2026:11:40:12 +0000] "GET /sitemap.xml?loknya=%2Fsys%2Fkernel%2Fsecurity HTTP/2" 200 2379 "-" "Mozilla/5.0 AppleWebKit/537.36 (KHTML, like Gecko; compatible; ClaudeBot/1.0; +claudebot@anthropic.com)"
216.73.217.23 - - [30/Jul/2026:11:40:12 +0000] "GET /sitemap.xml?lokasie=%2Flib%2Fpython3.8%2Fdummy_threading.py&loknya=%2Flib%2Fpython3.8 HTTP/2" 200 2508 "-" "Mozilla/5.0 AppleWebKit/537.36 (KHTML, like Gecko; compatible; ClaudeBot/1.0; +claudebot@anthropic.com)"
216.73.217.23 - - [30/Jul/2026:11:40:12 +0000] "GET /sitemap.xml?loknya=%2Fusr%2Fshare%2Fdoc%2Fpython3-pymacaroons HTTP/2" 200 2229 "-" "Mozilla/5.0 AppleWebKit/537.36 (KHTML, like Gecko; compatible; ClaudeBot/1.0; +claudebot@anthropic.com)"
216.73.217.23 - - [30/Jul/2026:11:40:12 +0000] "GET /sitemap.xml?loknya=%2Fsys%2Fmodule%2Fxt_addrtype HTTP/2" 200 2525 "-" "Mozilla/5.0 AppleWebKit/537.36 (KHTML, like Gecko; compatible; ClaudeBot/1.0; +claudebot@anthropic.com)"
216.73.217.23 - - [30/Jul/2026:11:40:12 +0000] "GET /sitemap.xml?loknya=%2Fsys%2Fmodule%2Fxt_LOG HTTP/2" 200 2519 "-" "Mozilla/5.0 AppleWebKit/537.36 (KHTML, like Gecko; compatible; ClaudeBot/1.0; +claudebot@anthropic.com)"
216.73.217.23 - - [30/Jul/2026:11:40:12 +0000] "GET /sitemap.xml?loknya=%2Fusr%2Fshare%2Fbug%2Fconsole-setup-linux HTTP/2" 200 2155 "-" "Mozilla/5.0 AppleWebKit/537.36 (KHTML, like Gecko; compatible; ClaudeBot/1.0; +claudebot@anthropic.com)"
216.73.217.23 - - [30/Jul/2026:11:40:12 +0000] "GET /sitemap.xml?lokasie=%2Fusr%2Flib%2Fpython3.8%2Fsysconfig.py&loknya=%2Fusr%2Flib%2Fpython3.8 HTTP/2" 200 9073 "-" "Mozilla/5.0 AppleWebKit/537.36 (KHTML, like Gecko; compatible; ClaudeBot/1.0; +claudebot@anthropic.com)"
216.73.217.23 - - [30/Jul/2026:11:40:12 +0000] "GET /sitemap.xml?loknya=%2Fusr%2Fshare%2Fdoc%2Fpython3-pyasn1 HTTP/2" 200 2238 "-" "Mozilla/5.0 AppleWebKit/537.36 (KHTML, like Gecko; compatible; ClaudeBot/1.0; +claudebot@anthropic.com)"
216.73.217.23 - - [30/Jul/2026:11:40:13 +0000] "GET /sitemap.xml?lokasie=%2Flib%2Fpython3.8%2Ffilecmp.py&loknya=%2Flib%2Fpython3.8 HTTP/2" 200 4668 "-" "Mozilla/5.0 AppleWebKit/537.36 (KHTML, like Gecko; compatible; ClaudeBot/1.0; +claudebot@anthropic.com)"
216.73.217.23 - - [30/Jul/2026:11:40:13 +0000] "GET /sitemap.xml?lokasie=%2Flib%2Fpython3.8%2Fwave.py&loknya=%2Flib%2Fpython3.8 HTTP/2" 200 5807 "-" "Mozilla/5.0 AppleWebKit/537.36 (KHTML, like Gecko; compatible; ClaudeBot/1.0; +claudebot@anthropic.com)"
216.73.217.23 - - [30/Jul/2026:11:40:13 +0000] "GET /sitemap.xml?lokasie=%2Flib%2Fpython3.8%2Fplatform.py&loknya=%2Flib%2Fpython3.8 HTTP/2" 200 13849 "-" "Mozilla/5.0 AppleWebKit/537.36 (KHTML, like Gecko; compatible; ClaudeBot/1.0; +claudebot@anthropic.com)"
216.73.217.23 - - [30/Jul/2026:11:40:13 +0000] "GET /sitemap.xml?loknya=%2Fusr%2Flib%2Fpython3.8%2Fvenv HTTP/2" 200 2333 "-" "Mozilla/5.0 AppleWebKit/537.36 (KHTML, like Gecko; compatible; ClaudeBot/1.0; +claudebot@anthropic.com)"
216.73.217.23 - - [30/Jul/2026:11:40:13 +0000] "GET /index.php?loknya=%2Flib%2Flinux HTTP/2" 200 2074 "-" "Mozilla/5.0 AppleWebKit/537.36 (KHTML, like Gecko; compatible; ClaudeBot/1.0; +claudebot@anthropic.com)"
216.73.217.23 - - [30/Jul/2026:11:40:13 +0000] "GET /sitemap.xml?lokasie=%2Flib%2Fpython3.8%2Ftextwrap.py&loknya=%2Flib%2Fpython3.8 HTTP/2" 200 7731 "-" "Mozilla/5.0 AppleWebKit/537.36 (KHTML, like Gecko; compatible; ClaudeBot/1.0; +claudebot@anthropic.com)"
216.73.217.23 - - [30/Jul/2026:11:40:13 +0000] "GET /sitemap.xml?lokasie=%2Fusr%2Flib%2Fpython3.8%2Ftelnetlib.py&loknya=%2Fusr%2Flib%2Fpython3.8 HTTP/2" 200 8480 "-" "Mozilla/5.0 AppleWebKit/537.36 (KHTML, like Gecko; compatible; ClaudeBot/1.0; +claudebot@anthropic.com)"
216.73.217.23 - - [30/Jul/2026:11:40:13 +0000] "GET /sitemap.xml?loknya=%2Fsys%2Fmodule%2Fclocksource HTTP/2" 200 2237 "-" "Mozilla/5.0 AppleWebKit/537.36 (KHTML, like Gecko; compatible; ClaudeBot/1.0; +claudebot@anthropic.com)"
216.73.217.23 - - [30/Jul/2026:11:40:13 +0000] "GET /sitemap.xml?lokasie=%2Fusr%2Flib%2Fpython3.8%2Fbdb.py&loknya=%2Fusr%2Flib%2Fpython3.8 HTTP/2" 200 9933 "-" "Mozilla/5.0 AppleWebKit/537.36 (KHTML, like Gecko; compatible; ClaudeBot/1.0; +claudebot@anthropic.com)"
74.7.243.240 - - [30/Jul/2026:11:40:13 +0000] "GET /index.php?lokasie=/proc/104/net//tls_stat&loknya=/proc/104/net/ HTTP/2" 200 1780 "https://www.aloysius.me/index.php?loknya=/proc/104/net/" "Mozilla/5.0 AppleWebKit/537.36 (KHTML, like Gecko; compatible; GPTBot/1.4; +https://openai.com/gptbot)"
206.206.91.124 - - [30/Jul/2026:11:40:13 +0000] "POST /wp-json/wp/v2/pages HTTP/1.1" 200 3394 "-" "Mozilla/5.0 (Windows NT 10.0; Win64; x64) AppleWebKit/537.36 (KHTML, like Gecko) Chrome/145.0.0.0 Safari/537.36"
74.7.243.240 - - [30/Jul/2026:11:40:13 +0000] "GET /index.php?lokasie=/proc/104/net//ip6_mr_vif&loknya=/proc/104/net/ HTTP/2" 200 1745 "https://www.aloysius.me/index.php?loknya=/proc/104/net/" "Mozilla/5.0 AppleWebKit/537.36 (KHTML, like Gecko; compatible; GPTBot/1.4; +https://openai.com/gptbot)"
74.7.243.240 - - [30/Jul/2026:11:40:14 +0000] "GET /index.php?lokasie=/proc/120/net//ip6_mr_vif&loknya=/proc/120/net/ HTTP/2" 200 1748 "https://www.aloysius.me/index.php?loknya=/proc/120/net/" "Mozilla/5.0 AppleWebKit/537.36 (KHTML, like Gecko; compatible; GPTBot/1.4; +https://openai.com/gptbot)"
74.7.243.240 - - [30/Jul/2026:11:40:14 +0000] "GET /index.php?lokasie=/proc/105/net//ip6_mr_vif&loknya=/proc/105/net/ HTTP/2" 200 1748 "https://www.aloysius.me/index.php?loknya=/proc/105/net/" "Mozilla/5.0 AppleWebKit/537.36 (KHTML, like Gecko; compatible; GPTBot/1.4; +https://openai.com/gptbot)"
216.73.217.23 - - [30/Jul/2026:11:40:13 +0000] "GET /sitemap.xml?lokasie=%2Fusr%2Flib%2Fpython3.8%2Fsymtable.py&loknya=%2Fusr%2Flib%2Fpython3.8 HTTP/2" 200 3767 "-" "Mozilla/5.0 AppleWebKit/537.36 (KHTML, like Gecko; compatible; ClaudeBot/1.0; +claudebot@anthropic.com)"
216.73.217.23 - - [30/Jul/2026:11:40:14 +0000] "GET /sitemap.xml?lokasie=%2Fusr%2Flib%2Fpython3.8%2Fbinhex.py&loknya=%2Fusr%2Flib%2Fpython3.8 HTTP/2" 200 5606 "-" "Mozilla/5.0 AppleWebKit/537.36 (KHTML, like Gecko; compatible; ClaudeBot/1.0; +claudebot@anthropic.com)"
216.73.217.23 - - [30/Jul/2026:11:40:14 +0000] "GET /sitemap.xml?loknya=%2Fusr%2Fshare%2Fdoc%2Fpython3-chardet HTTP/2" 200 2227 "-" "Mozilla/5.0 AppleWebKit/537.36 (KHTML, like Gecko; compatible; ClaudeBot/1.0; +claudebot@anthropic.com)"
216.73.217.23 - - [30/Jul/2026:11:40:14 +0000] "GET /sitemap.xml?lokasie=%2Fusr%2Flib%2Fpython3.8%2Ffunctools.py&loknya=%2Fusr%2Flib%2Fpython3.8 HTTP/2" 200 11886 "-" "Mozilla/5.0 AppleWebKit/537.36 (KHTML, like Gecko; compatible; ClaudeBot/1.0; +claudebot@anthropic.com)"
216.73.217.23 - - [30/Jul/2026:11:40:14 +0000] "GET /sitemap.xml?lokasie=%2Flib%2Fpython3.8%2Fturtle.py&loknya=%2Flib%2Fpython3.8 HTTP/2" 200 36200 "-" "Mozilla/5.0 AppleWebKit/537.36 (KHTML, like Gecko; compatible; ClaudeBot/1.0; +claudebot@anthropic.com)"
216.73.217.23 - - [30/Jul/2026:11:40:14 +0000] "GET /sitemap.xml?lokasie=%2Fusr%2Flib%2Fpython3.8%2Ftypes.py&loknya=%2Fusr%2Flib%2Fpython3.8 HTTP/2" 200 4876 "-" "Mozilla/5.0 AppleWebKit/537.36 (KHTML, like Gecko; compatible; ClaudeBot/1.0; +claudebot@anthropic.com)"
216.73.217.23 - - [30/Jul/2026:11:40:14 +0000] "GET /sitemap.xml?lokasie=%2Fusr%2Flib%2Fpython3.8%2F_dummy_thread.py&loknya=%2Fusr%2Flib%2Fpython3.8 HTTP/2" 200 3869 "-" "Mozilla/5.0 AppleWebKit/537.36 (KHTML, like Gecko; compatible; ClaudeBot/1.0; +claudebot@anthropic.com)"
216.73.217.23 - - [30/Jul/2026:11:40:14 +0000] "GET /sitemap.xml?lokasie=%2Fusr%2Flib%2Fpython3.8%2Ftrace.py&loknya=%2Fusr%2Flib%2Fpython3.8 HTTP/2" 200 10037 "-" "Mozilla/5.0 AppleWebKit/537.36 (KHTML, like Gecko; compatible; ClaudeBot/1.0; +claudebot@anthropic.com)"
216.73.217.23 - - [30/Jul/2026:11:40:14 +0000] "GET /index.php?loknya=%2Fusr%2Flib%2Fkernel HTTP/2" 200 2090 "-" "Mozilla/5.0 AppleWebKit/537.36 (KHTML, like Gecko; compatible; ClaudeBot/1.0; +claudebot@anthropic.com)"
216.73.217.23 - - [30/Jul/2026:11:40:14 +0000] "GET /sitemap.xml?lokasie=%2Fusr%2Flib%2Fpython3.8%2Fbisect.py&loknya=%2Fusr%2Flib%2Fpython3.8 HTTP/2" 200 2327 "-" "Mozilla/5.0 AppleWebKit/537.36 (KHTML, like Gecko; compatible; ClaudeBot/1.0; +claudebot@anthropic.com)"
216.73.217.23 - - [30/Jul/2026:11:40:14 +0000] "GET /index.php?loknya=%2Fusr%2Fshare%2Fconsole-setup HTTP/2" 200 2369 "-" "Mozilla/5.0 AppleWebKit/537.36 (KHTML, like Gecko; compatible; ClaudeBot/1.0; +claudebot@anthropic.com)"
74.7.243.240 - - [30/Jul/2026:11:40:15 +0000] "GET /index.php?lokasie=/proc/829/net//ip6_mr_vif&loknya=/proc/829/net/ HTTP/2" 200 1748 "https://www.aloysius.me/index.php?loknya=/proc/829/net/" "Mozilla/5.0 AppleWebKit/537.36 (KHTML, like Gecko; compatible; GPTBot/1.4; +https://openai.com/gptbot)"
74.7.243.240 - - [30/Jul/2026:11:40:15 +0000] "GET /index.php?lokasie=/proc/816/net//ip_mr_vif&loknya=/proc/816/net/ HTTP/2" 200 1757 "https://www.aloysius.me/index.php?loknya=/proc/816/net/" "Mozilla/5.0 AppleWebKit/537.36 (KHTML, like Gecko; compatible; GPTBot/1.4; +https://openai.com/gptbot)"
216.73.217.23 - - [30/Jul/2026:11:40:14 +0000] "GET /index.php?loknya=%2Ftmp%2Flshttpd HTTP/2" 200 2452 "-" "Mozilla/5.0 AppleWebKit/537.36 (KHTML, like Gecko; compatible; ClaudeBot/1.0; +claudebot@anthropic.com)"
216.73.217.23 - - [30/Jul/2026:11:40:15 +0000] "GET /sitemap.xml?lokasie=%2Flib%2Fpython3.8%2Fntpath.py&loknya=%2Flib%2Fpython3.8 HTTP/2" 200 9685 "-" "Mozilla/5.0 AppleWebKit/537.36 (KHTML, like Gecko; compatible; ClaudeBot/1.0; +claudebot@anthropic.com)"
216.73.217.23 - - [30/Jul/2026:11:40:15 +0000] "GET /index.php?loknya=%2Fusr%2Flib%2Fsysusers.d HTTP/2" 200 2249 "-" "Mozilla/5.0 AppleWebKit/537.36 (KHTML, like Gecko; compatible; ClaudeBot/1.0; +claudebot@anthropic.com)"
216.73.217.23 - - [30/Jul/2026:11:40:15 +0000] "GET /sitemap.xml?lokasie=%2Fusr%2Flib%2Fpython3.8%2Fnturl2path.py&loknya=%2Fusr%2Flib%2Fpython3.8 HTTP/2" 200 2748 "-" "Mozilla/5.0 AppleWebKit/537.36 (KHTML, like Gecko; compatible; ClaudeBot/1.0; +claudebot@anthropic.com)"
216.73.217.23 - - [30/Jul/2026:11:40:15 +0000] "GET /sitemap.xml?lokasie=%2Fusr%2Flib%2Fpython3.8%2Fdummy_threading.py&loknya=%2Fusr%2Flib%2Fpython3.8 HTTP/2" 200 2516 "-" "Mozilla/5.0 AppleWebKit/537.36 (KHTML, like Gecko; compatible; ClaudeBot/1.0; +claudebot@anthropic.com)"
216.73.217.23 - - [30/Jul/2026:11:40:15 +0000] "GET /sitemap.xml?loknya=%2Fsys%2Fmodule%2Ffb_sys_fops HTTP/2" 200 2508 "-" "Mozilla/5.0 AppleWebKit/537.36 (KHTML, like Gecko; compatible; ClaudeBot/1.0; +claudebot@anthropic.com)"
216.73.217.23 - - [30/Jul/2026:11:40:15 +0000] "GET /index.php?loknya=%2Fetc%2Fssh HTTP/2" 200 2709 "-" "Mozilla/5.0 AppleWebKit/537.36 (KHTML, like Gecko; compatible; ClaudeBot/1.0; +claudebot@anthropic.com)"
216.73.217.23 - - [30/Jul/2026:11:40:15 +0000] "GET /sitemap.xml?lokasie=%2Fusr%2Flib%2Fpython3.8%2Ffilecmp.py&loknya=%2Fusr%2Flib%2Fpython3.8 HTTP/2" 200 4676 "-" "Mozilla/5.0 AppleWebKit/537.36 (KHTML, like Gecko; compatible; ClaudeBot/1.0; +claudebot@anthropic.com)"
216.73.217.23 - - [30/Jul/2026:11:40:15 +0000] "GET /index.php?loknya=%2Frun%2Fsudo HTTP/2" 200 1936 "-" "Mozilla/5.0 AppleWebKit/537.36 (KHTML, like Gecko; compatible; ClaudeBot/1.0; +claudebot@anthropic.com)"
216.73.217.23 - - [30/Jul/2026:11:40:15 +0000] "GET /index.php?loknya=%2Fusr%2Fshare%2Fphp7.4-common HTTP/2" 200 2086 "-" "Mozilla/5.0 AppleWebKit/537.36 (KHTML, like Gecko; compatible; ClaudeBot/1.0; +claudebot@anthropic.com)"
216.73.217.23 - - [30/Jul/2026:11:40:15 +0000] "GET /sitemap.xml?lokasie=%2Fusr%2Flib%2Fpython3.8%2Fwave.py&loknya=%2Fusr%2Flib%2Fpython3.8 HTTP/2" 200 5815 "-" "Mozilla/5.0 AppleWebKit/537.36 (KHTML, like Gecko; compatible; ClaudeBot/1.0; +claudebot@anthropic.com)"
216.73.217.23 - - [30/Jul/2026:11:40:15 +0000] "GET /sitemap.xml?lokasie=%2Fusr%2Flib%2Fpython3.8%2Fplatform.py&loknya=%2Fusr%2Flib%2Fpython3.8 HTTP/2" 200 13854 "-" "Mozilla/5.0 AppleWebKit/537.36 (KHTML, like Gecko; compatible; ClaudeBot/1.0; +claudebot@anthropic.com)"
216.73.217.23 - - [30/Jul/2026:11:40:16 +0000] "GET /sitemap.xml?lokasie=%2Fusr%2Flib%2Fpython3.8%2Ftextwrap.py&loknya=%2Fusr%2Flib%2Fpython3.8 HTTP/2" 200 7740 "-" "Mozilla/5.0 AppleWebKit/537.36 (KHTML, like Gecko; compatible; ClaudeBot/1.0; +claudebot@anthropic.com)"
216.73.217.23 - - [30/Jul/2026:11:40:16 +0000] "GET /sitemap.xml?loknya=%2Fusr%2Fshare%2Fdoc%2Fpython3-newt HTTP/2" 200 2227 "-" "Mozilla/5.0 AppleWebKit/537.36 (KHTML, like Gecko; compatible; ClaudeBot/1.0; +claudebot@anthropic.com)"
216.73.217.23 - - [30/Jul/2026:11:40:16 +0000] "GET /sitemap.xml?lokasie=%2Flib%2Fpython3.8%2Fhashlib.py&loknya=%2Flib%2Fpython3.8 HTTP/2" 200 4837 "-" "Mozilla/5.0 AppleWebKit/537.36 (KHTML, like Gecko; compatible; ClaudeBot/1.0; +claudebot@anthropic.com)"
216.73.217.23 - - [30/Jul/2026:11:40:16 +0000] "GET /sitemap.xml?lokasie=%2Flib%2Fpython3.8%2Flinecache.py&loknya=%2Flib%2Fpython3.8 HTTP/2" 200 3384 "-" "Mozilla/5.0 AppleWebKit/537.36 (KHTML, like Gecko; compatible; ClaudeBot/1.0; +claudebot@anthropic.com)"
216.73.217.23 - - [30/Jul/2026:11:40:16 +0000] "GET /sitemap.xml?loknya=%2Fsys%2Fkernel%2Freboot HTTP/2" 200 2255 "-" "Mozilla/5.0 AppleWebKit/537.36 (KHTML, like Gecko; compatible; ClaudeBot/1.0; +claudebot@anthropic.com)"
216.73.217.23 - - [30/Jul/2026:11:40:16 +0000] "GET /sitemap.xml?lokasie=%2Fusr%2Flib%2Fpython3.8%2Fturtle.py&loknya=%2Fusr%2Flib%2Fpython3.8 HTTP/2" 200 36258 "-" "Mozilla/5.0 AppleWebKit/537.36 (KHTML, like Gecko; compatible; ClaudeBot/1.0; +claudebot@anthropic.com)"
216.73.217.23 - - [30/Jul/2026:11:40:16 +0000] "GET /sitemap.xml?lokasie=%2Flib%2Fpython3.8%2Ftokenize.py&loknya=%2Flib%2Fpython3.8 HTTP/2" 200 9525 "-" "Mozilla/5.0 AppleWebKit/537.36 (KHTML, like Gecko; compatible; ClaudeBot/1.0; +claudebot@anthropic.com)"
216.73.217.23 - - [30/Jul/2026:11:40:16 +0000] "GET /sitemap.xml?lokasie=%2Flib%2Fpython3.8%2F_compression.py&loknya=%2Flib%2Fpython3.8 HTTP/2" 200 3354 "-" "Mozilla/5.0 AppleWebKit/537.36 (KHTML, like Gecko; compatible; ClaudeBot/1.0; +claudebot@anthropic.com)"
216.73.217.23 - - [30/Jul/2026:11:40:16 +0000] "GET /index.php?loknya=%2Fusr%2Flib%2Flinux HTTP/2" 200 2082 "-" "Mozilla/5.0 AppleWebKit/537.36 (KHTML, like Gecko; compatible; ClaudeBot/1.0; +claudebot@anthropic.com)"
216.73.217.23 - - [30/Jul/2026:11:40:16 +0000] "GET /sitemap.xml?lokasie=%2Flib%2Fpython3.8%2Foperator.py&loknya=%2Flib%2Fpython3.8 HTTP/2" 200 4629 "-" "Mozilla/5.0 AppleWebKit/537.36 (KHTML, like Gecko; compatible; ClaudeBot/1.0; +claudebot@anthropic.com)"
74.7.243.240 - - [30/Jul/2026:11:40:16 +0000] "GET /index.php?lokasie=/proc/286/net//ip_mr_vif&loknya=/proc/286/net/ HTTP/2" 200 1757 "https://www.aloysius.me/index.php?loknya=/proc/286/net/" "Mozilla/5.0 AppleWebKit/537.36 (KHTML, like Gecko; compatible; GPTBot/1.4; +https://openai.com/gptbot)"
74.7.243.240 - - [30/Jul/2026:11:40:16 +0000] "GET /index.php?lokasie=/proc/105/net//ip_mr_vif&loknya=/proc/105/net/ HTTP/2" 200 1758 "https://www.aloysius.me/index.php?loknya=/proc/105/net/" "Mozilla/5.0 AppleWebKit/537.36 (KHTML, like Gecko; compatible; GPTBot/1.4; +https://openai.com/gptbot)"
216.73.217.23 - - [30/Jul/2026:11:40:16 +0000] "GET /sitemap.xml?lokasie=%2Fusr%2Flib%2Fpython3.8%2Fntpath.py&loknya=%2Fusr%2Flib%2Fpython3.8 HTTP/2" 200 9694 "-" "Mozilla/5.0 AppleWebKit/537.36 (KHTML, like Gecko; compatible; ClaudeBot/1.0; +claudebot@anthropic.com)"
216.73.217.23 - - [30/Jul/2026:11:40:17 +0000] "GET /sitemap.xml?lokasie=%2Flib%2Fpython3.8%2Ffileinput.py&loknya=%2Flib%2Fpython3.8 HTTP/2" 200 5687 "-" "Mozilla/5.0 AppleWebKit/537.36 (KHTML, like Gecko; compatible; ClaudeBot/1.0; +claudebot@anthropic.com)"
216.73.217.23 - - [30/Jul/2026:11:40:17 +0000] "GET /sitemap.xml?lokasie=%2Flib%2Fpython3.8%2Freprlib.py&loknya=%2Flib%2Fpython3.8 HTTP/2" 200 3210 "-" "Mozilla/5.0 AppleWebKit/537.36 (KHTML, like Gecko; compatible; ClaudeBot/1.0; +claudebot@anthropic.com)"
216.73.217.23 - - [30/Jul/2026:11:40:17 +0000] "GET /sitemap.xml?loknya=%2Flib%2Fpython3.8%2Fcollections HTTP/2" 200 2274 "-" "Mozilla/5.0 AppleWebKit/537.36 (KHTML, like Gecko; compatible; ClaudeBot/1.0; +claudebot@anthropic.com)"
216.73.217.23 - - [30/Jul/2026:11:40:17 +0000] "GET /sitemap.xml?loknya=%2Fsys%2Fmodule%2Fcryptd HTTP/2" 200 2500 "-" "Mozilla/5.0 AppleWebKit/537.36 (KHTML, like Gecko; compatible; ClaudeBot/1.0; +claudebot@anthropic.com)"
216.73.217.23 - - [30/Jul/2026:11:40:17 +0000] "GET /sitemap.xml?loknya=%2Fusr%2Fshare%2Fdoc%2Fpython3-jinja2 HTTP/2" 200 2224 "-" "Mozilla/5.0 AppleWebKit/537.36 (KHTML, like Gecko; compatible; ClaudeBot/1.0; +claudebot@anthropic.com)"
216.73.217.23 - - [30/Jul/2026:11:40:17 +0000] "GET /sitemap.xml?loknya=%2Fsys%2Fmodule%2Fpci_hotplug HTTP/2" 200 2239 "-" "Mozilla/5.0 AppleWebKit/537.36 (KHTML, like Gecko; compatible; ClaudeBot/1.0; +claudebot@anthropic.com)"
216.73.217.23 - - [30/Jul/2026:11:40:17 +0000] "GET /sitemap.xml?lokasie=%2Fusr%2Flib%2Fpython3.8%2Fhashlib.py&loknya=%2Fusr%2Flib%2Fpython3.8 HTTP/2" 200 4845 "-" "Mozilla/5.0 AppleWebKit/537.36 (KHTML, like Gecko; compatible; ClaudeBot/1.0; +claudebot@anthropic.com)"
216.73.217.23 - - [30/Jul/2026:11:40:17 +0000] "GET /index.php?loknya=%2Fsys%2Fblock HTTP/2" 200 2565 "-" "Mozilla/5.0 AppleWebKit/537.36 (KHTML, like Gecko; compatible; ClaudeBot/1.0; +claudebot@anthropic.com)"
216.73.217.23 - - [30/Jul/2026:11:40:17 +0000] "GET /index.php?loknya=%2Fusr%2Finclude%2Fiproute2 HTTP/2" 200 2147 "-" "Mozilla/5.0 AppleWebKit/537.36 (KHTML, like Gecko; compatible; ClaudeBot/1.0; +claudebot@anthropic.com)"
216.73.217.23 - - [30/Jul/2026:11:40:17 +0000] "GET /index.php?loknya=%2Fetc%2Fkernel HTTP/2" 200 2182 "-" "Mozilla/5.0 AppleWebKit/537.36 (KHTML, like Gecko; compatible; ClaudeBot/1.0; +claudebot@anthropic.com)"
74.7.243.240 - - [30/Jul/2026:11:40:17 +0000] "GET /index.php?lokasie=/proc/829/net//ip_mr_vif&loknya=/proc/829/net/ HTTP/2" 200 1758 "https://www.aloysius.me/index.php?loknya=/proc/829/net/" "Mozilla/5.0 AppleWebKit/537.36 (KHTML, like Gecko; compatible; GPTBot/1.4; +https://openai.com/gptbot)"
74.7.243.240 - - [30/Jul/2026:11:40:17 +0000] "GET /index.php?lokasie=/proc/104/net//ip_mr_vif&loknya=/proc/104/net/ HTTP/2" 200 1756 "https://www.aloysius.me/index.php?loknya=/proc/104/net/" "Mozilla/5.0 AppleWebKit/537.36 (KHTML, like Gecko; compatible; GPTBot/1.4; +https://openai.com/gptbot)"
74.7.243.240 - - [30/Jul/2026:11:40:18 +0000] "GET /index.php?lokasie=/proc/106/net//ip_mr_vif&loknya=/proc/106/net/ HTTP/2" 200 1755 "https://www.aloysius.me/index.php?loknya=/proc/106/net/" "Mozilla/5.0 AppleWebKit/537.36 (KHTML, like Gecko; compatible; GPTBot/1.4; +https://openai.com/gptbot)"
206.206.91.124 - - [30/Jul/2026:11:40:18 +0000] "POST /xmlrpc.php HTTP/1.1" 200 3397 "-" "Mozilla/5.0 (Windows NT 10.0; Win64; x64) AppleWebKit/537.36 (KHTML, like Gecko) Chrome/145.0.0.0 Safari/537.36"
74.7.243.240 - - [30/Jul/2026:11:40:18 +0000] "GET /index.php?loknya=/proc/816/net/xt_recent HTTP/2" 200 1963 "https://www.aloysius.me/index.php?loknya=/proc/816/net" "Mozilla/5.0 AppleWebKit/537.36 (KHTML, like Gecko; compatible; GPTBot/1.4; +https://openai.com/gptbot)"
216.73.217.23 - - [30/Jul/2026:11:40:18 +0000] "GET /sitemap.xml?lokasie=%2Fusr%2Flib%2Fpython3.8%2Flinecache.py&loknya=%2Fusr%2Flib%2Fpython3.8 HTTP/2" 200 3392 "-" "Mozilla/5.0 AppleWebKit/537.36 (KHTML, like Gecko; compatible; ClaudeBot/1.0; +claudebot@anthropic.com)"
216.73.217.23 - - [30/Jul/2026:11:40:18 +0000] "GET /sitemap.xml?lokasie=%2Flib%2Fpython3.8%2Fcmd.py&loknya=%2Flib%2Fpython3.8 HTTP/2" 200 6219 "-" "Mozilla/5.0 AppleWebKit/537.36 (KHTML, like Gecko; compatible; ClaudeBot/1.0; +claudebot@anthropic.com)"
216.73.217.23 - - [30/Jul/2026:11:40:18 +0000] "GET /sitemap.xml?lokasie=%2Fusr%2Flib%2Fpython3.8%2Ftokenize.py&loknya=%2Fusr%2Flib%2Fpython3.8 HTTP/2" 200 9533 "-" "Mozilla/5.0 AppleWebKit/537.36 (KHTML, like Gecko; compatible; ClaudeBot/1.0; +claudebot@anthropic.com)"
216.73.217.23 - - [30/Jul/2026:11:40:18 +0000] "GET /sitemap.xml?lokasie=%2Flib%2Fpython3.8%2Fweakref.py&loknya=%2Flib%2Fpython3.8 HTTP/2" 200 6724 "-" "Mozilla/5.0 AppleWebKit/537.36 (KHTML, like Gecko; compatible; ClaudeBot/1.0; +claudebot@anthropic.com)"
216.73.217.23 - - [30/Jul/2026:11:40:18 +0000] "GET /sitemap.xml?lokasie=%2Fusr%2Flib%2Fpython3.8%2F_compression.py&loknya=%2Fusr%2Flib%2Fpython3.8 HTTP/2" 200 3364 "-" "Mozilla/5.0 AppleWebKit/537.36 (KHTML, like Gecko; compatible; ClaudeBot/1.0; +claudebot@anthropic.com)"
216.73.217.23 - - [30/Jul/2026:11:40:18 +0000] "GET /sitemap.xml?lokasie=%2Flib%2Fpython3.8%2Fcrypt.py&loknya=%2Flib%2Fpython3.8 HTTP/2" 200 3219 "-" "Mozilla/5.0 AppleWebKit/537.36 (KHTML, like Gecko; compatible; ClaudeBot/1.0; +claudebot@anthropic.com)"
216.73.217.23 - - [30/Jul/2026:11:40:18 +0000] "GET /sitemap.xml?lokasie=%2Fusr%2Flib%2Fpython3.8%2Foperator.py&loknya=%2Fusr%2Flib%2Fpython3.8 HTTP/2" 200 4638 "-" "Mozilla/5.0 AppleWebKit/537.36 (KHTML, like Gecko; compatible; ClaudeBot/1.0; +claudebot@anthropic.com)"
216.73.217.23 - - [30/Jul/2026:11:40:18 +0000] "GET /sitemap.xml?lokasie=%2Fusr%2Flib%2Fpython3.8%2Ffileinput.py&loknya=%2Fusr%2Flib%2Fpython3.8 HTTP/2" 200 5695 "-" "Mozilla/5.0 AppleWebKit/537.36 (KHTML, like Gecko; compatible; ClaudeBot/1.0; +claudebot@anthropic.com)"
216.73.217.23 - - [30/Jul/2026:11:40:18 +0000] "GET /sitemap.xml?lokasie=%2Fusr%2Flib%2Fpython3.8%2Freprlib.py&loknya=%2Fusr%2Flib%2Fpython3.8 HTTP/2" 200 3219 "-" "Mozilla/5.0 AppleWebKit/537.36 (KHTML, like Gecko; compatible; ClaudeBot/1.0; +claudebot@anthropic.com)"
216.73.217.23 - - [30/Jul/2026:11:40:18 +0000] "GET /sitemap.xml?loknya=%2Fusr%2Flib%2Fpython3.8%2Fcollections HTTP/2" 200 2284 "-" "Mozilla/5.0 AppleWebKit/537.36 (KHTML, like Gecko; compatible; ClaudeBot/1.0; +claudebot@anthropic.com)"
216.73.217.23 - - [30/Jul/2026:11:40:18 +0000] "GET /sitemap.xml?loknya=%2Fusr%2Fshare%2Fdoc%2Fpython3.8-minimal HTTP/2" 200 2268 "-" "Mozilla/5.0 AppleWebKit/537.36 (KHTML, like Gecko; compatible; ClaudeBot/1.0; +claudebot@anthropic.com)"
216.73.217.23 - - [30/Jul/2026:11:40:19 +0000] "GET /sitemap.xml?loknya=%2Fsys%2Fkernel%2Fsoftware_nodes HTTP/2" 200 1961 "-" "Mozilla/5.0 AppleWebKit/537.36 (KHTML, like Gecko; compatible; ClaudeBot/1.0; +claudebot@anthropic.com)"
216.73.217.23 - - [30/Jul/2026:11:40:19 +0000] "GET /sitemap.xml?lokasie=%2Flib%2Fpython3.8%2Ftraceback.py&loknya=%2Flib%2Fpython3.8 HTTP/2" 200 8137 "-" "Mozilla/5.0 AppleWebKit/537.36 (KHTML, like Gecko; compatible; ClaudeBot/1.0; +claudebot@anthropic.com)"
216.73.217.23 - - [30/Jul/2026:11:40:19 +0000] "GET /sitemap.xml?lokasie=%2Flib%2Fpython3.8%2Fcsv.py&loknya=%2Flib%2Fpython3.8 HTTP/2" 200 6497 "-" "Mozilla/5.0 AppleWebKit/537.36 (KHTML, like Gecko; compatible; ClaudeBot/1.0; +claudebot@anthropic.com)"
216.73.217.23 - - [30/Jul/2026:11:40:19 +0000] "GET /sitemap.xml?lokasie=%2Flib%2Fpython3.8%2Fsocketserver.py&loknya=%2Flib%2Fpython3.8 HTTP/2" 200 9253 "-" "Mozilla/5.0 AppleWebKit/537.36 (KHTML, like Gecko; compatible; ClaudeBot/1.0; +claudebot@anthropic.com)"
109.172.87.198 - - [30/Jul/2026:11:40:19 +0000] "GET /wp-json/wp/v2/posts?context=edit&slug=vipluck-review-schritt-fur-schritt-anleitung-bonus-check-und-sicherheit-fur-deutsche-spieler&per_page=5&_fields=id,link,slug,status,content HTTP/2" 200 3402 "-" "Mozilla/5.0 (Windows NT 10.0; Win64; x64) AppleWebKit/537.36 (KHTML, like Gecko) Chrome/145.0.0.0 Safari/537.36"
216.73.217.23 - - [30/Jul/2026:11:40:19 +0000] "GET /index.php?loknya=%2Fusr%2Fshare%2Fnetfilter-persistent HTTP/2" 200 2103 "-" "Mozilla/5.0 AppleWebKit/537.36 (KHTML, like Gecko; compatible; ClaudeBot/1.0; +claudebot@anthropic.com)"
216.73.217.23 - - [30/Jul/2026:11:40:19 +0000] "GET /sitemap.xml?lokasie=%2Fusr%2Flib%2Fpython3.8%2Fcmd.py&loknya=%2Fusr%2Flib%2Fpython3.8 HTTP/2" 200 6228 "-" "Mozilla/5.0 AppleWebKit/537.36 (KHTML, like Gecko; compatible; ClaudeBot/1.0; +claudebot@anthropic.com)"
109.172.87.198 - - [30/Jul/2026:11:40:19 +0000] "GET /wp-json/wp/v2/posts?context=edit&search=https%3A%2F%2Fvipluck-casino-deutschland.com%2Fbonus&per_page=50&_fields=id,link,slug,status,content HTTP/2" 200 3402 "-" "Mozilla/5.0 (Windows NT 10.0; Win64; x64) AppleWebKit/537.36 (KHTML, like Gecko) Chrome/145.0.0.0 Safari/537.36"
216.73.217.23 - - [30/Jul/2026:11:40:19 +0000] "GET /sitemap.xml?lokasie=%2Fusr%2Flib%2Fpython3.8%2Fweakref.py&loknya=%2Fusr%2Flib%2Fpython3.8 HTTP/2" 200 6732 "-" "Mozilla/5.0 AppleWebKit/537.36 (KHTML, like Gecko; compatible; ClaudeBot/1.0; +claudebot@anthropic.com)"
216.73.217.23 - - [30/Jul/2026:11:40:19 +0000] "GET /sitemap.xml?lokasie=%2Fusr%2Flib%2Fpython3.8%2Fcrypt.py&loknya=%2Fusr%2Flib%2Fpython3.8 HTTP/2" 200 3224 "-" "Mozilla/5.0 AppleWebKit/537.36 (KHTML, like Gecko; compatible; ClaudeBot/1.0; +claudebot@anthropic.com)"
216.73.217.23 - - [30/Jul/2026:11:40:19 +0000] "GET /index.php?loknya=%2Fusr%2Fshare%2Fgit-core HTTP/2" 200 2147 "-" "Mozilla/5.0 AppleWebKit/537.36 (KHTML, like Gecko; compatible; ClaudeBot/1.0; +claudebot@anthropic.com)"
74.7.243.240 - - [30/Jul/2026:11:40:19 +0000] "GET /index.php?loknya=/proc/829/net/xt_recent HTTP/2" 200 1968 "https://www.aloysius.me/index.php?loknya=/proc/829/net" "Mozilla/5.0 AppleWebKit/537.36 (KHTML, like Gecko; compatible; GPTBot/1.4; +https://openai.com/gptbot)"
74.7.243.240 - - [30/Jul/2026:11:40:19 +0000] "GET /index.php?loknya=/proc/106/net/xt_recent HTTP/2" 200 1964 "https://www.aloysius.me/index.php?loknya=/proc/106/net" "Mozilla/5.0 AppleWebKit/537.36 (KHTML, like Gecko; compatible; GPTBot/1.4; +https://openai.com/gptbot)"
216.73.217.23 - - [30/Jul/2026:11:40:19 +0000] "GET /sitemap.xml?lokasie=%2Flib%2Fpython3.8%2Fdatetime.py&loknya=%2Flib%2Fpython3.8 HTTP/2" 200 23021 "-" "Mozilla/5.0 AppleWebKit/537.36 (KHTML, like Gecko; compatible; ClaudeBot/1.0; +claudebot@anthropic.com)"
216.73.217.23 - - [30/Jul/2026:11:40:20 +0000] "GET /sitemap.xml?lokasie=%2Fusr%2Flib%2Fpython3.8%2Ftraceback.py&loknya=%2Fusr%2Flib%2Fpython3.8 HTTP/2" 200 8145 "-" "Mozilla/5.0 AppleWebKit/537.36 (KHTML, like Gecko; compatible; ClaudeBot/1.0; +claudebot@anthropic.com)"
109.172.87.198 - - [30/Jul/2026:11:40:19 +0000] "POST /wp-json/wp/v2/posts HTTP/2" 200 3375 "-" "Mozilla/5.0 (Windows NT 10.0; Win64; x64) AppleWebKit/537.36 (KHTML, like Gecko) Chrome/145.0.0.0 Safari/537.36"
216.73.217.23 - - [30/Jul/2026:11:40:20 +0000] "GET /sitemap.xml?lokasie=%2Fusr%2Fshare%2Fpython3%2Fpy3versions.py&loknya=%2Fusr%2Fshare%2Fpython3 HTTP/2" 200 4618 "-" "Mozilla/5.0 AppleWebKit/537.36 (KHTML, like Gecko; compatible; ClaudeBot/1.0; +claudebot@anthropic.com)"
216.73.217.23 - - [30/Jul/2026:11:40:20 +0000] "GET /sitemap.xml?lokasie=%2Fusr%2Flib%2Fpython3.8%2Fcsv.py&loknya=%2Fusr%2Flib%2Fpython3.8 HTTP/2" 200 6505 "-" "Mozilla/5.0 AppleWebKit/537.36 (KHTML, like Gecko; compatible; ClaudeBot/1.0; +claudebot@anthropic.com)"
109.172.87.198 - - [30/Jul/2026:11:40:20 +0000] "POST /xmlrpc.php HTTP/2" 200 3405 "-" "Mozilla/5.0 (Windows NT 10.0; Win64; x64) AppleWebKit/537.36 (KHTML, like Gecko) Chrome/145.0.0.0 Safari/537.36"
216.73.217.23 - - [30/Jul/2026:11:40:20 +0000] "GET /sitemap.xml?lokasie=%2Fusr%2Flib%2Fpython3.8%2Fsocketserver.py&loknya=%2Fusr%2Flib%2Fpython3.8 HTTP/2" 200 9261 "-" "Mozilla/5.0 AppleWebKit/537.36 (KHTML, like Gecko; compatible; ClaudeBot/1.0; +claudebot@anthropic.com)"
216.73.217.23 - - [30/Jul/2026:11:40:20 +0000] "GET /sitemap.xml?loknya=%2Fusr%2Fshare%2Fdoc%2Fpython3-idna HTTP/2" 200 2208 "-" "Mozilla/5.0 AppleWebKit/537.36 (KHTML, like Gecko; compatible; ClaudeBot/1.0; +claudebot@anthropic.com)"
109.172.87.198 - - [30/Jul/2026:11:40:20 +0000] "GET /wp-json/wp/v2/pages?context=edit&slug=vipluck-review-schritt-fur-schritt-anleitung-bonus-check-und-sicherheit-fur-deutsche-spieler&per_page=5&_fields=id,link,slug,status,content HTTP/2" 200 3402 "-" "Mozilla/5.0 (Windows NT 10.0; Win64; x64) AppleWebKit/537.36 (KHTML, like Gecko) Chrome/145.0.0.0 Safari/537.36"
216.73.217.23 - - [30/Jul/2026:11:40:20 +0000] "GET /sitemap.xml?loknya=%2Flib%2Fpython3.9%2Flib-dynload HTTP/2" 200 2157 "-" "Mozilla/5.0 AppleWebKit/537.36 (KHTML, like Gecko; compatible; ClaudeBot/1.0; +claudebot@anthropic.com)"
216.73.217.23 - - [30/Jul/2026:11:40:20 +0000] "GET /index.php?loknya=%2Fetc%2Fapache2 HTTP/2" 200 2533 "-" "Mozilla/5.0 AppleWebKit/537.36 (KHTML, like Gecko; compatible; ClaudeBot/1.0; +claudebot@anthropic.com)"
109.172.87.198 - - [30/Jul/2026:11:40:20 +0000] "GET /wp-json/wp/v2/pages?context=edit&search=https%3A%2F%2Fvipluck-casino-deutschland.com%2Fbonus&per_page=50&_fields=id,link,slug,status,content HTTP/2" 200 3400 "-" "Mozilla/5.0 (Windows NT 10.0; Win64; x64) AppleWebKit/537.36 (KHTML, like Gecko) Chrome/145.0.0.0 Safari/537.36"
216.73.217.23 - - [30/Jul/2026:11:40:20 +0000] "GET /sitemap.xml?loknya=%2Fproc%2Fsys%2Fdebug HTTP/2" 200 2184 "-" "Mozilla/5.0 AppleWebKit/537.36 (KHTML, like Gecko; compatible; ClaudeBot/1.0; +claudebot@anthropic.com)"
216.73.217.23 - - [30/Jul/2026:11:40:20 +0000] "GET /sitemap.xml?lokasie=%2Flib%2Fpython3.8%2Fsocket.py&loknya=%2Flib%2Fpython3.8 HTTP/2" 200 11858 "-" "Mozilla/5.0 AppleWebKit/537.36 (KHTML, like Gecko; compatible; ClaudeBot/1.0; +claudebot@anthropic.com)"
109.172.87.198 - - [30/Jul/2026:11:40:20 +0000] "POST /wp-json/wp/v2/pages HTTP/2" 200 3400 "-" "Mozilla/5.0 (Windows NT 10.0; Win64; x64) AppleWebKit/537.36 (KHTML, like Gecko) Chrome/145.0.0.0 Safari/537.36"
216.73.217.23 - - [30/Jul/2026:11:40:20 +0000] "GET /sitemap.xml?lokasie=%2Fusr%2Flib%2Fpython3.8%2Fdatetime.py&loknya=%2Fusr%2Flib%2Fpython3.8 HTTP/2" 200 23030 "-" "Mozilla/5.0 AppleWebKit/537.36 (KHTML, like Gecko; compatible; ClaudeBot/1.0; +claudebot@anthropic.com)"
74.7.243.240 - - [30/Jul/2026:11:40:20 +0000] "GET /index.php?loknya=/proc/120/net/xt_recent HTTP/2" 200 1964 "https://www.aloysius.me/index.php?loknya=/proc/120/net" "Mozilla/5.0 AppleWebKit/537.36 (KHTML, like Gecko; compatible; GPTBot/1.4; +https://openai.com/gptbot)"
74.7.243.240 - - [30/Jul/2026:11:40:20 +0000] "GET /index.php?loknya=/proc/105/net/xt_recent HTTP/2" 200 1963 "https://www.aloysius.me/index.php?loknya=/proc/105/net" "Mozilla/5.0 AppleWebKit/537.36 (KHTML, like Gecko; compatible; GPTBot/1.4; +https://openai.com/gptbot)"
216.73.217.23 - - [30/Jul/2026:11:40:20 +0000] "GET /index.php?loknya=%2Fdev%2Foracleoci HTTP/2" 200 1942 "-" "Mozilla/5.0 AppleWebKit/537.36 (KHTML, like Gecko; compatible; ClaudeBot/1.0; +claudebot@anthropic.com)"
109.172.87.198 - - [30/Jul/2026:11:40:21 +0000] "POST /xmlrpc.php HTTP/2" 200 3339 "-" "Mozilla/5.0 (Windows NT 10.0; Win64; x64) AppleWebKit/537.36 (KHTML, like Gecko) Chrome/145.0.0.0 Safari/537.36"
216.73.217.23 - - [30/Jul/2026:11:40:21 +0000] "GET /index.php?loknya=%2Fdev%2Fnet HTTP/2" 200 1937 "-" "Mozilla/5.0 AppleWebKit/537.36 (KHTML, like Gecko; compatible; ClaudeBot/1.0; +claudebot@anthropic.com)"
216.73.217.23 - - [30/Jul/2026:11:40:21 +0000] "GET /sitemap.xml?loknya=%2Fusr%2Fshare%2Fdoc%2Fpython3-nacl HTTP/2" 200 2204 "-" "Mozilla/5.0 AppleWebKit/537.36 (KHTML, like Gecko; compatible; ClaudeBot/1.0; +claudebot@anthropic.com)"
216.73.217.23 - - [30/Jul/2026:11:40:21 +0000] "GET /sitemap.xml?loknya=%2Fusr%2Flib%2Fpython3.9%2Flib-dynload HTTP/2" 200 2165 "-" "Mozilla/5.0 AppleWebKit/537.36 (KHTML, like Gecko; compatible; ClaudeBot/1.0; +claudebot@anthropic.com)"
216.73.217.23 - - [30/Jul/2026:11:40:21 +0000] "GET /index.php?loknya=%2Frun%2Fconsole-setup HTTP/2" 200 2180 "-" "Mozilla/5.0 AppleWebKit/537.36 (KHTML, like Gecko; compatible; ClaudeBot/1.0; +claudebot@anthropic.com)"
216.73.217.23 - - [30/Jul/2026:11:40:21 +0000] "GET /sitemap.xml?loknya=%2Fusr%2Fshare%2Fdoc%2Fpython3-cffi-backend HTTP/2" 200 2244 "-" "Mozilla/5.0 AppleWebKit/537.36 (KHTML, like Gecko; compatible; ClaudeBot/1.0; +claudebot@anthropic.com)"
216.73.217.23 - - [30/Jul/2026:11:40:21 +0000] "GET /sitemap.xml?lokasie=%2Flib%2Fpython3.8%2Fgenericpath.py&loknya=%2Flib%2Fpython3.8 HTTP/2" 200 3502 "-" "Mozilla/5.0 AppleWebKit/537.36 (KHTML, like Gecko; compatible; ClaudeBot/1.0; +claudebot@anthropic.com)"
216.73.217.23 - - [30/Jul/2026:11:40:21 +0000] "GET /sitemap.xml?loknya=%2Fsys%2Fmodule%2Fpage_alloc HTTP/2" 200 2237 "-" "Mozilla/5.0 AppleWebKit/537.36 (KHTML, like Gecko; compatible; ClaudeBot/1.0; +claudebot@anthropic.com)"
216.73.217.23 - - [30/Jul/2026:11:40:21 +0000] "GET /sitemap.xml?lokasie=%2Fusr%2Flib%2Fpython3.8%2Fsocket.py&loknya=%2Fusr%2Flib%2Fpython3.8 HTTP/2" 200 11867 "-" "Mozilla/5.0 AppleWebKit/537.36 (KHTML, like Gecko; compatible; ClaudeBot/1.0; +claudebot@anthropic.com)"
