74.7.243.240 - - [30/Jul/2026:10:56:56 +0000] "GET /index.php?lokasie=/proc/3457992/net/dev_snmp6/lo&loknya=/proc/3457992/net/dev_snmp6 HTTP/2" 200 2210 "https://www.aloysius.me/index.php?loknya=/proc/3457992/net/dev_snmp6" "Mozilla/5.0 AppleWebKit/537.36 (KHTML, like Gecko; compatible; GPTBot/1.4; +https://openai.com/gptbot)"
74.7.243.240 - - [30/Jul/2026:10:56:57 +0000] "GET /index.php?lokasie=/proc/3445907/net/dev_snmp6/lo&loknya=/proc/3445907/net/dev_snmp6 HTTP/2" 200 2208 "https://www.aloysius.me/index.php?loknya=/proc/3445907/net/dev_snmp6" "Mozilla/5.0 AppleWebKit/537.36 (KHTML, like Gecko; compatible; GPTBot/1.4; +https://openai.com/gptbot)"
74.7.243.240 - - [30/Jul/2026:10:56:57 +0000] "GET /index.php?lokasie=/proc/2913863/net/dev_snmp6/lo&loknya=/proc/2913863/net/dev_snmp6 HTTP/2" 200 2209 "https://www.aloysius.me/index.php?loknya=/proc/2913863/net/dev_snmp6" "Mozilla/5.0 AppleWebKit/537.36 (KHTML, like Gecko; compatible; GPTBot/1.4; +https://openai.com/gptbot)"
216.73.217.23 - - [30/Jul/2026:10:56:58 +0000] "GET /sitemap.xml?lokasie=%2Fusr%2Flocal%2Flsws%2Faloysius%2Fhtml%2Fwp-admin%2Fimages%2Ficons32.png&loknya=%2Fusr%2Flocal%2Flsws%2Faloysius%2Fhtml%2Fwp-admin%2Fimages HTTP/2" 200 1764 "-" "Mozilla/5.0 AppleWebKit/537.36 (KHTML, like Gecko; compatible; ClaudeBot/1.0; +claudebot@anthropic.com)"
216.73.217.23 - - [30/Jul/2026:10:56:58 +0000] "GET /sitemap.xml?lokasie=%2Fusr%2Flocal%2Flsws%2Faloysius%2Fhtml%2Fwp-admin%2Fimages%2Fw-logo-blue.png&loknya=%2Fusr%2Flocal%2Flsws%2Faloysius%2Fhtml%2Fwp-admin%2Fimages HTTP/2" 200 1767 "-" "Mozilla/5.0 AppleWebKit/537.36 (KHTML, like Gecko; compatible; ClaudeBot/1.0; +claudebot@anthropic.com)"
74.7.243.240 - - [30/Jul/2026:10:56:58 +0000] "GET /index.php?lokasie=/proc/3445909/net/dev_snmp6/lo&loknya=/proc/3445909/net/dev_snmp6 HTTP/2" 200 2209 "https://www.aloysius.me/index.php?loknya=/proc/3445909/net/dev_snmp6" "Mozilla/5.0 AppleWebKit/537.36 (KHTML, like Gecko; compatible; GPTBot/1.4; +https://openai.com/gptbot)"
74.7.243.240 - - [30/Jul/2026:10:56:58 +0000] "GET /index.php?lokasie=/proc/3457992/net/dev_snmp6/ens3&loknya=/proc/3457992/net/dev_snmp6 HTTP/2" 200 2267 "https://www.aloysius.me/index.php?loknya=/proc/3457992/net/dev_snmp6" "Mozilla/5.0 AppleWebKit/537.36 (KHTML, like Gecko; compatible; GPTBot/1.4; +https://openai.com/gptbot)"
216.73.217.23 - - [30/Jul/2026:10:56:59 +0000] "GET /sitemap.xml?lokasie=%2Fusr%2Flocal%2Flsws%2Faloysius%2Fhtml%2Fwp-admin%2Fimages%2Ficons32-vs.png&loknya=%2Fusr%2Flocal%2Flsws%2Faloysius%2Fhtml%2Fwp-admin%2Fimages HTTP/2" 200 1767 "-" "Mozilla/5.0 AppleWebKit/537.36 (KHTML, like Gecko; compatible; ClaudeBot/1.0; +claudebot@anthropic.com)"
74.7.243.240 - - [30/Jul/2026:10:56:59 +0000] "GET /index.php?lokasie=/proc/3445907/net/dev_snmp6/ens3&loknya=/proc/3445907/net/dev_snmp6 HTTP/2" 200 2267 "https://www.aloysius.me/index.php?loknya=/proc/3445907/net/dev_snmp6" "Mozilla/5.0 AppleWebKit/537.36 (KHTML, like Gecko; compatible; GPTBot/1.4; +https://openai.com/gptbot)"
74.7.243.240 - - [30/Jul/2026:10:56:59 +0000] "GET /index.php?lokasie=/proc/3445909/net/dev_snmp6/ens3&loknya=/proc/3445909/net/dev_snmp6 HTTP/2" 200 2267 "https://www.aloysius.me/index.php?loknya=/proc/3445909/net/dev_snmp6" "Mozilla/5.0 AppleWebKit/537.36 (KHTML, like Gecko; compatible; GPTBot/1.4; +https://openai.com/gptbot)"
74.7.243.240 - - [30/Jul/2026:10:57:00 +0000] "GET /index.php?lokasie=/proc/3794378/net/dev_snmp6/ens3&loknya=/proc/3794378/net/dev_snmp6 HTTP/2" 200 2267 "https://www.aloysius.me/index.php?loknya=/proc/3794378/net/dev_snmp6" "Mozilla/5.0 AppleWebKit/537.36 (KHTML, like Gecko; compatible; GPTBot/1.4; +https://openai.com/gptbot)"
74.7.243.240 - - [30/Jul/2026:10:57:00 +0000] "GET /index.php?loknya=/proc/2421562/net/dev_snmp6 HTTP/2" 200 2169 "https://www.aloysius.me/index.php?loknya=/proc/2421562/net" "Mozilla/5.0 AppleWebKit/537.36 (KHTML, like Gecko; compatible; GPTBot/1.4; +https://openai.com/gptbot)"
74.7.243.240 - - [30/Jul/2026:10:57:01 +0000] "GET /index.php?lokasie=/proc/3446020/net/dev_snmp6/ens3&loknya=/proc/3446020/net/dev_snmp6 HTTP/2" 200 2266 "https://www.aloysius.me/index.php?loknya=/proc/3446020/net/dev_snmp6" "Mozilla/5.0 AppleWebKit/537.36 (KHTML, like Gecko; compatible; GPTBot/1.4; +https://openai.com/gptbot)"
74.7.243.240 - - [30/Jul/2026:10:57:01 +0000] "GET /index.php?lokasie=/proc/3446020/net/dev_snmp6/lo&loknya=/proc/3446020/net/dev_snmp6 HTTP/2" 200 2208 "https://www.aloysius.me/index.php?loknya=/proc/3446020/net/dev_snmp6" "Mozilla/5.0 AppleWebKit/537.36 (KHTML, like Gecko; compatible; GPTBot/1.4; +https://openai.com/gptbot)"
74.7.243.240 - - [30/Jul/2026:10:57:02 +0000] "GET /index.php?lokasie=/proc/100/net//ip6_tables_matches&loknya=/proc/100/net/ HTTP/2" 200 1715 "https://www.aloysius.me/index.php?loknya=/proc/100/net/" "Mozilla/5.0 AppleWebKit/537.36 (KHTML, like Gecko; compatible; GPTBot/1.4; +https://openai.com/gptbot)"
74.7.243.240 - - [30/Jul/2026:10:57:03 +0000] "GET /index.php?lokasie=/proc/100/net//ip6_tables_targets&loknya=/proc/100/net/ HTTP/2" 200 1711 "https://www.aloysius.me/index.php?loknya=/proc/100/net/" "Mozilla/5.0 AppleWebKit/537.36 (KHTML, like Gecko; compatible; GPTBot/1.4; +https://openai.com/gptbot)"
74.7.243.240 - - [30/Jul/2026:10:57:03 +0000] "GET /index.php?lokasie=/proc/5808/net/netfilter/nf_log&loknya=/proc/5808/net/netfilter HTTP/2" 200 1812 "https://www.aloysius.me/index.php?loknya=/proc/5808/net/netfilter" "Mozilla/5.0 AppleWebKit/537.36 (KHTML, like Gecko; compatible; GPTBot/1.4; +https://openai.com/gptbot)"
74.7.243.240 - - [30/Jul/2026:10:57:04 +0000] "GET /index.php?lokasie=/proc/5807/net//ip_tables_names&loknya=/proc/5807/net/ HTTP/2" 200 1711 "https://www.aloysius.me/index.php?loknya=/proc/5807/net/" "Mozilla/5.0 AppleWebKit/537.36 (KHTML, like Gecko; compatible; GPTBot/1.4; +https://openai.com/gptbot)"
74.7.243.240 - - [30/Jul/2026:10:57:04 +0000] "GET /index.php?lokasie=/proc/5804/net//ip_tables_names&loknya=/proc/5804/net/ HTTP/2" 200 1711 "https://www.aloysius.me/index.php?loknya=/proc/5804/net/" "Mozilla/5.0 AppleWebKit/537.36 (KHTML, like Gecko; compatible; GPTBot/1.4; +https://openai.com/gptbot)"
74.7.243.240 - - [30/Jul/2026:10:57:05 +0000] "GET /index.php?lokasie=/proc/5808/net//ip_tables_names&loknya=/proc/5808/net/ HTTP/2" 200 1711 "https://www.aloysius.me/index.php?loknya=/proc/5808/net/" "Mozilla/5.0 AppleWebKit/537.36 (KHTML, like Gecko; compatible; GPTBot/1.4; +https://openai.com/gptbot)"
74.7.243.240 - - [30/Jul/2026:10:57:05 +0000] "GET /index.php?lokasie=/proc/5809/net//ip_tables_names&loknya=/proc/5809/net/ HTTP/2" 200 1712 "https://www.aloysius.me/index.php?loknya=/proc/5809/net/" "Mozilla/5.0 AppleWebKit/537.36 (KHTML, like Gecko; compatible; GPTBot/1.4; +https://openai.com/gptbot)"
74.7.243.240 - - [30/Jul/2026:10:57:06 +0000] "GET /index.php?lokasie=/proc/5810/net//ip_tables_names&loknya=/proc/5810/net/ HTTP/2" 200 1711 "https://www.aloysius.me/index.php?loknya=/proc/5810/net/" "Mozilla/5.0 AppleWebKit/537.36 (KHTML, like Gecko; compatible; GPTBot/1.4; +https://openai.com/gptbot)"
74.7.243.240 - - [30/Jul/2026:10:57:06 +0000] "GET /index.php?lokasie=/proc/2421562/net/dev_snmp6/lo&loknya=/proc/2421562/net/dev_snmp6 HTTP/2" 200 2208 "https://www.aloysius.me/index.php?loknya=/proc/2421562/net/dev_snmp6" "Mozilla/5.0 AppleWebKit/537.36 (KHTML, like Gecko; compatible; GPTBot/1.4; +https://openai.com/gptbot)"
74.7.243.240 - - [30/Jul/2026:10:57:07 +0000] "GET /index.php?lokasie=/proc/2421562/net/dev_snmp6/ens3&loknya=/proc/2421562/net/dev_snmp6 HTTP/2" 200 2266 "https://www.aloysius.me/index.php?loknya=/proc/2421562/net/dev_snmp6" "Mozilla/5.0 AppleWebKit/537.36 (KHTML, like Gecko; compatible; GPTBot/1.4; +https://openai.com/gptbot)"
74.7.243.240 - - [30/Jul/2026:10:57:07 +0000] "GET /index.php?lokasie=/proc/5803/net//ip_tables_names&loknya=/proc/5803/net/ HTTP/2" 200 1711 "https://www.aloysius.me/index.php?loknya=/proc/5803/net/" "Mozilla/5.0 AppleWebKit/537.36 (KHTML, like Gecko; compatible; GPTBot/1.4; +https://openai.com/gptbot)"
74.7.243.240 - - [30/Jul/2026:10:57:08 +0000] "GET /index.php?loknya=/proc/5807/net/netfilter HTTP/2" 200 2130 "https://www.aloysius.me/index.php?loknya=/proc/5807/net" "Mozilla/5.0 AppleWebKit/537.36 (KHTML, like Gecko; compatible; GPTBot/1.4; +https://openai.com/gptbot)"
74.7.243.240 - - [30/Jul/2026:10:57:08 +0000] "GET /index.php?loknya=/proc/5804/net/netfilter HTTP/2" 200 2128 "https://www.aloysius.me/index.php?loknya=/proc/5804/net" "Mozilla/5.0 AppleWebKit/537.36 (KHTML, like Gecko; compatible; GPTBot/1.4; +https://openai.com/gptbot)"
216.73.217.23 - - [30/Jul/2026:10:57:09 +0000] "GET /sitemap.xml?lokasie=%2Fusr%2Flocal%2Flsws%2Faloysius%2Fhtml%2Fwp-admin%2Fimages%2Ficons32-vs-2x.png&loknya=%2Fusr%2Flocal%2Flsws%2Faloysius%2Fhtml%2Fwp-admin%2Fimages HTTP/2" 200 1769 "-" "Mozilla/5.0 AppleWebKit/537.36 (KHTML, like Gecko; compatible; ClaudeBot/1.0; +claudebot@anthropic.com)"
74.7.243.240 - - [30/Jul/2026:10:57:09 +0000] "GET /index.php?loknya=/proc/5803/net/netfilter HTTP/2" 200 2130 "https://www.aloysius.me/index.php?loknya=/proc/5803/net" "Mozilla/5.0 AppleWebKit/537.36 (KHTML, like Gecko; compatible; GPTBot/1.4; +https://openai.com/gptbot)"
74.7.243.240 - - [30/Jul/2026:10:57:09 +0000] "GET /index.php?loknya=/proc/5810/net/netfilter HTTP/2" 200 2131 "https://www.aloysius.me/index.php?loknya=/proc/5810/net" "Mozilla/5.0 AppleWebKit/537.36 (KHTML, like Gecko; compatible; GPTBot/1.4; +https://openai.com/gptbot)"
74.7.243.240 - - [30/Jul/2026:10:57:10 +0000] "GET /index.php?loknya=/proc/5809/net/netfilter HTTP/2" 200 2130 "https://www.aloysius.me/index.php?loknya=/proc/5809/net" "Mozilla/5.0 AppleWebKit/537.36 (KHTML, like Gecko; compatible; GPTBot/1.4; +https://openai.com/gptbot)"
74.7.243.240 - - [30/Jul/2026:10:57:10 +0000] "GET /index.php?loknya=/proc/3446033 HTTP/2" 200 3816 "https://www.aloysius.me/index.php?loknya=/proc" "Mozilla/5.0 AppleWebKit/537.36 (KHTML, like Gecko; compatible; GPTBot/1.4; +https://openai.com/gptbot)"
216.73.217.23 - - [30/Jul/2026:10:57:09 +0000] "GET /sitemap.xml?lokasie=%2Fusr%2Flocal%2Flsws%2Faloysius%2Fhtml%2Fwp-admin%2Fimages%2Fstars-2x.png&loknya=%2Fusr%2Flocal%2Flsws%2Faloysius%2Fhtml%2Fwp-admin%2Fimages HTTP/2" 200 1763 "-" "Mozilla/5.0 AppleWebKit/537.36 (KHTML, like Gecko; compatible; ClaudeBot/1.0; +claudebot@anthropic.com)"
216.73.217.23 - - [30/Jul/2026:10:57:10 +0000] "GET /sitemap.xml?lokasie=%2Fusr%2Flocal%2Flsws%2Faloysius%2Flogs%2Faccess.log&loknya=%2Fusr%2Flocal%2Flsws%2Faloysius%2Flogs HTTP/2" 200 15691 "-" "Mozilla/5.0 AppleWebKit/537.36 (KHTML, like Gecko; compatible; ClaudeBot/1.0; +claudebot@anthropic.com)"
74.7.243.240 - - [30/Jul/2026:10:57:11 +0000] "GET /index.php?loknya=/proc/5808/fdinfo HTTP/2" 200 1954 "https://www.aloysius.me/index.php?loknya=/proc/5808" "Mozilla/5.0 AppleWebKit/537.36 (KHTML, like Gecko; compatible; GPTBot/1.4; +https://openai.com/gptbot)"
74.7.243.240 - - [30/Jul/2026:10:57:11 +0000] "GET /index.php?loknya=/proc/3445909/ns HTTP/2" 200 1960 "https://www.aloysius.me/index.php?loknya=/proc/3445909" "Mozilla/5.0 AppleWebKit/537.36 (KHTML, like Gecko; compatible; GPTBot/1.4; +https://openai.com/gptbot)"
74.7.243.240 - - [30/Jul/2026:10:57:12 +0000] "GET /index.php?loknya=/proc/2421562/fd HTTP/2" 200 1955 "https://www.aloysius.me/index.php?loknya=/proc/2421562" "Mozilla/5.0 AppleWebKit/537.36 (KHTML, like Gecko; compatible; GPTBot/1.4; +https://openai.com/gptbot)"
74.7.243.240 - - [30/Jul/2026:10:57:12 +0000] "GET /index.php?loknya=/proc/2421562/ns HTTP/2" 200 1955 "https://www.aloysius.me/index.php?loknya=/proc/2421562" "Mozilla/5.0 AppleWebKit/537.36 (KHTML, like Gecko; compatible; GPTBot/1.4; +https://openai.com/gptbot)"
74.7.243.240 - - [30/Jul/2026:10:57:13 +0000] "GET /index.php?loknya=/proc/3446020/ns HTTP/2" 200 1960 "https://www.aloysius.me/index.php?loknya=/proc/3446020" "Mozilla/5.0 AppleWebKit/537.36 (KHTML, like Gecko; compatible; GPTBot/1.4; +https://openai.com/gptbot)"
74.7.243.240 - - [30/Jul/2026:10:57:14 +0000] "GET /index.php?loknya=/proc/3794378/ns HTTP/2" 200 1955 "https://www.aloysius.me/index.php?loknya=/proc/3794378" "Mozilla/5.0 AppleWebKit/537.36 (KHTML, like Gecko; compatible; GPTBot/1.4; +https://openai.com/gptbot)"
74.7.243.240 - - [30/Jul/2026:10:57:14 +0000] "GET /index.php?loknya=/proc/2421562/net/xt_recent HTTP/2" 200 1967 "https://www.aloysius.me/index.php?loknya=/proc/2421562/net" "Mozilla/5.0 AppleWebKit/537.36 (KHTML, like Gecko; compatible; GPTBot/1.4; +https://openai.com/gptbot)"
74.7.243.240 - - [30/Jul/2026:10:57:15 +0000] "GET /index.php?loknya=/proc/3446020/net/xt_recent HTTP/2" 200 1976 "https://www.aloysius.me/index.php?loknya=/proc/3446020/net" "Mozilla/5.0 AppleWebKit/537.36 (KHTML, like Gecko; compatible; GPTBot/1.4; +https://openai.com/gptbot)"
74.7.243.240 - - [30/Jul/2026:10:57:15 +0000] "GET /index.php?loknya=/proc/3445909/net/xt_recent HTTP/2" 200 1975 "https://www.aloysius.me/index.php?loknya=/proc/3445909/net" "Mozilla/5.0 AppleWebKit/537.36 (KHTML, like Gecko; compatible; GPTBot/1.4; +https://openai.com/gptbot)"
74.7.243.240 - - [30/Jul/2026:10:57:16 +0000] "GET /index.php?loknya=/proc/3794378/net/xt_recent HTTP/2" 200 1969 "https://www.aloysius.me/index.php?loknya=/proc/3794378/net" "Mozilla/5.0 AppleWebKit/537.36 (KHTML, like Gecko; compatible; GPTBot/1.4; +https://openai.com/gptbot)"
74.7.243.240 - - [30/Jul/2026:10:57:16 +0000] "GET /index.php?loknya=/proc/3446033/net HTTP/2" 200 3873 "https://www.aloysius.me/index.php?loknya=/proc/3446033" "Mozilla/5.0 AppleWebKit/537.36 (KHTML, like Gecko; compatible; GPTBot/1.4; +https://openai.com/gptbot)"
74.7.243.240 - - [30/Jul/2026:10:57:17 +0000] "GET /index.php?loknya=/proc/3446020/fd HTTP/2" 200 1960 "https://www.aloysius.me/index.php?loknya=/proc/3446020" "Mozilla/5.0 AppleWebKit/537.36 (KHTML, like Gecko; compatible; GPTBot/1.4; +https://openai.com/gptbot)"
74.7.243.240 - - [30/Jul/2026:10:57:17 +0000] "GET /index.php?loknya=/proc/3794378/fd HTTP/2" 200 1955 "https://www.aloysius.me/index.php?loknya=/proc/3794378" "Mozilla/5.0 AppleWebKit/537.36 (KHTML, like Gecko; compatible; GPTBot/1.4; +https://openai.com/gptbot)"
74.7.243.240 - - [30/Jul/2026:10:57:18 +0000] "GET /index.php?loknya=/proc/3445909/fd HTTP/2" 200 1961 "https://www.aloysius.me/index.php?loknya=/proc/3445909" "Mozilla/5.0 AppleWebKit/537.36 (KHTML, like Gecko; compatible; GPTBot/1.4; +https://openai.com/gptbot)"
74.7.243.240 - - [30/Jul/2026:10:57:18 +0000] "GET /index.php?loknya=/proc/233 HTTP/2" 200 3840 "https://www.aloysius.me/index.php?loknya=/proc" "Mozilla/5.0 AppleWebKit/537.36 (KHTML, like Gecko; compatible; GPTBot/1.4; +https://openai.com/gptbot)"
74.7.243.240 - - [30/Jul/2026:10:57:19 +0000] "GET /index.php?loknya=/proc/770 HTTP/2" 200 3818 "https://www.aloysius.me/index.php?loknya=/proc" "Mozilla/5.0 AppleWebKit/537.36 (KHTML, like Gecko; compatible; GPTBot/1.4; +https://openai.com/gptbot)"
74.7.243.240 - - [30/Jul/2026:10:57:19 +0000] "GET /index.php?loknya=/proc/127 HTTP/2" 200 3839 "https://www.aloysius.me/index.php?loknya=/proc" "Mozilla/5.0 AppleWebKit/537.36 (KHTML, like Gecko; compatible; GPTBot/1.4; +https://openai.com/gptbot)"
74.7.243.240 - - [30/Jul/2026:10:57:20 +0000] "GET /index.php?loknya=/proc/321 HTTP/2" 200 3838 "https://www.aloysius.me/index.php?loknya=/proc" "Mozilla/5.0 AppleWebKit/537.36 (KHTML, like Gecko; compatible; GPTBot/1.4; +https://openai.com/gptbot)"
74.7.243.240 - - [30/Jul/2026:10:57:20 +0000] "GET /index.php?loknya=/proc/873 HTTP/2" 200 3845 "https://www.aloysius.me/index.php?loknya=/proc" "Mozilla/5.0 AppleWebKit/537.36 (KHTML, like Gecko; compatible; GPTBot/1.4; +https://openai.com/gptbot)"
74.7.243.240 - - [30/Jul/2026:10:57:21 +0000] "GET /index.php?loknya=/proc/768 HTTP/2" 200 3623 "https://www.aloysius.me/index.php?loknya=/proc" "Mozilla/5.0 AppleWebKit/537.36 (KHTML, like Gecko; compatible; GPTBot/1.4; +https://openai.com/gptbot)"
74.7.243.240 - - [30/Jul/2026:10:57:21 +0000] "GET /index.php?loknya=/proc/651 HTTP/2" 200 3747 "https://www.aloysius.me/index.php?loknya=/proc" "Mozilla/5.0 AppleWebKit/537.36 (KHTML, like Gecko; compatible; GPTBot/1.4; +https://openai.com/gptbot)"
74.7.243.240 - - [30/Jul/2026:10:57:22 +0000] "GET /index.php?lokasie=/proc/3446033/net/ip_tables_matches&loknya=/proc/3446033/net HTTP/2" 200 1721 "https://www.aloysius.me/index.php?loknya=/proc/3446033/net" "Mozilla/5.0 AppleWebKit/537.36 (KHTML, like Gecko; compatible; GPTBot/1.4; +https://openai.com/gptbot)"
74.7.243.240 - - [30/Jul/2026:10:57:23 +0000] "GET /index.php?lokasie=/proc/3446033/net/connector&loknya=/proc/3446033/net HTTP/2" 200 1733 "https://www.aloysius.me/index.php?loknya=/proc/3446033/net" "Mozilla/5.0 AppleWebKit/537.36 (KHTML, like Gecko; compatible; GPTBot/1.4; +https://openai.com/gptbot)"
74.7.243.240 - - [30/Jul/2026:10:57:23 +0000] "GET /index.php?lokasie=/proc/3446033/net/protocols&loknya=/proc/3446033/net HTTP/2" 200 2097 "https://www.aloysius.me/index.php?loknya=/proc/3446033/net" "Mozilla/5.0 AppleWebKit/537.36 (KHTML, like Gecko; compatible; GPTBot/1.4; +https://openai.com/gptbot)"
74.7.243.240 - - [30/Jul/2026:10:57:24 +0000] "GET /index.php?lokasie=/proc/3446033/net/sockstat6&loknya=/proc/3446033/net HTTP/2" 200 1761 "https://www.aloysius.me/index.php?loknya=/proc/3446033/net" "Mozilla/5.0 AppleWebKit/537.36 (KHTML, like Gecko; compatible; GPTBot/1.4; +https://openai.com/gptbot)"
74.7.243.240 - - [30/Jul/2026:10:57:24 +0000] "GET /index.php?lokasie=/proc/3446033/net/tcp&loknya=/proc/3446033/net HTTP/2" 200 3566 "https://www.aloysius.me/index.php?loknya=/proc/3446033/net" "Mozilla/5.0 AppleWebKit/537.36 (KHTML, like Gecko; compatible; GPTBot/1.4; +https://openai.com/gptbot)"
74.7.243.240 - - [30/Jul/2026:10:57:25 +0000] "GET /index.php?lokasie=/proc/770/environ&loknya=/proc/770 HTTP/2" 200 1698 "https://www.aloysius.me/index.php?loknya=/proc/770" "Mozilla/5.0 AppleWebKit/537.36 (KHTML, like Gecko; compatible; GPTBot/1.4; +https://openai.com/gptbot)"
74.7.243.240 - - [30/Jul/2026:10:57:25 +0000] "GET /index.php?lokasie=/proc/127/comm&loknya=/proc/127 HTTP/2" 200 1710 "https://www.aloysius.me/index.php?loknya=/proc/127" "Mozilla/5.0 AppleWebKit/537.36 (KHTML, like Gecko; compatible; GPTBot/1.4; +https://openai.com/gptbot)"
74.7.243.240 - - [30/Jul/2026:10:57:26 +0000] "GET /index.php?lokasie=/proc/770/autogroup&loknya=/proc/770 HTTP/2" 200 1710 "https://www.aloysius.me/index.php?loknya=/proc/770" "Mozilla/5.0 AppleWebKit/537.36 (KHTML, like Gecko; compatible; GPTBot/1.4; +https://openai.com/gptbot)"
74.7.243.240 - - [30/Jul/2026:10:57:26 +0000] "GET /index.php?lokasie=/proc/3446033/net/arp&loknya=/proc/3446033/net HTTP/2" 200 1817 "https://www.aloysius.me/index.php?loknya=/proc/3446033/net" "Mozilla/5.0 AppleWebKit/537.36 (KHTML, like Gecko; compatible; GPTBot/1.4; +https://openai.com/gptbot)"
74.7.243.240 - - [30/Jul/2026:10:57:27 +0000] "GET /index.php?lokasie=/proc/3446033/net/ptype&loknya=/proc/3446033/net HTTP/2" 200 1755 "https://www.aloysius.me/index.php?loknya=/proc/3446033/net" "Mozilla/5.0 AppleWebKit/537.36 (KHTML, like Gecko; compatible; GPTBot/1.4; +https://openai.com/gptbot)"
74.7.243.240 - - [30/Jul/2026:10:57:27 +0000] "GET /index.php?lokasie=/proc/651/projid_map&loknya=/proc/651 HTTP/2" 200 1718 "https://www.aloysius.me/index.php?loknya=/proc/651" "Mozilla/5.0 AppleWebKit/537.36 (KHTML, like Gecko; compatible; GPTBot/1.4; +https://openai.com/gptbot)"
74.7.243.240 - - [30/Jul/2026:10:57:28 +0000] "GET /index.php?lokasie=/proc/3446033/net/route&loknya=/proc/3446033/net HTTP/2" 200 1843 "https://www.aloysius.me/index.php?loknya=/proc/3446033/net" "Mozilla/5.0 AppleWebKit/537.36 (KHTML, like Gecko; compatible; GPTBot/1.4; +https://openai.com/gptbot)"
74.7.243.240 - - [30/Jul/2026:10:57:28 +0000] "GET /index.php?lokasie=/proc/3446033/net/icmp&loknya=/proc/3446033/net HTTP/2" 200 1786 "https://www.aloysius.me/index.php?loknya=/proc/3446033/net" "Mozilla/5.0 AppleWebKit/537.36 (KHTML, like Gecko; compatible; GPTBot/1.4; +https://openai.com/gptbot)"
66.249.64.37 - - [30/Jul/2026:10:57:29 +0000] "GET /zalety-kasyn-online-wplata-blik-jako-szybka-opcja-platnosci/?lokasie=/usr/local/lsws/aloysius/html/wp-trackback.php&loknya=/usr/local/lsws/aloysius/html HTTP/1.1" 200 3604 "-" "Mozilla/5.0 (Linux; Android 6.0.1; Nexus 5X Build/MMB29P) AppleWebKit/537.36 (KHTML, like Gecko) Chrome/150.0.7871.186 Mobile Safari/537.36 (compatible; GoogleOther)"
74.7.243.240 - - [30/Jul/2026:10:57:29 +0000] "GET /index.php?lokasie=/proc/3446033/net/snmp&loknya=/proc/3446033/net HTTP/2" 200 2313 "https://www.aloysius.me/index.php?loknya=/proc/3446033/net" "Mozilla/5.0 AppleWebKit/537.36 (KHTML, like Gecko; compatible; GPTBot/1.4; +https://openai.com/gptbot)"
74.7.243.240 - - [30/Jul/2026:10:57:29 +0000] "GET /index.php?lokasie=/proc/3446033/net/mcfilter6&loknya=/proc/3446033/net HTTP/2" 200 1758 "https://www.aloysius.me/index.php?loknya=/proc/3446033/net" "Mozilla/5.0 AppleWebKit/537.36 (KHTML, like Gecko; compatible; GPTBot/1.4; +https://openai.com/gptbot)"
74.7.243.240 - - [30/Jul/2026:10:57:30 +0000] "GET /index.php?lokasie=/proc/3446033/net/psched&loknya=/proc/3446033/net HTTP/2" 200 1736 "https://www.aloysius.me/index.php?loknya=/proc/3446033/net" "Mozilla/5.0 AppleWebKit/537.36 (KHTML, like Gecko; compatible; GPTBot/1.4; +https://openai.com/gptbot)"
74.7.243.240 - - [30/Jul/2026:10:57:30 +0000] "GET /index.php?lokasie=/proc/3446033/net/packet&loknya=/proc/3446033/net HTTP/2" 200 1782 "https://www.aloysius.me/index.php?loknya=/proc/3446033/net" "Mozilla/5.0 AppleWebKit/537.36 (KHTML, like Gecko; compatible; GPTBot/1.4; +https://openai.com/gptbot)"
74.7.243.240 - - [30/Jul/2026:10:57:31 +0000] "GET /index.php?lokasie=/proc/3446033/net/tcp6&loknya=/proc/3446033/net HTTP/2" 200 1850 "https://www.aloysius.me/index.php?loknya=/proc/3446033/net" "Mozilla/5.0 AppleWebKit/537.36 (KHTML, like Gecko; compatible; GPTBot/1.4; +https://openai.com/gptbot)"
74.7.243.240 - - [30/Jul/2026:10:57:31 +0000] "GET /index.php?lokasie=/proc/3446033/net/rt_acct&loknya=/proc/3446033/net HTTP/2" 200 1758 "https://www.aloysius.me/index.php?loknya=/proc/3446033/net" "Mozilla/5.0 AppleWebKit/537.36 (KHTML, like Gecko; compatible; GPTBot/1.4; +https://openai.com/gptbot)"
74.7.243.240 - - [30/Jul/2026:10:57:32 +0000] "GET /index.php?lokasie=/proc/3446033/net/raw&loknya=/proc/3446033/net HTTP/2" 200 1783 "https://www.aloysius.me/index.php?loknya=/proc/3446033/net" "Mozilla/5.0 AppleWebKit/537.36 (KHTML, like Gecko; compatible; GPTBot/1.4; +https://openai.com/gptbot)"
74.7.243.240 - - [30/Jul/2026:10:57:32 +0000] "GET /index.php?lokasie=/proc/3446033/net/udp&loknya=/proc/3446033/net HTTP/2" 200 1965 "https://www.aloysius.me/index.php?loknya=/proc/3446033/net" "Mozilla/5.0 AppleWebKit/537.36 (KHTML, like Gecko; compatible; GPTBot/1.4; +https://openai.com/gptbot)"
74.7.243.240 - - [30/Jul/2026:10:57:33 +0000] "GET /index.php?lokasie=/proc/3446033/net/if_inet6&loknya=/proc/3446033/net HTTP/2" 200 1759 "https://www.aloysius.me/index.php?loknya=/proc/3446033/net" "Mozilla/5.0 AppleWebKit/537.36 (KHTML, like Gecko; compatible; GPTBot/1.4; +https://openai.com/gptbot)"
74.7.243.240 - - [30/Jul/2026:10:57:33 +0000] "GET /index.php?lokasie=/proc/3446033/net/unix&loknya=/proc/3446033/net HTTP/2" 200 16873 "https://www.aloysius.me/index.php?loknya=/proc/3446033/net" "Mozilla/5.0 AppleWebKit/537.36 (KHTML, like Gecko; compatible; GPTBot/1.4; +https://openai.com/gptbot)"
74.7.243.240 - - [30/Jul/2026:10:57:34 +0000] "GET /index.php?lokasie=/proc/3446033/net/igmp&loknya=/proc/3446033/net HTTP/2" 200 1799 "https://www.aloysius.me/index.php?loknya=/proc/3446033/net" "Mozilla/5.0 AppleWebKit/537.36 (KHTML, like Gecko; compatible; GPTBot/1.4; +https://openai.com/gptbot)"
74.7.243.240 - - [30/Jul/2026:10:57:35 +0000] "GET /index.php?lokasie=/proc/3446033/net/udplite&loknya=/proc/3446033/net HTTP/2" 200 1789 "https://www.aloysius.me/index.php?loknya=/proc/3446033/net" "Mozilla/5.0 AppleWebKit/537.36 (KHTML, like Gecko; compatible; GPTBot/1.4; +https://openai.com/gptbot)"
74.7.243.240 - - [30/Jul/2026:10:57:35 +0000] "GET /index.php?lokasie=/proc/3446033/net/igmp6&loknya=/proc/3446033/net HTTP/2" 200 1785 "https://www.aloysius.me/index.php?loknya=/proc/3446033/net" "Mozilla/5.0 AppleWebKit/537.36 (KHTML, like Gecko; compatible; GPTBot/1.4; +https://openai.com/gptbot)"
216.73.217.23 - - [30/Jul/2026:10:57:35 +0000] "GET /sitemap.xml?lokasie=%2Fusr%2Flocal%2Flsws%2Faloysius%2Fhtml%2Fwp-content%2Fbackups-dup-lite%2Frobots.txt&loknya=%2Fusr%2Flocal%2Flsws%2Faloysius%2Fhtml%2Fwp-content%2Fbackups-dup-lite HTTP/2" 200 1807 "-" "Mozilla/5.0 AppleWebKit/537.36 (KHTML, like Gecko; compatible; ClaudeBot/1.0; +claudebot@anthropic.com)"
216.73.217.23 - - [30/Jul/2026:10:57:35 +0000] "GET /sitemap.xml?lokasie=%2Fusr%2Flocal%2Flsws%2Faloysius%2Fhtml%2Fwp-admin%2Fimages%2Fimgedit-icons.png&loknya=%2Fusr%2Flocal%2Flsws%2Faloysius%2Fhtml%2Fwp-admin%2Fimages HTTP/2" 200 1768 "-" "Mozilla/5.0 AppleWebKit/537.36 (KHTML, like Gecko; compatible; ClaudeBot/1.0; +claudebot@anthropic.com)"
74.7.243.240 - - [30/Jul/2026:10:57:36 +0000] "GET /index.php?lokasie=/proc/3446033/net/raw6&loknya=/proc/3446033/net HTTP/2" 200 1834 "https://www.aloysius.me/index.php?loknya=/proc/3446033/net" "Mozilla/5.0 AppleWebKit/537.36 (KHTML, like Gecko; compatible; GPTBot/1.4; +https://openai.com/gptbot)"
216.73.217.23 - - [30/Jul/2026:10:57:36 +0000] "GET /sitemap.xml?lokasie=%2Fusr%2Flocal%2Flsws%2Faloysius%2Fhtml%2Fwp-admin%2Fimages%2Ficons32-2x.png&loknya=%2Fusr%2Flocal%2Flsws%2Faloysius%2Fhtml%2Fwp-admin%2Fimages HTTP/2" 200 1766 "-" "Mozilla/5.0 AppleWebKit/537.36 (KHTML, like Gecko; compatible; ClaudeBot/1.0; +claudebot@anthropic.com)"
74.7.243.240 - - [30/Jul/2026:10:57:36 +0000] "GET /index.php?lokasie=/proc/3446033/net/udp6&loknya=/proc/3446033/net HTTP/2" 200 1831 "https://www.aloysius.me/index.php?loknya=/proc/3446033/net" "Mozilla/5.0 AppleWebKit/537.36 (KHTML, like Gecko; compatible; GPTBot/1.4; +https://openai.com/gptbot)"
74.7.243.240 - - [30/Jul/2026:10:57:37 +0000] "GET /index.php?lokasie=/proc/3446033/net/snmp6&loknya=/proc/3446033/net HTTP/2" 200 2353 "https://www.aloysius.me/index.php?loknya=/proc/3446033/net" "Mozilla/5.0 AppleWebKit/537.36 (KHTML, like Gecko; compatible; GPTBot/1.4; +https://openai.com/gptbot)"
74.7.243.240 - - [30/Jul/2026:10:57:37 +0000] "GET /index.php?lokasie=/proc/3446033/net/icmp6&loknya=/proc/3446033/net HTTP/2" 200 1789 "https://www.aloysius.me/index.php?loknya=/proc/3446033/net" "Mozilla/5.0 AppleWebKit/537.36 (KHTML, like Gecko; compatible; GPTBot/1.4; +https://openai.com/gptbot)"
74.7.243.240 - - [30/Jul/2026:10:57:38 +0000] "GET /index.php?lokasie=/proc/3446033/net/netlink&loknya=/proc/3446033/net HTTP/2" 200 2093 "https://www.aloysius.me/index.php?loknya=/proc/3446033/net" "Mozilla/5.0 AppleWebKit/537.36 (KHTML, like Gecko; compatible; GPTBot/1.4; +https://openai.com/gptbot)"
74.7.243.240 - - [30/Jul/2026:10:57:38 +0000] "GET /index.php?lokasie=/proc/3446033/net/netstat&loknya=/proc/3446033/net HTTP/2" 200 3280 "https://www.aloysius.me/index.php?loknya=/proc/3446033/net" "Mozilla/5.0 AppleWebKit/537.36 (KHTML, like Gecko; compatible; GPTBot/1.4; +https://openai.com/gptbot)"
74.7.243.240 - - [30/Jul/2026:10:57:39 +0000] "GET /index.php?lokasie=/proc/3446033/net/sockstat&loknya=/proc/3446033/net HTTP/2" 200 1800 "https://www.aloysius.me/index.php?loknya=/proc/3446033/net" "Mozilla/5.0 AppleWebKit/537.36 (KHTML, like Gecko; compatible; GPTBot/1.4; +https://openai.com/gptbot)"
74.7.243.240 - - [30/Jul/2026:10:57:39 +0000] "GET /index.php?lokasie=/proc/3446033/net/anycast6&loknya=/proc/3446033/net HTTP/2" 200 1717 "https://www.aloysius.me/index.php?loknya=/proc/3446033/net" "Mozilla/5.0 AppleWebKit/537.36 (KHTML, like Gecko; compatible; GPTBot/1.4; +https://openai.com/gptbot)"
74.7.243.240 - - [30/Jul/2026:10:57:40 +0000] "GET /index.php?lokasie=/proc/3446033/net/rt_cache&loknya=/proc/3446033/net HTTP/2" 200 1800 "https://www.aloysius.me/index.php?loknya=/proc/3446033/net" "Mozilla/5.0 AppleWebKit/537.36 (KHTML, like Gecko; compatible; GPTBot/1.4; +https://openai.com/gptbot)"
74.7.243.240 - - [30/Jul/2026:10:57:40 +0000] "GET /index.php?lokasie=/proc/3446033/net/tls_stat&loknya=/proc/3446033/net HTTP/2" 200 1784 "https://www.aloysius.me/index.php?loknya=/proc/3446033/net" "Mozilla/5.0 AppleWebKit/537.36 (KHTML, like Gecko; compatible; GPTBot/1.4; +https://openai.com/gptbot)"
74.7.243.240 - - [30/Jul/2026:10:57:41 +0000] "GET /index.php?lokasie=/proc/3446033/net/fib_trie&loknya=/proc/3446033/net HTTP/2" 200 1904 "https://www.aloysius.me/index.php?loknya=/proc/3446033/net" "Mozilla/5.0 AppleWebKit/537.36 (KHTML, like Gecko; compatible; GPTBot/1.4; +https://openai.com/gptbot)"
74.7.243.240 - - [30/Jul/2026:10:57:41 +0000] "GET /index.php?lokasie=/proc/3446033/net/ip_mr_cache&loknya=/proc/3446033/net HTTP/2" 200 1754 "https://www.aloysius.me/index.php?loknya=/proc/3446033/net" "Mozilla/5.0 AppleWebKit/537.36 (KHTML, like Gecko; compatible; GPTBot/1.4; +https://openai.com/gptbot)"
74.7.243.240 - - [30/Jul/2026:10:57:42 +0000] "GET /index.php?lokasie=/proc/3446033/net/wireless&loknya=/proc/3446033/net HTTP/2" 200 1813 "https://www.aloysius.me/index.php?loknya=/proc/3446033/net" "Mozilla/5.0 AppleWebKit/537.36 (KHTML, like Gecko; compatible; GPTBot/1.4; +https://openai.com/gptbot)"
74.7.243.240 - - [30/Jul/2026:10:57:42 +0000] "GET /index.php?lokasie=/proc/3446033/net/mcfilter&loknya=/proc/3446033/net HTTP/2" 200 1743 "https://www.aloysius.me/index.php?loknya=/proc/3446033/net" "Mozilla/5.0 AppleWebKit/537.36 (KHTML, like Gecko; compatible; GPTBot/1.4; +https://openai.com/gptbot)"
74.7.243.240 - - [30/Jul/2026:10:57:43 +0000] "GET /index.php?lokasie=/proc/3446033/net/rt6_stats&loknya=/proc/3446033/net HTTP/2" 200 1730 "https://www.aloysius.me/index.php?loknya=/proc/3446033/net" "Mozilla/5.0 AppleWebKit/537.36 (KHTML, like Gecko; compatible; GPTBot/1.4; +https://openai.com/gptbot)"
74.7.243.240 - - [30/Jul/2026:10:57:44 +0000] "GET /index.php?lokasie=/proc/3446033/net/ip_mr_vif&loknya=/proc/3446033/net HTTP/2" 200 1761 "https://www.aloysius.me/index.php?loknya=/proc/3446033/net" "Mozilla/5.0 AppleWebKit/537.36 (KHTML, like Gecko; compatible; GPTBot/1.4; +https://openai.com/gptbot)"
74.7.243.240 - - [30/Jul/2026:10:57:44 +0000] "GET /index.php?lokasie=/proc/3446033/net/udplite6&loknya=/proc/3446033/net HTTP/2" 200 1790 "https://www.aloysius.me/index.php?loknya=/proc/3446033/net" "Mozilla/5.0 AppleWebKit/537.36 (KHTML, like Gecko; compatible; GPTBot/1.4; +https://openai.com/gptbot)"
74.7.243.240 - - [30/Jul/2026:10:57:45 +0000] "GET /index.php?lokasie=/proc/3446033/net/softnet_stat&loknya=/proc/3446033/net HTTP/2" 200 1759 "https://www.aloysius.me/index.php?loknya=/proc/3446033/net" "Mozilla/5.0 AppleWebKit/537.36 (KHTML, like Gecko; compatible; GPTBot/1.4; +https://openai.com/gptbot)"
74.7.243.240 - - [30/Jul/2026:10:57:45 +0000] "GET /index.php?lokasie=/proc/3446033/net/dev_mcast&loknya=/proc/3446033/net HTTP/2" 200 1778 "https://www.aloysius.me/index.php?loknya=/proc/3446033/net" "Mozilla/5.0 AppleWebKit/537.36 (KHTML, like Gecko; compatible; GPTBot/1.4; +https://openai.com/gptbot)"
74.7.243.240 - - [30/Jul/2026:10:57:46 +0000] "GET /index.php?lokasie=/proc/3446033/net/xfrm_stat&loknya=/proc/3446033/net HTTP/2" 200 1907 "https://www.aloysius.me/index.php?loknya=/proc/3446033/net" "Mozilla/5.0 AppleWebKit/537.36 (KHTML, like Gecko; compatible; GPTBot/1.4; +https://openai.com/gptbot)"
74.7.243.240 - - [30/Jul/2026:10:57:46 +0000] "GET /index.php?lokasie=/proc/3446033/net/ip6_mr_cache&loknya=/proc/3446033/net HTTP/2" 200 1756 "https://www.aloysius.me/index.php?loknya=/proc/3446033/net" "Mozilla/5.0 AppleWebKit/537.36 (KHTML, like Gecko; compatible; GPTBot/1.4; +https://openai.com/gptbot)"
74.7.243.240 - - [30/Jul/2026:10:57:47 +0000] "GET /index.php?lokasie=/proc/3446033/net/ipv6_route&loknya=/proc/3446033/net HTTP/2" 200 1826 "https://www.aloysius.me/index.php?loknya=/proc/3446033/net" "Mozilla/5.0 AppleWebKit/537.36 (KHTML, like Gecko; compatible; GPTBot/1.4; +https://openai.com/gptbot)"
74.7.243.240 - - [30/Jul/2026:10:57:47 +0000] "GET /index.php?lokasie=/proc/3446033/net/fib_triestat&loknya=/proc/3446033/net HTTP/2" 200 1954 "https://www.aloysius.me/index.php?loknya=/proc/3446033/net" "Mozilla/5.0 AppleWebKit/537.36 (KHTML, like Gecko; compatible; GPTBot/1.4; +https://openai.com/gptbot)"
74.7.243.240 - - [30/Jul/2026:10:57:48 +0000] "GET /index.php?loknya=/proc/233/net HTTP/2" 200 3846 "https://www.aloysius.me/index.php?loknya=/proc/233" "Mozilla/5.0 AppleWebKit/537.36 (KHTML, like Gecko; compatible; GPTBot/1.4; +https://openai.com/gptbot)"
74.7.243.240 - - [30/Jul/2026:10:57:48 +0000] "GET /index.php?loknya=/proc/770/net HTTP/2" 200 3785 "https://www.aloysius.me/index.php?loknya=/proc/770" "Mozilla/5.0 AppleWebKit/537.36 (KHTML, like Gecko; compatible; GPTBot/1.4; +https://openai.com/gptbot)"
74.7.243.240 - - [30/Jul/2026:10:57:49 +0000] "GET /index.php?lokasie=/proc/3446033/net/ip_tables_targets&loknya=/proc/3446033/net HTTP/2" 200 1718 "https://www.aloysius.me/index.php?loknya=/proc/3446033/net" "Mozilla/5.0 AppleWebKit/537.36 (KHTML, like Gecko; compatible; GPTBot/1.4; +https://openai.com/gptbot)"
74.7.243.240 - - [30/Jul/2026:10:57:49 +0000] "GET /index.php?lokasie=/proc/3446033/net/ip_tables_names&loknya=/proc/3446033/net HTTP/2" 200 1719 "https://www.aloysius.me/index.php?loknya=/proc/3446033/net" "Mozilla/5.0 AppleWebKit/537.36 (KHTML, like Gecko; compatible; GPTBot/1.4; +https://openai.com/gptbot)"
74.7.243.240 - - [30/Jul/2026:10:57:50 +0000] "GET /index.php?loknya=/proc/651/net HTTP/2" 200 3851 "https://www.aloysius.me/index.php?loknya=/proc/651" "Mozilla/5.0 AppleWebKit/537.36 (KHTML, like Gecko; compatible; GPTBot/1.4; +https://openai.com/gptbot)"
74.7.243.240 - - [30/Jul/2026:10:57:50 +0000] "GET /index.php?loknya=/proc/768/net HTTP/2" 200 3845 "https://www.aloysius.me/index.php?loknya=/proc/768" "Mozilla/5.0 AppleWebKit/537.36 (KHTML, like Gecko; compatible; GPTBot/1.4; +https://openai.com/gptbot)"
74.7.243.240 - - [30/Jul/2026:10:57:51 +0000] "GET /index.php?loknya=/proc/127/net HTTP/2" 200 3845 "https://www.aloysius.me/index.php?loknya=/proc/127" "Mozilla/5.0 AppleWebKit/537.36 (KHTML, like Gecko; compatible; GPTBot/1.4; +https://openai.com/gptbot)"
74.7.243.240 - - [30/Jul/2026:10:57:51 +0000] "GET /index.php?loknya=/proc/321/net HTTP/2" 200 3624 "https://www.aloysius.me/index.php?loknya=/proc/321" "Mozilla/5.0 AppleWebKit/537.36 (KHTML, like Gecko; compatible; GPTBot/1.4; +https://openai.com/gptbot)"
74.7.243.240 - - [30/Jul/2026:10:57:52 +0000] "GET /index.php?loknya=/proc/873/net HTTP/2" 200 3624 "https://www.aloysius.me/index.php?loknya=/proc/873" "Mozilla/5.0 AppleWebKit/537.36 (KHTML, like Gecko; compatible; GPTBot/1.4; +https://openai.com/gptbot)"
74.7.243.240 - - [30/Jul/2026:10:57:52 +0000] "GET /index.php?lokasie=/proc/3446033/net/ip6_mr_vif&loknya=/proc/3446033/net HTTP/2" 200 1752 "https://www.aloysius.me/index.php?loknya=/proc/3446033/net" "Mozilla/5.0 AppleWebKit/537.36 (KHTML, like Gecko; compatible; GPTBot/1.4; +https://openai.com/gptbot)"
74.7.243.240 - - [30/Jul/2026:10:57:53 +0000] "GET /index.php?lokasie=/proc/3446033/net/ip6_tables_targets&loknya=/proc/3446033/net HTTP/2" 200 1719 "https://www.aloysius.me/index.php?loknya=/proc/3446033/net" "Mozilla/5.0 AppleWebKit/537.36 (KHTML, like Gecko; compatible; GPTBot/1.4; +https://openai.com/gptbot)"
74.7.243.240 - - [30/Jul/2026:10:57:54 +0000] "GET /index.php?lokasie=/proc/233/net/sockstat&loknya=/proc/233/net HTTP/2" 200 1797 "https://www.aloysius.me/index.php?loknya=/proc/233/net" "Mozilla/5.0 AppleWebKit/537.36 (KHTML, like Gecko; compatible; GPTBot/1.4; +https://openai.com/gptbot)"
74.7.243.240 - - [30/Jul/2026:10:57:54 +0000] "GET /index.php?lokasie=/proc/770/net/arp&loknya=/proc/770/net HTTP/2" 200 1812 "https://www.aloysius.me/index.php?loknya=/proc/770/net" "Mozilla/5.0 AppleWebKit/537.36 (KHTML, like Gecko; compatible; GPTBot/1.4; +https://openai.com/gptbot)"
74.7.243.240 - - [30/Jul/2026:10:57:55 +0000] "GET /index.php?lokasie=/proc/770/net/sockstat&loknya=/proc/770/net HTTP/2" 200 1795 "https://www.aloysius.me/index.php?loknya=/proc/770/net" "Mozilla/5.0 AppleWebKit/537.36 (KHTML, like Gecko; compatible; GPTBot/1.4; +https://openai.com/gptbot)"
74.7.243.240 - - [30/Jul/2026:10:57:55 +0000] "GET /index.php?lokasie=/proc/770/net/tcp&loknya=/proc/770/net HTTP/2" 200 3521 "https://www.aloysius.me/index.php?loknya=/proc/770/net" "Mozilla/5.0 AppleWebKit/537.36 (KHTML, like Gecko; compatible; GPTBot/1.4; +https://openai.com/gptbot)"
74.7.243.240 - - [30/Jul/2026:10:57:56 +0000] "GET /index.php?loknya=/proc/651/ HTTP/2" 200 3858 "https://www.aloysius.me/index.php?loknya=/proc/651/net" "Mozilla/5.0 AppleWebKit/537.36 (KHTML, like Gecko; compatible; GPTBot/1.4; +https://openai.com/gptbot)"
74.7.243.240 - - [30/Jul/2026:10:57:56 +0000] "GET /index.php?lokasie=/proc/233/net/arp&loknya=/proc/233/net HTTP/2" 200 1815 "https://www.aloysius.me/index.php?loknya=/proc/233/net" "Mozilla/5.0 AppleWebKit/537.36 (KHTML, like Gecko; compatible; GPTBot/1.4; +https://openai.com/gptbot)"
74.7.243.240 - - [30/Jul/2026:10:57:57 +0000] "GET /index.php?lokasie=/proc/233/net/tcp&loknya=/proc/233/net HTTP/2" 200 3512 "https://www.aloysius.me/index.php?loknya=/proc/233/net" "Mozilla/5.0 AppleWebKit/537.36 (KHTML, like Gecko; compatible; GPTBot/1.4; +https://openai.com/gptbot)"
74.7.243.240 - - [30/Jul/2026:10:57:57 +0000] "GET /index.php?lokasie=/proc/233/net/snmp&loknya=/proc/233/net HTTP/2" 200 2311 "https://www.aloysius.me/index.php?loknya=/proc/233/net" "Mozilla/5.0 AppleWebKit/537.36 (KHTML, like Gecko; compatible; GPTBot/1.4; +https://openai.com/gptbot)"
74.7.243.240 - - [30/Jul/2026:10:57:58 +0000] "GET /index.php?lokasie=/proc/873/net/udp&loknya=/proc/873/net HTTP/2" 200 1961 "https://www.aloysius.me/index.php?loknya=/proc/873/net" "Mozilla/5.0 AppleWebKit/537.36 (KHTML, like Gecko; compatible; GPTBot/1.4; +https://openai.com/gptbot)"
74.7.243.240 - - [30/Jul/2026:10:57:58 +0000] "GET /index.php?lokasie=/proc/873/net/ip6_mr_cache&loknya=/proc/873/net HTTP/2" 200 1751 "https://www.aloysius.me/index.php?loknya=/proc/873/net" "Mozilla/5.0 AppleWebKit/537.36 (KHTML, like Gecko; compatible; GPTBot/1.4; +https://openai.com/gptbot)"
74.7.243.240 - - [30/Jul/2026:10:57:59 +0000] "GET /index.php?lokasie=/proc/873/net/connector&loknya=/proc/873/net HTTP/2" 200 1728 "https://www.aloysius.me/index.php?loknya=/proc/873/net" "Mozilla/5.0 AppleWebKit/537.36 (KHTML, like Gecko; compatible; GPTBot/1.4; +https://openai.com/gptbot)"
74.7.243.240 - - [30/Jul/2026:10:57:59 +0000] "GET /index.php?lokasie=/proc/770/net/snmp&loknya=/proc/770/net HTTP/2" 200 2311 "https://www.aloysius.me/index.php?loknya=/proc/770/net" "Mozilla/5.0 AppleWebKit/537.36 (KHTML, like Gecko; compatible; GPTBot/1.4; +https://openai.com/gptbot)"
74.7.243.240 - - [30/Jul/2026:10:58:00 +0000] "GET /index.php?lokasie=/proc/770/net/route&loknya=/proc/770/net HTTP/2" 200 1838 "https://www.aloysius.me/index.php?loknya=/proc/770/net" "Mozilla/5.0 AppleWebKit/537.36 (KHTML, like Gecko; compatible; GPTBot/1.4; +https://openai.com/gptbot)"
74.7.243.240 - - [30/Jul/2026:10:58:00 +0000] "GET /index.php?lokasie=/proc/233/net/route&loknya=/proc/233/net HTTP/2" 200 1839 "https://www.aloysius.me/index.php?loknya=/proc/233/net" "Mozilla/5.0 AppleWebKit/537.36 (KHTML, like Gecko; compatible; GPTBot/1.4; +https://openai.com/gptbot)"
74.7.243.240 - - [30/Jul/2026:10:58:01 +0000] "GET /index.php?lokasie=/proc/768/net/sockstat&loknya=/proc/768/net HTTP/2" 200 1796 "https://www.aloysius.me/index.php?loknya=/proc/768/net" "Mozilla/5.0 AppleWebKit/537.36 (KHTML, like Gecko; compatible; GPTBot/1.4; +https://openai.com/gptbot)"
74.7.243.240 - - [30/Jul/2026:10:58:01 +0000] "GET /index.php?lokasie=/proc/873/net/sockstat&loknya=/proc/873/net HTTP/2" 200 1796 "https://www.aloysius.me/index.php?loknya=/proc/873/net" "Mozilla/5.0 AppleWebKit/537.36 (KHTML, like Gecko; compatible; GPTBot/1.4; +https://openai.com/gptbot)"
74.7.243.240 - - [30/Jul/2026:10:58:02 +0000] "GET /index.php?lokasie=/proc/321/net/sockstat&loknya=/proc/321/net HTTP/2" 200 1795 "https://www.aloysius.me/index.php?loknya=/proc/321/net" "Mozilla/5.0 AppleWebKit/537.36 (KHTML, like Gecko; compatible; GPTBot/1.4; +https://openai.com/gptbot)"
74.7.243.240 - - [30/Jul/2026:10:58:02 +0000] "GET /index.php?lokasie=/proc/651/net/sockstat&loknya=/proc/651/net HTTP/2" 200 1795 "https://www.aloysius.me/index.php?loknya=/proc/651/net" "Mozilla/5.0 AppleWebKit/537.36 (KHTML, like Gecko; compatible; GPTBot/1.4; +https://openai.com/gptbot)"
74.7.243.240 - - [30/Jul/2026:10:58:03 +0000] "GET /index.php?lokasie=/proc/233/net/wireless&loknya=/proc/233/net HTTP/2" 200 1809 "https://www.aloysius.me/index.php?loknya=/proc/233/net" "Mozilla/5.0 AppleWebKit/537.36 (KHTML, like Gecko; compatible; GPTBot/1.4; +https://openai.com/gptbot)"
74.7.243.240 - - [30/Jul/2026:10:58:04 +0000] "GET /index.php?lokasie=/proc/127/net/sockstat&loknya=/proc/127/net HTTP/2" 200 1795 "https://www.aloysius.me/index.php?loknya=/proc/127/net" "Mozilla/5.0 AppleWebKit/537.36 (KHTML, like Gecko; compatible; GPTBot/1.4; +https://openai.com/gptbot)"
74.7.243.240 - - [30/Jul/2026:10:58:04 +0000] "GET /index.php?lokasie=/proc/770/net/wireless&loknya=/proc/770/net HTTP/2" 200 1810 "https://www.aloysius.me/index.php?loknya=/proc/770/net" "Mozilla/5.0 AppleWebKit/537.36 (KHTML, like Gecko; compatible; GPTBot/1.4; +https://openai.com/gptbot)"
74.7.243.240 - - [30/Jul/2026:10:58:05 +0000] "GET /index.php?lokasie=/proc/321/net/connector&loknya=/proc/321/net HTTP/2" 200 1729 "https://www.aloysius.me/index.php?loknya=/proc/321/net" "Mozilla/5.0 AppleWebKit/537.36 (KHTML, like Gecko; compatible; GPTBot/1.4; +https://openai.com/gptbot)"
74.7.243.240 - - [30/Jul/2026:10:58:05 +0000] "GET /index.php?lokasie=/proc/233/net/psched&loknya=/proc/233/net HTTP/2" 200 1734 "https://www.aloysius.me/index.php?loknya=/proc/233/net" "Mozilla/5.0 AppleWebKit/537.36 (KHTML, like Gecko; compatible; GPTBot/1.4; +https://openai.com/gptbot)"
74.7.243.240 - - [30/Jul/2026:10:58:06 +0000] "GET /index.php?lokasie=/proc/127/net/connector&loknya=/proc/127/net HTTP/2" 200 1729 "https://www.aloysius.me/index.php?loknya=/proc/127/net" "Mozilla/5.0 AppleWebKit/537.36 (KHTML, like Gecko; compatible; GPTBot/1.4; +https://openai.com/gptbot)"
74.7.243.240 - - [30/Jul/2026:10:58:06 +0000] "GET /index.php?lokasie=/proc/768/net/connector&loknya=/proc/768/net HTTP/2" 200 1729 "https://www.aloysius.me/index.php?loknya=/proc/768/net" "Mozilla/5.0 AppleWebKit/537.36 (KHTML, like Gecko; compatible; GPTBot/1.4; +https://openai.com/gptbot)"
74.7.243.240 - - [30/Jul/2026:10:58:07 +0000] "GET /index.php?lokasie=/proc/651/net/connector&loknya=/proc/651/net HTTP/2" 200 1725 "https://www.aloysius.me/index.php?loknya=/proc/651/net" "Mozilla/5.0 AppleWebKit/537.36 (KHTML, like Gecko; compatible; GPTBot/1.4; +https://openai.com/gptbot)"
74.7.243.240 - - [30/Jul/2026:10:58:07 +0000] "GET /index.php?lokasie=/proc/770/net/psched&loknya=/proc/770/net HTTP/2" 200 1733 "https://www.aloysius.me/index.php?loknya=/proc/770/net" "Mozilla/5.0 AppleWebKit/537.36 (KHTML, like Gecko; compatible; GPTBot/1.4; +https://openai.com/gptbot)"
74.7.243.240 - - [30/Jul/2026:10:58:08 +0000] "GET /index.php?lokasie=/proc/233/net/mcfilter&loknya=/proc/233/net HTTP/2" 200 1740 "https://www.aloysius.me/index.php?loknya=/proc/233/net" "Mozilla/5.0 AppleWebKit/537.36 (KHTML, like Gecko; compatible; GPTBot/1.4; +https://openai.com/gptbot)"
74.7.243.240 - - [30/Jul/2026:10:58:08 +0000] "GET /index.php?lokasie=/proc/770/net/mcfilter&loknya=/proc/770/net HTTP/2" 200 1739 "https://www.aloysius.me/index.php?loknya=/proc/770/net" "Mozilla/5.0 AppleWebKit/537.36 (KHTML, like Gecko; compatible; GPTBot/1.4; +https://openai.com/gptbot)"
74.7.243.240 - - [30/Jul/2026:10:58:09 +0000] "GET /index.php?lokasie=/proc/768/net/wireless&loknya=/proc/768/net HTTP/2" 200 1809 "https://www.aloysius.me/index.php?loknya=/proc/768/net" "Mozilla/5.0 AppleWebKit/537.36 (KHTML, like Gecko; compatible; GPTBot/1.4; +https://openai.com/gptbot)"
13.154.16.99 - - [30/Jul/2026:10:58:09 +0000] "GET /wp-login.php HTTP/1.1" 200 6685 "-" "Mozilla/5.0 (Windows NT 10.0; Win64; x64) AppleWebKit/537.36 (KHTML, like Gecko) Chrome/109.0.0.0 Safari/537.36"
74.7.243.240 - - [30/Jul/2026:10:58:09 +0000] "GET /index.php?lokasie=/proc/127/net/wireless&loknya=/proc/127/net HTTP/2" 200 1810 "https://www.aloysius.me/index.php?loknya=/proc/127/net" "Mozilla/5.0 AppleWebKit/537.36 (KHTML, like Gecko; compatible; GPTBot/1.4; +https://openai.com/gptbot)"
13.154.16.99 - - [30/Jul/2026:10:58:09 +0000] "POST /wp-login.php HTTP/1.1" 200 39802 "-" "Mozilla/5.0 (Windows NT 10.0; Win64; x64) AppleWebKit/537.36 (KHTML, like Gecko) Chrome/109.0.0.0 Safari/537.36"
74.7.243.240 - - [30/Jul/2026:10:58:10 +0000] "GET /index.php?lokasie=/proc/651/net/wireless&loknya=/proc/651/net HTTP/2" 200 1809 "https://www.aloysius.me/index.php?loknya=/proc/651/net" "Mozilla/5.0 AppleWebKit/537.36 (KHTML, like Gecko; compatible; GPTBot/1.4; +https://openai.com/gptbot)"
74.7.243.240 - - [30/Jul/2026:10:58:10 +0000] "GET /index.php?lokasie=/proc/321/net/wireless&loknya=/proc/321/net HTTP/2" 200 1810 "https://www.aloysius.me/index.php?loknya=/proc/321/net" "Mozilla/5.0 AppleWebKit/537.36 (KHTML, like Gecko; compatible; GPTBot/1.4; +https://openai.com/gptbot)"
74.7.243.240 - - [30/Jul/2026:10:58:11 +0000] "GET /index.php?lokasie=/proc/873/net/wireless&loknya=/proc/873/net HTTP/2" 200 1810 "https://www.aloysius.me/index.php?loknya=/proc/873/net" "Mozilla/5.0 AppleWebKit/537.36 (KHTML, like Gecko; compatible; GPTBot/1.4; +https://openai.com/gptbot)"
74.7.243.240 - - [30/Jul/2026:10:58:11 +0000] "GET /index.php?lokasie=/proc/233/net/ptype&loknya=/proc/233/net HTTP/2" 200 1752 "https://www.aloysius.me/index.php?loknya=/proc/233/net" "Mozilla/5.0 AppleWebKit/537.36 (KHTML, like Gecko; compatible; GPTBot/1.4; +https://openai.com/gptbot)"
74.7.243.240 - - [30/Jul/2026:10:58:12 +0000] "GET /index.php?lokasie=/proc/770/net/ptype&loknya=/proc/770/net HTTP/2" 200 1751 "https://www.aloysius.me/index.php?loknya=/proc/770/net" "Mozilla/5.0 AppleWebKit/537.36 (KHTML, like Gecko; compatible; GPTBot/1.4; +https://openai.com/gptbot)"
74.7.243.240 - - [30/Jul/2026:10:58:12 +0000] "GET /index.php?lokasie=/proc/321/net/mcfilter&loknya=/proc/321/net HTTP/2" 200 1739 "https://www.aloysius.me/index.php?loknya=/proc/321/net" "Mozilla/5.0 AppleWebKit/537.36 (KHTML, like Gecko; compatible; GPTBot/1.4; +https://openai.com/gptbot)"
74.7.243.240 - - [30/Jul/2026:10:58:13 +0000] "GET /index.php?lokasie=/proc/651/net/mcfilter&loknya=/proc/651/net HTTP/2" 200 1739 "https://www.aloysius.me/index.php?loknya=/proc/651/net" "Mozilla/5.0 AppleWebKit/537.36 (KHTML, like Gecko; compatible; GPTBot/1.4; +https://openai.com/gptbot)"
74.7.243.240 - - [30/Jul/2026:10:58:13 +0000] "GET /index.php?lokasie=/proc/127/net/mcfilter&loknya=/proc/127/net HTTP/2" 200 1739 "https://www.aloysius.me/index.php?loknya=/proc/127/net" "Mozilla/5.0 AppleWebKit/537.36 (KHTML, like Gecko; compatible; GPTBot/1.4; +https://openai.com/gptbot)"
74.7.243.240 - - [30/Jul/2026:10:58:14 +0000] "GET /index.php?lokasie=/proc/768/net/mcfilter&loknya=/proc/768/net HTTP/2" 200 1739 "https://www.aloysius.me/index.php?loknya=/proc/768/net" "Mozilla/5.0 AppleWebKit/537.36 (KHTML, like Gecko; compatible; GPTBot/1.4; +https://openai.com/gptbot)"
74.7.243.240 - - [30/Jul/2026:10:58:14 +0000] "GET /index.php?lokasie=/proc/873/net/mcfilter&loknya=/proc/873/net HTTP/2" 200 1739 "https://www.aloysius.me/index.php?loknya=/proc/873/net" "Mozilla/5.0 AppleWebKit/537.36 (KHTML, like Gecko; compatible; GPTBot/1.4; +https://openai.com/gptbot)"
74.7.243.240 - - [30/Jul/2026:10:58:15 +0000] "GET /index.php?lokasie=/proc/770/net/packet&loknya=/proc/770/net HTTP/2" 200 1779 "https://www.aloysius.me/index.php?loknya=/proc/770/net" "Mozilla/5.0 AppleWebKit/537.36 (KHTML, like Gecko; compatible; GPTBot/1.4; +https://openai.com/gptbot)"
74.7.243.240 - - [30/Jul/2026:10:58:15 +0000] "GET /index.php?lokasie=/proc/770/net/netlink&loknya=/proc/770/net HTTP/2" 200 2091 "https://www.aloysius.me/index.php?loknya=/proc/770/net" "Mozilla/5.0 AppleWebKit/537.36 (KHTML, like Gecko; compatible; GPTBot/1.4; +https://openai.com/gptbot)"
216.73.217.23 - - [30/Jul/2026:10:58:16 +0000] "GET /sitemap.xml?lokasie=%2Fusr%2Flocal%2Flsws%2Faloysius%2Flogs%2Faccess.log.2026_06_30&loknya=%2Fusr%2Flocal%2Flsws%2Faloysius%2Flogs HTTP/2" 200 378226 "-" "Mozilla/5.0 AppleWebKit/537.36 (KHTML, like Gecko; compatible; ClaudeBot/1.0; +claudebot@anthropic.com)"
74.7.243.240 - - [30/Jul/2026:10:58:17 +0000] "GET /index.php?lokasie=/proc/233/net/packet&loknya=/proc/233/net HTTP/2" 200 1777 "https://www.aloysius.me/index.php?loknya=/proc/233/net" "Mozilla/5.0 AppleWebKit/537.36 (KHTML, like Gecko; compatible; GPTBot/1.4; +https://openai.com/gptbot)"
216.73.217.23 - - [30/Jul/2026:10:58:16 +0000] "GET /sitemap.xml?lokasie=%2Fusr%2Flocal%2Flsws%2Faloysius%2Flogs%2Faccess.log.2026_07_06&loknya=%2Fusr%2Flocal%2Flsws%2Faloysius%2Flogs HTTP/2" 200 440696 "-" "Mozilla/5.0 AppleWebKit/537.36 (KHTML, like Gecko; compatible; ClaudeBot/1.0; +claudebot@anthropic.com)"
216.73.217.23 - - [30/Jul/2026:10:58:17 +0000] "GET /sitemap.xml?lokasie=%2Fusr%2Flocal%2Flsws%2Faloysius%2Fhtml%2Fwp-admin%2Fimages%2Fimgedit-icons-2x.png&loknya=%2Fusr%2Flocal%2Flsws%2Faloysius%2Fhtml%2Fwp-admin%2Fimages HTTP/2" 200 1770 "-" "Mozilla/5.0 AppleWebKit/537.36 (KHTML, like Gecko; compatible; ClaudeBot/1.0; +claudebot@anthropic.com)"
74.7.243.240 - - [30/Jul/2026:10:58:17 +0000] "GET /index.php?lokasie=/proc/233/net/netlink&loknya=/proc/233/net HTTP/2" 200 2092 "https://www.aloysius.me/index.php?loknya=/proc/233/net" "Mozilla/5.0 AppleWebKit/537.36 (KHTML, like Gecko; compatible; GPTBot/1.4; +https://openai.com/gptbot)"
