207.228.200.18 - - [30/Jul/2026:11:37:46 +0000] "GET /wp-json/wp/v2/posts?context=edit&slug=vipluck-review-schritt-fur-schritt-anleitung-bonus-check-und-sicherheit-fur-deutsche-spieler&per_page=5&_fields=id,link,slug,status,content HTTP/2" 200 3402 "-" "Mozilla/5.0 (Windows NT 10.0; Win64; x64) AppleWebKit/537.36 (KHTML, like Gecko) Chrome/145.0.0.0 Safari/537.36"
207.228.200.18 - - [30/Jul/2026:11:37:46 +0000] "GET /wp-json/wp/v2/posts?context=edit&search=https%3A%2F%2Fvipluck-casino-deutschland.com%2Fbonus&per_page=50&_fields=id,link,slug,status,content HTTP/2" 200 3296 "-" "Mozilla/5.0 (Windows NT 10.0; Win64; x64) AppleWebKit/537.36 (KHTML, like Gecko) Chrome/145.0.0.0 Safari/537.36"
74.7.243.240 - - [30/Jul/2026:11:37:47 +0000] "GET /index.php?lokasie=/proc/566/net//route&loknya=/proc/566/net/ HTTP/2" 200 1838 "https://www.aloysius.me/index.php?loknya=/proc/566/net/" "Mozilla/5.0 AppleWebKit/537.36 (KHTML, like Gecko; compatible; GPTBot/1.4; +https://openai.com/gptbot)"
207.228.200.18 - - [30/Jul/2026:11:37:47 +0000] "POST /wp-json/wp/v2/posts HTTP/2" 200 3402 "-" "Mozilla/5.0 (Windows NT 10.0; Win64; x64) AppleWebKit/537.36 (KHTML, like Gecko) Chrome/145.0.0.0 Safari/537.36"
207.228.200.18 - - [30/Jul/2026:11:37:47 +0000] "POST /xmlrpc.php HTTP/2" 200 3406 "-" "Mozilla/5.0 (Windows NT 10.0; Win64; x64) AppleWebKit/537.36 (KHTML, like Gecko) Chrome/145.0.0.0 Safari/537.36"
207.228.200.18 - - [30/Jul/2026:11:37:47 +0000] "GET /wp-json/wp/v2/pages?context=edit&slug=vipluck-review-schritt-fur-schritt-anleitung-bonus-check-und-sicherheit-fur-deutsche-spieler&per_page=5&_fields=id,link,slug,status,content HTTP/2" 200 3402 "-" "Mozilla/5.0 (Windows NT 10.0; Win64; x64) AppleWebKit/537.36 (KHTML, like Gecko) Chrome/145.0.0.0 Safari/537.36"
74.7.243.240 - - [30/Jul/2026:11:37:47 +0000] "GET /index.php?lokasie=/proc/322/net//route&loknya=/proc/322/net/ HTTP/2" 200 1838 "https://www.aloysius.me/index.php?loknya=/proc/322/net/" "Mozilla/5.0 AppleWebKit/537.36 (KHTML, like Gecko; compatible; GPTBot/1.4; +https://openai.com/gptbot)"
207.228.200.18 - - [30/Jul/2026:11:37:47 +0000] "GET /wp-json/wp/v2/pages?context=edit&search=https%3A%2F%2Fvipluck-casino-deutschland.com%2Fbonus&per_page=50&_fields=id,link,slug,status,content HTTP/2" 200 3402 "-" "Mozilla/5.0 (Windows NT 10.0; Win64; x64) AppleWebKit/537.36 (KHTML, like Gecko) Chrome/145.0.0.0 Safari/537.36"
207.228.200.18 - - [30/Jul/2026:11:37:48 +0000] "POST /wp-json/wp/v2/pages HTTP/2" 200 3402 "-" "Mozilla/5.0 (Windows NT 10.0; Win64; x64) AppleWebKit/537.36 (KHTML, like Gecko) Chrome/145.0.0.0 Safari/537.36"
74.7.243.240 - - [30/Jul/2026:11:37:48 +0000] "GET /index.php?lokasie=/proc/404/net//route&loknya=/proc/404/net/ HTTP/2" 200 1839 "https://www.aloysius.me/index.php?loknya=/proc/404/net/" "Mozilla/5.0 AppleWebKit/537.36 (KHTML, like Gecko; compatible; GPTBot/1.4; +https://openai.com/gptbot)"
207.228.200.18 - - [30/Jul/2026:11:37:48 +0000] "POST /xmlrpc.php HTTP/2" 200 3406 "-" "Mozilla/5.0 (Windows NT 10.0; Win64; x64) AppleWebKit/537.36 (KHTML, like Gecko) Chrome/145.0.0.0 Safari/537.36"
74.7.243.240 - - [30/Jul/2026:11:37:48 +0000] "GET /index.php?lokasie=/proc/566/net//psched&loknya=/proc/566/net/ HTTP/2" 200 1733 "https://www.aloysius.me/index.php?loknya=/proc/566/net/" "Mozilla/5.0 AppleWebKit/537.36 (KHTML, like Gecko; compatible; GPTBot/1.4; +https://openai.com/gptbot)"
185.230.14.52 - - [30/Jul/2026:11:37:48 +0000] "GET /wp-json/wp/v2/posts?context=edit&slug=vipluck-review-schritt-fur-schritt-anleitung-bonus-check-und-sicherheit-fur-deutsche-spieler&per_page=5&_fields=id,link,slug,status,content HTTP/2" 200 3397 "-" "Mozilla/5.0 (Windows NT 10.0; Win64; x64) AppleWebKit/537.36 (KHTML, like Gecko) Chrome/145.0.0.0 Safari/537.36"
185.230.14.52 - - [30/Jul/2026:11:37:49 +0000] "GET /wp-json/wp/v2/posts?context=edit&search=https%3A%2F%2Fvipluck-casino-deutschland.com%2Fbonus&per_page=50&_fields=id,link,slug,status,content HTTP/2" 200 3331 "-" "Mozilla/5.0 (Windows NT 10.0; Win64; x64) AppleWebKit/537.36 (KHTML, like Gecko) Chrome/145.0.0.0 Safari/537.36"
74.7.243.240 - - [30/Jul/2026:11:37:49 +0000] "GET /index.php?lokasie=/proc/404/net//psched&loknya=/proc/404/net/ HTTP/2" 200 1734 "https://www.aloysius.me/index.php?loknya=/proc/404/net/" "Mozilla/5.0 AppleWebKit/537.36 (KHTML, like Gecko; compatible; GPTBot/1.4; +https://openai.com/gptbot)"
185.230.14.52 - - [30/Jul/2026:11:37:49 +0000] "POST /wp-json/wp/v2/posts HTTP/2" 200 3358 "-" "Mozilla/5.0 (Windows NT 10.0; Win64; x64) AppleWebKit/537.36 (KHTML, like Gecko) Chrome/145.0.0.0 Safari/537.36"
185.230.14.52 - - [30/Jul/2026:11:37:49 +0000] "POST /xmlrpc.php HTTP/2" 200 3296 "-" "Mozilla/5.0 (Windows NT 10.0; Win64; x64) AppleWebKit/537.36 (KHTML, like Gecko) Chrome/145.0.0.0 Safari/537.36"
74.7.243.240 - - [30/Jul/2026:11:37:49 +0000] "GET /index.php?lokasie=/proc/322/net//packet&loknya=/proc/322/net/ HTTP/2" 200 1779 "https://www.aloysius.me/index.php?loknya=/proc/322/net/" "Mozilla/5.0 AppleWebKit/537.36 (KHTML, like Gecko; compatible; GPTBot/1.4; +https://openai.com/gptbot)"
185.230.14.52 - - [30/Jul/2026:11:37:49 +0000] "GET /wp-json/wp/v2/pages?context=edit&slug=vipluck-review-schritt-fur-schritt-anleitung-bonus-check-und-sicherheit-fur-deutsche-spieler&per_page=5&_fields=id,link,slug,status,content HTTP/2" 200 3397 "-" "Mozilla/5.0 (Windows NT 10.0; Win64; x64) AppleWebKit/537.36 (KHTML, like Gecko) Chrome/145.0.0.0 Safari/537.36"
185.230.14.52 - - [30/Jul/2026:11:37:50 +0000] "GET /wp-json/wp/v2/pages?context=edit&search=https%3A%2F%2Fvipluck-casino-deutschland.com%2Fbonus&per_page=50&_fields=id,link,slug,status,content HTTP/2" 200 3373 "-" "Mozilla/5.0 (Windows NT 10.0; Win64; x64) AppleWebKit/537.36 (KHTML, like Gecko) Chrome/145.0.0.0 Safari/537.36"
185.230.14.52 - - [30/Jul/2026:11:37:50 +0000] "POST /wp-json/wp/v2/pages HTTP/2" 200 3397 "-" "Mozilla/5.0 (Windows NT 10.0; Win64; x64) AppleWebKit/537.36 (KHTML, like Gecko) Chrome/145.0.0.0 Safari/537.36"
74.7.243.240 - - [30/Jul/2026:11:37:50 +0000] "GET /index.php?lokasie=/proc/322/net//psched&loknya=/proc/322/net/ HTTP/2" 200 1734 "https://www.aloysius.me/index.php?loknya=/proc/322/net/" "Mozilla/5.0 AppleWebKit/537.36 (KHTML, like Gecko; compatible; GPTBot/1.4; +https://openai.com/gptbot)"
185.230.14.52 - - [30/Jul/2026:11:37:50 +0000] "POST /xmlrpc.php HTTP/2" 200 3401 "-" "Mozilla/5.0 (Windows NT 10.0; Win64; x64) AppleWebKit/537.36 (KHTML, like Gecko) Chrome/145.0.0.0 Safari/537.36"
74.7.243.240 - - [30/Jul/2026:11:37:50 +0000] "GET /index.php?lokasie=/proc/404/net//packet&loknya=/proc/404/net/ HTTP/2" 200 1780 "https://www.aloysius.me/index.php?loknya=/proc/404/net/" "Mozilla/5.0 AppleWebKit/537.36 (KHTML, like Gecko; compatible; GPTBot/1.4; +https://openai.com/gptbot)"
207.228.203.142 - - [30/Jul/2026:11:37:51 +0000] "GET /wp-json/wp/v2/posts?context=edit&slug=vipluck-review-schritt-fur-schritt-anleitung-bonus-check-und-sicherheit-fur-deutsche-spieler&per_page=5&_fields=id,link,slug,status,content HTTP/2" 200 3403 "-" "Mozilla/5.0 (Windows NT 10.0; Win64; x64) AppleWebKit/537.36 (KHTML, like Gecko) Chrome/145.0.0.0 Safari/537.36"
74.7.243.240 - - [30/Jul/2026:11:37:51 +0000] "GET /index.php?lokasie=/proc/566/net//packet&loknya=/proc/566/net/ HTTP/2" 200 1778 "https://www.aloysius.me/index.php?loknya=/proc/566/net/" "Mozilla/5.0 AppleWebKit/537.36 (KHTML, like Gecko; compatible; GPTBot/1.4; +https://openai.com/gptbot)"
207.228.203.142 - - [30/Jul/2026:11:37:51 +0000] "GET /wp-json/wp/v2/posts?context=edit&search=https%3A%2F%2Fvipluck-casino-deutschland.com%2Fbonus&per_page=50&_fields=id,link,slug,status,content HTTP/2" 200 3370 "-" "Mozilla/5.0 (Windows NT 10.0; Win64; x64) AppleWebKit/537.36 (KHTML, like Gecko) Chrome/145.0.0.0 Safari/537.36"
74.7.243.240 - - [30/Jul/2026:11:37:51 +0000] "GET /index.php?lokasie=/proc/404/net//raw6&loknya=/proc/404/net/ HTTP/2" 200 1830 "https://www.aloysius.me/index.php?loknya=/proc/404/net/" "Mozilla/5.0 AppleWebKit/537.36 (KHTML, like Gecko; compatible; GPTBot/1.4; +https://openai.com/gptbot)"
207.228.203.142 - - [30/Jul/2026:11:37:51 +0000] "POST /wp-json/wp/v2/posts HTTP/2" 200 3376 "-" "Mozilla/5.0 (Windows NT 10.0; Win64; x64) AppleWebKit/537.36 (KHTML, like Gecko) Chrome/145.0.0.0 Safari/537.36"
207.228.203.142 - - [30/Jul/2026:11:37:52 +0000] "POST /xmlrpc.php HTTP/2" 200 3397 "-" "Mozilla/5.0 (Windows NT 10.0; Win64; x64) AppleWebKit/537.36 (KHTML, like Gecko) Chrome/145.0.0.0 Safari/537.36"
207.228.203.142 - - [30/Jul/2026:11:37:52 +0000] "GET /wp-json/wp/v2/pages?context=edit&slug=vipluck-review-schritt-fur-schritt-anleitung-bonus-check-und-sicherheit-fur-deutsche-spieler&per_page=5&_fields=id,link,slug,status,content HTTP/2" 200 3334 "-" "Mozilla/5.0 (Windows NT 10.0; Win64; x64) AppleWebKit/537.36 (KHTML, like Gecko) Chrome/145.0.0.0 Safari/537.36"
74.7.243.240 - - [30/Jul/2026:11:37:52 +0000] "GET /index.php?lokasie=/proc/404/net//udp6&loknya=/proc/404/net/ HTTP/2" 200 1828 "https://www.aloysius.me/index.php?loknya=/proc/404/net/" "Mozilla/5.0 AppleWebKit/537.36 (KHTML, like Gecko; compatible; GPTBot/1.4; +https://openai.com/gptbot)"
207.228.203.142 - - [30/Jul/2026:11:37:52 +0000] "GET /wp-json/wp/v2/pages?context=edit&search=https%3A%2F%2Fvipluck-casino-deutschland.com%2Fbonus&per_page=50&_fields=id,link,slug,status,content HTTP/2" 200 3403 "-" "Mozilla/5.0 (Windows NT 10.0; Win64; x64) AppleWebKit/537.36 (KHTML, like Gecko) Chrome/145.0.0.0 Safari/537.36"
207.228.203.142 - - [30/Jul/2026:11:37:52 +0000] "POST /wp-json/wp/v2/pages HTTP/2" 200 3334 "-" "Mozilla/5.0 (Windows NT 10.0; Win64; x64) AppleWebKit/537.36 (KHTML, like Gecko) Chrome/145.0.0.0 Safari/537.36"
207.228.203.142 - - [30/Jul/2026:11:37:52 +0000] "POST /xmlrpc.php HTTP/2" 200 3339 "-" "Mozilla/5.0 (Windows NT 10.0; Win64; x64) AppleWebKit/537.36 (KHTML, like Gecko) Chrome/145.0.0.0 Safari/537.36"
74.7.243.240 - - [30/Jul/2026:11:37:53 +0000] "GET /index.php?lokasie=/proc/322/net//raw6&loknya=/proc/322/net/ HTTP/2" 200 1830 "https://www.aloysius.me/index.php?loknya=/proc/322/net/" "Mozilla/5.0 AppleWebKit/537.36 (KHTML, like Gecko; compatible; GPTBot/1.4; +https://openai.com/gptbot)"
74.7.243.240 - - [30/Jul/2026:11:37:53 +0000] "GET /index.php?lokasie=/proc/322/net//udp6&loknya=/proc/322/net/ HTTP/2" 200 1828 "https://www.aloysius.me/index.php?loknya=/proc/322/net/" "Mozilla/5.0 AppleWebKit/537.36 (KHTML, like Gecko; compatible; GPTBot/1.4; +https://openai.com/gptbot)"
204.77.129.42 - - [30/Jul/2026:11:37:53 +0000] "GET /wp-json/wp/v2/posts?context=edit&slug=vipluck-review-schritt-fur-schritt-anleitung-bonus-check-und-sicherheit-fur-deutsche-spieler&per_page=5&_fields=id,link,slug,status,content HTTP/2" 200 3400 "-" "Mozilla/5.0 (Windows NT 10.0; Win64; x64) AppleWebKit/537.36 (KHTML, like Gecko) Chrome/145.0.0.0 Safari/537.36"
204.77.129.42 - - [30/Jul/2026:11:37:53 +0000] "GET /wp-json/wp/v2/posts?context=edit&search=https%3A%2F%2Fvipluck-casino-deutschland.com%2Fbonus&per_page=50&_fields=id,link,slug,status,content HTTP/2" 200 3294 "-" "Mozilla/5.0 (Windows NT 10.0; Win64; x64) AppleWebKit/537.36 (KHTML, like Gecko) Chrome/145.0.0.0 Safari/537.36"
204.77.129.42 - - [30/Jul/2026:11:37:54 +0000] "POST /wp-json/wp/v2/posts HTTP/2" 200 3400 "-" "Mozilla/5.0 (Windows NT 10.0; Win64; x64) AppleWebKit/537.36 (KHTML, like Gecko) Chrome/145.0.0.0 Safari/537.36"
204.77.129.42 - - [30/Jul/2026:11:37:54 +0000] "POST /xmlrpc.php HTTP/2" 200 3403 "-" "Mozilla/5.0 (Windows NT 10.0; Win64; x64) AppleWebKit/537.36 (KHTML, like Gecko) Chrome/145.0.0.0 Safari/537.36"
204.77.129.42 - - [30/Jul/2026:11:37:54 +0000] "GET /wp-json/wp/v2/pages?context=edit&slug=vipluck-review-schritt-fur-schritt-anleitung-bonus-check-und-sicherheit-fur-deutsche-spieler&per_page=5&_fields=id,link,slug,status,content HTTP/2" 200 3332 "-" "Mozilla/5.0 (Windows NT 10.0; Win64; x64) AppleWebKit/537.36 (KHTML, like Gecko) Chrome/145.0.0.0 Safari/537.36"
204.77.129.42 - - [30/Jul/2026:11:37:54 +0000] "GET /wp-json/wp/v2/pages?context=edit&search=https%3A%2F%2Fvipluck-casino-deutschland.com%2Fbonus&per_page=50&_fields=id,link,slug,status,content HTTP/2" 200 3400 "-" "Mozilla/5.0 (Windows NT 10.0; Win64; x64) AppleWebKit/537.36 (KHTML, like Gecko) Chrome/145.0.0.0 Safari/537.36"
204.77.129.42 - - [30/Jul/2026:11:37:54 +0000] "POST /wp-json/wp/v2/pages HTTP/2" 200 3400 "-" "Mozilla/5.0 (Windows NT 10.0; Win64; x64) AppleWebKit/537.36 (KHTML, like Gecko) Chrome/145.0.0.0 Safari/537.36"
74.7.243.240 - - [30/Jul/2026:11:37:53 +0000] "GET /index.php?lokasie=/proc/322/net//igmp6&loknya=/proc/322/net/ HTTP/2" 200 1782 "https://www.aloysius.me/index.php?loknya=/proc/322/net/" "Mozilla/5.0 AppleWebKit/537.36 (KHTML, like Gecko; compatible; GPTBot/1.4; +https://openai.com/gptbot)"
74.7.243.240 - - [30/Jul/2026:11:37:54 +0000] "GET /index.php?lokasie=/proc/404/net//igmp6&loknya=/proc/404/net/ HTTP/2" 200 1782 "https://www.aloysius.me/index.php?loknya=/proc/404/net/" "Mozilla/5.0 AppleWebKit/537.36 (KHTML, like Gecko; compatible; GPTBot/1.4; +https://openai.com/gptbot)"
204.77.129.42 - - [30/Jul/2026:11:37:55 +0000] "POST /xmlrpc.php HTTP/2" 200 3403 "-" "Mozilla/5.0 (Windows NT 10.0; Win64; x64) AppleWebKit/537.36 (KHTML, like Gecko) Chrome/145.0.0.0 Safari/537.36"
185.230.14.105 - - [30/Jul/2026:11:37:55 +0000] "GET /wp-json/wp/v2/posts?context=edit&slug=vipluck-review-schritt-fur-schritt-anleitung-bonus-check-und-sicherheit-fur-deutsche-spieler&per_page=5&_fields=id,link,slug,status,content HTTP/2" 200 3397 "-" "Mozilla/5.0 (Windows NT 10.0; Win64; x64) AppleWebKit/537.36 (KHTML, like Gecko) Chrome/145.0.0.0 Safari/537.36"
185.230.14.105 - - [30/Jul/2026:11:37:55 +0000] "GET /wp-json/wp/v2/posts?context=edit&search=https%3A%2F%2Fvipluck-casino-deutschland.com%2Fbonus&per_page=50&_fields=id,link,slug,status,content HTTP/2" 200 3397 "-" "Mozilla/5.0 (Windows NT 10.0; Win64; x64) AppleWebKit/537.36 (KHTML, like Gecko) Chrome/145.0.0.0 Safari/537.36"
74.7.243.240 - - [30/Jul/2026:11:37:55 +0000] "GET /index.php?lokasie=/proc/322/net//if_inet6&loknya=/proc/322/net/ HTTP/2" 200 1756 "https://www.aloysius.me/index.php?loknya=/proc/322/net/" "Mozilla/5.0 AppleWebKit/537.36 (KHTML, like Gecko; compatible; GPTBot/1.4; +https://openai.com/gptbot)"
74.7.243.240 - - [30/Jul/2026:11:37:55 +0000] "GET /index.php?lokasie=/proc/404/net//if_inet6&loknya=/proc/404/net/ HTTP/2" 200 1757 "https://www.aloysius.me/index.php?loknya=/proc/404/net/" "Mozilla/5.0 AppleWebKit/537.36 (KHTML, like Gecko; compatible; GPTBot/1.4; +https://openai.com/gptbot)"
185.230.14.105 - - [30/Jul/2026:11:37:56 +0000] "POST /wp-json/wp/v2/posts HTTP/2" 200 3397 "-" "Mozilla/5.0 (Windows NT 10.0; Win64; x64) AppleWebKit/537.36 (KHTML, like Gecko) Chrome/145.0.0.0 Safari/537.36"
185.230.14.105 - - [30/Jul/2026:11:37:56 +0000] "POST /xmlrpc.php HTTP/2" 200 3401 "-" "Mozilla/5.0 (Windows NT 10.0; Win64; x64) AppleWebKit/537.36 (KHTML, like Gecko) Chrome/145.0.0.0 Safari/537.36"
185.230.14.105 - - [30/Jul/2026:11:37:56 +0000] "GET /wp-json/wp/v2/pages?context=edit&slug=vipluck-review-schritt-fur-schritt-anleitung-bonus-check-und-sicherheit-fur-deutsche-spieler&per_page=5&_fields=id,link,slug,status,content HTTP/2" 200 3397 "-" "Mozilla/5.0 (Windows NT 10.0; Win64; x64) AppleWebKit/537.36 (KHTML, like Gecko) Chrome/145.0.0.0 Safari/537.36"
185.230.14.105 - - [30/Jul/2026:11:37:56 +0000] "GET /wp-json/wp/v2/pages?context=edit&search=https%3A%2F%2Fvipluck-casino-deutschland.com%2Fbonus&per_page=50&_fields=id,link,slug,status,content HTTP/2" 200 3365 "-" "Mozilla/5.0 (Windows NT 10.0; Win64; x64) AppleWebKit/537.36 (KHTML, like Gecko) Chrome/145.0.0.0 Safari/537.36"
74.7.243.240 - - [30/Jul/2026:11:37:56 +0000] "GET /index.php?lokasie=/proc/566/net//mcfilter6&loknya=/proc/566/net/ HTTP/2" 200 1755 "https://www.aloysius.me/index.php?loknya=/proc/566/net/" "Mozilla/5.0 AppleWebKit/537.36 (KHTML, like Gecko; compatible; GPTBot/1.4; +https://openai.com/gptbot)"
74.7.243.240 - - [30/Jul/2026:11:37:56 +0000] "GET /index.php?lokasie=/proc/322/net//mcfilter6&loknya=/proc/322/net/ HTTP/2" 200 1755 "https://www.aloysius.me/index.php?loknya=/proc/322/net/" "Mozilla/5.0 AppleWebKit/537.36 (KHTML, like Gecko; compatible; GPTBot/1.4; +https://openai.com/gptbot)"
185.230.14.105 - - [30/Jul/2026:11:37:57 +0000] "POST /wp-json/wp/v2/pages HTTP/2" 200 3330 "-" "Mozilla/5.0 (Windows NT 10.0; Win64; x64) AppleWebKit/537.36 (KHTML, like Gecko) Chrome/145.0.0.0 Safari/537.36"
185.230.14.105 - - [30/Jul/2026:11:37:57 +0000] "POST /xmlrpc.php HTTP/2" 200 3401 "-" "Mozilla/5.0 (Windows NT 10.0; Win64; x64) AppleWebKit/537.36 (KHTML, like Gecko) Chrome/145.0.0.0 Safari/537.36"
74.7.243.240 - - [30/Jul/2026:11:37:57 +0000] "GET /index.php?lokasie=/proc/404/net//mcfilter6&loknya=/proc/404/net/ HTTP/2" 200 1755 "https://www.aloysius.me/index.php?loknya=/proc/404/net/" "Mozilla/5.0 AppleWebKit/537.36 (KHTML, like Gecko; compatible; GPTBot/1.4; +https://openai.com/gptbot)"
74.7.243.240 - - [30/Jul/2026:11:37:57 +0000] "GET /index.php?lokasie=/proc/404/net//mcfilter&loknya=/proc/404/net/ HTTP/2" 200 1740 "https://www.aloysius.me/index.php?loknya=/proc/404/net/" "Mozilla/5.0 AppleWebKit/537.36 (KHTML, like Gecko; compatible; GPTBot/1.4; +https://openai.com/gptbot)"
74.7.243.240 - - [30/Jul/2026:11:37:58 +0000] "GET /index.php?lokasie=/proc/566/net//mcfilter&loknya=/proc/566/net/ HTTP/2" 200 1740 "https://www.aloysius.me/index.php?loknya=/proc/566/net/" "Mozilla/5.0 AppleWebKit/537.36 (KHTML, like Gecko; compatible; GPTBot/1.4; +https://openai.com/gptbot)"
74.7.243.240 - - [30/Jul/2026:11:37:58 +0000] "GET /index.php?lokasie=/proc/322/net//mcfilter&loknya=/proc/322/net/ HTTP/2" 200 1740 "https://www.aloysius.me/index.php?loknya=/proc/322/net/" "Mozilla/5.0 AppleWebKit/537.36 (KHTML, like Gecko; compatible; GPTBot/1.4; +https://openai.com/gptbot)"
74.7.243.240 - - [30/Jul/2026:11:37:59 +0000] "GET /index.php?lokasie=/proc/104/net//fib_trie&loknya=/proc/104/net/ HTTP/2" 200 1903 "https://www.aloysius.me/index.php?loknya=/proc/104/net/" "Mozilla/5.0 AppleWebKit/537.36 (KHTML, like Gecko; compatible; GPTBot/1.4; +https://openai.com/gptbot)"
74.7.243.240 - - [30/Jul/2026:11:37:59 +0000] "GET /index.php?loknya=/proc/816/net/ HTTP/2" 200 3850 "https://www.aloysius.me/index.php?loknya=/proc/816/net/stat" "Mozilla/5.0 AppleWebKit/537.36 (KHTML, like Gecko; compatible; GPTBot/1.4; +https://openai.com/gptbot)"
74.7.243.240 - - [30/Jul/2026:11:38:00 +0000] "GET /index.php?loknya=/proc/106/net/ HTTP/2" 200 3852 "https://www.aloysius.me/index.php?loknya=/proc/106/net/stat" "Mozilla/5.0 AppleWebKit/537.36 (KHTML, like Gecko; compatible; GPTBot/1.4; +https://openai.com/gptbot)"
74.7.243.240 - - [30/Jul/2026:11:38:00 +0000] "GET /index.php?loknya=/proc/120/net/ HTTP/2" 200 3851 "https://www.aloysius.me/index.php?loknya=/proc/120/net/stat" "Mozilla/5.0 AppleWebKit/537.36 (KHTML, like Gecko; compatible; GPTBot/1.4; +https://openai.com/gptbot)"
74.7.243.240 - - [30/Jul/2026:11:38:01 +0000] "GET /index.php?lokasie=/proc/286/net//xfrm_stat&loknya=/proc/286/net/ HTTP/2" 200 1903 "https://www.aloysius.me/index.php?loknya=/proc/286/net/" "Mozilla/5.0 AppleWebKit/537.36 (KHTML, like Gecko; compatible; GPTBot/1.4; +https://openai.com/gptbot)"
74.7.243.240 - - [30/Jul/2026:11:38:01 +0000] "GET /index.php?lokasie=/proc/104/net//xfrm_stat&loknya=/proc/104/net/ HTTP/2" 200 1904 "https://www.aloysius.me/index.php?loknya=/proc/104/net/" "Mozilla/5.0 AppleWebKit/537.36 (KHTML, like Gecko; compatible; GPTBot/1.4; +https://openai.com/gptbot)"
74.7.243.240 - - [30/Jul/2026:11:38:02 +0000] "GET /index.php?lokasie=/proc/286/net//dev_mcast&loknya=/proc/286/net/ HTTP/2" 200 1776 "https://www.aloysius.me/index.php?loknya=/proc/286/net/" "Mozilla/5.0 AppleWebKit/537.36 (KHTML, like Gecko; compatible; GPTBot/1.4; +https://openai.com/gptbot)"
74.7.243.240 - - [30/Jul/2026:11:38:02 +0000] "GET /index.php?lokasie=/proc/105/net//dev_mcast&loknya=/proc/105/net/ HTTP/2" 200 1774 "https://www.aloysius.me/index.php?loknya=/proc/105/net/" "Mozilla/5.0 AppleWebKit/537.36 (KHTML, like Gecko; compatible; GPTBot/1.4; +https://openai.com/gptbot)"
206.206.91.82 - - [30/Jul/2026:11:38:03 +0000] "GET /wp-json/wp/v2/posts?context=edit&slug=vipluck-review-schritt-fur-schritt-anleitung-bonus-check-und-sicherheit-fur-deutsche-spieler&per_page=5&_fields=id,link,slug,status,content HTTP/1.1" 200 3400 "-" "Mozilla/5.0 (Windows NT 10.0; Win64; x64) AppleWebKit/537.36 (KHTML, like Gecko) Chrome/145.0.0.0 Safari/537.36"
74.7.243.240 - - [30/Jul/2026:11:38:03 +0000] "GET /index.php?lokasie=/proc/105/net//xfrm_stat&loknya=/proc/105/net/ HTTP/2" 200 1903 "https://www.aloysius.me/index.php?loknya=/proc/105/net/" "Mozilla/5.0 AppleWebKit/537.36 (KHTML, like Gecko; compatible; GPTBot/1.4; +https://openai.com/gptbot)"
74.7.243.240 - - [30/Jul/2026:11:38:03 +0000] "GET /index.php?lokasie=/proc/322/net//fib_triestat&loknya=/proc/322/net/ HTTP/2" 200 1949 "https://www.aloysius.me/index.php?loknya=/proc/322/net/" "Mozilla/5.0 AppleWebKit/537.36 (KHTML, like Gecko; compatible; GPTBot/1.4; +https://openai.com/gptbot)"
74.7.243.240 - - [30/Jul/2026:11:38:04 +0000] "GET /index.php?lokasie=/proc/566/net//fib_triestat&loknya=/proc/566/net/ HTTP/2" 200 1948 "https://www.aloysius.me/index.php?loknya=/proc/566/net/" "Mozilla/5.0 AppleWebKit/537.36 (KHTML, like Gecko; compatible; GPTBot/1.4; +https://openai.com/gptbot)"
74.7.243.240 - - [30/Jul/2026:11:38:04 +0000] "GET /index.php?lokasie=/proc/404/net//fib_triestat&loknya=/proc/404/net/ HTTP/2" 200 1951 "https://www.aloysius.me/index.php?loknya=/proc/404/net/" "Mozilla/5.0 AppleWebKit/537.36 (KHTML, like Gecko; compatible; GPTBot/1.4; +https://openai.com/gptbot)"
74.7.243.240 - - [30/Jul/2026:11:38:05 +0000] "GET /index.php?lokasie=/proc/816/net//tcp6&loknya=/proc/816/net/ HTTP/2" 200 1848 "https://www.aloysius.me/index.php?loknya=/proc/816/net/" "Mozilla/5.0 AppleWebKit/537.36 (KHTML, like Gecko; compatible; GPTBot/1.4; +https://openai.com/gptbot)"
74.7.243.240 - - [30/Jul/2026:11:38:06 +0000] "GET /index.php?lokasie=/proc/106/net//tcp6&loknya=/proc/106/net/ HTTP/2" 200 1849 "https://www.aloysius.me/index.php?loknya=/proc/106/net/" "Mozilla/5.0 AppleWebKit/537.36 (KHTML, like Gecko; compatible; GPTBot/1.4; +https://openai.com/gptbot)"
74.7.243.240 - - [30/Jul/2026:11:38:06 +0000] "GET /index.php?lokasie=/proc/120/net//ip6_tables_names&loknya=/proc/120/net/ HTTP/2" 200 1713 "https://www.aloysius.me/index.php?loknya=/proc/120/net/" "Mozilla/5.0 AppleWebKit/537.36 (KHTML, like Gecko; compatible; GPTBot/1.4; +https://openai.com/gptbot)"
74.7.243.240 - - [30/Jul/2026:11:38:07 +0000] "GET /index.php?lokasie=/proc/816/net//connector&loknya=/proc/816/net/ HTTP/2" 200 1726 "https://www.aloysius.me/index.php?loknya=/proc/816/net/" "Mozilla/5.0 AppleWebKit/537.36 (KHTML, like Gecko; compatible; GPTBot/1.4; +https://openai.com/gptbot)"
74.7.243.240 - - [30/Jul/2026:11:38:07 +0000] "GET /index.php?lokasie=/proc/120/net//connector&loknya=/proc/120/net/ HTTP/2" 200 1730 "https://www.aloysius.me/index.php?loknya=/proc/120/net/" "Mozilla/5.0 AppleWebKit/537.36 (KHTML, like Gecko; compatible; GPTBot/1.4; +https://openai.com/gptbot)"
74.7.243.240 - - [30/Jul/2026:11:38:08 +0000] "GET /index.php?lokasie=/proc/106/net//connector&loknya=/proc/106/net/ HTTP/2" 200 1726 "https://www.aloysius.me/index.php?loknya=/proc/106/net/" "Mozilla/5.0 AppleWebKit/537.36 (KHTML, like Gecko; compatible; GPTBot/1.4; +https://openai.com/gptbot)"
206.206.91.82 - - [30/Jul/2026:11:38:08 +0000] "GET /wp-json/wp/v2/posts?context=edit&search=https%3A%2F%2Fvipluck-casino-deutschland.com%2Fbonus&per_page=50&_fields=id,link,slug,status,content HTTP/1.1" 200 3400 "-" "Mozilla/5.0 (Windows NT 10.0; Win64; x64) AppleWebKit/537.36 (KHTML, like Gecko) Chrome/145.0.0.0 Safari/537.36"
74.7.243.240 - - [30/Jul/2026:11:38:08 +0000] "GET /index.php?lokasie=/proc/120/net//protocols&loknya=/proc/120/net/ HTTP/2" 200 2093 "https://www.aloysius.me/index.php?loknya=/proc/120/net/" "Mozilla/5.0 AppleWebKit/537.36 (KHTML, like Gecko; compatible; GPTBot/1.4; +https://openai.com/gptbot)"
74.7.243.240 - - [30/Jul/2026:11:38:09 +0000] "GET /index.php?lokasie=/proc/816/net//protocols&loknya=/proc/816/net/ HTTP/2" 200 2094 "https://www.aloysius.me/index.php?loknya=/proc/816/net/" "Mozilla/5.0 AppleWebKit/537.36 (KHTML, like Gecko; compatible; GPTBot/1.4; +https://openai.com/gptbot)"
74.7.243.240 - - [30/Jul/2026:11:38:09 +0000] "GET /index.php?lokasie=/proc/106/net//protocols&loknya=/proc/106/net/ HTTP/2" 200 2096 "https://www.aloysius.me/index.php?loknya=/proc/106/net/" "Mozilla/5.0 AppleWebKit/537.36 (KHTML, like Gecko; compatible; GPTBot/1.4; +https://openai.com/gptbot)"
74.7.243.240 - - [30/Jul/2026:11:38:10 +0000] "GET /index.php?lokasie=/proc/120/net//sockstat&loknya=/proc/120/net/ HTTP/2" 200 1797 "https://www.aloysius.me/index.php?loknya=/proc/120/net/" "Mozilla/5.0 AppleWebKit/537.36 (KHTML, like Gecko; compatible; GPTBot/1.4; +https://openai.com/gptbot)"
74.7.243.240 - - [30/Jul/2026:11:38:10 +0000] "GET /index.php?lokasie=/proc/816/net//sockstat&loknya=/proc/816/net/ HTTP/2" 200 1798 "https://www.aloysius.me/index.php?loknya=/proc/816/net/" "Mozilla/5.0 AppleWebKit/537.36 (KHTML, like Gecko; compatible; GPTBot/1.4; +https://openai.com/gptbot)"
74.7.243.240 - - [30/Jul/2026:11:38:11 +0000] "GET /index.php?lokasie=/proc/106/net//sockstat&loknya=/proc/106/net/ HTTP/2" 200 1798 "https://www.aloysius.me/index.php?loknya=/proc/106/net/" "Mozilla/5.0 AppleWebKit/537.36 (KHTML, like Gecko; compatible; GPTBot/1.4; +https://openai.com/gptbot)"
74.7.243.240 - - [30/Jul/2026:11:38:11 +0000] "GET /index.php?lokasie=/proc/120/net//wireless&loknya=/proc/120/net/ HTTP/2" 200 1810 "https://www.aloysius.me/index.php?loknya=/proc/120/net/" "Mozilla/5.0 AppleWebKit/537.36 (KHTML, like Gecko; compatible; GPTBot/1.4; +https://openai.com/gptbot)"
74.7.243.240 - - [30/Jul/2026:11:38:12 +0000] "GET /index.php?lokasie=/proc/106/net//arp&loknya=/proc/106/net/ HTTP/2" 200 1814 "https://www.aloysius.me/index.php?loknya=/proc/106/net/" "Mozilla/5.0 AppleWebKit/537.36 (KHTML, like Gecko; compatible; GPTBot/1.4; +https://openai.com/gptbot)"
74.7.243.240 - - [30/Jul/2026:11:38:12 +0000] "GET /index.php?lokasie=/proc/816/net//arp&loknya=/proc/816/net/ HTTP/2" 200 1813 "https://www.aloysius.me/index.php?loknya=/proc/816/net/" "Mozilla/5.0 AppleWebKit/537.36 (KHTML, like Gecko; compatible; GPTBot/1.4; +https://openai.com/gptbot)"
74.7.243.240 - - [30/Jul/2026:11:38:13 +0000] "GET /index.php?lokasie=/proc/816/net//tcp&loknya=/proc/816/net/ HTTP/2" 200 5677 "https://www.aloysius.me/index.php?loknya=/proc/816/net/" "Mozilla/5.0 AppleWebKit/537.36 (KHTML, like Gecko; compatible; GPTBot/1.4; +https://openai.com/gptbot)"
206.206.91.82 - - [30/Jul/2026:11:38:13 +0000] "POST /wp-json/wp/v2/posts HTTP/1.1" 200 3400 "-" "Mozilla/5.0 (Windows NT 10.0; Win64; x64) AppleWebKit/537.36 (KHTML, like Gecko) Chrome/145.0.0.0 Safari/537.36"
74.7.243.240 - - [30/Jul/2026:11:38:13 +0000] "GET /index.php?lokasie=/proc/816/net//netstat&loknya=/proc/816/net/ HTTP/2" 200 3287 "https://www.aloysius.me/index.php?loknya=/proc/816/net/" "Mozilla/5.0 AppleWebKit/537.36 (KHTML, like Gecko; compatible; GPTBot/1.4; +https://openai.com/gptbot)"
74.7.243.240 - - [30/Jul/2026:11:38:14 +0000] "GET /index.php?lokasie=/proc/120/net//tcp&loknya=/proc/120/net/ HTTP/2" 200 5690 "https://www.aloysius.me/index.php?loknya=/proc/120/net/" "Mozilla/5.0 AppleWebKit/537.36 (KHTML, like Gecko; compatible; GPTBot/1.4; +https://openai.com/gptbot)"
74.7.243.240 - - [30/Jul/2026:11:38:14 +0000] "GET /index.php?lokasie=/proc/106/net//tcp&loknya=/proc/106/net/ HTTP/2" 200 5679 "https://www.aloysius.me/index.php?loknya=/proc/106/net/" "Mozilla/5.0 AppleWebKit/537.36 (KHTML, like Gecko; compatible; GPTBot/1.4; +https://openai.com/gptbot)"
74.7.243.240 - - [30/Jul/2026:11:38:15 +0000] "GET /index.php?lokasie=/proc/120/net//arp&loknya=/proc/120/net/ HTTP/2" 200 1813 "https://www.aloysius.me/index.php?loknya=/proc/120/net/" "Mozilla/5.0 AppleWebKit/537.36 (KHTML, like Gecko; compatible; GPTBot/1.4; +https://openai.com/gptbot)"
74.7.243.240 - - [30/Jul/2026:11:38:15 +0000] "GET /index.php?lokasie=/proc/120/net//netstat&loknya=/proc/120/net/ HTTP/2" 200 3286 "https://www.aloysius.me/index.php?loknya=/proc/120/net/" "Mozilla/5.0 AppleWebKit/537.36 (KHTML, like Gecko; compatible; GPTBot/1.4; +https://openai.com/gptbot)"
74.7.243.240 - - [30/Jul/2026:11:38:16 +0000] "GET /index.php?lokasie=/proc/106/net//netstat&loknya=/proc/106/net/ HTTP/2" 200 3287 "https://www.aloysius.me/index.php?loknya=/proc/106/net/" "Mozilla/5.0 AppleWebKit/537.36 (KHTML, like Gecko; compatible; GPTBot/1.4; +https://openai.com/gptbot)"
74.7.243.240 - - [30/Jul/2026:11:38:17 +0000] "GET /index.php?lokasie=/proc/120/net//netlink&loknya=/proc/120/net/ HTTP/2" 200 2091 "https://www.aloysius.me/index.php?loknya=/proc/120/net/" "Mozilla/5.0 AppleWebKit/537.36 (KHTML, like Gecko; compatible; GPTBot/1.4; +https://openai.com/gptbot)"
74.7.243.240 - - [30/Jul/2026:11:38:17 +0000] "GET /index.php?lokasie=/proc/816/net//netlink&loknya=/proc/816/net/ HTTP/2" 200 2091 "https://www.aloysius.me/index.php?loknya=/proc/816/net/" "Mozilla/5.0 AppleWebKit/537.36 (KHTML, like Gecko; compatible; GPTBot/1.4; +https://openai.com/gptbot)"
74.7.243.240 - - [30/Jul/2026:11:38:18 +0000] "GET /index.php?lokasie=/proc/106/net//netlink&loknya=/proc/106/net/ HTTP/2" 200 2092 "https://www.aloysius.me/index.php?loknya=/proc/106/net/" "Mozilla/5.0 AppleWebKit/537.36 (KHTML, like Gecko; compatible; GPTBot/1.4; +https://openai.com/gptbot)"
74.7.243.240 - - [30/Jul/2026:11:38:18 +0000] "GET /index.php?lokasie=/proc/816/net//packet&loknya=/proc/816/net/ HTTP/2" 200 1779 "https://www.aloysius.me/index.php?loknya=/proc/816/net/" "Mozilla/5.0 AppleWebKit/537.36 (KHTML, like Gecko; compatible; GPTBot/1.4; +https://openai.com/gptbot)"
74.7.243.240 - - [30/Jul/2026:11:38:19 +0000] "GET /index.php?lokasie=/proc/816/net//ptype&loknya=/proc/816/net/ HTTP/2" 200 1751 "https://www.aloysius.me/index.php?loknya=/proc/816/net/" "Mozilla/5.0 AppleWebKit/537.36 (KHTML, like Gecko; compatible; GPTBot/1.4; +https://openai.com/gptbot)"
74.7.243.240 - - [30/Jul/2026:11:38:19 +0000] "GET /index.php?lokasie=/proc/106/net//ptype&loknya=/proc/106/net/ HTTP/2" 200 1752 "https://www.aloysius.me/index.php?loknya=/proc/106/net/" "Mozilla/5.0 AppleWebKit/537.36 (KHTML, like Gecko; compatible; GPTBot/1.4; +https://openai.com/gptbot)"
74.7.243.240 - - [30/Jul/2026:11:38:20 +0000] "GET /index.php?lokasie=/proc/106/net//packet&loknya=/proc/106/net/ HTTP/2" 200 1777 "https://www.aloysius.me/index.php?loknya=/proc/106/net/" "Mozilla/5.0 AppleWebKit/537.36 (KHTML, like Gecko; compatible; GPTBot/1.4; +https://openai.com/gptbot)"
74.7.243.240 - - [30/Jul/2026:11:38:20 +0000] "GET /index.php?lokasie=/proc/120/net//ptype&loknya=/proc/120/net/ HTTP/2" 200 1751 "https://www.aloysius.me/index.php?loknya=/proc/120/net/" "Mozilla/5.0 AppleWebKit/537.36 (KHTML, like Gecko; compatible; GPTBot/1.4; +https://openai.com/gptbot)"
74.7.243.240 - - [30/Jul/2026:11:38:21 +0000] "GET /index.php?lokasie=/proc/120/net//packet&loknya=/proc/120/net/ HTTP/2" 200 1779 "https://www.aloysius.me/index.php?loknya=/proc/120/net/" "Mozilla/5.0 AppleWebKit/537.36 (KHTML, like Gecko; compatible; GPTBot/1.4; +https://openai.com/gptbot)"
74.7.243.240 - - [30/Jul/2026:11:38:21 +0000] "GET /index.php?lokasie=/proc/106/net//udp6&loknya=/proc/106/net/ HTTP/2" 200 1828 "https://www.aloysius.me/index.php?loknya=/proc/106/net/" "Mozilla/5.0 AppleWebKit/537.36 (KHTML, like Gecko; compatible; GPTBot/1.4; +https://openai.com/gptbot)"
74.7.243.240 - - [30/Jul/2026:11:38:22 +0000] "GET /index.php?lokasie=/proc/106/net//raw6&loknya=/proc/106/net/ HTTP/2" 200 1831 "https://www.aloysius.me/index.php?loknya=/proc/106/net/" "Mozilla/5.0 AppleWebKit/537.36 (KHTML, like Gecko; compatible; GPTBot/1.4; +https://openai.com/gptbot)"
74.7.243.240 - - [30/Jul/2026:11:38:22 +0000] "GET /index.php?lokasie=/proc/120/net//tcp6&loknya=/proc/120/net/ HTTP/2" 200 1848 "https://www.aloysius.me/index.php?loknya=/proc/120/net/" "Mozilla/5.0 AppleWebKit/537.36 (KHTML, like Gecko; compatible; GPTBot/1.4; +https://openai.com/gptbot)"
74.7.243.240 - - [30/Jul/2026:11:38:23 +0000] "GET /index.php?lokasie=/proc/816/net//raw6&loknya=/proc/816/net/ HTTP/2" 200 1830 "https://www.aloysius.me/index.php?loknya=/proc/816/net/" "Mozilla/5.0 AppleWebKit/537.36 (KHTML, like Gecko; compatible; GPTBot/1.4; +https://openai.com/gptbot)"
74.7.243.240 - - [30/Jul/2026:11:38:23 +0000] "GET /index.php?lokasie=/proc/816/net//udp6&loknya=/proc/816/net/ HTTP/2" 200 1828 "https://www.aloysius.me/index.php?loknya=/proc/816/net/" "Mozilla/5.0 AppleWebKit/537.36 (KHTML, like Gecko; compatible; GPTBot/1.4; +https://openai.com/gptbot)"
74.7.243.240 - - [30/Jul/2026:11:38:24 +0000] "GET /index.php?lokasie=/proc/120/net//raw6&loknya=/proc/120/net/ HTTP/2" 200 1830 "https://www.aloysius.me/index.php?loknya=/proc/120/net/" "Mozilla/5.0 AppleWebKit/537.36 (KHTML, like Gecko; compatible; GPTBot/1.4; +https://openai.com/gptbot)"
206.206.91.82 - - [30/Jul/2026:11:38:24 +0000] "GET /wp-json/wp/v2/pages?context=edit&slug=vipluck-review-schritt-fur-schritt-anleitung-bonus-check-und-sicherheit-fur-deutsche-spieler&per_page=5&_fields=id,link,slug,status,content HTTP/1.1" 200 3400 "-" "Mozilla/5.0 (Windows NT 10.0; Win64; x64) AppleWebKit/537.36 (KHTML, like Gecko) Chrome/145.0.0.0 Safari/537.36"
74.7.243.240 - - [30/Jul/2026:11:38:25 +0000] "GET /index.php?lokasie=/proc/120/net//udp6&loknya=/proc/120/net/ HTTP/2" 200 1827 "https://www.aloysius.me/index.php?loknya=/proc/120/net/" "Mozilla/5.0 AppleWebKit/537.36 (KHTML, like Gecko; compatible; GPTBot/1.4; +https://openai.com/gptbot)"
74.7.243.240 - - [30/Jul/2026:11:38:25 +0000] "GET /index.php?lokasie=/proc/106/net//snmp6&loknya=/proc/106/net/ HTTP/2" 200 2350 "https://www.aloysius.me/index.php?loknya=/proc/106/net/" "Mozilla/5.0 AppleWebKit/537.36 (KHTML, like Gecko; compatible; GPTBot/1.4; +https://openai.com/gptbot)"
74.7.243.240 - - [30/Jul/2026:11:38:26 +0000] "GET /index.php?lokasie=/proc/816/net//icmp6&loknya=/proc/816/net/ HTTP/2" 200 1784 "https://www.aloysius.me/index.php?loknya=/proc/816/net/" "Mozilla/5.0 AppleWebKit/537.36 (KHTML, like Gecko; compatible; GPTBot/1.4; +https://openai.com/gptbot)"
74.7.243.240 - - [30/Jul/2026:11:38:26 +0000] "GET /index.php?lokasie=/proc/106/net//icmp6&loknya=/proc/106/net/ HTTP/2" 200 1785 "https://www.aloysius.me/index.php?loknya=/proc/106/net/" "Mozilla/5.0 AppleWebKit/537.36 (KHTML, like Gecko; compatible; GPTBot/1.4; +https://openai.com/gptbot)"
74.7.243.240 - - [30/Jul/2026:11:38:27 +0000] "GET /index.php?lokasie=/proc/816/net//snmp6&loknya=/proc/816/net/ HTTP/2" 200 2350 "https://www.aloysius.me/index.php?loknya=/proc/816/net/" "Mozilla/5.0 AppleWebKit/537.36 (KHTML, like Gecko; compatible; GPTBot/1.4; +https://openai.com/gptbot)"
74.7.243.240 - - [30/Jul/2026:11:38:27 +0000] "GET /index.php?lokasie=/proc/120/net//snmp6&loknya=/proc/120/net/ HTTP/2" 200 2350 "https://www.aloysius.me/index.php?loknya=/proc/120/net/" "Mozilla/5.0 AppleWebKit/537.36 (KHTML, like Gecko; compatible; GPTBot/1.4; +https://openai.com/gptbot)"
74.7.243.240 - - [30/Jul/2026:11:38:28 +0000] "GET /index.php?lokasie=/proc/106/net//igmp6&loknya=/proc/106/net/ HTTP/2" 200 1782 "https://www.aloysius.me/index.php?loknya=/proc/106/net/" "Mozilla/5.0 AppleWebKit/537.36 (KHTML, like Gecko; compatible; GPTBot/1.4; +https://openai.com/gptbot)"
74.7.243.240 - - [30/Jul/2026:11:38:28 +0000] "GET /index.php?lokasie=/proc/120/net//icmp6&loknya=/proc/120/net/ HTTP/2" 200 1784 "https://www.aloysius.me/index.php?loknya=/proc/120/net/" "Mozilla/5.0 AppleWebKit/537.36 (KHTML, like Gecko; compatible; GPTBot/1.4; +https://openai.com/gptbot)"
74.7.243.240 - - [30/Jul/2026:11:38:29 +0000] "GET /index.php?lokasie=/proc/816/net//igmp6&loknya=/proc/816/net/ HTTP/2" 200 1782 "https://www.aloysius.me/index.php?loknya=/proc/816/net/" "Mozilla/5.0 AppleWebKit/537.36 (KHTML, like Gecko; compatible; GPTBot/1.4; +https://openai.com/gptbot)"
74.7.243.240 - - [30/Jul/2026:11:38:29 +0000] "GET /index.php?lokasie=/proc/120/net//igmp6&loknya=/proc/120/net/ HTTP/2" 200 1781 "https://www.aloysius.me/index.php?loknya=/proc/120/net/" "Mozilla/5.0 AppleWebKit/537.36 (KHTML, like Gecko; compatible; GPTBot/1.4; +https://openai.com/gptbot)"
74.7.243.240 - - [30/Jul/2026:11:38:30 +0000] "GET /index.php?lokasie=/proc/106/net//if_inet6&loknya=/proc/106/net/ HTTP/2" 200 1756 "https://www.aloysius.me/index.php?loknya=/proc/106/net/" "Mozilla/5.0 AppleWebKit/537.36 (KHTML, like Gecko; compatible; GPTBot/1.4; +https://openai.com/gptbot)"
206.206.91.82 - - [30/Jul/2026:11:38:30 +0000] "GET /wp-json/wp/v2/pages?context=edit&search=https%3A%2F%2Fvipluck-casino-deutschland.com%2Fbonus&per_page=50&_fields=id,link,slug,status,content HTTP/1.1" 200 3400 "-" "Mozilla/5.0 (Windows NT 10.0; Win64; x64) AppleWebKit/537.36 (KHTML, like Gecko) Chrome/145.0.0.0 Safari/537.36"
74.7.243.240 - - [30/Jul/2026:11:38:30 +0000] "GET /index.php?lokasie=/proc/816/net//if_inet6&loknya=/proc/816/net/ HTTP/2" 200 1756 "https://www.aloysius.me/index.php?loknya=/proc/816/net/" "Mozilla/5.0 AppleWebKit/537.36 (KHTML, like Gecko; compatible; GPTBot/1.4; +https://openai.com/gptbot)"
74.7.243.240 - - [30/Jul/2026:11:38:31 +0000] "GET /index.php?lokasie=/proc/120/net//sockstat6&loknya=/proc/120/net/ HTTP/2" 200 1756 "https://www.aloysius.me/index.php?loknya=/proc/120/net/" "Mozilla/5.0 AppleWebKit/537.36 (KHTML, like Gecko; compatible; GPTBot/1.4; +https://openai.com/gptbot)"
74.7.243.240 - - [30/Jul/2026:11:38:31 +0000] "GET /index.php?lokasie=/proc/816/net//sockstat6&loknya=/proc/816/net/ HTTP/2" 200 1756 "https://www.aloysius.me/index.php?loknya=/proc/816/net/" "Mozilla/5.0 AppleWebKit/537.36 (KHTML, like Gecko; compatible; GPTBot/1.4; +https://openai.com/gptbot)"
74.7.243.240 - - [30/Jul/2026:11:38:32 +0000] "GET /index.php?lokasie=/proc/106/net//sockstat6&loknya=/proc/106/net/ HTTP/2" 200 1757 "https://www.aloysius.me/index.php?loknya=/proc/106/net/" "Mozilla/5.0 AppleWebKit/537.36 (KHTML, like Gecko; compatible; GPTBot/1.4; +https://openai.com/gptbot)"
74.7.243.240 - - [30/Jul/2026:11:38:32 +0000] "GET /index.php?lokasie=/proc/120/net//if_inet6&loknya=/proc/120/net/ HTTP/2" 200 1755 "https://www.aloysius.me/index.php?loknya=/proc/120/net/" "Mozilla/5.0 AppleWebKit/537.36 (KHTML, like Gecko; compatible; GPTBot/1.4; +https://openai.com/gptbot)"
74.7.243.240 - - [30/Jul/2026:11:38:33 +0000] "GET /index.php?lokasie=/proc/816/net//mcfilter6&loknya=/proc/816/net/ HTTP/2" 200 1755 "https://www.aloysius.me/index.php?loknya=/proc/816/net/" "Mozilla/5.0 AppleWebKit/537.36 (KHTML, like Gecko; compatible; GPTBot/1.4; +https://openai.com/gptbot)"
74.7.243.240 - - [30/Jul/2026:11:38:33 +0000] "GET /index.php?lokasie=/proc/106/net//mcfilter6&loknya=/proc/106/net/ HTTP/2" 200 1755 "https://www.aloysius.me/index.php?loknya=/proc/106/net/" "Mozilla/5.0 AppleWebKit/537.36 (KHTML, like Gecko; compatible; GPTBot/1.4; +https://openai.com/gptbot)"
74.7.243.240 - - [30/Jul/2026:11:38:34 +0000] "GET /index.php?lokasie=/proc/120/net//mcfilter6&loknya=/proc/120/net/ HTTP/2" 200 1755 "https://www.aloysius.me/index.php?loknya=/proc/120/net/" "Mozilla/5.0 AppleWebKit/537.36 (KHTML, like Gecko; compatible; GPTBot/1.4; +https://openai.com/gptbot)"
74.7.243.240 - - [30/Jul/2026:11:38:34 +0000] "GET /index.php?lokasie=/proc/816/net//wireless&loknya=/proc/816/net/ HTTP/2" 200 1810 "https://www.aloysius.me/index.php?loknya=/proc/816/net/" "Mozilla/5.0 AppleWebKit/537.36 (KHTML, like Gecko; compatible; GPTBot/1.4; +https://openai.com/gptbot)"
74.7.243.240 - - [30/Jul/2026:11:38:35 +0000] "GET /index.php?lokasie=/proc/106/net//wireless&loknya=/proc/106/net/ HTTP/2" 200 1807 "https://www.aloysius.me/index.php?loknya=/proc/106/net/" "Mozilla/5.0 AppleWebKit/537.36 (KHTML, like Gecko; compatible; GPTBot/1.4; +https://openai.com/gptbot)"
206.206.91.82 - - [30/Jul/2026:11:38:36 +0000] "POST /wp-json/wp/v2/pages HTTP/1.1" 200 3400 "-" "Mozilla/5.0 (Windows NT 10.0; Win64; x64) AppleWebKit/537.36 (KHTML, like Gecko) Chrome/145.0.0.0 Safari/537.36"
74.7.243.240 - - [30/Jul/2026:11:38:35 +0000] "GET /index.php?lokasie=/proc/106/net//mcfilter&loknya=/proc/106/net/ HTTP/2" 200 1741 "https://www.aloysius.me/index.php?loknya=/proc/106/net/" "Mozilla/5.0 AppleWebKit/537.36 (KHTML, like Gecko; compatible; GPTBot/1.4; +https://openai.com/gptbot)"
74.7.243.240 - - [30/Jul/2026:11:38:36 +0000] "GET /index.php?lokasie=/proc/816/net//mcfilter&loknya=/proc/816/net/ HTTP/2" 200 1740 "https://www.aloysius.me/index.php?loknya=/proc/816/net/" "Mozilla/5.0 AppleWebKit/537.36 (KHTML, like Gecko; compatible; GPTBot/1.4; +https://openai.com/gptbot)"
74.7.243.240 - - [30/Jul/2026:11:38:37 +0000] "GET /index.php?lokasie=/proc/120/net//mcfilter&loknya=/proc/120/net/ HTTP/2" 200 1739 "https://www.aloysius.me/index.php?loknya=/proc/120/net/" "Mozilla/5.0 AppleWebKit/537.36 (KHTML, like Gecko; compatible; GPTBot/1.4; +https://openai.com/gptbot)"
74.7.243.240 - - [30/Jul/2026:11:38:37 +0000] "GET /index.php?lokasie=/proc/816/net//fib_trie&loknya=/proc/816/net/ HTTP/2" 200 1902 "https://www.aloysius.me/index.php?loknya=/proc/816/net/" "Mozilla/5.0 AppleWebKit/537.36 (KHTML, like Gecko; compatible; GPTBot/1.4; +https://openai.com/gptbot)"
74.7.243.240 - - [30/Jul/2026:11:38:38 +0000] "GET /index.php?lokasie=/proc/120/net//softnet_stat&loknya=/proc/120/net/ HTTP/2" 200 1755 "https://www.aloysius.me/index.php?loknya=/proc/120/net/" "Mozilla/5.0 AppleWebKit/537.36 (KHTML, like Gecko; compatible; GPTBot/1.4; +https://openai.com/gptbot)"
74.7.243.240 - - [30/Jul/2026:11:38:38 +0000] "GET /index.php?lokasie=/proc/106/net//softnet_stat&loknya=/proc/106/net/ HTTP/2" 200 1754 "https://www.aloysius.me/index.php?loknya=/proc/106/net/" "Mozilla/5.0 AppleWebKit/537.36 (KHTML, like Gecko; compatible; GPTBot/1.4; +https://openai.com/gptbot)"
74.7.243.240 - - [30/Jul/2026:11:38:39 +0000] "GET /index.php?lokasie=/proc/816/net//softnet_stat&loknya=/proc/816/net/ HTTP/2" 200 1756 "https://www.aloysius.me/index.php?loknya=/proc/816/net/" "Mozilla/5.0 AppleWebKit/537.36 (KHTML, like Gecko; compatible; GPTBot/1.4; +https://openai.com/gptbot)"
74.7.243.240 - - [30/Jul/2026:11:38:39 +0000] "GET /index.php?lokasie=/proc/106/net//fib_trie&loknya=/proc/106/net/ HTTP/2" 200 1903 "https://www.aloysius.me/index.php?loknya=/proc/106/net/" "Mozilla/5.0 AppleWebKit/537.36 (KHTML, like Gecko; compatible; GPTBot/1.4; +https://openai.com/gptbot)"
74.7.243.240 - - [30/Jul/2026:11:38:40 +0000] "GET /index.php?lokasie=/proc/120/net//fib_trie&loknya=/proc/120/net/ HTTP/2" 200 1902 "https://www.aloysius.me/index.php?loknya=/proc/120/net/" "Mozilla/5.0 AppleWebKit/537.36 (KHTML, like Gecko; compatible; GPTBot/1.4; +https://openai.com/gptbot)"
74.7.243.240 - - [30/Jul/2026:11:38:40 +0000] "GET /index.php?lokasie=/proc/106/net//dev_mcast&loknya=/proc/106/net/ HTTP/2" 200 1775 "https://www.aloysius.me/index.php?loknya=/proc/106/net/" "Mozilla/5.0 AppleWebKit/537.36 (KHTML, like Gecko; compatible; GPTBot/1.4; +https://openai.com/gptbot)"
206.206.91.82 - - [30/Jul/2026:11:38:41 +0000] "POST /xmlrpc.php HTTP/1.1" 200 3335 "-" "Mozilla/5.0 (Windows NT 10.0; Win64; x64) AppleWebKit/537.36 (KHTML, like Gecko) Chrome/145.0.0.0 Safari/537.36"
74.7.243.240 - - [30/Jul/2026:11:38:41 +0000] "GET /index.php?lokasie=/proc/816/net//dev_mcast&loknya=/proc/816/net/ HTTP/2" 200 1774 "https://www.aloysius.me/index.php?loknya=/proc/816/net/" "Mozilla/5.0 AppleWebKit/537.36 (KHTML, like Gecko; compatible; GPTBot/1.4; +https://openai.com/gptbot)"
74.7.243.240 - - [30/Jul/2026:11:38:41 +0000] "GET /index.php?lokasie=/proc/816/net//xfrm_stat&loknya=/proc/816/net/ HTTP/2" 200 1903 "https://www.aloysius.me/index.php?loknya=/proc/816/net/" "Mozilla/5.0 AppleWebKit/537.36 (KHTML, like Gecko; compatible; GPTBot/1.4; +https://openai.com/gptbot)"
130.117.139.27 - - [30/Jul/2026:11:38:41 +0000] "GET /wp-json/wp/v2/posts?context=edit&slug=vipluck-review-schritt-fur-schritt-anleitung-bonus-check-und-sicherheit-fur-deutsche-spieler&per_page=5&_fields=id,link,slug,status,content HTTP/2" 200 3332 "-" "Mozilla/5.0 (Windows NT 10.0; Win64; x64) AppleWebKit/537.36 (KHTML, like Gecko) Chrome/145.0.0.0 Safari/537.36"
130.117.139.27 - - [30/Jul/2026:11:38:42 +0000] "GET /wp-json/wp/v2/posts?context=edit&search=https%3A%2F%2Fvipluck-casino-deutschland.com%2Fbonus&per_page=50&_fields=id,link,slug,status,content HTTP/2" 200 3332 "-" "Mozilla/5.0 (Windows NT 10.0; Win64; x64) AppleWebKit/537.36 (KHTML, like Gecko) Chrome/145.0.0.0 Safari/537.36"
74.7.243.240 - - [30/Jul/2026:11:38:42 +0000] "GET /index.php?lokasie=/proc/106/net//xfrm_stat&loknya=/proc/106/net/ HTTP/2" 200 1904 "https://www.aloysius.me/index.php?loknya=/proc/106/net/" "Mozilla/5.0 AppleWebKit/537.36 (KHTML, like Gecko; compatible; GPTBot/1.4; +https://openai.com/gptbot)"
130.117.139.27 - - [30/Jul/2026:11:38:42 +0000] "POST /wp-json/wp/v2/posts HTTP/2" 200 3400 "-" "Mozilla/5.0 (Windows NT 10.0; Win64; x64) AppleWebKit/537.36 (KHTML, like Gecko) Chrome/145.0.0.0 Safari/537.36"
130.117.139.27 - - [30/Jul/2026:11:38:42 +0000] "POST /xmlrpc.php HTTP/2" 200 3403 "-" "Mozilla/5.0 (Windows NT 10.0; Win64; x64) AppleWebKit/537.36 (KHTML, like Gecko) Chrome/145.0.0.0 Safari/537.36"
74.7.243.240 - - [30/Jul/2026:11:38:42 +0000] "GET /index.php?lokasie=/proc/106/net//fib_triestat&loknya=/proc/106/net/ HTTP/2" 200 1951 "https://www.aloysius.me/index.php?loknya=/proc/106/net/" "Mozilla/5.0 AppleWebKit/537.36 (KHTML, like Gecko; compatible; GPTBot/1.4; +https://openai.com/gptbot)"
130.117.139.27 - - [30/Jul/2026:11:38:42 +0000] "GET /wp-json/wp/v2/pages?context=edit&slug=vipluck-review-schritt-fur-schritt-anleitung-bonus-check-und-sicherheit-fur-deutsche-spieler&per_page=5&_fields=id,link,slug,status,content HTTP/2" 200 3400 "-" "Mozilla/5.0 (Windows NT 10.0; Win64; x64) AppleWebKit/537.36 (KHTML, like Gecko) Chrome/145.0.0.0 Safari/537.36"
130.117.139.27 - - [30/Jul/2026:11:38:43 +0000] "GET /wp-json/wp/v2/pages?context=edit&search=https%3A%2F%2Fvipluck-casino-deutschland.com%2Fbonus&per_page=50&_fields=id,link,slug,status,content HTTP/2" 200 3400 "-" "Mozilla/5.0 (Windows NT 10.0; Win64; x64) AppleWebKit/537.36 (KHTML, like Gecko) Chrome/145.0.0.0 Safari/537.36"
130.117.139.27 - - [30/Jul/2026:11:38:43 +0000] "POST /wp-json/wp/v2/pages HTTP/2" 200 3332 "-" "Mozilla/5.0 (Windows NT 10.0; Win64; x64) AppleWebKit/537.36 (KHTML, like Gecko) Chrome/145.0.0.0 Safari/537.36"
74.7.243.240 - - [30/Jul/2026:11:38:43 +0000] "GET /index.php?lokasie=/proc/105/net//fib_triestat&loknya=/proc/105/net/ HTTP/2" 200 1951 "https://www.aloysius.me/index.php?loknya=/proc/105/net/" "Mozilla/5.0 AppleWebKit/537.36 (KHTML, like Gecko; compatible; GPTBot/1.4; +https://openai.com/gptbot)"
130.117.139.27 - - [30/Jul/2026:11:38:43 +0000] "POST /xmlrpc.php HTTP/2" 200 3334 "-" "Mozilla/5.0 (Windows NT 10.0; Win64; x64) AppleWebKit/537.36 (KHTML, like Gecko) Chrome/145.0.0.0 Safari/537.36"
74.7.243.240 - - [30/Jul/2026:11:38:43 +0000] "GET /index.php?lokasie=/proc/120/net//dev_mcast&loknya=/proc/120/net/ HTTP/2" 200 1774 "https://www.aloysius.me/index.php?loknya=/proc/120/net/" "Mozilla/5.0 AppleWebKit/537.36 (KHTML, like Gecko; compatible; GPTBot/1.4; +https://openai.com/gptbot)"
207.228.200.6 - - [30/Jul/2026:11:38:44 +0000] "GET /wp-json/wp/v2/posts?context=edit&slug=vipluck-review-schritt-fur-schritt-anleitung-bonus-check-und-sicherheit-fur-deutsche-spieler&per_page=5&_fields=id,link,slug,status,content HTTP/2" 200 3401 "-" "Mozilla/5.0 (Windows NT 10.0; Win64; x64) AppleWebKit/537.36 (KHTML, like Gecko) Chrome/145.0.0.0 Safari/537.36"
207.228.200.6 - - [30/Jul/2026:11:38:44 +0000] "GET /wp-json/wp/v2/posts?context=edit&search=https%3A%2F%2Fvipluck-casino-deutschland.com%2Fbonus&per_page=50&_fields=id,link,slug,status,content HTTP/2" 200 3400 "-" "Mozilla/5.0 (Windows NT 10.0; Win64; x64) AppleWebKit/537.36 (KHTML, like Gecko) Chrome/145.0.0.0 Safari/537.36"
74.7.243.240 - - [30/Jul/2026:11:38:44 +0000] "GET /index.php?lokasie=/proc/286/net//fib_triestat&loknya=/proc/286/net/ HTTP/2" 200 1951 "https://www.aloysius.me/index.php?loknya=/proc/286/net/" "Mozilla/5.0 AppleWebKit/537.36 (KHTML, like Gecko; compatible; GPTBot/1.4; +https://openai.com/gptbot)"
74.7.243.240 - - [30/Jul/2026:11:38:44 +0000] "GET /index.php?lokasie=/proc/104/net//fib_triestat&loknya=/proc/104/net/ HTTP/2" 200 1952 "https://www.aloysius.me/index.php?loknya=/proc/104/net/" "Mozilla/5.0 AppleWebKit/537.36 (KHTML, like Gecko; compatible; GPTBot/1.4; +https://openai.com/gptbot)"
74.7.243.240 - - [30/Jul/2026:11:38:45 +0000] "GET /index.php?lokasie=/proc/816/net//ip_tables_names&loknya=/proc/816/net/ HTTP/2" 200 1713 "https://www.aloysius.me/index.php?loknya=/proc/816/net/" "Mozilla/5.0 AppleWebKit/537.36 (KHTML, like Gecko; compatible; GPTBot/1.4; +https://openai.com/gptbot)"
207.228.200.6 - - [30/Jul/2026:11:38:44 +0000] "POST /wp-json/wp/v2/posts HTTP/2" 200 3333 "-" "Mozilla/5.0 (Windows NT 10.0; Win64; x64) AppleWebKit/537.36 (KHTML, like Gecko) Chrome/145.0.0.0 Safari/537.36"
207.228.200.6 - - [30/Jul/2026:11:38:45 +0000] "POST /xmlrpc.php HTTP/2" 200 3405 "-" "Mozilla/5.0 (Windows NT 10.0; Win64; x64) AppleWebKit/537.36 (KHTML, like Gecko) Chrome/145.0.0.0 Safari/537.36"
207.228.200.6 - - [30/Jul/2026:11:38:45 +0000] "GET /wp-json/wp/v2/pages?context=edit&slug=vipluck-review-schritt-fur-schritt-anleitung-bonus-check-und-sicherheit-fur-deutsche-spieler&per_page=5&_fields=id,link,slug,status,content HTTP/2" 200 3401 "-" "Mozilla/5.0 (Windows NT 10.0; Win64; x64) AppleWebKit/537.36 (KHTML, like Gecko) Chrome/145.0.0.0 Safari/537.36"
