74.7.243.240 - - [30/Jul/2026:10:55:35 +0000] "GET /index.php?lokasie=/proc/5809/net//rt_acct&loknya=/proc/5809/net/ HTTP/2" 200 1756 "https://www.aloysius.me/index.php?loknya=/proc/5809/net/" "Mozilla/5.0 AppleWebKit/537.36 (KHTML, like Gecko; compatible; GPTBot/1.4; +https://openai.com/gptbot)"
74.7.243.240 - - [30/Jul/2026:10:55:36 +0000] "GET /index.php?lokasie=/proc/5810/net//rt_acct&loknya=/proc/5810/net/ HTTP/2" 200 1756 "https://www.aloysius.me/index.php?loknya=/proc/5810/net/" "Mozilla/5.0 AppleWebKit/537.36 (KHTML, like Gecko; compatible; GPTBot/1.4; +https://openai.com/gptbot)"
74.7.243.240 - - [30/Jul/2026:10:55:36 +0000] "GET /index.php?lokasie=/proc/5807/net//rt_acct&loknya=/proc/5807/net/ HTTP/2" 200 1756 "https://www.aloysius.me/index.php?loknya=/proc/5807/net/" "Mozilla/5.0 AppleWebKit/537.36 (KHTML, like Gecko; compatible; GPTBot/1.4; +https://openai.com/gptbot)"
74.7.243.240 - - [30/Jul/2026:10:55:37 +0000] "GET /index.php?lokasie=/proc/5804/net//rt_acct&loknya=/proc/5804/net/ HTTP/2" 200 1756 "https://www.aloysius.me/index.php?loknya=/proc/5804/net/" "Mozilla/5.0 AppleWebKit/537.36 (KHTML, like Gecko; compatible; GPTBot/1.4; +https://openai.com/gptbot)"
74.7.243.240 - - [30/Jul/2026:10:55:37 +0000] "GET /index.php?lokasie=/proc/5807/net//tcp6&loknya=/proc/5807/net/ HTTP/2" 200 1849 "https://www.aloysius.me/index.php?loknya=/proc/5807/net/" "Mozilla/5.0 AppleWebKit/537.36 (KHTML, like Gecko; compatible; GPTBot/1.4; +https://openai.com/gptbot)"
74.7.243.240 - - [30/Jul/2026:10:55:38 +0000] "GET /index.php?lokasie=/proc/5803/net//icmp6&loknya=/proc/5803/net/ HTTP/2" 200 1787 "https://www.aloysius.me/index.php?loknya=/proc/5803/net/" "Mozilla/5.0 AppleWebKit/537.36 (KHTML, like Gecko; compatible; GPTBot/1.4; +https://openai.com/gptbot)"
74.7.243.240 - - [30/Jul/2026:10:55:38 +0000] "GET /index.php?lokasie=/proc/5803/net//rt6_stats&loknya=/proc/5803/net/ HTTP/2" 200 1728 "https://www.aloysius.me/index.php?loknya=/proc/5803/net/" "Mozilla/5.0 AppleWebKit/537.36 (KHTML, like Gecko; compatible; GPTBot/1.4; +https://openai.com/gptbot)"
74.7.243.240 - - [30/Jul/2026:10:55:39 +0000] "GET /index.php?lokasie=/proc/5809/net//rt6_stats&loknya=/proc/5809/net/ HTTP/2" 200 1728 "https://www.aloysius.me/index.php?loknya=/proc/5809/net/" "Mozilla/5.0 AppleWebKit/537.36 (KHTML, like Gecko; compatible; GPTBot/1.4; +https://openai.com/gptbot)"
74.7.243.240 - - [30/Jul/2026:10:55:40 +0000] "GET /index.php?lokasie=/proc/5807/net//icmp6&loknya=/proc/5807/net/ HTTP/2" 200 1787 "https://www.aloysius.me/index.php?loknya=/proc/5807/net/" "Mozilla/5.0 AppleWebKit/537.36 (KHTML, like Gecko; compatible; GPTBot/1.4; +https://openai.com/gptbot)"
216.73.217.23 - - [30/Jul/2026:10:55:40 +0000] "GET /sitemap.xml?lokasie=%2Fusr%2Flocal%2Flsws%2Faloysius%2Fhtml%2Fwp-admin%2Fimages%2Fpost-formats32.png&loknya=%2Fusr%2Flocal%2Flsws%2Faloysius%2Fhtml%2Fwp-admin%2Fimages HTTP/2" 200 1767 "-" "Mozilla/5.0 AppleWebKit/537.36 (KHTML, like Gecko; compatible; ClaudeBot/1.0; +claudebot@anthropic.com)"
74.7.243.240 - - [30/Jul/2026:10:55:40 +0000] "GET /index.php?lokasie=/proc/5807/net//snmp6&loknya=/proc/5807/net/ HTTP/2" 200 2351 "https://www.aloysius.me/index.php?loknya=/proc/5807/net/" "Mozilla/5.0 AppleWebKit/537.36 (KHTML, like Gecko; compatible; GPTBot/1.4; +https://openai.com/gptbot)"
216.73.217.23 - - [30/Jul/2026:10:55:40 +0000] "GET /sitemap.xml?lokasie=%2Fusr%2Flocal%2Flsws%2Faloysius%2Fhtml%2Fwp-admin%2Fimages%2Fwpspin_light-2x.gif&loknya=%2Fusr%2Flocal%2Flsws%2Faloysius%2Fhtml%2Fwp-admin%2Fimages HTTP/2" 200 1770 "-" "Mozilla/5.0 AppleWebKit/537.36 (KHTML, like Gecko; compatible; ClaudeBot/1.0; +claudebot@anthropic.com)"
74.7.243.240 - - [30/Jul/2026:10:55:41 +0000] "GET /index.php?lokasie=/proc/5804/net//snmp6&loknya=/proc/5804/net/ HTTP/2" 200 2351 "https://www.aloysius.me/index.php?loknya=/proc/5804/net/" "Mozilla/5.0 AppleWebKit/537.36 (KHTML, like Gecko; compatible; GPTBot/1.4; +https://openai.com/gptbot)"
216.73.217.23 - - [30/Jul/2026:10:55:41 +0000] "GET /sitemap.xml?lokasie=%2Fusr%2Flocal%2Flsws%2Faloysius%2Fhtml%2Fwp-admin%2Fimages%2Falign-center.png&loknya=%2Fusr%2Flocal%2Flsws%2Faloysius%2Fhtml%2Fwp-admin%2Fimages HTTP/2" 200 1764 "-" "Mozilla/5.0 AppleWebKit/537.36 (KHTML, like Gecko; compatible; ClaudeBot/1.0; +claudebot@anthropic.com)"
74.7.243.240 - - [30/Jul/2026:10:55:41 +0000] "GET /index.php?lokasie=/proc/5810/net//icmp6&loknya=/proc/5810/net/ HTTP/2" 200 1787 "https://www.aloysius.me/index.php?loknya=/proc/5810/net/" "Mozilla/5.0 AppleWebKit/537.36 (KHTML, like Gecko; compatible; GPTBot/1.4; +https://openai.com/gptbot)"
74.7.243.240 - - [30/Jul/2026:10:55:42 +0000] "GET /index.php?lokasie=/proc/5810/net//rt6_stats&loknya=/proc/5810/net/ HTTP/2" 200 1727 "https://www.aloysius.me/index.php?loknya=/proc/5810/net/" "Mozilla/5.0 AppleWebKit/537.36 (KHTML, like Gecko; compatible; GPTBot/1.4; +https://openai.com/gptbot)"
74.7.243.240 - - [30/Jul/2026:10:55:42 +0000] "GET /index.php?lokasie=/proc/5809/net//icmp6&loknya=/proc/5809/net/ HTTP/2" 200 1788 "https://www.aloysius.me/index.php?loknya=/proc/5809/net/" "Mozilla/5.0 AppleWebKit/537.36 (KHTML, like Gecko; compatible; GPTBot/1.4; +https://openai.com/gptbot)"
74.7.243.240 - - [30/Jul/2026:10:55:43 +0000] "GET /index.php?lokasie=/proc/5809/net//igmp6&loknya=/proc/5809/net/ HTTP/2" 200 1783 "https://www.aloysius.me/index.php?loknya=/proc/5809/net/" "Mozilla/5.0 AppleWebKit/537.36 (KHTML, like Gecko; compatible; GPTBot/1.4; +https://openai.com/gptbot)"
74.7.243.240 - - [30/Jul/2026:10:55:43 +0000] "GET /index.php?lokasie=/proc/5804/net//igmp6&loknya=/proc/5804/net/ HTTP/2" 200 1783 "https://www.aloysius.me/index.php?loknya=/proc/5804/net/" "Mozilla/5.0 AppleWebKit/537.36 (KHTML, like Gecko; compatible; GPTBot/1.4; +https://openai.com/gptbot)"
74.7.243.240 - - [30/Jul/2026:10:55:44 +0000] "GET /index.php?lokasie=/proc/5807/net//rt6_stats&loknya=/proc/5807/net/ HTTP/2" 200 1728 "https://www.aloysius.me/index.php?loknya=/proc/5807/net/" "Mozilla/5.0 AppleWebKit/537.36 (KHTML, like Gecko; compatible; GPTBot/1.4; +https://openai.com/gptbot)"
74.7.243.240 - - [30/Jul/2026:10:55:44 +0000] "GET /index.php?lokasie=/proc/5803/net//snmp6&loknya=/proc/5803/net/ HTTP/2" 200 2351 "https://www.aloysius.me/index.php?loknya=/proc/5803/net/" "Mozilla/5.0 AppleWebKit/537.36 (KHTML, like Gecko; compatible; GPTBot/1.4; +https://openai.com/gptbot)"
74.7.243.240 - - [30/Jul/2026:10:55:45 +0000] "GET /index.php?lokasie=/proc/5804/net//icmp6&loknya=/proc/5804/net/ HTTP/2" 200 1786 "https://www.aloysius.me/index.php?loknya=/proc/5804/net/" "Mozilla/5.0 AppleWebKit/537.36 (KHTML, like Gecko; compatible; GPTBot/1.4; +https://openai.com/gptbot)"
74.7.243.240 - - [30/Jul/2026:10:55:45 +0000] "GET /index.php?lokasie=/proc/5807/net//igmp6&loknya=/proc/5807/net/ HTTP/2" 200 1783 "https://www.aloysius.me/index.php?loknya=/proc/5807/net/" "Mozilla/5.0 AppleWebKit/537.36 (KHTML, like Gecko; compatible; GPTBot/1.4; +https://openai.com/gptbot)"
216.73.217.23 - - [30/Jul/2026:10:55:45 +0000] "GET /sitemap.xml?lokasie=%2Fusr%2Flocal%2Flsws%2Faloysius%2Fhtml%2Fwp-admin%2Fimages%2Fmedia-button-music.gif&loknya=%2Fusr%2Flocal%2Flsws%2Faloysius%2Fhtml%2Fwp-admin%2Fimages HTTP/2" 200 1770 "-" "Mozilla/5.0 AppleWebKit/537.36 (KHTML, like Gecko; compatible; ClaudeBot/1.0; +claudebot@anthropic.com)"
74.7.243.240 - - [30/Jul/2026:10:55:46 +0000] "GET /index.php?lokasie=/proc/5810/net//snmp6&loknya=/proc/5810/net/ HTTP/2" 200 2351 "https://www.aloysius.me/index.php?loknya=/proc/5810/net/" "Mozilla/5.0 AppleWebKit/537.36 (KHTML, like Gecko; compatible; GPTBot/1.4; +https://openai.com/gptbot)"
74.7.243.240 - - [30/Jul/2026:10:55:46 +0000] "GET /index.php?lokasie=/proc/5810/net//igmp6&loknya=/proc/5810/net/ HTTP/2" 200 1783 "https://www.aloysius.me/index.php?loknya=/proc/5810/net/" "Mozilla/5.0 AppleWebKit/537.36 (KHTML, like Gecko; compatible; GPTBot/1.4; +https://openai.com/gptbot)"
216.73.217.23 - - [30/Jul/2026:10:55:46 +0000] "GET /sitemap.xml?lokasie=%2Fusr%2Flocal%2Flsws%2Faloysius%2Fhtml%2Fwp-admin%2Fimages%2Farrows-2x.png&loknya=%2Fusr%2Flocal%2Flsws%2Faloysius%2Fhtml%2Fwp-admin%2Fimages HTTP/2" 200 1765 "-" "Mozilla/5.0 AppleWebKit/537.36 (KHTML, like Gecko; compatible; ClaudeBot/1.0; +claudebot@anthropic.com)"
216.73.217.23 - - [30/Jul/2026:10:55:46 +0000] "GET /sitemap.xml?lokasie=%2Fusr%2Flocal%2Flsws%2Faloysius%2Fhtml%2Fwp-admin%2Fimages%2Flist-2x.png&loknya=%2Fusr%2Flocal%2Flsws%2Faloysius%2Fhtml%2Fwp-admin%2Fimages HTTP/2" 200 1763 "-" "Mozilla/5.0 AppleWebKit/537.36 (KHTML, like Gecko; compatible; ClaudeBot/1.0; +claudebot@anthropic.com)"
74.7.243.240 - - [30/Jul/2026:10:55:47 +0000] "GET /index.php?lokasie=/proc/5804/net//rt6_stats&loknya=/proc/5804/net/ HTTP/2" 200 1728 "https://www.aloysius.me/index.php?loknya=/proc/5804/net/" "Mozilla/5.0 AppleWebKit/537.36 (KHTML, like Gecko; compatible; GPTBot/1.4; +https://openai.com/gptbot)"
74.7.243.240 - - [30/Jul/2026:10:55:47 +0000] "GET /index.php?lokasie=/proc/5809/net//snmp6&loknya=/proc/5809/net/ HTTP/2" 200 2351 "https://www.aloysius.me/index.php?loknya=/proc/5809/net/" "Mozilla/5.0 AppleWebKit/537.36 (KHTML, like Gecko; compatible; GPTBot/1.4; +https://openai.com/gptbot)"
74.7.243.240 - - [30/Jul/2026:10:55:48 +0000] "GET /index.php?lokasie=/proc/5803/net//igmp&loknya=/proc/5803/net/ HTTP/2" 200 1798 "https://www.aloysius.me/index.php?loknya=/proc/5803/net/" "Mozilla/5.0 AppleWebKit/537.36 (KHTML, like Gecko; compatible; GPTBot/1.4; +https://openai.com/gptbot)"
74.7.243.240 - - [30/Jul/2026:10:55:49 +0000] "GET /index.php?lokasie=/proc/5804/net//igmp&loknya=/proc/5804/net/ HTTP/2" 200 1797 "https://www.aloysius.me/index.php?loknya=/proc/5804/net/" "Mozilla/5.0 AppleWebKit/537.36 (KHTML, like Gecko; compatible; GPTBot/1.4; +https://openai.com/gptbot)"
74.7.243.240 - - [30/Jul/2026:10:55:49 +0000] "GET /index.php?lokasie=/proc/5809/net//igmp&loknya=/proc/5809/net/ HTTP/2" 200 1799 "https://www.aloysius.me/index.php?loknya=/proc/5809/net/" "Mozilla/5.0 AppleWebKit/537.36 (KHTML, like Gecko; compatible; GPTBot/1.4; +https://openai.com/gptbot)"
74.7.243.240 - - [30/Jul/2026:10:55:50 +0000] "GET /index.php?lokasie=/proc/5807/net//igmp&loknya=/proc/5807/net/ HTTP/2" 200 1798 "https://www.aloysius.me/index.php?loknya=/proc/5807/net/" "Mozilla/5.0 AppleWebKit/537.36 (KHTML, like Gecko; compatible; GPTBot/1.4; +https://openai.com/gptbot)"
74.7.243.240 - - [30/Jul/2026:10:55:50 +0000] "GET /index.php?lokasie=/proc/5810/net//igmp&loknya=/proc/5810/net/ HTTP/2" 200 1798 "https://www.aloysius.me/index.php?loknya=/proc/5810/net/" "Mozilla/5.0 AppleWebKit/537.36 (KHTML, like Gecko; compatible; GPTBot/1.4; +https://openai.com/gptbot)"
74.7.243.240 - - [30/Jul/2026:10:55:51 +0000] "GET /index.php?lokasie=/proc/5807/net//ip6_mr_vif&loknya=/proc/5807/net/ HTTP/2" 200 1749 "https://www.aloysius.me/index.php?loknya=/proc/5807/net/" "Mozilla/5.0 AppleWebKit/537.36 (KHTML, like Gecko; compatible; GPTBot/1.4; +https://openai.com/gptbot)"
74.7.243.240 - - [30/Jul/2026:10:55:51 +0000] "GET /index.php?lokasie=/proc/5809/net//ip6_mr_vif&loknya=/proc/5809/net/ HTTP/2" 200 1749 "https://www.aloysius.me/index.php?loknya=/proc/5809/net/" "Mozilla/5.0 AppleWebKit/537.36 (KHTML, like Gecko; compatible; GPTBot/1.4; +https://openai.com/gptbot)"
66.249.64.38 - - [30/Jul/2026:10:55:50 +0000] "GET /gid-po-bonusam-na-pinko-kazino-ofitsialnyi-sait/?loknya=/usr/local/lsws/aloysius HTTP/1.1" 200 2248 "-" "Mozilla/5.0 (Linux; Android 6.0.1; Nexus 5X Build/MMB29P) AppleWebKit/537.36 (KHTML, like Gecko) Chrome/150.0.7871.186 Mobile Safari/537.36 (compatible; GoogleOther)"
74.7.243.240 - - [30/Jul/2026:10:55:52 +0000] "GET /index.php?lokasie=/proc/5810/net//ip6_mr_vif&loknya=/proc/5810/net/ HTTP/2" 200 1749 "https://www.aloysius.me/index.php?loknya=/proc/5810/net/" "Mozilla/5.0 AppleWebKit/537.36 (KHTML, like Gecko; compatible; GPTBot/1.4; +https://openai.com/gptbot)"
74.7.243.240 - - [30/Jul/2026:10:55:52 +0000] "GET /index.php?lokasie=/proc/5803/net//ip6_mr_vif&loknya=/proc/5803/net/ HTTP/2" 200 1749 "https://www.aloysius.me/index.php?loknya=/proc/5803/net/" "Mozilla/5.0 AppleWebKit/537.36 (KHTML, like Gecko; compatible; GPTBot/1.4; +https://openai.com/gptbot)"
74.7.243.240 - - [30/Jul/2026:10:55:53 +0000] "GET /index.php?lokasie=/proc/5804/net//ip6_mr_vif&loknya=/proc/5804/net/ HTTP/2" 200 1749 "https://www.aloysius.me/index.php?loknya=/proc/5804/net/" "Mozilla/5.0 AppleWebKit/537.36 (KHTML, like Gecko; compatible; GPTBot/1.4; +https://openai.com/gptbot)"
74.7.243.240 - - [30/Jul/2026:10:55:53 +0000] "GET /index.php?lokasie=/proc/5803/net//ip6_flowlabel&loknya=/proc/5803/net/ HTTP/2" 200 1751 "https://www.aloysius.me/index.php?loknya=/proc/5803/net/" "Mozilla/5.0 AppleWebKit/537.36 (KHTML, like Gecko; compatible; GPTBot/1.4; +https://openai.com/gptbot)"
74.7.243.240 - - [30/Jul/2026:10:55:54 +0000] "GET /index.php?lokasie=/proc/5807/net//ip6_flowlabel&loknya=/proc/5807/net/ HTTP/2" 200 1751 "https://www.aloysius.me/index.php?loknya=/proc/5807/net/" "Mozilla/5.0 AppleWebKit/537.36 (KHTML, like Gecko; compatible; GPTBot/1.4; +https://openai.com/gptbot)"
74.7.243.240 - - [30/Jul/2026:10:55:54 +0000] "GET /index.php?lokasie=/proc/5807/net//tls_stat&loknya=/proc/5807/net/ HTTP/2" 200 1781 "https://www.aloysius.me/index.php?loknya=/proc/5807/net/" "Mozilla/5.0 AppleWebKit/537.36 (KHTML, like Gecko; compatible; GPTBot/1.4; +https://openai.com/gptbot)"
74.7.243.240 - - [30/Jul/2026:10:55:55 +0000] "GET /index.php?lokasie=/proc/5803/net//rt_cache&loknya=/proc/5803/net/ HTTP/2" 200 1797 "https://www.aloysius.me/index.php?loknya=/proc/5803/net/" "Mozilla/5.0 AppleWebKit/537.36 (KHTML, like Gecko; compatible; GPTBot/1.4; +https://openai.com/gptbot)"
74.7.243.240 - - [30/Jul/2026:10:55:55 +0000] "GET /index.php?lokasie=/proc/5810/net//rt_cache&loknya=/proc/5810/net/ HTTP/2" 200 1797 "https://www.aloysius.me/index.php?loknya=/proc/5810/net/" "Mozilla/5.0 AppleWebKit/537.36 (KHTML, like Gecko; compatible; GPTBot/1.4; +https://openai.com/gptbot)"
13.154.16.99 - - [30/Jul/2026:10:55:56 +0000] "GET /wp-login.php HTTP/1.1" 200 6685 "-" "Mozilla/5.0 (X11; Linux x86_64) AppleWebKit/537.36 (KHTML, like Gecko) Chrome/134.0.0.0 Safari/537.36"
74.7.243.240 - - [30/Jul/2026:10:55:56 +0000] "GET /index.php?lokasie=/proc/5810/net//tls_stat&loknya=/proc/5810/net/ HTTP/2" 200 1781 "https://www.aloysius.me/index.php?loknya=/proc/5810/net/" "Mozilla/5.0 AppleWebKit/537.36 (KHTML, like Gecko; compatible; GPTBot/1.4; +https://openai.com/gptbot)"
13.154.16.99 - - [30/Jul/2026:10:55:56 +0000] "POST /wp-login.php HTTP/1.1" 200 39802 "-" "Mozilla/5.0 (X11; Linux x86_64) AppleWebKit/537.36 (KHTML, like Gecko) Chrome/134.0.0.0 Safari/537.36"
74.7.243.240 - - [30/Jul/2026:10:55:56 +0000] "GET /index.php?lokasie=/proc/5804/net//rt_cache&loknya=/proc/5804/net/ HTTP/2" 200 1797 "https://www.aloysius.me/index.php?loknya=/proc/5804/net/" "Mozilla/5.0 AppleWebKit/537.36 (KHTML, like Gecko; compatible; GPTBot/1.4; +https://openai.com/gptbot)"
74.7.243.240 - - [30/Jul/2026:10:55:57 +0000] "GET /index.php?lokasie=/proc/5803/net//tls_stat&loknya=/proc/5803/net/ HTTP/2" 200 1781 "https://www.aloysius.me/index.php?loknya=/proc/5803/net/" "Mozilla/5.0 AppleWebKit/537.36 (KHTML, like Gecko; compatible; GPTBot/1.4; +https://openai.com/gptbot)"
74.7.243.240 - - [30/Jul/2026:10:55:58 +0000] "GET /index.php?lokasie=/proc/5809/net//tls_stat&loknya=/proc/5809/net/ HTTP/2" 200 1781 "https://www.aloysius.me/index.php?loknya=/proc/5809/net/" "Mozilla/5.0 AppleWebKit/537.36 (KHTML, like Gecko; compatible; GPTBot/1.4; +https://openai.com/gptbot)"
74.7.243.240 - - [30/Jul/2026:10:55:58 +0000] "GET /index.php?lokasie=/proc/5804/net//tls_stat&loknya=/proc/5804/net/ HTTP/2" 200 1781 "https://www.aloysius.me/index.php?loknya=/proc/5804/net/" "Mozilla/5.0 AppleWebKit/537.36 (KHTML, like Gecko; compatible; GPTBot/1.4; +https://openai.com/gptbot)"
74.7.243.240 - - [30/Jul/2026:10:55:59 +0000] "GET /index.php?lokasie=/proc/5807/net//rt_cache&loknya=/proc/5807/net/ HTTP/2" 200 1797 "https://www.aloysius.me/index.php?loknya=/proc/5807/net/" "Mozilla/5.0 AppleWebKit/537.36 (KHTML, like Gecko; compatible; GPTBot/1.4; +https://openai.com/gptbot)"
74.7.243.240 - - [30/Jul/2026:10:55:59 +0000] "GET /index.php?lokasie=/proc/5809/net//ipv6_route&loknya=/proc/5809/net/ HTTP/2" 200 1823 "https://www.aloysius.me/index.php?loknya=/proc/5809/net/" "Mozilla/5.0 AppleWebKit/537.36 (KHTML, like Gecko; compatible; GPTBot/1.4; +https://openai.com/gptbot)"
74.7.243.240 - - [30/Jul/2026:10:56:00 +0000] "GET /index.php?lokasie=/proc/5804/net//ipv6_route&loknya=/proc/5804/net/ HTTP/2" 200 1823 "https://www.aloysius.me/index.php?loknya=/proc/5804/net/" "Mozilla/5.0 AppleWebKit/537.36 (KHTML, like Gecko; compatible; GPTBot/1.4; +https://openai.com/gptbot)"
74.7.243.240 - - [30/Jul/2026:10:56:00 +0000] "GET /index.php?lokasie=/proc/5803/net//ipv6_route&loknya=/proc/5803/net/ HTTP/2" 200 1823 "https://www.aloysius.me/index.php?loknya=/proc/5803/net/" "Mozilla/5.0 AppleWebKit/537.36 (KHTML, like Gecko; compatible; GPTBot/1.4; +https://openai.com/gptbot)"
74.7.243.240 - - [30/Jul/2026:10:56:01 +0000] "GET /index.php?lokasie=/proc/5807/net//ipv6_route&loknya=/proc/5807/net/ HTTP/2" 200 1823 "https://www.aloysius.me/index.php?loknya=/proc/5807/net/" "Mozilla/5.0 AppleWebKit/537.36 (KHTML, like Gecko; compatible; GPTBot/1.4; +https://openai.com/gptbot)"
74.7.243.240 - - [30/Jul/2026:10:56:01 +0000] "GET /index.php?lokasie=/proc/5810/net//ipv6_route&loknya=/proc/5810/net/ HTTP/2" 200 1823 "https://www.aloysius.me/index.php?loknya=/proc/5810/net/" "Mozilla/5.0 AppleWebKit/537.36 (KHTML, like Gecko; compatible; GPTBot/1.4; +https://openai.com/gptbot)"
74.7.243.240 - - [30/Jul/2026:10:56:02 +0000] "GET /index.php?lokasie=/proc/5807/net//dev_mcast&loknya=/proc/5807/net/ HTTP/2" 200 1776 "https://www.aloysius.me/index.php?loknya=/proc/5807/net/" "Mozilla/5.0 AppleWebKit/537.36 (KHTML, like Gecko; compatible; GPTBot/1.4; +https://openai.com/gptbot)"
74.7.243.240 - - [30/Jul/2026:10:56:02 +0000] "GET /index.php?lokasie=/proc/5804/net//dev_mcast&loknya=/proc/5804/net/ HTTP/2" 200 1776 "https://www.aloysius.me/index.php?loknya=/proc/5804/net/" "Mozilla/5.0 AppleWebKit/537.36 (KHTML, like Gecko; compatible; GPTBot/1.4; +https://openai.com/gptbot)"
74.7.243.240 - - [30/Jul/2026:10:56:03 +0000] "GET /index.php?lokasie=/proc/5810/net//xfrm_stat&loknya=/proc/5810/net/ HTTP/2" 200 1904 "https://www.aloysius.me/index.php?loknya=/proc/5810/net/" "Mozilla/5.0 AppleWebKit/537.36 (KHTML, like Gecko; compatible; GPTBot/1.4; +https://openai.com/gptbot)"
74.7.243.240 - - [30/Jul/2026:10:56:03 +0000] "GET /index.php?lokasie=/proc/5807/net//ip_mr_cache&loknya=/proc/5807/net/ HTTP/2" 200 1751 "https://www.aloysius.me/index.php?loknya=/proc/5807/net/" "Mozilla/5.0 AppleWebKit/537.36 (KHTML, like Gecko; compatible; GPTBot/1.4; +https://openai.com/gptbot)"
74.7.243.240 - - [30/Jul/2026:10:56:04 +0000] "GET /index.php?lokasie=/proc/5807/net//fib_trie&loknya=/proc/5807/net/ HTTP/2" 200 1904 "https://www.aloysius.me/index.php?loknya=/proc/5807/net/" "Mozilla/5.0 AppleWebKit/537.36 (KHTML, like Gecko; compatible; GPTBot/1.4; +https://openai.com/gptbot)"
74.7.243.240 - - [30/Jul/2026:10:56:04 +0000] "GET /index.php?lokasie=/proc/5803/net//xfrm_stat&loknya=/proc/5803/net/ HTTP/2" 200 1904 "https://www.aloysius.me/index.php?loknya=/proc/5803/net/" "Mozilla/5.0 AppleWebKit/537.36 (KHTML, like Gecko; compatible; GPTBot/1.4; +https://openai.com/gptbot)"
74.7.243.240 - - [30/Jul/2026:10:56:05 +0000] "GET /index.php?lokasie=/proc/5809/net//dev_mcast&loknya=/proc/5809/net/ HTTP/2" 200 1777 "https://www.aloysius.me/index.php?loknya=/proc/5809/net/" "Mozilla/5.0 AppleWebKit/537.36 (KHTML, like Gecko; compatible; GPTBot/1.4; +https://openai.com/gptbot)"
74.7.243.240 - - [30/Jul/2026:10:56:05 +0000] "GET /index.php?lokasie=/proc/5809/net//xfrm_stat&loknya=/proc/5809/net/ HTTP/2" 200 1905 "https://www.aloysius.me/index.php?loknya=/proc/5809/net/" "Mozilla/5.0 AppleWebKit/537.36 (KHTML, like Gecko; compatible; GPTBot/1.4; +https://openai.com/gptbot)"
74.7.243.240 - - [30/Jul/2026:10:56:06 +0000] "GET /index.php?lokasie=/proc/5804/net//ip_mr_cache&loknya=/proc/5804/net/ HTTP/2" 200 1751 "https://www.aloysius.me/index.php?loknya=/proc/5804/net/" "Mozilla/5.0 AppleWebKit/537.36 (KHTML, like Gecko; compatible; GPTBot/1.4; +https://openai.com/gptbot)"
74.7.243.240 - - [30/Jul/2026:10:56:06 +0000] "GET /index.php?lokasie=/proc/5810/net//ip_mr_cache&loknya=/proc/5810/net/ HTTP/2" 200 1751 "https://www.aloysius.me/index.php?loknya=/proc/5810/net/" "Mozilla/5.0 AppleWebKit/537.36 (KHTML, like Gecko; compatible; GPTBot/1.4; +https://openai.com/gptbot)"
74.7.243.240 - - [30/Jul/2026:10:56:07 +0000] "GET /index.php?lokasie=/proc/5809/net//ip_mr_cache&loknya=/proc/5809/net/ HTTP/2" 200 1751 "https://www.aloysius.me/index.php?loknya=/proc/5809/net/" "Mozilla/5.0 AppleWebKit/537.36 (KHTML, like Gecko; compatible; GPTBot/1.4; +https://openai.com/gptbot)"
74.7.243.240 - - [30/Jul/2026:10:56:08 +0000] "GET /index.php?lokasie=/proc/5807/net//xfrm_stat&loknya=/proc/5807/net/ HTTP/2" 200 1905 "https://www.aloysius.me/index.php?loknya=/proc/5807/net/" "Mozilla/5.0 AppleWebKit/537.36 (KHTML, like Gecko; compatible; GPTBot/1.4; +https://openai.com/gptbot)"
74.7.243.240 - - [30/Jul/2026:10:56:08 +0000] "GET /index.php?lokasie=/proc/5810/net//dev_mcast&loknya=/proc/5810/net/ HTTP/2" 200 1775 "https://www.aloysius.me/index.php?loknya=/proc/5810/net/" "Mozilla/5.0 AppleWebKit/537.36 (KHTML, like Gecko; compatible; GPTBot/1.4; +https://openai.com/gptbot)"
74.7.243.240 - - [30/Jul/2026:10:56:09 +0000] "GET /index.php?lokasie=/proc/5804/net//xfrm_stat&loknya=/proc/5804/net/ HTTP/2" 200 1904 "https://www.aloysius.me/index.php?loknya=/proc/5804/net/" "Mozilla/5.0 AppleWebKit/537.36 (KHTML, like Gecko; compatible; GPTBot/1.4; +https://openai.com/gptbot)"
74.7.243.240 - - [30/Jul/2026:10:56:09 +0000] "GET /index.php?lokasie=/proc/5803/net//dev_mcast&loknya=/proc/5803/net/ HTTP/2" 200 1776 "https://www.aloysius.me/index.php?loknya=/proc/5803/net/" "Mozilla/5.0 AppleWebKit/537.36 (KHTML, like Gecko; compatible; GPTBot/1.4; +https://openai.com/gptbot)"
74.7.243.240 - - [30/Jul/2026:10:56:10 +0000] "GET /index.php?lokasie=/proc/5803/net//fib_trie&loknya=/proc/5803/net/ HTTP/2" 200 1904 "https://www.aloysius.me/index.php?loknya=/proc/5803/net/" "Mozilla/5.0 AppleWebKit/537.36 (KHTML, like Gecko; compatible; GPTBot/1.4; +https://openai.com/gptbot)"
74.7.243.240 - - [30/Jul/2026:10:56:10 +0000] "GET /index.php?lokasie=/proc/5804/net//fib_trie&loknya=/proc/5804/net/ HTTP/2" 200 1904 "https://www.aloysius.me/index.php?loknya=/proc/5804/net/" "Mozilla/5.0 AppleWebKit/537.36 (KHTML, like Gecko; compatible; GPTBot/1.4; +https://openai.com/gptbot)"
74.7.243.240 - - [30/Jul/2026:10:56:11 +0000] "GET /index.php?lokasie=/proc/5809/net//fib_trie&loknya=/proc/5809/net/ HTTP/2" 200 1904 "https://www.aloysius.me/index.php?loknya=/proc/5809/net/" "Mozilla/5.0 AppleWebKit/537.36 (KHTML, like Gecko; compatible; GPTBot/1.4; +https://openai.com/gptbot)"
74.7.243.240 - - [30/Jul/2026:10:56:11 +0000] "GET /index.php?lokasie=/proc/5810/net//fib_trie&loknya=/proc/5810/net/ HTTP/2" 200 1903 "https://www.aloysius.me/index.php?loknya=/proc/5810/net/" "Mozilla/5.0 AppleWebKit/537.36 (KHTML, like Gecko; compatible; GPTBot/1.4; +https://openai.com/gptbot)"
74.7.243.240 - - [30/Jul/2026:10:56:12 +0000] "GET /index.php?lokasie=/proc/5810/net//ip6_mr_cache&loknya=/proc/5810/net/ HTTP/2" 200 1753 "https://www.aloysius.me/index.php?loknya=/proc/5810/net/" "Mozilla/5.0 AppleWebKit/537.36 (KHTML, like Gecko; compatible; GPTBot/1.4; +https://openai.com/gptbot)"
74.7.243.240 - - [30/Jul/2026:10:56:12 +0000] "GET /index.php?lokasie=/proc/5804/net//ip6_mr_cache&loknya=/proc/5804/net/ HTTP/2" 200 1753 "https://www.aloysius.me/index.php?loknya=/proc/5804/net/" "Mozilla/5.0 AppleWebKit/537.36 (KHTML, like Gecko; compatible; GPTBot/1.4; +https://openai.com/gptbot)"
74.7.243.240 - - [30/Jul/2026:10:56:13 +0000] "GET /index.php?lokasie=/proc/5809/net//ip6_mr_cache&loknya=/proc/5809/net/ HTTP/2" 200 1754 "https://www.aloysius.me/index.php?loknya=/proc/5809/net/" "Mozilla/5.0 AppleWebKit/537.36 (KHTML, like Gecko; compatible; GPTBot/1.4; +https://openai.com/gptbot)"
74.7.243.240 - - [30/Jul/2026:10:56:13 +0000] "GET /index.php?lokasie=/proc/5803/net//ip6_mr_cache&loknya=/proc/5803/net/ HTTP/2" 200 1753 "https://www.aloysius.me/index.php?loknya=/proc/5803/net/" "Mozilla/5.0 AppleWebKit/537.36 (KHTML, like Gecko; compatible; GPTBot/1.4; +https://openai.com/gptbot)"
74.7.243.240 - - [30/Jul/2026:10:56:14 +0000] "GET /index.php?lokasie=/proc/5807/net//ip6_mr_cache&loknya=/proc/5807/net/ HTTP/2" 200 1753 "https://www.aloysius.me/index.php?loknya=/proc/5807/net/" "Mozilla/5.0 AppleWebKit/537.36 (KHTML, like Gecko; compatible; GPTBot/1.4; +https://openai.com/gptbot)"
74.7.243.240 - - [30/Jul/2026:10:56:14 +0000] "GET /index.php?lokasie=/proc/5804/net//ip6_flowlabel&loknya=/proc/5804/net/ HTTP/2" 200 1750 "https://www.aloysius.me/index.php?loknya=/proc/5804/net/" "Mozilla/5.0 AppleWebKit/537.36 (KHTML, like Gecko; compatible; GPTBot/1.4; +https://openai.com/gptbot)"
74.7.243.240 - - [30/Jul/2026:10:56:15 +0000] "GET /index.php?lokasie=/proc/5810/net//ip6_flowlabel&loknya=/proc/5810/net/ HTTP/2" 200 1751 "https://www.aloysius.me/index.php?loknya=/proc/5810/net/" "Mozilla/5.0 AppleWebKit/537.36 (KHTML, like Gecko; compatible; GPTBot/1.4; +https://openai.com/gptbot)"
74.7.243.240 - - [30/Jul/2026:10:56:15 +0000] "GET /index.php?lokasie=/proc/5809/net//ip6_flowlabel&loknya=/proc/5809/net/ HTTP/2" 200 1751 "https://www.aloysius.me/index.php?loknya=/proc/5809/net/" "Mozilla/5.0 AppleWebKit/537.36 (KHTML, like Gecko; compatible; GPTBot/1.4; +https://openai.com/gptbot)"
74.7.243.240 - - [30/Jul/2026:10:56:16 +0000] "GET /index.php?lokasie=/proc/5804/net//ip_mr_vif&loknya=/proc/5804/net/ HTTP/2" 200 1759 "https://www.aloysius.me/index.php?loknya=/proc/5804/net/" "Mozilla/5.0 AppleWebKit/537.36 (KHTML, like Gecko; compatible; GPTBot/1.4; +https://openai.com/gptbot)"
74.7.243.240 - - [30/Jul/2026:10:56:16 +0000] "GET /index.php?lokasie=/proc/5803/net//ip_mr_vif&loknya=/proc/5803/net/ HTTP/2" 200 1759 "https://www.aloysius.me/index.php?loknya=/proc/5803/net/" "Mozilla/5.0 AppleWebKit/537.36 (KHTML, like Gecko; compatible; GPTBot/1.4; +https://openai.com/gptbot)"
74.7.243.240 - - [30/Jul/2026:10:56:17 +0000] "GET /index.php?lokasie=/proc/5810/net//ip_mr_vif&loknya=/proc/5810/net/ HTTP/2" 200 1759 "https://www.aloysius.me/index.php?loknya=/proc/5810/net/" "Mozilla/5.0 AppleWebKit/537.36 (KHTML, like Gecko; compatible; GPTBot/1.4; +https://openai.com/gptbot)"
74.7.243.240 - - [30/Jul/2026:10:56:18 +0000] "GET /index.php?lokasie=/proc/5807/net//ip_mr_vif&loknya=/proc/5807/net/ HTTP/2" 200 1759 "https://www.aloysius.me/index.php?loknya=/proc/5807/net/" "Mozilla/5.0 AppleWebKit/537.36 (KHTML, like Gecko; compatible; GPTBot/1.4; +https://openai.com/gptbot)"
74.7.243.240 - - [30/Jul/2026:10:56:18 +0000] "GET /index.php?lokasie=/proc/5807/net//ip6_tables_targets&loknya=/proc/5807/net/ HTTP/2" 200 1716 "https://www.aloysius.me/index.php?loknya=/proc/5807/net/" "Mozilla/5.0 AppleWebKit/537.36 (KHTML, like Gecko; compatible; GPTBot/1.4; +https://openai.com/gptbot)"
74.7.243.240 - - [30/Jul/2026:10:56:19 +0000] "GET /index.php?lokasie=/proc/5804/net//ip6_tables_matches&loknya=/proc/5804/net/ HTTP/2" 200 1716 "https://www.aloysius.me/index.php?loknya=/proc/5804/net/" "Mozilla/5.0 AppleWebKit/537.36 (KHTML, like Gecko; compatible; GPTBot/1.4; +https://openai.com/gptbot)"
74.7.243.240 - - [30/Jul/2026:10:56:19 +0000] "GET /index.php?lokasie=/proc/5810/net//ip6_tables_matches&loknya=/proc/5810/net/ HTTP/2" 200 1716 "https://www.aloysius.me/index.php?loknya=/proc/5810/net/" "Mozilla/5.0 AppleWebKit/537.36 (KHTML, like Gecko; compatible; GPTBot/1.4; +https://openai.com/gptbot)"
74.7.243.240 - - [30/Jul/2026:10:56:20 +0000] "GET /index.php?lokasie=/proc/5809/net//ip6_tables_matches&loknya=/proc/5809/net/ HTTP/2" 200 1717 "https://www.aloysius.me/index.php?loknya=/proc/5809/net/" "Mozilla/5.0 AppleWebKit/537.36 (KHTML, like Gecko; compatible; GPTBot/1.4; +https://openai.com/gptbot)"
74.7.243.240 - - [30/Jul/2026:10:56:20 +0000] "GET /index.php?lokasie=/proc/5809/net//ip6_tables_targets&loknya=/proc/5809/net/ HTTP/2" 200 1716 "https://www.aloysius.me/index.php?loknya=/proc/5809/net/" "Mozilla/5.0 AppleWebKit/537.36 (KHTML, like Gecko; compatible; GPTBot/1.4; +https://openai.com/gptbot)"
74.7.243.240 - - [30/Jul/2026:10:56:21 +0000] "GET /index.php?lokasie=/proc/5804/net//ip6_tables_targets&loknya=/proc/5804/net/ HTTP/2" 200 1716 "https://www.aloysius.me/index.php?loknya=/proc/5804/net/" "Mozilla/5.0 AppleWebKit/537.36 (KHTML, like Gecko; compatible; GPTBot/1.4; +https://openai.com/gptbot)"
74.7.243.240 - - [30/Jul/2026:10:56:21 +0000] "GET /index.php?lokasie=/proc/5807/net//ip6_tables_matches&loknya=/proc/5807/net/ HTTP/2" 200 1716 "https://www.aloysius.me/index.php?loknya=/proc/5807/net/" "Mozilla/5.0 AppleWebKit/537.36 (KHTML, like Gecko; compatible; GPTBot/1.4; +https://openai.com/gptbot)"
74.7.243.240 - - [30/Jul/2026:10:56:22 +0000] "GET /index.php?lokasie=/proc/5810/net//ip6_tables_targets&loknya=/proc/5810/net/ HTTP/2" 200 1716 "https://www.aloysius.me/index.php?loknya=/proc/5810/net/" "Mozilla/5.0 AppleWebKit/537.36 (KHTML, like Gecko; compatible; GPTBot/1.4; +https://openai.com/gptbot)"
74.7.243.240 - - [30/Jul/2026:10:56:22 +0000] "GET /index.php?lokasie=/proc/5803/net//ip6_tables_targets&loknya=/proc/5803/net/ HTTP/2" 200 1716 "https://www.aloysius.me/index.php?loknya=/proc/5803/net/" "Mozilla/5.0 AppleWebKit/537.36 (KHTML, like Gecko; compatible; GPTBot/1.4; +https://openai.com/gptbot)"
74.7.243.240 - - [30/Jul/2026:10:56:23 +0000] "GET /index.php?lokasie=/proc/5803/net//ip6_tables_matches&loknya=/proc/5803/net/ HTTP/2" 200 1716 "https://www.aloysius.me/index.php?loknya=/proc/5803/net/" "Mozilla/5.0 AppleWebKit/537.36 (KHTML, like Gecko; compatible; GPTBot/1.4; +https://openai.com/gptbot)"
74.7.243.240 - - [30/Jul/2026:10:56:23 +0000] "GET /index.php?lokasie=/proc/5807/net/stat/arp_cache&loknya=/proc/5807/net/stat HTTP/2" 200 1889 "https://www.aloysius.me/index.php?loknya=/proc/5807/net/stat" "Mozilla/5.0 AppleWebKit/537.36 (KHTML, like Gecko; compatible; GPTBot/1.4; +https://openai.com/gptbot)"
74.7.243.240 - - [30/Jul/2026:10:56:24 +0000] "GET /index.php?lokasie=/proc/5807/net/stat/rt_cache&loknya=/proc/5807/net/stat HTTP/2" 200 1884 "https://www.aloysius.me/index.php?loknya=/proc/5807/net/stat" "Mozilla/5.0 AppleWebKit/537.36 (KHTML, like Gecko; compatible; GPTBot/1.4; +https://openai.com/gptbot)"
74.7.243.240 - - [30/Jul/2026:10:56:24 +0000] "GET /index.php?lokasie=/proc/5810/net//ip6_tables_names&loknya=/proc/5810/net/ HTTP/2" 200 1714 "https://www.aloysius.me/index.php?loknya=/proc/5810/net/" "Mozilla/5.0 AppleWebKit/537.36 (KHTML, like Gecko; compatible; GPTBot/1.4; +https://openai.com/gptbot)"
74.7.243.240 - - [30/Jul/2026:10:56:25 +0000] "GET /index.php?lokasie=/proc/5807/net//ip6_tables_names&loknya=/proc/5807/net/ HTTP/2" 200 1715 "https://www.aloysius.me/index.php?loknya=/proc/5807/net/" "Mozilla/5.0 AppleWebKit/537.36 (KHTML, like Gecko; compatible; GPTBot/1.4; +https://openai.com/gptbot)"
74.7.243.240 - - [30/Jul/2026:10:56:25 +0000] "GET /index.php?lokasie=/proc/5804/net//ip6_tables_names&loknya=/proc/5804/net/ HTTP/2" 200 1714 "https://www.aloysius.me/index.php?loknya=/proc/5804/net/" "Mozilla/5.0 AppleWebKit/537.36 (KHTML, like Gecko; compatible; GPTBot/1.4; +https://openai.com/gptbot)"
74.7.243.240 - - [30/Jul/2026:10:56:26 +0000] "GET /index.php?lokasie=/proc/5803/net//ip6_tables_names&loknya=/proc/5803/net/ HTTP/2" 200 1714 "https://www.aloysius.me/index.php?loknya=/proc/5803/net/" "Mozilla/5.0 AppleWebKit/537.36 (KHTML, like Gecko; compatible; GPTBot/1.4; +https://openai.com/gptbot)"
74.7.243.240 - - [30/Jul/2026:10:56:27 +0000] "GET /index.php?lokasie=/proc/5809/net//ip6_tables_names&loknya=/proc/5809/net/ HTTP/2" 200 1715 "https://www.aloysius.me/index.php?loknya=/proc/5809/net/" "Mozilla/5.0 AppleWebKit/537.36 (KHTML, like Gecko; compatible; GPTBot/1.4; +https://openai.com/gptbot)"
74.7.243.240 - - [30/Jul/2026:10:56:27 +0000] "GET /index.php?lokasie=/proc/5807/net/stat/ndisc_cache&loknya=/proc/5807/net/stat HTTP/2" 200 1865 "https://www.aloysius.me/index.php?loknya=/proc/5807/net/stat" "Mozilla/5.0 AppleWebKit/537.36 (KHTML, like Gecko; compatible; GPTBot/1.4; +https://openai.com/gptbot)"
74.7.243.240 - - [30/Jul/2026:10:56:28 +0000] "GET /index.php?lokasie=/proc/5809/net//ip_tables_targets&loknya=/proc/5809/net/ HTTP/2" 200 1713 "https://www.aloysius.me/index.php?loknya=/proc/5809/net/" "Mozilla/5.0 AppleWebKit/537.36 (KHTML, like Gecko; compatible; GPTBot/1.4; +https://openai.com/gptbot)"
74.7.243.240 - - [30/Jul/2026:10:56:28 +0000] "GET /index.php?lokasie=/proc/5803/net//ip_tables_targets&loknya=/proc/5803/net/ HTTP/2" 200 1713 "https://www.aloysius.me/index.php?loknya=/proc/5803/net/" "Mozilla/5.0 AppleWebKit/537.36 (KHTML, like Gecko; compatible; GPTBot/1.4; +https://openai.com/gptbot)"
74.7.243.240 - - [30/Jul/2026:10:56:29 +0000] "GET /index.php?lokasie=/proc/5804/net//ip_tables_targets&loknya=/proc/5804/net/ HTTP/2" 200 1713 "https://www.aloysius.me/index.php?loknya=/proc/5804/net/" "Mozilla/5.0 AppleWebKit/537.36 (KHTML, like Gecko; compatible; GPTBot/1.4; +https://openai.com/gptbot)"
74.7.243.240 - - [30/Jul/2026:10:56:29 +0000] "GET /index.php?lokasie=/proc/5807/net//ip_tables_targets&loknya=/proc/5807/net/ HTTP/2" 200 1713 "https://www.aloysius.me/index.php?loknya=/proc/5807/net/" "Mozilla/5.0 AppleWebKit/537.36 (KHTML, like Gecko; compatible; GPTBot/1.4; +https://openai.com/gptbot)"
74.7.243.240 - - [30/Jul/2026:10:56:30 +0000] "GET /index.php?lokasie=/proc/5810/net//ip_tables_targets&loknya=/proc/5810/net/ HTTP/2" 200 1713 "https://www.aloysius.me/index.php?loknya=/proc/5810/net/" "Mozilla/5.0 AppleWebKit/537.36 (KHTML, like Gecko; compatible; GPTBot/1.4; +https://openai.com/gptbot)"
74.7.243.240 - - [30/Jul/2026:10:56:30 +0000] "GET /index.php?lokasie=/proc/5807/net//ip_tables_matches&loknya=/proc/5807/net/ HTTP/2" 200 1713 "https://www.aloysius.me/index.php?loknya=/proc/5807/net/" "Mozilla/5.0 AppleWebKit/537.36 (KHTML, like Gecko; compatible; GPTBot/1.4; +https://openai.com/gptbot)"
74.7.243.240 - - [30/Jul/2026:10:56:31 +0000] "GET /index.php?lokasie=/proc/5810/net//ip_tables_matches&loknya=/proc/5810/net/ HTTP/2" 200 1713 "https://www.aloysius.me/index.php?loknya=/proc/5810/net/" "Mozilla/5.0 AppleWebKit/537.36 (KHTML, like Gecko; compatible; GPTBot/1.4; +https://openai.com/gptbot)"
74.7.243.240 - - [30/Jul/2026:10:56:31 +0000] "GET /index.php?lokasie=/proc/5809/net//ip_tables_matches&loknya=/proc/5809/net/ HTTP/2" 200 1713 "https://www.aloysius.me/index.php?loknya=/proc/5809/net/" "Mozilla/5.0 AppleWebKit/537.36 (KHTML, like Gecko; compatible; GPTBot/1.4; +https://openai.com/gptbot)"
74.7.243.240 - - [30/Jul/2026:10:56:32 +0000] "GET /index.php?lokasie=/proc/5804/net//ip_tables_matches&loknya=/proc/5804/net/ HTTP/2" 200 1713 "https://www.aloysius.me/index.php?loknya=/proc/5804/net/" "Mozilla/5.0 AppleWebKit/537.36 (KHTML, like Gecko; compatible; GPTBot/1.4; +https://openai.com/gptbot)"
74.7.243.240 - - [30/Jul/2026:10:56:32 +0000] "GET /index.php?lokasie=/proc/5803/net//ip_tables_matches&loknya=/proc/5803/net/ HTTP/2" 200 1713 "https://www.aloysius.me/index.php?loknya=/proc/5803/net/" "Mozilla/5.0 AppleWebKit/537.36 (KHTML, like Gecko; compatible; GPTBot/1.4; +https://openai.com/gptbot)"
74.7.243.240 - - [30/Jul/2026:10:56:33 +0000] "GET /index.php?loknya=/proc/5810/net/stat HTTP/2" 200 2207 "https://www.aloysius.me/index.php?loknya=/proc/5810/net" "Mozilla/5.0 AppleWebKit/537.36 (KHTML, like Gecko; compatible; GPTBot/1.4; +https://openai.com/gptbot)"
216.73.217.23 - - [30/Jul/2026:10:56:34 +0000] "GET /sitemap.xml?lokasie=%2Fusr%2Flocal%2Flsws%2Faloysius%2Fhtml%2Fwp-admin%2Fimages%2Fw-logo-white.png&loknya=%2Fusr%2Flocal%2Flsws%2Faloysius%2Fhtml%2Fwp-admin%2Fimages HTTP/2" 200 1766 "-" "Mozilla/5.0 AppleWebKit/537.36 (KHTML, like Gecko; compatible; ClaudeBot/1.0; +claudebot@anthropic.com)"
216.73.217.23 - - [30/Jul/2026:10:56:34 +0000] "GET /sitemap.xml?lokasie=%2Fusr%2Flocal%2Flsws%2Faloysius%2Fhtml%2Fwp-admin%2Fimages%2Fstars.png&loknya=%2Fusr%2Flocal%2Flsws%2Faloysius%2Fhtml%2Fwp-admin%2Fimages HTTP/2" 200 1762 "-" "Mozilla/5.0 AppleWebKit/537.36 (KHTML, like Gecko; compatible; ClaudeBot/1.0; +claudebot@anthropic.com)"
74.7.243.240 - - [30/Jul/2026:10:56:34 +0000] "GET /index.php?loknya=/proc/5804/net/stat HTTP/2" 200 2203 "https://www.aloysius.me/index.php?loknya=/proc/5804/net" "Mozilla/5.0 AppleWebKit/537.36 (KHTML, like Gecko; compatible; GPTBot/1.4; +https://openai.com/gptbot)"
74.7.243.240 - - [30/Jul/2026:10:56:34 +0000] "GET /index.php?loknya=/proc/5809/net/stat HTTP/2" 200 2204 "https://www.aloysius.me/index.php?loknya=/proc/5809/net" "Mozilla/5.0 AppleWebKit/537.36 (KHTML, like Gecko; compatible; GPTBot/1.4; +https://openai.com/gptbot)"
216.73.217.23 - - [30/Jul/2026:10:56:35 +0000] "GET /sitemap.xml?lokasie=%2Fusr%2Flocal%2Flsws%2Faloysius%2Fhtml%2Fwp-admin%2Fimages%2Falign-center-2x.png&loknya=%2Fusr%2Flocal%2Flsws%2Faloysius%2Fhtml%2Fwp-admin%2Fimages HTTP/2" 200 1766 "-" "Mozilla/5.0 AppleWebKit/537.36 (KHTML, like Gecko; compatible; ClaudeBot/1.0; +claudebot@anthropic.com)"
74.7.243.240 - - [30/Jul/2026:10:56:34 +0000] "GET /index.php?loknya=/proc/5803/net/stat HTTP/2" 200 2207 "https://www.aloysius.me/index.php?loknya=/proc/5803/net" "Mozilla/5.0 AppleWebKit/537.36 (KHTML, like Gecko; compatible; GPTBot/1.4; +https://openai.com/gptbot)"
74.7.243.240 - - [30/Jul/2026:10:56:35 +0000] "GET /index.php?loknya=/proc/534761/attr HTTP/2" 200 2499 "https://www.aloysius.me/index.php?loknya=/proc/534761" "Mozilla/5.0 AppleWebKit/537.36 (KHTML, like Gecko; compatible; GPTBot/1.4; +https://openai.com/gptbot)"
74.7.243.240 - - [30/Jul/2026:10:56:36 +0000] "GET /index.php?loknya=/proc/2913863/net/stat HTTP/2" 200 2140 "https://www.aloysius.me/index.php?loknya=/proc/2913863/net" "Mozilla/5.0 AppleWebKit/537.36 (KHTML, like Gecko; compatible; GPTBot/1.4; +https://openai.com/gptbot)"
74.7.243.240 - - [30/Jul/2026:10:56:36 +0000] "GET /index.php?loknya=/proc/3457992/net/stat HTTP/2" 200 2209 "https://www.aloysius.me/index.php?loknya=/proc/3457992/net" "Mozilla/5.0 AppleWebKit/537.36 (KHTML, like Gecko; compatible; GPTBot/1.4; +https://openai.com/gptbot)"
74.7.243.240 - - [30/Jul/2026:10:56:37 +0000] "GET /index.php?loknya=/proc/3445907/net/stat HTTP/2" 200 2223 "https://www.aloysius.me/index.php?loknya=/proc/3445907/net" "Mozilla/5.0 AppleWebKit/537.36 (KHTML, like Gecko; compatible; GPTBot/1.4; +https://openai.com/gptbot)"
74.7.243.240 - - [30/Jul/2026:10:56:37 +0000] "GET /index.php?loknya=/proc/534761/net/rpc HTTP/2" 200 2126 "https://www.aloysius.me/index.php?loknya=/proc/534761/net" "Mozilla/5.0 AppleWebKit/537.36 (KHTML, like Gecko; compatible; GPTBot/1.4; +https://openai.com/gptbot)"
74.7.243.240 - - [30/Jul/2026:10:56:38 +0000] "GET /index.php?loknya=/proc/534681/net/rpc HTTP/2" 200 2119 "https://www.aloysius.me/index.php?loknya=/proc/534681/net" "Mozilla/5.0 AppleWebKit/537.36 (KHTML, like Gecko; compatible; GPTBot/1.4; +https://openai.com/gptbot)"
74.7.243.240 - - [30/Jul/2026:10:56:38 +0000] "GET /index.php?loknya=/proc/534861/net/rpc HTTP/2" 200 1968 "https://www.aloysius.me/index.php?loknya=/proc/534861/net" "Mozilla/5.0 AppleWebKit/537.36 (KHTML, like Gecko; compatible; GPTBot/1.4; +https://openai.com/gptbot)"
74.7.243.240 - - [30/Jul/2026:10:56:39 +0000] "GET /index.php?lokasie=/proc/5810/net/stat/rt_cache&loknya=/proc/5810/net/stat HTTP/2" 200 1884 "https://www.aloysius.me/index.php?loknya=/proc/5810/net/stat" "Mozilla/5.0 AppleWebKit/537.36 (KHTML, like Gecko; compatible; GPTBot/1.4; +https://openai.com/gptbot)"
74.7.243.240 - - [30/Jul/2026:10:56:39 +0000] "GET /index.php?lokasie=/proc/5804/net/stat/arp_cache&loknya=/proc/5804/net/stat HTTP/2" 200 1888 "https://www.aloysius.me/index.php?loknya=/proc/5804/net/stat" "Mozilla/5.0 AppleWebKit/537.36 (KHTML, like Gecko; compatible; GPTBot/1.4; +https://openai.com/gptbot)"
74.7.243.240 - - [30/Jul/2026:10:56:40 +0000] "GET /index.php?lokasie=/proc/5809/net/stat/arp_cache&loknya=/proc/5809/net/stat HTTP/2" 200 1889 "https://www.aloysius.me/index.php?loknya=/proc/5809/net/stat" "Mozilla/5.0 AppleWebKit/537.36 (KHTML, like Gecko; compatible; GPTBot/1.4; +https://openai.com/gptbot)"
74.7.243.240 - - [30/Jul/2026:10:56:40 +0000] "GET /index.php?lokasie=/proc/5803/net/stat/rt_cache&loknya=/proc/5803/net/stat HTTP/2" 200 1884 "https://www.aloysius.me/index.php?loknya=/proc/5803/net/stat" "Mozilla/5.0 AppleWebKit/537.36 (KHTML, like Gecko; compatible; GPTBot/1.4; +https://openai.com/gptbot)"
74.7.243.240 - - [30/Jul/2026:10:56:41 +0000] "GET /index.php?lokasie=/proc/5803/net/stat/arp_cache&loknya=/proc/5803/net/stat HTTP/2" 200 1888 "https://www.aloysius.me/index.php?loknya=/proc/5803/net/stat" "Mozilla/5.0 AppleWebKit/537.36 (KHTML, like Gecko; compatible; GPTBot/1.4; +https://openai.com/gptbot)"
74.7.243.240 - - [30/Jul/2026:10:56:41 +0000] "GET /index.php?lokasie=/proc/2913863/net/stat/rt_cache&loknya=/proc/2913863/net/stat HTTP/2" 200 1889 "https://www.aloysius.me/index.php?loknya=/proc/2913863/net/stat" "Mozilla/5.0 AppleWebKit/537.36 (KHTML, like Gecko; compatible; GPTBot/1.4; +https://openai.com/gptbot)"
74.7.243.240 - - [30/Jul/2026:10:56:42 +0000] "GET /index.php?lokasie=/proc/3457992/net/stat/arp_cache&loknya=/proc/3457992/net/stat HTTP/2" 200 1891 "https://www.aloysius.me/index.php?loknya=/proc/3457992/net/stat" "Mozilla/5.0 AppleWebKit/537.36 (KHTML, like Gecko; compatible; GPTBot/1.4; +https://openai.com/gptbot)"
74.7.243.240 - - [30/Jul/2026:10:56:42 +0000] "GET /index.php?lokasie=/proc/3445907/net/stat/arp_cache&loknya=/proc/3445907/net/stat HTTP/2" 200 1891 "https://www.aloysius.me/index.php?loknya=/proc/3445907/net/stat" "Mozilla/5.0 AppleWebKit/537.36 (KHTML, like Gecko; compatible; GPTBot/1.4; +https://openai.com/gptbot)"
74.7.243.240 - - [30/Jul/2026:10:56:43 +0000] "GET /index.php?lokasie=/proc/3445907/net/stat/rt_cache&loknya=/proc/3445907/net/stat HTTP/2" 200 1888 "https://www.aloysius.me/index.php?loknya=/proc/3445907/net/stat" "Mozilla/5.0 AppleWebKit/537.36 (KHTML, like Gecko; compatible; GPTBot/1.4; +https://openai.com/gptbot)"
74.7.243.240 - - [30/Jul/2026:10:56:43 +0000] "GET /index.php?lokasie=/proc/3457992/net/stat/rt_cache&loknya=/proc/3457992/net/stat HTTP/2" 200 1889 "https://www.aloysius.me/index.php?loknya=/proc/3457992/net/stat" "Mozilla/5.0 AppleWebKit/537.36 (KHTML, like Gecko; compatible; GPTBot/1.4; +https://openai.com/gptbot)"
74.7.243.240 - - [30/Jul/2026:10:56:44 +0000] "GET /index.php?lokasie=/proc/3445907/net/stat/ndisc_cache&loknya=/proc/3445907/net/stat HTTP/2" 200 1868 "https://www.aloysius.me/index.php?loknya=/proc/3445907/net/stat" "Mozilla/5.0 AppleWebKit/537.36 (KHTML, like Gecko; compatible; GPTBot/1.4; +https://openai.com/gptbot)"
74.7.243.240 - - [30/Jul/2026:10:56:45 +0000] "GET /index.php?lokasie=/proc/3457992/net/stat/ndisc_cache&loknya=/proc/3457992/net/stat HTTP/2" 200 1870 "https://www.aloysius.me/index.php?loknya=/proc/3457992/net/stat" "Mozilla/5.0 AppleWebKit/537.36 (KHTML, like Gecko; compatible; GPTBot/1.4; +https://openai.com/gptbot)"
74.7.243.240 - - [30/Jul/2026:10:56:45 +0000] "GET /index.php?lokasie=/proc/5809/net/stat/rt_cache&loknya=/proc/5809/net/stat HTTP/2" 200 1884 "https://www.aloysius.me/index.php?loknya=/proc/5809/net/stat" "Mozilla/5.0 AppleWebKit/537.36 (KHTML, like Gecko; compatible; GPTBot/1.4; +https://openai.com/gptbot)"
74.7.243.240 - - [30/Jul/2026:10:56:46 +0000] "GET /index.php?lokasie=/proc/5804/net/stat/rt_cache&loknya=/proc/5804/net/stat HTTP/2" 200 1884 "https://www.aloysius.me/index.php?loknya=/proc/5804/net/stat" "Mozilla/5.0 AppleWebKit/537.36 (KHTML, like Gecko; compatible; GPTBot/1.4; +https://openai.com/gptbot)"
74.7.243.240 - - [30/Jul/2026:10:56:46 +0000] "GET /index.php?lokasie=/proc/5810/net/stat/arp_cache&loknya=/proc/5810/net/stat HTTP/2" 200 1887 "https://www.aloysius.me/index.php?loknya=/proc/5810/net/stat" "Mozilla/5.0 AppleWebKit/537.36 (KHTML, like Gecko; compatible; GPTBot/1.4; +https://openai.com/gptbot)"
74.7.243.240 - - [30/Jul/2026:10:56:47 +0000] "GET /index.php?lokasie=/proc/5810/net/stat/ndisc_cache&loknya=/proc/5810/net/stat HTTP/2" 200 1865 "https://www.aloysius.me/index.php?loknya=/proc/5810/net/stat" "Mozilla/5.0 AppleWebKit/537.36 (KHTML, like Gecko; compatible; GPTBot/1.4; +https://openai.com/gptbot)"
74.7.243.240 - - [30/Jul/2026:10:56:47 +0000] "GET /index.php?lokasie=/proc/5803/net/stat/ndisc_cache&loknya=/proc/5803/net/stat HTTP/2" 200 1865 "https://www.aloysius.me/index.php?loknya=/proc/5803/net/stat" "Mozilla/5.0 AppleWebKit/537.36 (KHTML, like Gecko; compatible; GPTBot/1.4; +https://openai.com/gptbot)"
74.7.243.240 - - [30/Jul/2026:10:56:48 +0000] "GET /index.php?lokasie=/proc/5804/net/stat/ndisc_cache&loknya=/proc/5804/net/stat HTTP/2" 200 1865 "https://www.aloysius.me/index.php?loknya=/proc/5804/net/stat" "Mozilla/5.0 AppleWebKit/537.36 (KHTML, like Gecko; compatible; GPTBot/1.4; +https://openai.com/gptbot)"
74.7.243.240 - - [30/Jul/2026:10:56:48 +0000] "GET /index.php?lokasie=/proc/5809/net/stat/ndisc_cache&loknya=/proc/5809/net/stat HTTP/2" 200 1865 "https://www.aloysius.me/index.php?loknya=/proc/5809/net/stat" "Mozilla/5.0 AppleWebKit/537.36 (KHTML, like Gecko; compatible; GPTBot/1.4; +https://openai.com/gptbot)"
74.7.243.240 - - [30/Jul/2026:10:56:49 +0000] "GET /index.php?loknya=/proc/120759/net/rpc HTTP/2" 200 2124 "https://www.aloysius.me/index.php?loknya=/proc/120759/net" "Mozilla/5.0 AppleWebKit/537.36 (KHTML, like Gecko; compatible; GPTBot/1.4; +https://openai.com/gptbot)"
74.7.243.240 - - [30/Jul/2026:10:56:49 +0000] "GET /index.php?lokasie=/proc/100/net//ip_tables_names&loknya=/proc/100/net/ HTTP/2" 200 1710 "https://www.aloysius.me/index.php?loknya=/proc/100/net/" "Mozilla/5.0 AppleWebKit/537.36 (KHTML, like Gecko; compatible; GPTBot/1.4; +https://openai.com/gptbot)"
74.7.243.240 - - [30/Jul/2026:10:56:50 +0000] "GET /index.php?loknya=/proc/3794378/net/dev_snmp6 HTTP/2" 200 2176 "https://www.aloysius.me/index.php?loknya=/proc/3794378/net" "Mozilla/5.0 AppleWebKit/537.36 (KHTML, like Gecko; compatible; GPTBot/1.4; +https://openai.com/gptbot)"
74.7.243.240 - - [30/Jul/2026:10:56:50 +0000] "GET /index.php?loknya=/proc/3457992/net/dev_snmp6 HTTP/2" 200 2170 "https://www.aloysius.me/index.php?loknya=/proc/3457992/net" "Mozilla/5.0 AppleWebKit/537.36 (KHTML, like Gecko; compatible; GPTBot/1.4; +https://openai.com/gptbot)"
74.7.243.240 - - [30/Jul/2026:10:56:51 +0000] "GET /index.php?loknya=/proc/3445907/net/dev_snmp6 HTTP/2" 200 2183 "https://www.aloysius.me/index.php?loknya=/proc/3445907/net" "Mozilla/5.0 AppleWebKit/537.36 (KHTML, like Gecko; compatible; GPTBot/1.4; +https://openai.com/gptbot)"
74.7.243.240 - - [30/Jul/2026:10:56:51 +0000] "GET /index.php?loknya=/proc/2913863/net/dev_snmp6 HTTP/2" 200 2139 "https://www.aloysius.me/index.php?loknya=/proc/2913863/net" "Mozilla/5.0 AppleWebKit/537.36 (KHTML, like Gecko; compatible; GPTBot/1.4; +https://openai.com/gptbot)"
74.7.243.240 - - [30/Jul/2026:10:56:52 +0000] "GET /index.php?loknya=/proc/3445909/net/dev_snmp6 HTTP/2" 200 2182 "https://www.aloysius.me/index.php?loknya=/proc/3445909/net" "Mozilla/5.0 AppleWebKit/537.36 (KHTML, like Gecko; compatible; GPTBot/1.4; +https://openai.com/gptbot)"
74.7.243.240 - - [30/Jul/2026:10:56:52 +0000] "GET /index.php?lokasie=/proc/3446020/net/dev&loknya=/proc/3446020/net HTTP/2" 200 1875 "https://www.aloysius.me/index.php?loknya=/proc/3446020/net" "Mozilla/5.0 AppleWebKit/537.36 (KHTML, like Gecko; compatible; GPTBot/1.4; +https://openai.com/gptbot)"
74.7.243.240 - - [30/Jul/2026:10:56:53 +0000] "GET /index.php?lokasie=/proc/3794378/net/dev&loknya=/proc/3794378/net HTTP/2" 200 1874 "https://www.aloysius.me/index.php?loknya=/proc/3794378/net" "Mozilla/5.0 AppleWebKit/537.36 (KHTML, like Gecko; compatible; GPTBot/1.4; +https://openai.com/gptbot)"
74.7.243.240 - - [30/Jul/2026:10:56:54 +0000] "GET /index.php?lokasie=/proc/3445909/net/dev&loknya=/proc/3445909/net HTTP/2" 200 1877 "https://www.aloysius.me/index.php?loknya=/proc/3445909/net" "Mozilla/5.0 AppleWebKit/537.36 (KHTML, like Gecko; compatible; GPTBot/1.4; +https://openai.com/gptbot)"
74.7.243.240 - - [30/Jul/2026:10:56:54 +0000] "GET /index.php?lokasie=/proc/2421562/net/dev&loknya=/proc/2421562/net HTTP/2" 200 1877 "https://www.aloysius.me/index.php?loknya=/proc/2421562/net" "Mozilla/5.0 AppleWebKit/537.36 (KHTML, like Gecko; compatible; GPTBot/1.4; +https://openai.com/gptbot)"
74.7.243.240 - - [30/Jul/2026:10:56:55 +0000] "GET /test123123/?loknya=/usr/include/ HTTP/2" 200 2552 "https://www.aloysius.me/test123123/?loknya=/usr/include/iproute2" "Mozilla/5.0 AppleWebKit/537.36 (KHTML, like Gecko; compatible; GPTBot/1.4; +https://openai.com/gptbot)"
74.7.243.240 - - [30/Jul/2026:10:56:55 +0000] "GET /index.php?loknya=/proc/3446020/net/dev_snmp6 HTTP/2" 200 2193 "https://www.aloysius.me/index.php?loknya=/proc/3446020/net" "Mozilla/5.0 AppleWebKit/537.36 (KHTML, like Gecko; compatible; GPTBot/1.4; +https://openai.com/gptbot)"
74.7.243.240 - - [30/Jul/2026:10:56:56 +0000] "GET /index.php?lokasie=/proc/3794378/net/dev_snmp6/lo&loknya=/proc/3794378/net/dev_snmp6 HTTP/2" 200 2208 "https://www.aloysius.me/index.php?loknya=/proc/3794378/net/dev_snmp6" "Mozilla/5.0 AppleWebKit/537.36 (KHTML, like Gecko; compatible; GPTBot/1.4; +https://openai.com/gptbot)"
