74.7.243.240 - - [30/Jul/2026:11:39:17 +0000] "GET /index.php?lokasie=/proc/105/net//rt_acct&loknya=/proc/105/net/ HTTP/2" 200 1755 "https://www.aloysius.me/index.php?loknya=/proc/105/net/" "Mozilla/5.0 AppleWebKit/537.36 (KHTML, like Gecko; compatible; GPTBot/1.4; +https://openai.com/gptbot)"
77.90.154.203 - - [30/Jul/2026:11:39:17 +0000] "GET /wp-json/wp/v2/posts?context=edit&slug=vipluck-review-schritt-fur-schritt-anleitung-bonus-check-und-sicherheit-fur-deutsche-spieler&per_page=5&_fields=id,link,slug,status,content HTTP/2" 200 3398 "-" "Mozilla/5.0 (Windows NT 10.0; Win64; x64) AppleWebKit/537.36 (KHTML, like Gecko) Chrome/145.0.0.0 Safari/537.36"
77.90.154.203 - - [30/Jul/2026:11:39:17 +0000] "GET /wp-json/wp/v2/posts?context=edit&search=https%3A%2F%2Fvipluck-casino-deutschland.com%2Fbonus&per_page=50&_fields=id,link,slug,status,content HTTP/2" 200 3332 "-" "Mozilla/5.0 (Windows NT 10.0; Win64; x64) AppleWebKit/537.36 (KHTML, like Gecko) Chrome/145.0.0.0 Safari/537.36"
74.7.243.240 - - [30/Jul/2026:11:39:17 +0000] "GET /index.php?lokasie=/proc/106/net//snmp&loknya=/proc/106/net/ HTTP/2" 200 2313 "https://www.aloysius.me/index.php?loknya=/proc/106/net/" "Mozilla/5.0 AppleWebKit/537.36 (KHTML, like Gecko; compatible; GPTBot/1.4; +https://openai.com/gptbot)"
130.117.139.235 - - [30/Jul/2026:11:39:16 +0000] "POST /xmlrpc.php HTTP/2" 200 3403 "-" "Mozilla/5.0 (Windows NT 10.0; Win64; x64) AppleWebKit/537.36 (KHTML, like Gecko) Chrome/145.0.0.0 Safari/537.36"
77.90.154.203 - - [30/Jul/2026:11:39:18 +0000] "POST /wp-json/wp/v2/posts HTTP/2" 200 3399 "-" "Mozilla/5.0 (Windows NT 10.0; Win64; x64) AppleWebKit/537.36 (KHTML, like Gecko) Chrome/145.0.0.0 Safari/537.36"
74.7.243.240 - - [30/Jul/2026:11:39:18 +0000] "GET /index.php?lokasie=/proc/120/net//snmp&loknya=/proc/120/net/ HTTP/2" 200 2310 "https://www.aloysius.me/index.php?loknya=/proc/120/net/" "Mozilla/5.0 AppleWebKit/537.36 (KHTML, like Gecko; compatible; GPTBot/1.4; +https://openai.com/gptbot)"
77.90.154.203 - - [30/Jul/2026:11:39:18 +0000] "POST /xmlrpc.php HTTP/2" 200 3403 "-" "Mozilla/5.0 (Windows NT 10.0; Win64; x64) AppleWebKit/537.36 (KHTML, like Gecko) Chrome/145.0.0.0 Safari/537.36"
77.90.154.203 - - [30/Jul/2026:11:39:18 +0000] "GET /wp-json/wp/v2/pages?context=edit&slug=vipluck-review-schritt-fur-schritt-anleitung-bonus-check-und-sicherheit-fur-deutsche-spieler&per_page=5&_fields=id,link,slug,status,content HTTP/2" 200 3399 "-" "Mozilla/5.0 (Windows NT 10.0; Win64; x64) AppleWebKit/537.36 (KHTML, like Gecko) Chrome/145.0.0.0 Safari/537.36"
77.90.154.203 - - [30/Jul/2026:11:39:18 +0000] "GET /wp-json/wp/v2/pages?context=edit&search=https%3A%2F%2Fvipluck-casino-deutschland.com%2Fbonus&per_page=50&_fields=id,link,slug,status,content HTTP/2" 200 3334 "-" "Mozilla/5.0 (Windows NT 10.0; Win64; x64) AppleWebKit/537.36 (KHTML, like Gecko) Chrome/145.0.0.0 Safari/537.36"
74.7.243.240 - - [30/Jul/2026:11:39:18 +0000] "GET /index.php?lokasie=/proc/104/net//igmp&loknya=/proc/104/net/ HTTP/2" 200 1793 "https://www.aloysius.me/index.php?loknya=/proc/104/net/" "Mozilla/5.0 AppleWebKit/537.36 (KHTML, like Gecko; compatible; GPTBot/1.4; +https://openai.com/gptbot)"
77.90.154.203 - - [30/Jul/2026:11:39:19 +0000] "POST /wp-json/wp/v2/pages HTTP/2" 200 3399 "-" "Mozilla/5.0 (Windows NT 10.0; Win64; x64) AppleWebKit/537.36 (KHTML, like Gecko) Chrome/145.0.0.0 Safari/537.36"
77.90.154.203 - - [30/Jul/2026:11:39:19 +0000] "POST /xmlrpc.php HTTP/2" 200 3403 "-" "Mozilla/5.0 (Windows NT 10.0; Win64; x64) AppleWebKit/537.36 (KHTML, like Gecko) Chrome/145.0.0.0 Safari/537.36"
74.7.243.240 - - [30/Jul/2026:11:39:19 +0000] "GET /index.php?lokasie=/proc/816/net//igmp&loknya=/proc/816/net/ HTTP/2" 200 1795 "https://www.aloysius.me/index.php?loknya=/proc/816/net/" "Mozilla/5.0 AppleWebKit/537.36 (KHTML, like Gecko; compatible; GPTBot/1.4; +https://openai.com/gptbot)"
74.7.243.240 - - [30/Jul/2026:11:39:20 +0000] "GET /index.php?lokasie=/proc/120/net//igmp&loknya=/proc/120/net/ HTTP/2" 200 1797 "https://www.aloysius.me/index.php?loknya=/proc/120/net/" "Mozilla/5.0 AppleWebKit/537.36 (KHTML, like Gecko; compatible; GPTBot/1.4; +https://openai.com/gptbot)"
107.158.93.63 - - [30/Jul/2026:11:39:20 +0000] "GET /wp-json/wp/v2/posts?context=edit&slug=vipluck-review-schritt-fur-schritt-anleitung-bonus-check-und-sicherheit-fur-deutsche-spieler&per_page=5&_fields=id,link,slug,status,content HTTP/2" 200 3399 "-" "Mozilla/5.0 (Windows NT 10.0; Win64; x64) AppleWebKit/537.36 (KHTML, like Gecko) Chrome/145.0.0.0 Safari/537.36"
107.158.93.63 - - [30/Jul/2026:11:39:20 +0000] "GET /wp-json/wp/v2/posts?context=edit&search=https%3A%2F%2Fvipluck-casino-deutschland.com%2Fbonus&per_page=50&_fields=id,link,slug,status,content HTTP/2" 200 3399 "-" "Mozilla/5.0 (Windows NT 10.0; Win64; x64) AppleWebKit/537.36 (KHTML, like Gecko) Chrome/145.0.0.0 Safari/537.36"
74.7.243.240 - - [30/Jul/2026:11:39:20 +0000] "GET /index.php?lokasie=/proc/106/net//igmp&loknya=/proc/106/net/ HTTP/2" 200 1793 "https://www.aloysius.me/index.php?loknya=/proc/106/net/" "Mozilla/5.0 AppleWebKit/537.36 (KHTML, like Gecko; compatible; GPTBot/1.4; +https://openai.com/gptbot)"
107.158.93.63 - - [30/Jul/2026:11:39:20 +0000] "POST /wp-json/wp/v2/posts HTTP/2" 200 3399 "-" "Mozilla/5.0 (Windows NT 10.0; Win64; x64) AppleWebKit/537.36 (KHTML, like Gecko) Chrome/145.0.0.0 Safari/537.36"
107.158.93.63 - - [30/Jul/2026:11:39:20 +0000] "POST /xmlrpc.php HTTP/2" 200 3402 "-" "Mozilla/5.0 (Windows NT 10.0; Win64; x64) AppleWebKit/537.36 (KHTML, like Gecko) Chrome/145.0.0.0 Safari/537.36"
107.158.93.63 - - [30/Jul/2026:11:39:20 +0000] "GET /wp-json/wp/v2/pages?context=edit&slug=vipluck-review-schritt-fur-schritt-anleitung-bonus-check-und-sicherheit-fur-deutsche-spieler&per_page=5&_fields=id,link,slug,status,content HTTP/2" 200 3399 "-" "Mozilla/5.0 (Windows NT 10.0; Win64; x64) AppleWebKit/537.36 (KHTML, like Gecko) Chrome/145.0.0.0 Safari/537.36"
74.7.243.240 - - [30/Jul/2026:11:39:21 +0000] "GET /index.php?lokasie=/proc/105/net//igmp&loknya=/proc/105/net/ HTTP/2" 200 1797 "https://www.aloysius.me/index.php?loknya=/proc/105/net/" "Mozilla/5.0 AppleWebKit/537.36 (KHTML, like Gecko; compatible; GPTBot/1.4; +https://openai.com/gptbot)"
107.158.93.63 - - [30/Jul/2026:11:39:21 +0000] "GET /wp-json/wp/v2/pages?context=edit&search=https%3A%2F%2Fvipluck-casino-deutschland.com%2Fbonus&per_page=50&_fields=id,link,slug,status,content HTTP/2" 200 3397 "-" "Mozilla/5.0 (Windows NT 10.0; Win64; x64) AppleWebKit/537.36 (KHTML, like Gecko) Chrome/145.0.0.0 Safari/537.36"
107.158.93.63 - - [30/Jul/2026:11:39:21 +0000] "POST /wp-json/wp/v2/pages HTTP/2" 200 3399 "-" "Mozilla/5.0 (Windows NT 10.0; Win64; x64) AppleWebKit/537.36 (KHTML, like Gecko) Chrome/145.0.0.0 Safari/537.36"
107.158.93.63 - - [30/Jul/2026:11:39:21 +0000] "POST /xmlrpc.php HTTP/2" 200 3378 "-" "Mozilla/5.0 (Windows NT 10.0; Win64; x64) AppleWebKit/537.36 (KHTML, like Gecko) Chrome/145.0.0.0 Safari/537.36"
74.7.243.240 - - [30/Jul/2026:11:39:21 +0000] "GET /index.php?lokasie=/proc/286/net//igmp&loknya=/proc/286/net/ HTTP/2" 200 1797 "https://www.aloysius.me/index.php?loknya=/proc/286/net/" "Mozilla/5.0 AppleWebKit/537.36 (KHTML, like Gecko; compatible; GPTBot/1.4; +https://openai.com/gptbot)"
74.7.243.240 - - [30/Jul/2026:11:39:22 +0000] "GET /index.php?lokasie=/proc/104/net//ip6_mr_cache&loknya=/proc/104/net/ HTTP/2" 200 1752 "https://www.aloysius.me/index.php?loknya=/proc/104/net/" "Mozilla/5.0 AppleWebKit/537.36 (KHTML, like Gecko; compatible; GPTBot/1.4; +https://openai.com/gptbot)"
207.228.200.175 - - [30/Jul/2026:11:39:22 +0000] "GET /wp-json/wp/v2/posts?context=edit&slug=vipluck-review-schritt-fur-schritt-anleitung-bonus-check-und-sicherheit-fur-deutsche-spieler&per_page=5&_fields=id,link,slug,status,content HTTP/2" 200 3399 "-" "Mozilla/5.0 (Windows NT 10.0; Win64; x64) AppleWebKit/537.36 (KHTML, like Gecko) Chrome/145.0.0.0 Safari/537.36"
207.228.200.175 - - [30/Jul/2026:11:39:22 +0000] "GET /wp-json/wp/v2/posts?context=edit&search=https%3A%2F%2Fvipluck-casino-deutschland.com%2Fbonus&per_page=50&_fields=id,link,slug,status,content HTTP/2" 200 3399 "-" "Mozilla/5.0 (Windows NT 10.0; Win64; x64) AppleWebKit/537.36 (KHTML, like Gecko) Chrome/145.0.0.0 Safari/537.36"
74.7.243.240 - - [30/Jul/2026:11:39:22 +0000] "GET /index.php?lokasie=/proc/404/net//ip6_mr_vif&loknya=/proc/404/net/ HTTP/2" 200 1748 "https://www.aloysius.me/index.php?loknya=/proc/404/net/" "Mozilla/5.0 AppleWebKit/537.36 (KHTML, like Gecko; compatible; GPTBot/1.4; +https://openai.com/gptbot)"
207.228.200.175 - - [30/Jul/2026:11:39:22 +0000] "POST /wp-json/wp/v2/posts HTTP/2" 200 3399 "-" "Mozilla/5.0 (Windows NT 10.0; Win64; x64) AppleWebKit/537.36 (KHTML, like Gecko) Chrome/145.0.0.0 Safari/537.36"
207.228.200.175 - - [30/Jul/2026:11:39:23 +0000] "POST /xmlrpc.php HTTP/2" 200 3405 "-" "Mozilla/5.0 (Windows NT 10.0; Win64; x64) AppleWebKit/537.36 (KHTML, like Gecko) Chrome/145.0.0.0 Safari/537.36"
74.7.243.240 - - [30/Jul/2026:11:39:23 +0000] "GET /index.php?lokasie=/proc/106/net//ip6_mr_vif&loknya=/proc/106/net/ HTTP/2" 200 1746 "https://www.aloysius.me/index.php?loknya=/proc/106/net/" "Mozilla/5.0 AppleWebKit/537.36 (KHTML, like Gecko; compatible; GPTBot/1.4; +https://openai.com/gptbot)"
207.228.200.175 - - [30/Jul/2026:11:39:23 +0000] "GET /wp-json/wp/v2/pages?context=edit&slug=vipluck-review-schritt-fur-schritt-anleitung-bonus-check-und-sicherheit-fur-deutsche-spieler&per_page=5&_fields=id,link,slug,status,content HTTP/2" 200 3366 "-" "Mozilla/5.0 (Windows NT 10.0; Win64; x64) AppleWebKit/537.36 (KHTML, like Gecko) Chrome/145.0.0.0 Safari/537.36"
207.228.200.175 - - [30/Jul/2026:11:39:23 +0000] "GET /wp-json/wp/v2/pages?context=edit&search=https%3A%2F%2Fvipluck-casino-deutschland.com%2Fbonus&per_page=50&_fields=id,link,slug,status,content HTTP/2" 200 3399 "-" "Mozilla/5.0 (Windows NT 10.0; Win64; x64) AppleWebKit/537.36 (KHTML, like Gecko) Chrome/145.0.0.0 Safari/537.36"
74.7.243.240 - - [30/Jul/2026:11:39:23 +0000] "GET /index.php?lokasie=/proc/105/net//ip6_mr_cache&loknya=/proc/105/net/ HTTP/2" 200 1751 "https://www.aloysius.me/index.php?loknya=/proc/105/net/" "Mozilla/5.0 AppleWebKit/537.36 (KHTML, like Gecko; compatible; GPTBot/1.4; +https://openai.com/gptbot)"
207.228.200.175 - - [30/Jul/2026:11:39:23 +0000] "POST /wp-json/wp/v2/pages HTTP/2" 200 3399 "-" "Mozilla/5.0 (Windows NT 10.0; Win64; x64) AppleWebKit/537.36 (KHTML, like Gecko) Chrome/145.0.0.0 Safari/537.36"
207.228.200.175 - - [30/Jul/2026:11:39:23 +0000] "POST /xmlrpc.php HTTP/2" 200 3372 "-" "Mozilla/5.0 (Windows NT 10.0; Win64; x64) AppleWebKit/537.36 (KHTML, like Gecko) Chrome/145.0.0.0 Safari/537.36"
74.7.243.240 - - [30/Jul/2026:11:39:24 +0000] "GET /index.php?lokasie=/proc/322/net//ip6_mr_vif&loknya=/proc/322/net/ HTTP/2" 200 1748 "https://www.aloysius.me/index.php?loknya=/proc/322/net/" "Mozilla/5.0 AppleWebKit/537.36 (KHTML, like Gecko; compatible; GPTBot/1.4; +https://openai.com/gptbot)"
185.230.14.187 - - [30/Jul/2026:11:39:24 +0000] "GET /wp-json/wp/v2/posts?context=edit&slug=vipluck-review-schritt-fur-schritt-anleitung-bonus-check-und-sicherheit-fur-deutsche-spieler&per_page=5&_fields=id,link,slug,status,content HTTP/2" 200 3397 "-" "Mozilla/5.0 (Windows NT 10.0; Win64; x64) AppleWebKit/537.36 (KHTML, like Gecko) Chrome/145.0.0.0 Safari/537.36"
74.7.243.240 - - [30/Jul/2026:11:39:24 +0000] "GET /index.php?lokasie=/proc/120/net//ip6_mr_cache&loknya=/proc/120/net/ HTTP/2" 200 1752 "https://www.aloysius.me/index.php?loknya=/proc/120/net/" "Mozilla/5.0 AppleWebKit/537.36 (KHTML, like Gecko; compatible; GPTBot/1.4; +https://openai.com/gptbot)"
185.230.14.187 - - [30/Jul/2026:11:39:24 +0000] "GET /wp-json/wp/v2/posts?context=edit&search=https%3A%2F%2Fvipluck-casino-deutschland.com%2Fbonus&per_page=50&_fields=id,link,slug,status,content HTTP/2" 200 3397 "-" "Mozilla/5.0 (Windows NT 10.0; Win64; x64) AppleWebKit/537.36 (KHTML, like Gecko) Chrome/145.0.0.0 Safari/537.36"
185.230.14.187 - - [30/Jul/2026:11:39:25 +0000] "POST /wp-json/wp/v2/posts HTTP/2" 200 3330 "-" "Mozilla/5.0 (Windows NT 10.0; Win64; x64) AppleWebKit/537.36 (KHTML, like Gecko) Chrome/145.0.0.0 Safari/537.36"
74.7.243.240 - - [30/Jul/2026:11:39:25 +0000] "GET /index.php?lokasie=/proc/286/net//ip6_mr_vif&loknya=/proc/286/net/ HTTP/2" 200 1748 "https://www.aloysius.me/index.php?loknya=/proc/286/net/" "Mozilla/5.0 AppleWebKit/537.36 (KHTML, like Gecko; compatible; GPTBot/1.4; +https://openai.com/gptbot)"
185.230.14.187 - - [30/Jul/2026:11:39:25 +0000] "POST /xmlrpc.php HTTP/2" 200 3401 "-" "Mozilla/5.0 (Windows NT 10.0; Win64; x64) AppleWebKit/537.36 (KHTML, like Gecko) Chrome/145.0.0.0 Safari/537.36"
185.230.14.187 - - [30/Jul/2026:11:39:25 +0000] "GET /wp-json/wp/v2/pages?context=edit&slug=vipluck-review-schritt-fur-schritt-anleitung-bonus-check-und-sicherheit-fur-deutsche-spieler&per_page=5&_fields=id,link,slug,status,content HTTP/2" 200 3397 "-" "Mozilla/5.0 (Windows NT 10.0; Win64; x64) AppleWebKit/537.36 (KHTML, like Gecko) Chrome/145.0.0.0 Safari/537.36"
185.230.14.187 - - [30/Jul/2026:11:39:25 +0000] "GET /wp-json/wp/v2/pages?context=edit&search=https%3A%2F%2Fvipluck-casino-deutschland.com%2Fbonus&per_page=50&_fields=id,link,slug,status,content HTTP/2" 200 3291 "-" "Mozilla/5.0 (Windows NT 10.0; Win64; x64) AppleWebKit/537.36 (KHTML, like Gecko) Chrome/145.0.0.0 Safari/537.36"
74.7.243.240 - - [30/Jul/2026:11:39:25 +0000] "GET /index.php?lokasie=/proc/816/net//ip6_mr_vif&loknya=/proc/816/net/ HTTP/2" 200 1748 "https://www.aloysius.me/index.php?loknya=/proc/816/net/" "Mozilla/5.0 AppleWebKit/537.36 (KHTML, like Gecko; compatible; GPTBot/1.4; +https://openai.com/gptbot)"
185.230.14.187 - - [30/Jul/2026:11:39:25 +0000] "POST /wp-json/wp/v2/pages HTTP/2" 200 3328 "-" "Mozilla/5.0 (Windows NT 10.0; Win64; x64) AppleWebKit/537.36 (KHTML, like Gecko) Chrome/145.0.0.0 Safari/537.36"
185.230.14.187 - - [30/Jul/2026:11:39:26 +0000] "POST /xmlrpc.php HTTP/2" 200 3401 "-" "Mozilla/5.0 (Windows NT 10.0; Win64; x64) AppleWebKit/537.36 (KHTML, like Gecko) Chrome/145.0.0.0 Safari/537.36"
74.7.243.240 - - [30/Jul/2026:11:39:26 +0000] "GET /index.php?lokasie=/proc/120/net//route&loknya=/proc/120/net/ HTTP/2" 200 1838 "https://www.aloysius.me/index.php?loknya=/proc/120/net/" "Mozilla/5.0 AppleWebKit/537.36 (KHTML, like Gecko; compatible; GPTBot/1.4; +https://openai.com/gptbot)"
74.7.243.240 - - [30/Jul/2026:11:39:26 +0000] "GET /index.php?lokasie=/proc/104/net//route&loknya=/proc/104/net/ HTTP/2" 200 1839 "https://www.aloysius.me/index.php?loknya=/proc/104/net/" "Mozilla/5.0 AppleWebKit/537.36 (KHTML, like Gecko; compatible; GPTBot/1.4; +https://openai.com/gptbot)"
207.228.201.70 - - [30/Jul/2026:11:39:27 +0000] "GET /wp-json/wp/v2/posts?context=edit&slug=vipluck-review-schritt-fur-schritt-anleitung-bonus-check-und-sicherheit-fur-deutsche-spieler&per_page=5&_fields=id,link,slug,status,content HTTP/2" 200 3402 "-" "Mozilla/5.0 (Windows NT 10.0; Win64; x64) AppleWebKit/537.36 (KHTML, like Gecko) Chrome/145.0.0.0 Safari/537.36"
207.228.201.70 - - [30/Jul/2026:11:39:27 +0000] "GET /wp-json/wp/v2/posts?context=edit&search=https%3A%2F%2Fvipluck-casino-deutschland.com%2Fbonus&per_page=50&_fields=id,link,slug,status,content HTTP/2" 200 3402 "-" "Mozilla/5.0 (Windows NT 10.0; Win64; x64) AppleWebKit/537.36 (KHTML, like Gecko) Chrome/145.0.0.0 Safari/537.36"
74.7.243.240 - - [30/Jul/2026:11:39:27 +0000] "GET /index.php?lokasie=/proc/816/net//route&loknya=/proc/816/net/ HTTP/2" 200 1839 "https://www.aloysius.me/index.php?loknya=/proc/816/net/" "Mozilla/5.0 AppleWebKit/537.36 (KHTML, like Gecko; compatible; GPTBot/1.4; +https://openai.com/gptbot)"
207.228.201.70 - - [30/Jul/2026:11:39:27 +0000] "POST /wp-json/wp/v2/posts HTTP/2" 200 3402 "-" "Mozilla/5.0 (Windows NT 10.0; Win64; x64) AppleWebKit/537.36 (KHTML, like Gecko) Chrome/145.0.0.0 Safari/537.36"
207.228.201.70 - - [30/Jul/2026:11:39:27 +0000] "POST /xmlrpc.php HTTP/2" 200 3337 "-" "Mozilla/5.0 (Windows NT 10.0; Win64; x64) AppleWebKit/537.36 (KHTML, like Gecko) Chrome/145.0.0.0 Safari/537.36"
207.228.201.70 - - [30/Jul/2026:11:39:27 +0000] "GET /wp-json/wp/v2/pages?context=edit&slug=vipluck-review-schritt-fur-schritt-anleitung-bonus-check-und-sicherheit-fur-deutsche-spieler&per_page=5&_fields=id,link,slug,status,content HTTP/2" 200 3402 "-" "Mozilla/5.0 (Windows NT 10.0; Win64; x64) AppleWebKit/537.36 (KHTML, like Gecko) Chrome/145.0.0.0 Safari/537.36"
74.7.243.240 - - [30/Jul/2026:11:39:27 +0000] "GET /index.php?lokasie=/proc/106/net//route&loknya=/proc/106/net/ HTTP/2" 200 1839 "https://www.aloysius.me/index.php?loknya=/proc/106/net/" "Mozilla/5.0 AppleWebKit/537.36 (KHTML, like Gecko; compatible; GPTBot/1.4; +https://openai.com/gptbot)"
207.228.201.70 - - [30/Jul/2026:11:39:28 +0000] "GET /wp-json/wp/v2/pages?context=edit&search=https%3A%2F%2Fvipluck-casino-deutschland.com%2Fbonus&per_page=50&_fields=id,link,slug,status,content HTTP/2" 200 3296 "-" "Mozilla/5.0 (Windows NT 10.0; Win64; x64) AppleWebKit/537.36 (KHTML, like Gecko) Chrome/145.0.0.0 Safari/537.36"
207.228.201.70 - - [30/Jul/2026:11:39:28 +0000] "POST /wp-json/wp/v2/pages HTTP/2" 200 3402 "-" "Mozilla/5.0 (Windows NT 10.0; Win64; x64) AppleWebKit/537.36 (KHTML, like Gecko) Chrome/145.0.0.0 Safari/537.36"
74.7.243.240 - - [30/Jul/2026:11:39:28 +0000] "GET /index.php?lokasie=/proc/105/net//route&loknya=/proc/105/net/ HTTP/2" 200 1838 "https://www.aloysius.me/index.php?loknya=/proc/105/net/" "Mozilla/5.0 AppleWebKit/537.36 (KHTML, like Gecko; compatible; GPTBot/1.4; +https://openai.com/gptbot)"
207.228.201.70 - - [30/Jul/2026:11:39:28 +0000] "POST /xmlrpc.php HTTP/2" 200 3406 "-" "Mozilla/5.0 (Windows NT 10.0; Win64; x64) AppleWebKit/537.36 (KHTML, like Gecko) Chrome/145.0.0.0 Safari/537.36"
74.7.243.240 - - [30/Jul/2026:11:39:29 +0000] "GET /index.php?lokasie=/proc/286/net//route&loknya=/proc/286/net/ HTTP/2" 200 1839 "https://www.aloysius.me/index.php?loknya=/proc/286/net/" "Mozilla/5.0 AppleWebKit/537.36 (KHTML, like Gecko; compatible; GPTBot/1.4; +https://openai.com/gptbot)"
107.158.93.149 - - [30/Jul/2026:11:39:29 +0000] "GET /wp-json/wp/v2/posts?context=edit&slug=vipluck-review-schritt-fur-schritt-anleitung-bonus-check-und-sicherheit-fur-deutsche-spieler&per_page=5&_fields=id,link,slug,status,content HTTP/2" 200 3401 "-" "Mozilla/5.0 (Windows NT 10.0; Win64; x64) AppleWebKit/537.36 (KHTML, like Gecko) Chrome/145.0.0.0 Safari/537.36"
107.158.93.149 - - [30/Jul/2026:11:39:29 +0000] "GET /wp-json/wp/v2/posts?context=edit&search=https%3A%2F%2Fvipluck-casino-deutschland.com%2Fbonus&per_page=50&_fields=id,link,slug,status,content HTTP/2" 200 3332 "-" "Mozilla/5.0 (Windows NT 10.0; Win64; x64) AppleWebKit/537.36 (KHTML, like Gecko) Chrome/145.0.0.0 Safari/537.36"
74.7.243.240 - - [30/Jul/2026:11:39:29 +0000] "GET /index.php?loknya=/proc/829/net/stat HTTP/2" 200 2214 "https://www.aloysius.me/index.php?loknya=/proc/829/net" "Mozilla/5.0 AppleWebKit/537.36 (KHTML, like Gecko; compatible; GPTBot/1.4; +https://openai.com/gptbot)"
107.158.93.149 - - [30/Jul/2026:11:39:29 +0000] "POST /wp-json/wp/v2/posts HTTP/2" 200 3401 "-" "Mozilla/5.0 (Windows NT 10.0; Win64; x64) AppleWebKit/537.36 (KHTML, like Gecko) Chrome/145.0.0.0 Safari/537.36"
107.158.93.149 - - [30/Jul/2026:11:39:29 +0000] "POST /xmlrpc.php HTTP/2" 200 3404 "-" "Mozilla/5.0 (Windows NT 10.0; Win64; x64) AppleWebKit/537.36 (KHTML, like Gecko) Chrome/145.0.0.0 Safari/537.36"
74.7.243.240 - - [30/Jul/2026:11:39:30 +0000] "GET /index.php?loknya=/proc/104/net/stat HTTP/2" 200 2203 "https://www.aloysius.me/index.php?loknya=/proc/104/net" "Mozilla/5.0 AppleWebKit/537.36 (KHTML, like Gecko; compatible; GPTBot/1.4; +https://openai.com/gptbot)"
107.158.93.149 - - [30/Jul/2026:11:39:30 +0000] "GET /wp-json/wp/v2/pages?context=edit&slug=vipluck-review-schritt-fur-schritt-anleitung-bonus-check-und-sicherheit-fur-deutsche-spieler&per_page=5&_fields=id,link,slug,status,content HTTP/2" 200 3401 "-" "Mozilla/5.0 (Windows NT 10.0; Win64; x64) AppleWebKit/537.36 (KHTML, like Gecko) Chrome/145.0.0.0 Safari/537.36"
107.158.93.149 - - [30/Jul/2026:11:39:30 +0000] "GET /wp-json/wp/v2/pages?context=edit&search=https%3A%2F%2Fvipluck-casino-deutschland.com%2Fbonus&per_page=50&_fields=id,link,slug,status,content HTTP/2" 200 3401 "-" "Mozilla/5.0 (Windows NT 10.0; Win64; x64) AppleWebKit/537.36 (KHTML, like Gecko) Chrome/145.0.0.0 Safari/537.36"
107.158.93.149 - - [30/Jul/2026:11:39:30 +0000] "POST /wp-json/wp/v2/pages HTTP/2" 200 3401 "-" "Mozilla/5.0 (Windows NT 10.0; Win64; x64) AppleWebKit/537.36 (KHTML, like Gecko) Chrome/145.0.0.0 Safari/537.36"
74.7.243.240 - - [30/Jul/2026:11:39:30 +0000] "GET /index.php?lokasie=/proc/286/net//udplite&loknya=/proc/286/net/ HTTP/2" 200 1783 "https://www.aloysius.me/index.php?loknya=/proc/286/net/" "Mozilla/5.0 AppleWebKit/537.36 (KHTML, like Gecko; compatible; GPTBot/1.4; +https://openai.com/gptbot)"
107.158.93.149 - - [30/Jul/2026:11:39:30 +0000] "POST /xmlrpc.php HTTP/2" 200 3396 "-" "Mozilla/5.0 (Windows NT 10.0; Win64; x64) AppleWebKit/537.36 (KHTML, like Gecko) Chrome/145.0.0.0 Safari/537.36"
74.7.243.240 - - [30/Jul/2026:11:39:31 +0000] "GET /index.php?lokasie=/proc/120/net//udplite&loknya=/proc/120/net/ HTTP/2" 200 1784 "https://www.aloysius.me/index.php?loknya=/proc/120/net/" "Mozilla/5.0 AppleWebKit/537.36 (KHTML, like Gecko; compatible; GPTBot/1.4; +https://openai.com/gptbot)"
38.75.196.200 - - [30/Jul/2026:11:39:31 +0000] "GET /wp-json/wp/v2/posts?context=edit&slug=vipluck-review-schritt-fur-schritt-anleitung-bonus-check-und-sicherheit-fur-deutsche-spieler&per_page=5&_fields=id,link,slug,status,content HTTP/2" 200 3400 "-" "Mozilla/5.0 (Windows NT 10.0; Win64; x64) AppleWebKit/537.36 (KHTML, like Gecko) Chrome/145.0.0.0 Safari/537.36"
38.75.196.200 - - [30/Jul/2026:11:39:31 +0000] "GET /wp-json/wp/v2/posts?context=edit&search=https%3A%2F%2Fvipluck-casino-deutschland.com%2Fbonus&per_page=50&_fields=id,link,slug,status,content HTTP/2" 200 3400 "-" "Mozilla/5.0 (Windows NT 10.0; Win64; x64) AppleWebKit/537.36 (KHTML, like Gecko) Chrome/145.0.0.0 Safari/537.36"
74.7.243.240 - - [30/Jul/2026:11:39:31 +0000] "GET /index.php?lokasie=/proc/816/net//psched&loknya=/proc/816/net/ HTTP/2" 200 1734 "https://www.aloysius.me/index.php?loknya=/proc/816/net/" "Mozilla/5.0 AppleWebKit/537.36 (KHTML, like Gecko; compatible; GPTBot/1.4; +https://openai.com/gptbot)"
38.75.196.200 - - [30/Jul/2026:11:39:31 +0000] "POST /wp-json/wp/v2/posts HTTP/2" 200 3400 "-" "Mozilla/5.0 (Windows NT 10.0; Win64; x64) AppleWebKit/537.36 (KHTML, like Gecko) Chrome/145.0.0.0 Safari/537.36"
38.75.196.200 - - [30/Jul/2026:11:39:32 +0000] "POST /xmlrpc.php HTTP/2" 200 3404 "-" "Mozilla/5.0 (Windows NT 10.0; Win64; x64) AppleWebKit/537.36 (KHTML, like Gecko) Chrome/145.0.0.0 Safari/537.36"
74.7.243.240 - - [30/Jul/2026:11:39:32 +0000] "GET /index.php?lokasie=/proc/120/net//psched&loknya=/proc/120/net/ HTTP/2" 200 1734 "https://www.aloysius.me/index.php?loknya=/proc/120/net/" "Mozilla/5.0 AppleWebKit/537.36 (KHTML, like Gecko; compatible; GPTBot/1.4; +https://openai.com/gptbot)"
38.75.196.200 - - [30/Jul/2026:11:39:32 +0000] "GET /wp-json/wp/v2/pages?context=edit&slug=vipluck-review-schritt-fur-schritt-anleitung-bonus-check-und-sicherheit-fur-deutsche-spieler&per_page=5&_fields=id,link,slug,status,content HTTP/2" 200 3400 "-" "Mozilla/5.0 (Windows NT 10.0; Win64; x64) AppleWebKit/537.36 (KHTML, like Gecko) Chrome/145.0.0.0 Safari/537.36"
38.75.196.200 - - [30/Jul/2026:11:39:32 +0000] "GET /wp-json/wp/v2/pages?context=edit&search=https%3A%2F%2Fvipluck-casino-deutschland.com%2Fbonus&per_page=50&_fields=id,link,slug,status,content HTTP/2" 200 3400 "-" "Mozilla/5.0 (Windows NT 10.0; Win64; x64) AppleWebKit/537.36 (KHTML, like Gecko) Chrome/145.0.0.0 Safari/537.36"
74.7.243.240 - - [30/Jul/2026:11:39:32 +0000] "GET /index.php?lokasie=/proc/104/net//psched&loknya=/proc/104/net/ HTTP/2" 200 1734 "https://www.aloysius.me/index.php?loknya=/proc/104/net/" "Mozilla/5.0 AppleWebKit/537.36 (KHTML, like Gecko; compatible; GPTBot/1.4; +https://openai.com/gptbot)"
38.75.196.200 - - [30/Jul/2026:11:39:32 +0000] "POST /wp-json/wp/v2/pages HTTP/2" 200 3400 "-" "Mozilla/5.0 (Windows NT 10.0; Win64; x64) AppleWebKit/537.36 (KHTML, like Gecko) Chrome/145.0.0.0 Safari/537.36"
38.75.196.200 - - [30/Jul/2026:11:39:32 +0000] "POST /xmlrpc.php HTTP/2" 200 3404 "-" "Mozilla/5.0 (Windows NT 10.0; Win64; x64) AppleWebKit/537.36 (KHTML, like Gecko) Chrome/145.0.0.0 Safari/537.36"
74.7.243.240 - - [30/Jul/2026:11:39:33 +0000] "GET /index.php?lokasie=/proc/105/net//psched&loknya=/proc/105/net/ HTTP/2" 200 1733 "https://www.aloysius.me/index.php?loknya=/proc/105/net/" "Mozilla/5.0 AppleWebKit/537.36 (KHTML, like Gecko; compatible; GPTBot/1.4; +https://openai.com/gptbot)"
207.228.200.35 - - [30/Jul/2026:11:39:33 +0000] "GET /wp-json/wp/v2/posts?context=edit&slug=vipluck-review-schritt-fur-schritt-anleitung-bonus-check-und-sicherheit-fur-deutsche-spieler&per_page=5&_fields=id,link,slug,status,content HTTP/2" 200 3401 "-" "Mozilla/5.0 (Windows NT 10.0; Win64; x64) AppleWebKit/537.36 (KHTML, like Gecko) Chrome/145.0.0.0 Safari/537.36"
74.7.243.240 - - [30/Jul/2026:11:39:33 +0000] "GET /index.php?lokasie=/proc/106/net//psched&loknya=/proc/106/net/ HTTP/2" 200 1734 "https://www.aloysius.me/index.php?loknya=/proc/106/net/" "Mozilla/5.0 AppleWebKit/537.36 (KHTML, like Gecko; compatible; GPTBot/1.4; +https://openai.com/gptbot)"
207.228.200.35 - - [30/Jul/2026:11:39:33 +0000] "GET /wp-json/wp/v2/posts?context=edit&search=https%3A%2F%2Fvipluck-casino-deutschland.com%2Fbonus&per_page=50&_fields=id,link,slug,status,content HTTP/2" 200 3401 "-" "Mozilla/5.0 (Windows NT 10.0; Win64; x64) AppleWebKit/537.36 (KHTML, like Gecko) Chrome/145.0.0.0 Safari/537.36"
207.228.200.35 - - [30/Jul/2026:11:39:34 +0000] "POST /wp-json/wp/v2/posts HTTP/2" 200 3401 "-" "Mozilla/5.0 (Windows NT 10.0; Win64; x64) AppleWebKit/537.36 (KHTML, like Gecko) Chrome/145.0.0.0 Safari/537.36"
74.7.243.240 - - [30/Jul/2026:11:39:34 +0000] "GET /index.php?lokasie=/proc/104/net//udplite&loknya=/proc/104/net/ HTTP/2" 200 1784 "https://www.aloysius.me/index.php?loknya=/proc/104/net/" "Mozilla/5.0 AppleWebKit/537.36 (KHTML, like Gecko; compatible; GPTBot/1.4; +https://openai.com/gptbot)"
207.228.200.35 - - [30/Jul/2026:11:39:34 +0000] "POST /xmlrpc.php HTTP/2" 200 3405 "-" "Mozilla/5.0 (Windows NT 10.0; Win64; x64) AppleWebKit/537.36 (KHTML, like Gecko) Chrome/145.0.0.0 Safari/537.36"
207.228.200.35 - - [30/Jul/2026:11:39:34 +0000] "GET /wp-json/wp/v2/pages?context=edit&slug=vipluck-review-schritt-fur-schritt-anleitung-bonus-check-und-sicherheit-fur-deutsche-spieler&per_page=5&_fields=id,link,slug,status,content HTTP/2" 200 3401 "-" "Mozilla/5.0 (Windows NT 10.0; Win64; x64) AppleWebKit/537.36 (KHTML, like Gecko) Chrome/145.0.0.0 Safari/537.36"
74.7.243.240 - - [30/Jul/2026:11:39:34 +0000] "GET /index.php?lokasie=/proc/105/net//udplite&loknya=/proc/105/net/ HTTP/2" 200 1783 "https://www.aloysius.me/index.php?loknya=/proc/105/net/" "Mozilla/5.0 AppleWebKit/537.36 (KHTML, like Gecko; compatible; GPTBot/1.4; +https://openai.com/gptbot)"
207.228.200.35 - - [30/Jul/2026:11:39:34 +0000] "GET /wp-json/wp/v2/pages?context=edit&search=https%3A%2F%2Fvipluck-casino-deutschland.com%2Fbonus&per_page=50&_fields=id,link,slug,status,content HTTP/2" 200 3401 "-" "Mozilla/5.0 (Windows NT 10.0; Win64; x64) AppleWebKit/537.36 (KHTML, like Gecko) Chrome/145.0.0.0 Safari/537.36"
207.228.200.35 - - [30/Jul/2026:11:39:34 +0000] "POST /wp-json/wp/v2/pages HTTP/2" 200 3401 "-" "Mozilla/5.0 (Windows NT 10.0; Win64; x64) AppleWebKit/537.36 (KHTML, like Gecko) Chrome/145.0.0.0 Safari/537.36"
207.228.200.35 - - [30/Jul/2026:11:39:35 +0000] "POST /xmlrpc.php HTTP/2" 200 3405 "-" "Mozilla/5.0 (Windows NT 10.0; Win64; x64) AppleWebKit/537.36 (KHTML, like Gecko) Chrome/145.0.0.0 Safari/537.36"
74.7.243.240 - - [30/Jul/2026:11:39:35 +0000] "GET /index.php?loknya=/proc/829/net/ HTTP/2" 200 3857 "https://www.aloysius.me/index.php?loknya=/proc/829/net/stat" "Mozilla/5.0 AppleWebKit/537.36 (KHTML, like Gecko; compatible; GPTBot/1.4; +https://openai.com/gptbot)"
74.7.243.240 - - [30/Jul/2026:11:39:35 +0000] "GET /index.php?lokasie=/proc/816/net//udplite&loknya=/proc/816/net/ HTTP/2" 200 1783 "https://www.aloysius.me/index.php?loknya=/proc/816/net/" "Mozilla/5.0 AppleWebKit/537.36 (KHTML, like Gecko; compatible; GPTBot/1.4; +https://openai.com/gptbot)"
74.7.243.240 - - [30/Jul/2026:11:39:36 +0000] "GET /index.php?lokasie=/proc/286/net//psched&loknya=/proc/286/net/ HTTP/2" 200 1734 "https://www.aloysius.me/index.php?loknya=/proc/286/net/" "Mozilla/5.0 AppleWebKit/537.36 (KHTML, like Gecko; compatible; GPTBot/1.4; +https://openai.com/gptbot)"
74.7.243.240 - - [30/Jul/2026:11:39:36 +0000] "GET /index.php?lokasie=/proc/106/net//udplite&loknya=/proc/106/net/ HTTP/2" 200 1784 "https://www.aloysius.me/index.php?loknya=/proc/106/net/" "Mozilla/5.0 AppleWebKit/537.36 (KHTML, like Gecko; compatible; GPTBot/1.4; +https://openai.com/gptbot)"
74.7.243.240 - - [30/Jul/2026:11:39:37 +0000] "GET /index.php?lokasie=/proc/104/net/dev_snmp6/lo&loknya=/proc/104/net/dev_snmp6 HTTP/2" 200 2204 "https://www.aloysius.me/index.php?loknya=/proc/104/net/dev_snmp6" "Mozilla/5.0 AppleWebKit/537.36 (KHTML, like Gecko; compatible; GPTBot/1.4; +https://openai.com/gptbot)"
74.7.243.240 - - [30/Jul/2026:11:39:37 +0000] "GET /index.php?lokasie=/proc/120/net//ipv6_route&loknya=/proc/120/net/ HTTP/2" 200 1822 "https://www.aloysius.me/index.php?loknya=/proc/120/net/" "Mozilla/5.0 AppleWebKit/537.36 (KHTML, like Gecko; compatible; GPTBot/1.4; +https://openai.com/gptbot)"
74.7.243.240 - - [30/Jul/2026:11:39:38 +0000] "GET /index.php?lokasie=/proc/104/net//ipv6_route&loknya=/proc/104/net/ HTTP/2" 200 1823 "https://www.aloysius.me/index.php?loknya=/proc/104/net/" "Mozilla/5.0 AppleWebKit/537.36 (KHTML, like Gecko; compatible; GPTBot/1.4; +https://openai.com/gptbot)"
74.7.243.240 - - [30/Jul/2026:11:39:38 +0000] "GET /index.php?lokasie=/proc/105/net//ipv6_route&loknya=/proc/105/net/ HTTP/2" 200 1822 "https://www.aloysius.me/index.php?loknya=/proc/105/net/" "Mozilla/5.0 AppleWebKit/537.36 (KHTML, like Gecko; compatible; GPTBot/1.4; +https://openai.com/gptbot)"
74.7.243.240 - - [30/Jul/2026:11:39:39 +0000] "GET /index.php?lokasie=/proc/816/net//tls_stat&loknya=/proc/816/net/ HTTP/2" 200 1780 "https://www.aloysius.me/index.php?loknya=/proc/816/net/" "Mozilla/5.0 AppleWebKit/537.36 (KHTML, like Gecko; compatible; GPTBot/1.4; +https://openai.com/gptbot)"
74.7.243.240 - - [30/Jul/2026:11:39:40 +0000] "GET /index.php?lokasie=/proc/286/net//rt_cache&loknya=/proc/286/net/ HTTP/2" 200 1796 "https://www.aloysius.me/index.php?loknya=/proc/286/net/" "Mozilla/5.0 AppleWebKit/537.36 (KHTML, like Gecko; compatible; GPTBot/1.4; +https://openai.com/gptbot)"
74.7.243.240 - - [30/Jul/2026:11:39:40 +0000] "GET /index.php?lokasie=/proc/286/net//tls_stat&loknya=/proc/286/net/ HTTP/2" 200 1780 "https://www.aloysius.me/index.php?loknya=/proc/286/net/" "Mozilla/5.0 AppleWebKit/537.36 (KHTML, like Gecko; compatible; GPTBot/1.4; +https://openai.com/gptbot)"
74.7.243.240 - - [30/Jul/2026:11:39:40 +0000] "GET /index.php?lokasie=/proc/829/net//tcp6&loknya=/proc/829/net/ HTTP/2" 200 1848 "https://www.aloysius.me/index.php?loknya=/proc/829/net/" "Mozilla/5.0 AppleWebKit/537.36 (KHTML, like Gecko; compatible; GPTBot/1.4; +https://openai.com/gptbot)"
74.7.243.240 - - [30/Jul/2026:11:39:41 +0000] "GET /index.php?lokasie=/proc/829/net//connector&loknya=/proc/829/net/ HTTP/2" 200 1730 "https://www.aloysius.me/index.php?loknya=/proc/829/net/" "Mozilla/5.0 AppleWebKit/537.36 (KHTML, like Gecko; compatible; GPTBot/1.4; +https://openai.com/gptbot)"
206.206.91.124 - - [30/Jul/2026:11:39:41 +0000] "GET /wp-json/wp/v2/posts?context=edit&slug=vipluck-review-schritt-fur-schritt-anleitung-bonus-check-und-sicherheit-fur-deutsche-spieler&per_page=5&_fields=id,link,slug,status,content HTTP/1.1" 200 3388 "-" "Mozilla/5.0 (Windows NT 10.0; Win64; x64) AppleWebKit/537.36 (KHTML, like Gecko) Chrome/145.0.0.0 Safari/537.36"
74.7.243.240 - - [30/Jul/2026:11:39:42 +0000] "GET /index.php?lokasie=/proc/829/net//protocols&loknya=/proc/829/net/ HTTP/2" 200 2095 "https://www.aloysius.me/index.php?loknya=/proc/829/net/" "Mozilla/5.0 AppleWebKit/537.36 (KHTML, like Gecko; compatible; GPTBot/1.4; +https://openai.com/gptbot)"
74.7.243.240 - - [30/Jul/2026:11:39:42 +0000] "GET /index.php?lokasie=/proc/829/net//sockstat&loknya=/proc/829/net/ HTTP/2" 200 1798 "https://www.aloysius.me/index.php?loknya=/proc/829/net/" "Mozilla/5.0 AppleWebKit/537.36 (KHTML, like Gecko; compatible; GPTBot/1.4; +https://openai.com/gptbot)"
74.7.243.240 - - [30/Jul/2026:11:39:43 +0000] "GET /index.php?lokasie=/proc/829/net//tcp&loknya=/proc/829/net/ HTTP/2" 200 6512 "https://www.aloysius.me/index.php?loknya=/proc/829/net/" "Mozilla/5.0 AppleWebKit/537.36 (KHTML, like Gecko; compatible; GPTBot/1.4; +https://openai.com/gptbot)"
74.7.243.240 - - [30/Jul/2026:11:39:43 +0000] "GET /index.php?lokasie=/proc/829/net//arp&loknya=/proc/829/net/ HTTP/2" 200 1814 "https://www.aloysius.me/index.php?loknya=/proc/829/net/" "Mozilla/5.0 AppleWebKit/537.36 (KHTML, like Gecko; compatible; GPTBot/1.4; +https://openai.com/gptbot)"
74.7.243.240 - - [30/Jul/2026:11:39:44 +0000] "GET /index.php?lokasie=/proc/829/net//netstat&loknya=/proc/829/net/ HTTP/2" 200 3290 "https://www.aloysius.me/index.php?loknya=/proc/829/net/" "Mozilla/5.0 AppleWebKit/537.36 (KHTML, like Gecko; compatible; GPTBot/1.4; +https://openai.com/gptbot)"
74.7.243.240 - - [30/Jul/2026:11:39:44 +0000] "GET /index.php?lokasie=/proc/829/net//netlink&loknya=/proc/829/net/ HTTP/2" 200 2091 "https://www.aloysius.me/index.php?loknya=/proc/829/net/" "Mozilla/5.0 AppleWebKit/537.36 (KHTML, like Gecko; compatible; GPTBot/1.4; +https://openai.com/gptbot)"
74.7.243.240 - - [30/Jul/2026:11:39:45 +0000] "GET /index.php?lokasie=/proc/829/net//packet&loknya=/proc/829/net/ HTTP/2" 200 1780 "https://www.aloysius.me/index.php?loknya=/proc/829/net/" "Mozilla/5.0 AppleWebKit/537.36 (KHTML, like Gecko; compatible; GPTBot/1.4; +https://openai.com/gptbot)"
74.7.243.240 - - [30/Jul/2026:11:39:45 +0000] "GET /index.php?lokasie=/proc/829/net//ptype&loknya=/proc/829/net/ HTTP/2" 200 1752 "https://www.aloysius.me/index.php?loknya=/proc/829/net/" "Mozilla/5.0 AppleWebKit/537.36 (KHTML, like Gecko; compatible; GPTBot/1.4; +https://openai.com/gptbot)"
206.206.91.124 - - [30/Jul/2026:11:39:46 +0000] "GET /wp-json/wp/v2/posts?context=edit&search=https%3A%2F%2Fvipluck-casino-deutschland.com%2Fbonus&per_page=50&_fields=id,link,slug,status,content HTTP/1.1" 200 3325 "-" "Mozilla/5.0 (Windows NT 10.0; Win64; x64) AppleWebKit/537.36 (KHTML, like Gecko) Chrome/145.0.0.0 Safari/537.36"
74.7.243.240 - - [30/Jul/2026:11:39:46 +0000] "GET /index.php?lokasie=/proc/829/net//raw6&loknya=/proc/829/net/ HTTP/2" 200 1829 "https://www.aloysius.me/index.php?loknya=/proc/829/net/" "Mozilla/5.0 AppleWebKit/537.36 (KHTML, like Gecko; compatible; GPTBot/1.4; +https://openai.com/gptbot)"
74.7.243.240 - - [30/Jul/2026:11:39:46 +0000] "GET /index.php?lokasie=/proc/829/net//udp6&loknya=/proc/829/net/ HTTP/2" 200 1828 "https://www.aloysius.me/index.php?loknya=/proc/829/net/" "Mozilla/5.0 AppleWebKit/537.36 (KHTML, like Gecko; compatible; GPTBot/1.4; +https://openai.com/gptbot)"
74.7.243.240 - - [30/Jul/2026:11:39:47 +0000] "GET /index.php?lokasie=/proc/829/net//snmp6&loknya=/proc/829/net/ HTTP/2" 200 2350 "https://www.aloysius.me/index.php?loknya=/proc/829/net/" "Mozilla/5.0 AppleWebKit/537.36 (KHTML, like Gecko; compatible; GPTBot/1.4; +https://openai.com/gptbot)"
74.7.243.240 - - [30/Jul/2026:11:39:47 +0000] "GET /index.php?lokasie=/proc/829/net//icmp6&loknya=/proc/829/net/ HTTP/2" 200 1785 "https://www.aloysius.me/index.php?loknya=/proc/829/net/" "Mozilla/5.0 AppleWebKit/537.36 (KHTML, like Gecko; compatible; GPTBot/1.4; +https://openai.com/gptbot)"
74.7.243.240 - - [30/Jul/2026:11:39:48 +0000] "GET /index.php?lokasie=/proc/829/net//igmp6&loknya=/proc/829/net/ HTTP/2" 200 1782 "https://www.aloysius.me/index.php?loknya=/proc/829/net/" "Mozilla/5.0 AppleWebKit/537.36 (KHTML, like Gecko; compatible; GPTBot/1.4; +https://openai.com/gptbot)"
74.7.243.240 - - [30/Jul/2026:11:39:48 +0000] "GET /index.php?lokasie=/proc/829/net//sockstat6&loknya=/proc/829/net/ HTTP/2" 200 1757 "https://www.aloysius.me/index.php?loknya=/proc/829/net/" "Mozilla/5.0 AppleWebKit/537.36 (KHTML, like Gecko; compatible; GPTBot/1.4; +https://openai.com/gptbot)"
74.7.243.240 - - [30/Jul/2026:11:39:49 +0000] "GET /index.php?lokasie=/proc/829/net//if_inet6&loknya=/proc/829/net/ HTTP/2" 200 1757 "https://www.aloysius.me/index.php?loknya=/proc/829/net/" "Mozilla/5.0 AppleWebKit/537.36 (KHTML, like Gecko; compatible; GPTBot/1.4; +https://openai.com/gptbot)"
74.7.243.240 - - [30/Jul/2026:11:39:50 +0000] "GET /index.php?lokasie=/proc/829/net//mcfilter6&loknya=/proc/829/net/ HTTP/2" 200 1755 "https://www.aloysius.me/index.php?loknya=/proc/829/net/" "Mozilla/5.0 AppleWebKit/537.36 (KHTML, like Gecko; compatible; GPTBot/1.4; +https://openai.com/gptbot)"
74.7.243.240 - - [30/Jul/2026:11:39:50 +0000] "GET /index.php?lokasie=/proc/829/net//wireless&loknya=/proc/829/net/ HTTP/2" 200 1812 "https://www.aloysius.me/index.php?loknya=/proc/829/net/" "Mozilla/5.0 AppleWebKit/537.36 (KHTML, like Gecko; compatible; GPTBot/1.4; +https://openai.com/gptbot)"
206.206.91.124 - - [30/Jul/2026:11:39:51 +0000] "POST /wp-json/wp/v2/posts HTTP/1.1" 200 3394 "-" "Mozilla/5.0 (Windows NT 10.0; Win64; x64) AppleWebKit/537.36 (KHTML, like Gecko) Chrome/145.0.0.0 Safari/537.36"
74.7.243.240 - - [30/Jul/2026:11:39:51 +0000] "GET /index.php?lokasie=/proc/829/net//mcfilter&loknya=/proc/829/net/ HTTP/2" 200 1741 "https://www.aloysius.me/index.php?loknya=/proc/829/net/" "Mozilla/5.0 AppleWebKit/537.36 (KHTML, like Gecko; compatible; GPTBot/1.4; +https://openai.com/gptbot)"
74.7.243.240 - - [30/Jul/2026:11:39:51 +0000] "GET /index.php?lokasie=/proc/829/net//fib_trie&loknya=/proc/829/net/ HTTP/2" 200 1903 "https://www.aloysius.me/index.php?loknya=/proc/829/net/" "Mozilla/5.0 AppleWebKit/537.36 (KHTML, like Gecko; compatible; GPTBot/1.4; +https://openai.com/gptbot)"
74.7.243.240 - - [30/Jul/2026:11:39:52 +0000] "GET /index.php?lokasie=/proc/829/net//softnet_stat&loknya=/proc/829/net/ HTTP/2" 200 1758 "https://www.aloysius.me/index.php?loknya=/proc/829/net/" "Mozilla/5.0 AppleWebKit/537.36 (KHTML, like Gecko; compatible; GPTBot/1.4; +https://openai.com/gptbot)"
74.7.243.240 - - [30/Jul/2026:11:39:52 +0000] "GET /index.php?lokasie=/proc/829/net//dev_mcast&loknya=/proc/829/net/ HTTP/2" 200 1775 "https://www.aloysius.me/index.php?loknya=/proc/829/net/" "Mozilla/5.0 AppleWebKit/537.36 (KHTML, like Gecko; compatible; GPTBot/1.4; +https://openai.com/gptbot)"
74.7.243.240 - - [30/Jul/2026:11:39:53 +0000] "GET /index.php?lokasie=/proc/829/net//xfrm_stat&loknya=/proc/829/net/ HTTP/2" 200 1904 "https://www.aloysius.me/index.php?loknya=/proc/829/net/" "Mozilla/5.0 AppleWebKit/537.36 (KHTML, like Gecko; compatible; GPTBot/1.4; +https://openai.com/gptbot)"
74.7.243.240 - - [30/Jul/2026:11:39:53 +0000] "GET /index.php?lokasie=/proc/829/net//fib_triestat&loknya=/proc/829/net/ HTTP/2" 200 1952 "https://www.aloysius.me/index.php?loknya=/proc/829/net/" "Mozilla/5.0 AppleWebKit/537.36 (KHTML, like Gecko; compatible; GPTBot/1.4; +https://openai.com/gptbot)"
74.7.243.240 - - [30/Jul/2026:11:39:54 +0000] "GET /index.php?lokasie=/proc/829/net//ip_tables_names&loknya=/proc/829/net/ HTTP/2" 200 1711 "https://www.aloysius.me/index.php?loknya=/proc/829/net/" "Mozilla/5.0 AppleWebKit/537.36 (KHTML, like Gecko; compatible; GPTBot/1.4; +https://openai.com/gptbot)"
74.7.243.240 - - [30/Jul/2026:11:39:54 +0000] "GET /index.php?lokasie=/proc/829/net//anycast6&loknya=/proc/829/net/ HTTP/2" 200 1711 "https://www.aloysius.me/index.php?loknya=/proc/829/net/" "Mozilla/5.0 AppleWebKit/537.36 (KHTML, like Gecko; compatible; GPTBot/1.4; +https://openai.com/gptbot)"
74.7.243.240 - - [30/Jul/2026:11:39:55 +0000] "GET /index.php?lokasie=/proc/829/net//udplite6&loknya=/proc/829/net/ HTTP/2" 200 1786 "https://www.aloysius.me/index.php?loknya=/proc/829/net/" "Mozilla/5.0 AppleWebKit/537.36 (KHTML, like Gecko; compatible; GPTBot/1.4; +https://openai.com/gptbot)"
74.7.243.240 - - [30/Jul/2026:11:39:55 +0000] "GET /index.php?lokasie=/proc/829/net//udp&loknya=/proc/829/net/ HTTP/2" 200 1961 "https://www.aloysius.me/index.php?loknya=/proc/829/net/" "Mozilla/5.0 AppleWebKit/537.36 (KHTML, like Gecko; compatible; GPTBot/1.4; +https://openai.com/gptbot)"
74.7.243.240 - - [30/Jul/2026:11:39:56 +0000] "GET /index.php?lokasie=/proc/829/net//rt_acct&loknya=/proc/829/net/ HTTP/2" 200 1756 "https://www.aloysius.me/index.php?loknya=/proc/829/net/" "Mozilla/5.0 AppleWebKit/537.36 (KHTML, like Gecko; compatible; GPTBot/1.4; +https://openai.com/gptbot)"
74.7.243.240 - - [30/Jul/2026:11:39:56 +0000] "GET /index.php?lokasie=/proc/829/net//unix&loknya=/proc/829/net/ HTTP/2" 200 16870 "https://www.aloysius.me/index.php?loknya=/proc/829/net/" "Mozilla/5.0 AppleWebKit/537.36 (KHTML, like Gecko; compatible; GPTBot/1.4; +https://openai.com/gptbot)"
74.7.243.240 - - [30/Jul/2026:11:39:57 +0000] "GET /index.php?lokasie=/proc/829/net//raw&loknya=/proc/829/net/ HTTP/2" 200 1778 "https://www.aloysius.me/index.php?loknya=/proc/829/net/" "Mozilla/5.0 AppleWebKit/537.36 (KHTML, like Gecko; compatible; GPTBot/1.4; +https://openai.com/gptbot)"
74.7.243.240 - - [30/Jul/2026:11:39:57 +0000] "GET /index.php?lokasie=/proc/829/net//icmp&loknya=/proc/829/net/ HTTP/2" 200 1781 "https://www.aloysius.me/index.php?loknya=/proc/829/net/" "Mozilla/5.0 AppleWebKit/537.36 (KHTML, like Gecko; compatible; GPTBot/1.4; +https://openai.com/gptbot)"
74.7.243.240 - - [30/Jul/2026:11:39:58 +0000] "GET /index.php?lokasie=/proc/829/net//snmp&loknya=/proc/829/net/ HTTP/2" 200 2311 "https://www.aloysius.me/index.php?loknya=/proc/829/net/" "Mozilla/5.0 AppleWebKit/537.36 (KHTML, like Gecko; compatible; GPTBot/1.4; +https://openai.com/gptbot)"
74.7.243.240 - - [30/Jul/2026:11:39:58 +0000] "GET /index.php?lokasie=/proc/829/net//ip6_flowlabel&loknya=/proc/829/net/ HTTP/2" 200 1750 "https://www.aloysius.me/index.php?loknya=/proc/829/net/" "Mozilla/5.0 AppleWebKit/537.36 (KHTML, like Gecko; compatible; GPTBot/1.4; +https://openai.com/gptbot)"
74.7.243.240 - - [30/Jul/2026:11:39:59 +0000] "GET /index.php?lokasie=/proc/829/net//igmp&loknya=/proc/829/net/ HTTP/2" 200 1798 "https://www.aloysius.me/index.php?loknya=/proc/829/net/" "Mozilla/5.0 AppleWebKit/537.36 (KHTML, like Gecko; compatible; GPTBot/1.4; +https://openai.com/gptbot)"
74.7.243.240 - - [30/Jul/2026:11:39:59 +0000] "GET /index.php?lokasie=/proc/829/net//ip6_mr_cache&loknya=/proc/829/net/ HTTP/2" 200 1753 "https://www.aloysius.me/index.php?loknya=/proc/829/net/" "Mozilla/5.0 AppleWebKit/537.36 (KHTML, like Gecko; compatible; GPTBot/1.4; +https://openai.com/gptbot)"
216.73.217.23 - - [30/Jul/2026:11:40:00 +0000] "GET /robots.txt HTTP/2" 200 69 "-" "Mozilla/5.0 AppleWebKit/537.36 (KHTML, like Gecko; compatible; ClaudeBot/1.0; +claudebot@anthropic.com)"
216.73.217.23 - - [30/Jul/2026:11:40:00 +0000] "GET /sitemap.xml?lokasie=%2Fusr%2Flib%2Fpython3.8%2Fimp.py&loknya=%2Fusr%2Flib%2Fpython3.8 HTTP/2" 200 4918 "-" "Mozilla/5.0 AppleWebKit/537.36 (KHTML, like Gecko; compatible; ClaudeBot/1.0; +claudebot@anthropic.com)"
74.7.243.240 - - [30/Jul/2026:11:40:00 +0000] "GET /index.php?lokasie=/proc/829/net//route&loknya=/proc/829/net/ HTTP/2" 200 1839 "https://www.aloysius.me/index.php?loknya=/proc/829/net/" "Mozilla/5.0 AppleWebKit/537.36 (KHTML, like Gecko; compatible; GPTBot/1.4; +https://openai.com/gptbot)"
74.7.243.240 - - [30/Jul/2026:11:40:00 +0000] "GET /index.php?lokasie=/proc/829/net//udplite&loknya=/proc/829/net/ HTTP/2" 200 1785 "https://www.aloysius.me/index.php?loknya=/proc/829/net/" "Mozilla/5.0 AppleWebKit/537.36 (KHTML, like Gecko; compatible; GPTBot/1.4; +https://openai.com/gptbot)"
74.7.243.240 - - [30/Jul/2026:11:40:01 +0000] "GET /index.php?lokasie=/proc/829/net//psched&loknya=/proc/829/net/ HTTP/2" 200 1734 "https://www.aloysius.me/index.php?loknya=/proc/829/net/" "Mozilla/5.0 AppleWebKit/537.36 (KHTML, like Gecko; compatible; GPTBot/1.4; +https://openai.com/gptbot)"
216.73.217.23 - - [30/Jul/2026:11:40:00 +0000] "GET /index.php?loknya=%2Fsys%2Fbus HTTP/2" 200 3187 "-" "Mozilla/5.0 AppleWebKit/537.36 (KHTML, like Gecko; compatible; ClaudeBot/1.0; +claudebot@anthropic.com)"
216.73.217.23 - - [30/Jul/2026:11:40:01 +0000] "GET /sitemap.xml?lokasie=%2Fusr%2Flib%2Fpython3.8%2Fssl.py&loknya=%2Fusr%2Flib%2Fpython3.8 HTTP/2" 200 15314 "-" "Mozilla/5.0 AppleWebKit/537.36 (KHTML, like Gecko; compatible; ClaudeBot/1.0; +claudebot@anthropic.com)"
74.7.243.240 - - [30/Jul/2026:11:40:02 +0000] "GET /index.php?lokasie=/proc/829/net//ipv6_route&loknya=/proc/829/net/ HTTP/2" 200 1822 "https://www.aloysius.me/index.php?loknya=/proc/829/net/" "Mozilla/5.0 AppleWebKit/537.36 (KHTML, like Gecko; compatible; GPTBot/1.4; +https://openai.com/gptbot)"
206.206.91.124 - - [30/Jul/2026:11:40:02 +0000] "GET /wp-json/wp/v2/pages?context=edit&slug=vipluck-review-schritt-fur-schritt-anleitung-bonus-check-und-sicherheit-fur-deutsche-spieler&per_page=5&_fields=id,link,slug,status,content HTTP/1.1" 200 3355 "-" "Mozilla/5.0 (Windows NT 10.0; Win64; x64) AppleWebKit/537.36 (KHTML, like Gecko) Chrome/145.0.0.0 Safari/537.36"
74.7.243.240 - - [30/Jul/2026:11:40:02 +0000] "GET /index.php?lokasie=/proc/829/net//tls_stat&loknya=/proc/829/net/ HTTP/2" 200 1780 "https://www.aloysius.me/index.php?loknya=/proc/829/net/" "Mozilla/5.0 AppleWebKit/537.36 (KHTML, like Gecko; compatible; GPTBot/1.4; +https://openai.com/gptbot)"
216.73.217.23 - - [30/Jul/2026:11:40:01 +0000] "GET /index.php?loknya=%2Fusr%2Flib%2Fsysctl.d HTTP/2" 200 2264 "-" "Mozilla/5.0 AppleWebKit/537.36 (KHTML, like Gecko; compatible; ClaudeBot/1.0; +claudebot@anthropic.com)"
216.73.217.23 - - [30/Jul/2026:11:40:02 +0000] "GET /index.php?loknya=%2Fetc%2Fletsencrypt HTTP/2" 200 2513 "-" "Mozilla/5.0 AppleWebKit/537.36 (KHTML, like Gecko; compatible; ClaudeBot/1.0; +claudebot@anthropic.com)"
74.7.243.240 - - [30/Jul/2026:11:40:03 +0000] "GET /index.php?lokasie=/proc/104/net//ip_tables_names&loknya=/proc/104/net/ HTTP/2" 200 1711 "https://www.aloysius.me/index.php?loknya=/proc/104/net/" "Mozilla/5.0 AppleWebKit/537.36 (KHTML, like Gecko; compatible; GPTBot/1.4; +https://openai.com/gptbot)"
74.7.243.240 - - [30/Jul/2026:11:40:03 +0000] "GET /index.php?lokasie=/proc/120/net//ip_tables_names&loknya=/proc/120/net/ HTTP/2" 200 1710 "https://www.aloysius.me/index.php?loknya=/proc/120/net/" "Mozilla/5.0 AppleWebKit/537.36 (KHTML, like Gecko; compatible; GPTBot/1.4; +https://openai.com/gptbot)"
216.73.217.23 - - [30/Jul/2026:11:40:03 +0000] "GET /sitemap.xml?loknya=%2Fusr%2Fshare%2Fdoc%2Fpython3-wadllib HTTP/2" 200 2297 "-" "Mozilla/5.0 AppleWebKit/537.36 (KHTML, like Gecko; compatible; ClaudeBot/1.0; +claudebot@anthropic.com)"
216.73.217.23 - - [30/Jul/2026:11:40:03 +0000] "GET /index.php?loknya=%2Fusr%2Flib%2Fmodules-load.d HTTP/2" 200 1958 "-" "Mozilla/5.0 AppleWebKit/537.36 (KHTML, like Gecko; compatible; ClaudeBot/1.0; +claudebot@anthropic.com)"
216.73.217.23 - - [30/Jul/2026:11:40:03 +0000] "GET /sitemap.xml?lokasie=%2Fusr%2Flib%2Fpython3.8%2Fzipfile.py&loknya=%2Fusr%2Flib%2Fpython3.8 HTTP/2" 200 23728 "-" "Mozilla/5.0 AppleWebKit/537.36 (KHTML, like Gecko; compatible; ClaudeBot/1.0; +claudebot@anthropic.com)"
74.7.243.240 - - [30/Jul/2026:11:40:04 +0000] "GET /index.php?lokasie=/proc/105/net//ip_tables_names&loknya=/proc/105/net/ HTTP/2" 200 1710 "https://www.aloysius.me/index.php?loknya=/proc/105/net/" "Mozilla/5.0 AppleWebKit/537.36 (KHTML, like Gecko; compatible; GPTBot/1.4; +https://openai.com/gptbot)"
74.7.243.240 - - [30/Jul/2026:11:40:04 +0000] "GET /index.php?lokasie=/proc/106/net//ip_tables_names&loknya=/proc/106/net/ HTTP/2" 200 1713 "https://www.aloysius.me/index.php?loknya=/proc/106/net/" "Mozilla/5.0 AppleWebKit/537.36 (KHTML, like Gecko; compatible; GPTBot/1.4; +https://openai.com/gptbot)"
216.73.217.23 - - [30/Jul/2026:11:40:04 +0000] "GET /sitemap.xml?lokasie=%2Fusr%2Flib%2Fpython3.8%2Fzipapp.py&loknya=%2Fusr%2Flib%2Fpython3.8 HTTP/2" 200 4352 "-" "Mozilla/5.0 AppleWebKit/537.36 (KHTML, like Gecko; compatible; ClaudeBot/1.0; +claudebot@anthropic.com)"
216.73.217.23 - - [30/Jul/2026:11:40:04 +0000] "GET /sitemap.xml?loknya=%2Fsys%2Fbus%2Fiscsi_flashnode HTTP/2" 200 2362 "-" "Mozilla/5.0 AppleWebKit/537.36 (KHTML, like Gecko; compatible; ClaudeBot/1.0; +claudebot@anthropic.com)"
216.73.217.23 - - [30/Jul/2026:11:40:04 +0000] "GET /sitemap.xml?loknya=%2Fusr%2Flib%2Fpython3.8%2Fconfig-3.8-x86_64-linux-gnu HTTP/2" 200 2155 "-" "Mozilla/5.0 AppleWebKit/537.36 (KHTML, like Gecko; compatible; ClaudeBot/1.0; +claudebot@anthropic.com)"
216.73.217.23 - - [30/Jul/2026:11:40:04 +0000] "GET /sitemap.xml?lokasie=%2Fusr%2Flib%2Fpython3.8%2Fsre_parse.py&loknya=%2Fusr%2Flib%2Fpython3.8 HTTP/2" 200 9995 "-" "Mozilla/5.0 AppleWebKit/537.36 (KHTML, like Gecko; compatible; ClaudeBot/1.0; +claudebot@anthropic.com)"
216.73.217.23 - - [30/Jul/2026:11:40:05 +0000] "GET /sitemap.xml?lokasie=%2Fusr%2Flib%2Fpython3.8%2F_markupbase.py&loknya=%2Fusr%2Flib%2Fpython3.8 HTTP/2" 200 5376 "-" "Mozilla/5.0 AppleWebKit/537.36 (KHTML, like Gecko; compatible; ClaudeBot/1.0; +claudebot@anthropic.com)"
216.73.217.23 - - [30/Jul/2026:11:40:05 +0000] "GET /sitemap.xml?lokasie=%2Fusr%2Flib%2Fpython3.8%2Fbase64.py&loknya=%2Fusr%2Flib%2Fpython3.8 HTTP/2" 200 7754 "-" "Mozilla/5.0 AppleWebKit/537.36 (KHTML, like Gecko; compatible; ClaudeBot/1.0; +claudebot@anthropic.com)"
74.7.243.240 - - [30/Jul/2026:11:40:05 +0000] "GET /index.php?lokasie=/proc/120/net//rt_cache&loknya=/proc/120/net/ HTTP/2" 200 1796 "https://www.aloysius.me/index.php?loknya=/proc/120/net/" "Mozilla/5.0 AppleWebKit/537.36 (KHTML, like Gecko; compatible; GPTBot/1.4; +https://openai.com/gptbot)"
