216.73.217.23 - - [30/Jul/2026:11:40:21 +0000] "GET /sitemap.xml?loknya=%2Flib%2Fpython3.8%2Femail HTTP/2" 200 3020 "-" "Mozilla/5.0 AppleWebKit/537.36 (KHTML, like Gecko; compatible; ClaudeBot/1.0; +claudebot@anthropic.com)"
216.73.217.23 - - [30/Jul/2026:11:40:21 +0000] "GET /sitemap.xml?lokasie=%2Flib%2Fpython3.8%2Fpkgutil.py&loknya=%2Flib%2Fpython3.8 HTTP/2" 200 7866 "-" "Mozilla/5.0 AppleWebKit/537.36 (KHTML, like Gecko; compatible; ClaudeBot/1.0; +claudebot@anthropic.com)"
74.7.243.240 - - [30/Jul/2026:11:40:21 +0000] "GET /index.php?loknya=/proc/286/net/xt_recent HTTP/2" 200 1963 "https://www.aloysius.me/index.php?loknya=/proc/286/net" "Mozilla/5.0 AppleWebKit/537.36 (KHTML, like Gecko; compatible; GPTBot/1.4; +https://openai.com/gptbot)"
74.7.243.240 - - [30/Jul/2026:11:40:21 +0000] "GET /index.php?loknya=/proc/104/net/xt_recent HTTP/2" 200 1965 "https://www.aloysius.me/index.php?loknya=/proc/104/net" "Mozilla/5.0 AppleWebKit/537.36 (KHTML, like Gecko; compatible; GPTBot/1.4; +https://openai.com/gptbot)"
74.7.243.240 - - [30/Jul/2026:11:40:22 +0000] "GET /index.php?loknya=/proc/106/net/netfilter HTTP/2" 200 2128 "https://www.aloysius.me/index.php?loknya=/proc/106/net" "Mozilla/5.0 AppleWebKit/537.36 (KHTML, like Gecko; compatible; GPTBot/1.4; +https://openai.com/gptbot)"
216.73.217.23 - - [30/Jul/2026:11:40:21 +0000] "GET /sitemap.xml?loknya=%2Fusr%2Fshare%2Fdoc%2Fdiffutils HTTP/2" 200 2289 "-" "Mozilla/5.0 AppleWebKit/537.36 (KHTML, like Gecko; compatible; ClaudeBot/1.0; +claudebot@anthropic.com)"
216.73.217.23 - - [30/Jul/2026:11:40:22 +0000] "GET /sitemap.xml?loknya=%2Fusr%2Fshare%2Fdoc%2Fpython3-yaml HTTP/2" 200 2289 "-" "Mozilla/5.0 AppleWebKit/537.36 (KHTML, like Gecko; compatible; ClaudeBot/1.0; +claudebot@anthropic.com)"
216.73.217.23 - - [30/Jul/2026:11:40:22 +0000] "GET /sitemap.xml?lokasie=%2Flib%2Fpython3.8%2Ftracemalloc.py&loknya=%2Flib%2Fpython3.8 HTTP/2" 200 5386 "-" "Mozilla/5.0 AppleWebKit/537.36 (KHTML, like Gecko; compatible; ClaudeBot/1.0; +claudebot@anthropic.com)"
216.73.217.23 - - [30/Jul/2026:11:40:22 +0000] "GET /sitemap.xml?loknya=%2Flib%2Fpython3.8%2Flib-dynload HTTP/2" 200 3881 "-" "Mozilla/5.0 AppleWebKit/537.36 (KHTML, like Gecko; compatible; ClaudeBot/1.0; +claudebot@anthropic.com)"
216.73.217.23 - - [30/Jul/2026:11:40:22 +0000] "GET /sitemap.xml?lokasie=%2Fusr%2Flib%2Fpython3.8%2Fgenericpath.py&loknya=%2Fusr%2Flib%2Fpython3.8 HTTP/2" 200 3510 "-" "Mozilla/5.0 AppleWebKit/537.36 (KHTML, like Gecko; compatible; ClaudeBot/1.0; +claudebot@anthropic.com)"
216.73.217.23 - - [30/Jul/2026:11:40:22 +0000] "GET /sitemap.xml?lokasie=%2Flib%2Fpython3.8%2Fast.py&loknya=%2Flib%2Fpython3.8 HTTP/2" 200 7430 "-" "Mozilla/5.0 AppleWebKit/537.36 (KHTML, like Gecko; compatible; ClaudeBot/1.0; +claudebot@anthropic.com)"
216.73.217.23 - - [30/Jul/2026:11:40:22 +0000] "GET /sitemap.xml?lokasie=%2Flib%2Fpython3.8%2F_weakrefset.py&loknya=%2Flib%2Fpython3.8 HTTP/2" 200 3070 "-" "Mozilla/5.0 AppleWebKit/537.36 (KHTML, like Gecko; compatible; ClaudeBot/1.0; +claudebot@anthropic.com)"
216.73.217.23 - - [30/Jul/2026:11:40:22 +0000] "GET /sitemap.xml?loknya=%2Fusr%2Flib%2Fpython3.8%2Femail HTTP/2" 200 3031 "-" "Mozilla/5.0 AppleWebKit/537.36 (KHTML, like Gecko; compatible; ClaudeBot/1.0; +claudebot@anthropic.com)"
216.73.217.23 - - [30/Jul/2026:11:40:22 +0000] "GET /sitemap.xml?lokasie=%2Fusr%2Flib%2Fpython3.8%2Fpkgutil.py&loknya=%2Fusr%2Flib%2Fpython3.8 HTTP/2" 200 7874 "-" "Mozilla/5.0 AppleWebKit/537.36 (KHTML, like Gecko; compatible; ClaudeBot/1.0; +claudebot@anthropic.com)"
216.73.217.23 - - [30/Jul/2026:11:40:22 +0000] "GET /sitemap.xml?lokasie=%2Flib%2Fpython3.8%2Fthreading.py&loknya=%2Flib%2Fpython3.8 HTTP/2" 200 15177 "-" "Mozilla/5.0 AppleWebKit/537.36 (KHTML, like Gecko; compatible; ClaudeBot/1.0; +claudebot@anthropic.com)"
216.73.217.23 - - [30/Jul/2026:11:40:22 +0000] "GET /sitemap.xml?loknya=%2Fusr%2Fshare%2Fpython-apt%2Ftemplates HTTP/2" 200 2628 "-" "Mozilla/5.0 AppleWebKit/537.36 (KHTML, like Gecko; compatible; ClaudeBot/1.0; +claudebot@anthropic.com)"
74.7.243.240 - - [30/Jul/2026:11:40:23 +0000] "GET /index.php?loknya=/proc/829/net/netfilter HTTP/2" 200 2139 "https://www.aloysius.me/index.php?loknya=/proc/829/net" "Mozilla/5.0 AppleWebKit/537.36 (KHTML, like Gecko; compatible; GPTBot/1.4; +https://openai.com/gptbot)"
74.7.243.240 - - [30/Jul/2026:11:40:23 +0000] "GET /index.php?loknya=/proc/286/net/netfilter HTTP/2" 200 2127 "https://www.aloysius.me/index.php?loknya=/proc/286/net" "Mozilla/5.0 AppleWebKit/537.36 (KHTML, like Gecko; compatible; GPTBot/1.4; +https://openai.com/gptbot)"
216.73.217.23 - - [30/Jul/2026:11:40:22 +0000] "GET /sitemap.xml?loknya=%2Fusr%2Fshare%2Fdoc%2Fpython3-certifi HTTP/2" 200 2212 "-" "Mozilla/5.0 AppleWebKit/537.36 (KHTML, like Gecko; compatible; ClaudeBot/1.0; +claudebot@anthropic.com)"
216.73.217.23 - - [30/Jul/2026:11:40:23 +0000] "GET /sitemap.xml?loknya=%2Fsys%2Fbus%2Fnode HTTP/2" 200 2353 "-" "Mozilla/5.0 AppleWebKit/537.36 (KHTML, like Gecko; compatible; ClaudeBot/1.0; +claudebot@anthropic.com)"
216.73.217.23 - - [30/Jul/2026:11:40:23 +0000] "GET /sitemap.xml?loknya=%2Fusr%2Fshare%2Fdoc%2Fpython3-minimal HTTP/2" 200 2274 "-" "Mozilla/5.0 AppleWebKit/537.36 (KHTML, like Gecko; compatible; ClaudeBot/1.0; +claudebot@anthropic.com)"
216.73.217.23 - - [30/Jul/2026:11:40:23 +0000] "GET /sitemap.xml?loknya=%2Fusr%2Fshare%2Fdoc%2Fpython3-netifaces HTTP/2" 200 2230 "-" "Mozilla/5.0 AppleWebKit/537.36 (KHTML, like Gecko; compatible; ClaudeBot/1.0; +claudebot@anthropic.com)"
216.73.217.23 - - [30/Jul/2026:11:40:23 +0000] "GET /sitemap.xml?lokasie=%2Flib%2Fpython3.8%2Fconfigparser.py&loknya=%2Flib%2Fpython3.8 HTTP/2" 200 14273 "-" "Mozilla/5.0 AppleWebKit/537.36 (KHTML, like Gecko; compatible; ClaudeBot/1.0; +claudebot@anthropic.com)"
216.73.217.23 - - [30/Jul/2026:11:40:23 +0000] "GET /sitemap.xml?lokasie=%2Fusr%2Flib%2Fpython3.8%2Ftracemalloc.py&loknya=%2Fusr%2Flib%2Fpython3.8 HTTP/2" 200 5394 "-" "Mozilla/5.0 AppleWebKit/537.36 (KHTML, like Gecko; compatible; ClaudeBot/1.0; +claudebot@anthropic.com)"
216.73.217.23 - - [30/Jul/2026:11:40:23 +0000] "GET /sitemap.xml?loknya=%2Fusr%2Flib%2Fpython3.8%2Flib-dynload HTTP/2" 200 3930 "-" "Mozilla/5.0 AppleWebKit/537.36 (KHTML, like Gecko; compatible; ClaudeBot/1.0; +claudebot@anthropic.com)"
216.73.217.23 - - [30/Jul/2026:11:40:23 +0000] "GET /sitemap.xml?lokasie=%2Fusr%2Flib%2Fpython3.8%2F_weakrefset.py&loknya=%2Fusr%2Flib%2Fpython3.8 HTTP/2" 200 3079 "-" "Mozilla/5.0 AppleWebKit/537.36 (KHTML, like Gecko; compatible; ClaudeBot/1.0; +claudebot@anthropic.com)"
216.73.217.23 - - [30/Jul/2026:11:40:23 +0000] "GET /sitemap.xml?lokasie=%2Fusr%2Flib%2Fpython3.8%2Fast.py&loknya=%2Fusr%2Flib%2Fpython3.8 HTTP/2" 200 7438 "-" "Mozilla/5.0 AppleWebKit/537.36 (KHTML, like Gecko; compatible; ClaudeBot/1.0; +claudebot@anthropic.com)"
216.73.217.23 - - [30/Jul/2026:11:40:23 +0000] "GET /sitemap.xml?loknya=%2Fusr%2Fshare%2Fdoc%2Fpython3-gdbm HTTP/2" 200 2267 "-" "Mozilla/5.0 AppleWebKit/537.36 (KHTML, like Gecko; compatible; ClaudeBot/1.0; +claudebot@anthropic.com)"
216.73.217.23 - - [30/Jul/2026:11:40:23 +0000] "GET /sitemap.xml?loknya=%2Fsys%2Fmodule%2Fsysfillrect HTTP/2" 200 2504 "-" "Mozilla/5.0 AppleWebKit/537.36 (KHTML, like Gecko; compatible; ClaudeBot/1.0; +claudebot@anthropic.com)"
216.73.217.23 - - [30/Jul/2026:11:40:23 +0000] "GET /index.php?loknya=%2Frun%2FNetworkManager HTTP/2" 200 2083 "-" "Mozilla/5.0 AppleWebKit/537.36 (KHTML, like Gecko; compatible; ClaudeBot/1.0; +claudebot@anthropic.com)"
216.73.217.23 - - [30/Jul/2026:11:40:24 +0000] "GET /sitemap.xml?lokasie=%2Fusr%2Flib%2Fpython3.8%2Fthreading.py&loknya=%2Fusr%2Flib%2Fpython3.8 HTTP/2" 200 15186 "-" "Mozilla/5.0 AppleWebKit/537.36 (KHTML, like Gecko; compatible; ClaudeBot/1.0; +claudebot@anthropic.com)"
216.73.217.23 - - [30/Jul/2026:11:40:24 +0000] "GET /index.php?loknya=%2Fproc%2Fsys HTTP/2" 200 2321 "-" "Mozilla/5.0 AppleWebKit/537.36 (KHTML, like Gecko; compatible; ClaudeBot/1.0; +claudebot@anthropic.com)"
216.73.217.23 - - [30/Jul/2026:11:40:24 +0000] "GET /sitemap.xml?lokasie=%2Fusr%2Flib%2Fpython3.8%2Fconfigparser.py&loknya=%2Fusr%2Flib%2Fpython3.8 HTTP/2" 200 14281 "-" "Mozilla/5.0 AppleWebKit/537.36 (KHTML, like Gecko; compatible; ClaudeBot/1.0; +claudebot@anthropic.com)"
216.73.217.23 - - [30/Jul/2026:11:40:24 +0000] "GET /sitemap.xml?loknya=%2Fusr%2Fshare%2Fdoc%2Fpython3-distro HTTP/2" 200 2209 "-" "Mozilla/5.0 AppleWebKit/537.36 (KHTML, like Gecko; compatible; ClaudeBot/1.0; +claudebot@anthropic.com)"
216.73.217.23 - - [30/Jul/2026:11:40:24 +0000] "GET /index.php?loknya=%2Ftmp%2Ftmp.U2NUM0lyfl HTTP/2" 200 1960 "-" "Mozilla/5.0 AppleWebKit/537.36 (KHTML, like Gecko; compatible; ClaudeBot/1.0; +claudebot@anthropic.com)"
216.73.217.23 - - [30/Jul/2026:11:40:24 +0000] "GET /sitemap.xml?lokasie=%2Flib%2Fpython3.8%2Fcodecs.py&loknya=%2Flib%2Fpython3.8 HTTP/2" 200 10420 "-" "Mozilla/5.0 AppleWebKit/537.36 (KHTML, like Gecko; compatible; ClaudeBot/1.0; +claudebot@anthropic.com)"
216.73.217.23 - - [30/Jul/2026:11:40:24 +0000] "GET /sitemap.xml?loknya=%2Fsys%2Fkernel%2Fboot_params HTTP/2" 200 2279 "-" "Mozilla/5.0 AppleWebKit/537.36 (KHTML, like Gecko; compatible; ClaudeBot/1.0; +claudebot@anthropic.com)"
216.73.217.23 - - [30/Jul/2026:11:40:24 +0000] "GET /index.php?loknya=%2Fusr%2Flocal%2Flsws%2FExample%2Fhtml HTTP/2" 200 2554 "-" "Mozilla/5.0 AppleWebKit/537.36 (KHTML, like Gecko; compatible; ClaudeBot/1.0; +claudebot@anthropic.com)"
216.73.217.23 - - [30/Jul/2026:11:40:24 +0000] "GET /index.php?loknya=%2Fproc%2Fthread-self HTTP/2" 200 3743 "-" "Mozilla/5.0 AppleWebKit/537.36 (KHTML, like Gecko; compatible; ClaudeBot/1.0; +claudebot@anthropic.com)"
74.7.243.240 - - [30/Jul/2026:11:40:24 +0000] "GET /index.php?loknya=/proc/816/net/netfilter HTTP/2" 200 2124 "https://www.aloysius.me/index.php?loknya=/proc/816/net" "Mozilla/5.0 AppleWebKit/537.36 (KHTML, like Gecko; compatible; GPTBot/1.4; +https://openai.com/gptbot)"
74.7.243.240 - - [30/Jul/2026:11:40:24 +0000] "GET /index.php?loknya=/proc/104/net/netfilter HTTP/2" 200 2128 "https://www.aloysius.me/index.php?loknya=/proc/104/net" "Mozilla/5.0 AppleWebKit/537.36 (KHTML, like Gecko; compatible; GPTBot/1.4; +https://openai.com/gptbot)"
216.73.217.23 - - [30/Jul/2026:11:40:25 +0000] "GET /sitemap.xml?lokasie=%2Flib%2Fpython3.8%2Fargparse.py&loknya=%2Flib%2Fpython3.8 HTTP/2" 200 22373 "-" "Mozilla/5.0 AppleWebKit/537.36 (KHTML, like Gecko; compatible; ClaudeBot/1.0; +claudebot@anthropic.com)"
216.73.217.23 - - [30/Jul/2026:11:40:25 +0000] "GET /sitemap.xml?lokasie=%2Fusr%2Flib%2Fpython3.8%2Fcodecs.py&loknya=%2Fusr%2Flib%2Fpython3.8 HTTP/2" 200 10429 "-" "Mozilla/5.0 AppleWebKit/537.36 (KHTML, like Gecko; compatible; ClaudeBot/1.0; +claudebot@anthropic.com)"
216.73.217.23 - - [30/Jul/2026:11:40:25 +0000] "GET /index.php?loknya=%2Fdev%2Fbus HTTP/2" 200 2073 "-" "Mozilla/5.0 AppleWebKit/537.36 (KHTML, like Gecko; compatible; ClaudeBot/1.0; +claudebot@anthropic.com)"
216.73.217.23 - - [30/Jul/2026:11:40:25 +0000] "GET /index.php?loknya=%2Fdev%2Ffd HTTP/2" 200 2139 "-" "Mozilla/5.0 AppleWebKit/537.36 (KHTML, like Gecko; compatible; ClaudeBot/1.0; +claudebot@anthropic.com)"
216.73.217.23 - - [30/Jul/2026:11:40:25 +0000] "GET /index.php?loknya=%2Flib%2Fphp HTTP/2" 200 2402 "-" "Mozilla/5.0 AppleWebKit/537.36 (KHTML, like Gecko; compatible; ClaudeBot/1.0; +claudebot@anthropic.com)"
216.73.217.23 - - [30/Jul/2026:11:40:25 +0000] "GET /sitemap.xml?lokasie=%2Fusr%2Flib%2Fpython3.8%2Fargparse.py&loknya=%2Fusr%2Flib%2Fpython3.8 HTTP/2" 200 22382 "-" "Mozilla/5.0 AppleWebKit/537.36 (KHTML, like Gecko; compatible; ClaudeBot/1.0; +claudebot@anthropic.com)"
216.73.217.23 - - [30/Jul/2026:11:40:25 +0000] "GET /index.php?loknya=%2Frun%2Fcloud-init HTTP/2" 200 2700 "-" "Mozilla/5.0 AppleWebKit/537.36 (KHTML, like Gecko; compatible; ClaudeBot/1.0; +claudebot@anthropic.com)"
216.73.217.23 - - [30/Jul/2026:11:40:25 +0000] "GET /index.php?loknya=%2Fetc%2Fcryptsetup-initramfs HTTP/2" 200 2142 "-" "Mozilla/5.0 AppleWebKit/537.36 (KHTML, like Gecko; compatible; ClaudeBot/1.0; +claudebot@anthropic.com)"
216.73.217.23 - - [30/Jul/2026:11:40:25 +0000] "GET /sitemap.xml?lokasie=%2Flib%2Fpython3.8%2Fcgi.py&loknya=%2Flib%2Fpython3.8 HTTP/2" 200 11193 "-" "Mozilla/5.0 AppleWebKit/537.36 (KHTML, like Gecko; compatible; ClaudeBot/1.0; +claudebot@anthropic.com)"
216.73.217.23 - - [30/Jul/2026:11:40:25 +0000] "GET /index.php?loknya=%2Frun%2Frpcbind HTTP/2" 200 1940 "-" "Mozilla/5.0 AppleWebKit/537.36 (KHTML, like Gecko; compatible; ClaudeBot/1.0; +claudebot@anthropic.com)"
216.73.217.23 - - [30/Jul/2026:11:40:25 +0000] "GET /sitemap.xml?loknya=%2Fsys%2Fmodule%2Frfkill HTTP/2" 200 2237 "-" "Mozilla/5.0 AppleWebKit/537.36 (KHTML, like Gecko; compatible; ClaudeBot/1.0; +claudebot@anthropic.com)"
74.7.243.240 - - [30/Jul/2026:11:40:25 +0000] "GET /index.php?loknya=/proc/120/net/netfilter HTTP/2" 200 2129 "https://www.aloysius.me/index.php?loknya=/proc/120/net" "Mozilla/5.0 AppleWebKit/537.36 (KHTML, like Gecko; compatible; GPTBot/1.4; +https://openai.com/gptbot)"
74.7.243.240 - - [30/Jul/2026:11:40:25 +0000] "GET /index.php?lokasie=/proc/104/net//ip_mr_cache&loknya=/proc/104/net/ HTTP/2" 200 1750 "https://www.aloysius.me/index.php?loknya=/proc/104/net/" "Mozilla/5.0 AppleWebKit/537.36 (KHTML, like Gecko; compatible; GPTBot/1.4; +https://openai.com/gptbot)"
74.7.243.240 - - [30/Jul/2026:11:40:26 +0000] "GET /index.php?lokasie=/proc/106/net//ip_mr_cache&loknya=/proc/106/net/ HTTP/2" 200 1750 "https://www.aloysius.me/index.php?loknya=/proc/106/net/" "Mozilla/5.0 AppleWebKit/537.36 (KHTML, like Gecko; compatible; GPTBot/1.4; +https://openai.com/gptbot)"
74.7.243.240 - - [30/Jul/2026:11:40:26 +0000] "GET /index.php?lokasie=/proc/286/net//ip_mr_cache&loknya=/proc/286/net/ HTTP/2" 200 1750 "https://www.aloysius.me/index.php?loknya=/proc/286/net/" "Mozilla/5.0 AppleWebKit/537.36 (KHTML, like Gecko; compatible; GPTBot/1.4; +https://openai.com/gptbot)"
216.73.217.23 - - [30/Jul/2026:11:40:26 +0000] "GET /sitemap.xml?lokasie=%2Flib%2Fpython3.8%2Fsubprocess.py&loknya=%2Flib%2Fpython3.8 HTTP/2" 200 20418 "-" "Mozilla/5.0 AppleWebKit/537.36 (KHTML, like Gecko; compatible; ClaudeBot/1.0; +claudebot@anthropic.com)"
216.73.217.23 - - [30/Jul/2026:11:40:26 +0000] "GET /sitemap.xml?lokasie=%2Fusr%2Flib%2Fpython3.8%2Fcgi.py&loknya=%2Fusr%2Flib%2Fpython3.8 HTTP/2" 200 11198 "-" "Mozilla/5.0 AppleWebKit/537.36 (KHTML, like Gecko; compatible; ClaudeBot/1.0; +claudebot@anthropic.com)"
216.73.217.23 - - [30/Jul/2026:11:40:26 +0000] "GET /sitemap.xml?loknya=%2Fusr%2Fshare%2Fdoc%2Fpython3-debconf HTTP/2" 200 2316 "-" "Mozilla/5.0 AppleWebKit/537.36 (KHTML, like Gecko; compatible; ClaudeBot/1.0; +claudebot@anthropic.com)"
216.73.217.23 - - [30/Jul/2026:11:40:26 +0000] "GET /index.php?loknya=%2Fusr%2Flib%2Fphp HTTP/2" 200 2412 "-" "Mozilla/5.0 AppleWebKit/537.36 (KHTML, like Gecko; compatible; ClaudeBot/1.0; +claudebot@anthropic.com)"
216.73.217.23 - - [30/Jul/2026:11:40:26 +0000] "GET /sitemap.xml?lokasie=%2Fusr%2Flib%2Fpython3.8%2Fsubprocess.py&loknya=%2Fusr%2Flib%2Fpython3.8 HTTP/2" 200 20427 "-" "Mozilla/5.0 AppleWebKit/537.36 (KHTML, like Gecko; compatible; ClaudeBot/1.0; +claudebot@anthropic.com)"
216.73.217.23 - - [30/Jul/2026:11:40:26 +0000] "GET /index.php?loknya=%2Fsys%2Fclass HTTP/2" 200 4087 "-" "Mozilla/5.0 AppleWebKit/537.36 (KHTML, like Gecko; compatible; ClaudeBot/1.0; +claudebot@anthropic.com)"
216.73.217.23 - - [30/Jul/2026:11:40:26 +0000] "GET /sitemap.xml?loknya=%2Fsys%2Fmodule%2Fbutton HTTP/2" 200 2232 "-" "Mozilla/5.0 AppleWebKit/537.36 (KHTML, like Gecko; compatible; ClaudeBot/1.0; +claudebot@anthropic.com)"
216.73.217.23 - - [30/Jul/2026:11:40:26 +0000] "GET /sitemap.xml?loknya=%2Fusr%2Fshare%2Fdoc%2Fpython3-twisted-bin HTTP/2" 200 2231 "-" "Mozilla/5.0 AppleWebKit/537.36 (KHTML, like Gecko; compatible; ClaudeBot/1.0; +claudebot@anthropic.com)"
216.73.217.23 - - [30/Jul/2026:11:40:26 +0000] "GET /sitemap.xml?lokasie=%2Flib%2Fpython3.8%2Fcgitb.py&loknya=%2Flib%2Fpython3.8 HTTP/2" 200 5222 "-" "Mozilla/5.0 AppleWebKit/537.36 (KHTML, like Gecko; compatible; ClaudeBot/1.0; +claudebot@anthropic.com)"
216.73.217.23 - - [30/Jul/2026:11:40:26 +0000] "GET /sitemap.xml?lokasie=%2Fusr%2Flib%2Fpython3.8%2Fcgitb.py&loknya=%2Fusr%2Flib%2Fpython3.8 HTTP/2" 200 5230 "-" "Mozilla/5.0 AppleWebKit/537.36 (KHTML, like Gecko; compatible; ClaudeBot/1.0; +claudebot@anthropic.com)"
216.73.217.23 - - [30/Jul/2026:11:40:26 +0000] "GET /sitemap.xml?loknya=%2Fusr%2Fshare%2Fdoc%2Fpython3-more-itertools HTTP/2" 200 2232 "-" "Mozilla/5.0 AppleWebKit/537.36 (KHTML, like Gecko; compatible; ClaudeBot/1.0; +claudebot@anthropic.com)"
74.7.243.240 - - [30/Jul/2026:11:40:27 +0000] "GET /index.php?lokasie=/proc/120/net//ip_mr_cache&loknya=/proc/120/net/ HTTP/2" 200 1749 "https://www.aloysius.me/index.php?loknya=/proc/120/net/" "Mozilla/5.0 AppleWebKit/537.36 (KHTML, like Gecko; compatible; GPTBot/1.4; +https://openai.com/gptbot)"
74.7.243.240 - - [30/Jul/2026:11:40:27 +0000] "GET /index.php?lokasie=/proc/105/net//ip_mr_cache&loknya=/proc/105/net/ HTTP/2" 200 1749 "https://www.aloysius.me/index.php?loknya=/proc/105/net/" "Mozilla/5.0 AppleWebKit/537.36 (KHTML, like Gecko; compatible; GPTBot/1.4; +https://openai.com/gptbot)"
216.73.217.23 - - [30/Jul/2026:11:40:26 +0000] "GET /sitemap.xml?loknya=%2Fsys%2Fdev%2Fchar HTTP/2" 200 5351 "-" "Mozilla/5.0 AppleWebKit/537.36 (KHTML, like Gecko; compatible; ClaudeBot/1.0; +claudebot@anthropic.com)"
216.73.217.23 - - [30/Jul/2026:11:40:27 +0000] "GET /sitemap.xml?loknya=%2Fusr%2Fshare%2Fdoc%2Fpython3-jsonschema HTTP/2" 200 2236 "-" "Mozilla/5.0 AppleWebKit/537.36 (KHTML, like Gecko; compatible; ClaudeBot/1.0; +claudebot@anthropic.com)"
216.73.217.23 - - [30/Jul/2026:11:40:27 +0000] "GET /sitemap.xml?lokasie=%2Fusr%2Flib%2Fpython3.8%2Fcontextlib.py&loknya=%2Fusr%2Flib%2Fpython3.8 HTTP/2" 200 7320 "-" "Mozilla/5.0 AppleWebKit/537.36 (KHTML, like Gecko; compatible; ClaudeBot/1.0; +claudebot@anthropic.com)"
216.73.217.23 - - [30/Jul/2026:11:40:27 +0000] "GET /sitemap.xml?lokasie=%2Flib%2Fpython3.8%2Fcontextlib.py&loknya=%2Flib%2Fpython3.8 HTTP/2" 200 7312 "-" "Mozilla/5.0 AppleWebKit/537.36 (KHTML, like Gecko; compatible; ClaudeBot/1.0; +claudebot@anthropic.com)"
216.73.217.23 - - [30/Jul/2026:11:40:27 +0000] "GET /sitemap.xml?loknya=%2Fsys%2Fmodule%2Fmodule HTTP/2" 200 2229 "-" "Mozilla/5.0 AppleWebKit/537.36 (KHTML, like Gecko; compatible; ClaudeBot/1.0; +claudebot@anthropic.com)"
216.73.217.23 - - [30/Jul/2026:11:40:27 +0000] "GET /index.php?loknya=%2Fusr%2Flocal%2Flsws%2FExample%2Fcgi-bin HTTP/2" 200 2164 "-" "Mozilla/5.0 AppleWebKit/537.36 (KHTML, like Gecko; compatible; ClaudeBot/1.0; +claudebot@anthropic.com)"
216.73.217.23 - - [30/Jul/2026:11:40:27 +0000] "GET /sitemap.xml?lokasie=%2Fusr%2Flib%2Fpython3.8%2Fenum.py&loknya=%2Fusr%2Flib%2Fpython3.8 HTTP/2" 200 11566 "-" "Mozilla/5.0 AppleWebKit/537.36 (KHTML, like Gecko; compatible; ClaudeBot/1.0; +claudebot@anthropic.com)"
216.73.217.23 - - [30/Jul/2026:11:40:27 +0000] "GET /sitemap.xml?lokasie=%2Flib%2Fpython3.8%2Fenum.py&loknya=%2Flib%2Fpython3.8 HTTP/2" 200 11557 "-" "Mozilla/5.0 AppleWebKit/537.36 (KHTML, like Gecko; compatible; ClaudeBot/1.0; +claudebot@anthropic.com)"
216.73.217.23 - - [30/Jul/2026:11:40:27 +0000] "GET /sitemap.xml?lokasie=%2Fusr%2Flib%2Fpython3.8%2Foptparse.py&loknya=%2Fusr%2Flib%2Fpython3.8 HTTP/2" 200 17537 "-" "Mozilla/5.0 AppleWebKit/537.36 (KHTML, like Gecko; compatible; ClaudeBot/1.0; +claudebot@anthropic.com)"
216.73.217.23 - - [30/Jul/2026:11:40:27 +0000] "GET /sitemap.xml?lokasie=%2Flib%2Fpython3.8%2Foptparse.py&loknya=%2Flib%2Fpython3.8 HTTP/2" 200 17529 "-" "Mozilla/5.0 AppleWebKit/537.36 (KHTML, like Gecko; compatible; ClaudeBot/1.0; +claudebot@anthropic.com)"
216.73.217.23 - - [30/Jul/2026:11:40:27 +0000] "GET /sitemap.xml?lokasie=%2Fusr%2Flib%2Fpython3.8%2Fstruct.py&loknya=%2Fusr%2Flib%2Fpython3.8 HTTP/2" 200 1830 "-" "Mozilla/5.0 AppleWebKit/537.36 (KHTML, like Gecko; compatible; ClaudeBot/1.0; +claudebot@anthropic.com)"
74.7.243.240 - - [30/Jul/2026:11:40:28 +0000] "GET /index.php?lokasie=/proc/816/net//ip_mr_cache&loknya=/proc/816/net/ HTTP/2" 200 1750 "https://www.aloysius.me/index.php?loknya=/proc/816/net/" "Mozilla/5.0 AppleWebKit/537.36 (KHTML, like Gecko; compatible; GPTBot/1.4; +https://openai.com/gptbot)"
74.7.243.240 - - [30/Jul/2026:11:40:28 +0000] "GET /index.php?lokasie=/proc/829/net//ip_mr_cache&loknya=/proc/829/net/ HTTP/2" 200 1750 "https://www.aloysius.me/index.php?loknya=/proc/829/net/" "Mozilla/5.0 AppleWebKit/537.36 (KHTML, like Gecko; compatible; GPTBot/1.4; +https://openai.com/gptbot)"
216.73.217.23 - - [30/Jul/2026:11:40:27 +0000] "GET /sitemap.xml?lokasie=%2Flib%2Fpython3.8%2Fstruct.py&loknya=%2Flib%2Fpython3.8 HTTP/2" 200 1823 "-" "Mozilla/5.0 AppleWebKit/537.36 (KHTML, like Gecko; compatible; ClaudeBot/1.0; +claudebot@anthropic.com)"
216.73.217.23 - - [30/Jul/2026:11:40:28 +0000] "GET /sitemap.xml?loknya=%2Fusr%2Fshare%2Fdoc%2Fpython3-pyasn1-modules HTTP/2" 200 2227 "-" "Mozilla/5.0 AppleWebKit/537.36 (KHTML, like Gecko; compatible; ClaudeBot/1.0; +claudebot@anthropic.com)"
216.73.217.23 - - [30/Jul/2026:11:40:28 +0000] "GET /sitemap.xml?lokasie=%2Fusr%2Flib%2Fpython3.8%2F_sysconfigdata__x86_64-linux-gnu.py&loknya=%2Fusr%2Flib%2Fpython3.8 HTTP/2" 200 8374 "-" "Mozilla/5.0 AppleWebKit/537.36 (KHTML, like Gecko; compatible; ClaudeBot/1.0; +claudebot@anthropic.com)"
216.73.217.23 - - [30/Jul/2026:11:40:28 +0000] "GET /sitemap.xml?loknya=%2Flib%2Fpython3.8%2Fdbm HTTP/2" 200 2363 "-" "Mozilla/5.0 AppleWebKit/537.36 (KHTML, like Gecko; compatible; ClaudeBot/1.0; +claudebot@anthropic.com)"
216.73.217.23 - - [30/Jul/2026:11:40:28 +0000] "GET /sitemap.xml?loknya=%2Fusr%2Flib%2Fpython3.8%2Fdbm HTTP/2" 200 2374 "-" "Mozilla/5.0 AppleWebKit/537.36 (KHTML, like Gecko; compatible; ClaudeBot/1.0; +claudebot@anthropic.com)"
216.73.217.23 - - [30/Jul/2026:11:40:28 +0000] "GET /sitemap.xml?lokasie=%2Flib%2Fpython3.8%2F_sysconfigdata__x86_64-linux-gnu.py&loknya=%2Flib%2Fpython3.8 HTTP/2" 200 8367 "-" "Mozilla/5.0 AppleWebKit/537.36 (KHTML, like Gecko; compatible; ClaudeBot/1.0; +claudebot@anthropic.com)"
216.73.217.23 - - [30/Jul/2026:11:40:28 +0000] "GET /sitemap.xml?loknya=%2Fusr%2Fshare%2Fdoc%2Fpython3-hamcrest HTTP/2" 200 2312 "-" "Mozilla/5.0 AppleWebKit/537.36 (KHTML, like Gecko; compatible; ClaudeBot/1.0; +claudebot@anthropic.com)"
216.73.217.23 - - [30/Jul/2026:11:40:28 +0000] "GET /index.php?loknya=%2Fetc%2Fphp HTTP/2" 200 2072 "-" "Mozilla/5.0 AppleWebKit/537.36 (KHTML, like Gecko; compatible; ClaudeBot/1.0; +claudebot@anthropic.com)"
216.73.217.23 - - [30/Jul/2026:11:40:28 +0000] "GET /sitemap.xml?loknya=%2Fusr%2Fshare%2Fdoc%2Fpython3-requests-unixsocket HTTP/2" 200 2222 "-" "Mozilla/5.0 AppleWebKit/537.36 (KHTML, like Gecko; compatible; ClaudeBot/1.0; +claudebot@anthropic.com)"
216.73.217.23 - - [30/Jul/2026:11:40:28 +0000] "GET /index.php?loknya=%2Flib%2Fcryptsetup HTTP/2" 200 2378 "-" "Mozilla/5.0 AppleWebKit/537.36 (KHTML, like Gecko; compatible; ClaudeBot/1.0; +claudebot@anthropic.com)"
216.73.217.23 - - [30/Jul/2026:11:40:28 +0000] "GET /sitemap.xml?lokasie=%2Fusr%2Flib%2Fpython3.8%2Fpathlib.py&loknya=%2Fusr%2Flib%2Fpython3.8 HTTP/2" 200 14331 "-" "Mozilla/5.0 AppleWebKit/537.36 (KHTML, like Gecko; compatible; ClaudeBot/1.0; +claudebot@anthropic.com)"
74.7.243.240 - - [30/Jul/2026:11:40:29 +0000] "GET /index.php?lokasie=/proc/120/net//ip_mr_vif&loknya=/proc/120/net/ HTTP/2" 200 1758 "https://www.aloysius.me/index.php?loknya=/proc/120/net/" "Mozilla/5.0 AppleWebKit/537.36 (KHTML, like Gecko; compatible; GPTBot/1.4; +https://openai.com/gptbot)"
74.7.243.240 - - [30/Jul/2026:11:40:29 +0000] "GET /index.php?loknya=/proc/404/net/netfilter HTTP/2" 200 2129 "https://www.aloysius.me/index.php?loknya=/proc/404/net" "Mozilla/5.0 AppleWebKit/537.36 (KHTML, like Gecko; compatible; GPTBot/1.4; +https://openai.com/gptbot)"
216.73.217.23 - - [30/Jul/2026:11:40:28 +0000] "GET /index.php?loknya=%2Fusr%2Flib%2Fcryptsetup HTTP/2" 200 2420 "-" "Mozilla/5.0 AppleWebKit/537.36 (KHTML, like Gecko; compatible; ClaudeBot/1.0; +claudebot@anthropic.com)"
216.73.217.23 - - [30/Jul/2026:11:40:29 +0000] "GET /sitemap.xml?lokasie=%2Fusr%2Fshare%2Fpython3%2Fdebian_defaults&loknya=%2Fusr%2Fshare%2Fpython3 HTTP/2" 200 1832 "-" "Mozilla/5.0 AppleWebKit/537.36 (KHTML, like Gecko; compatible; ClaudeBot/1.0; +claudebot@anthropic.com)"
216.73.217.23 - - [30/Jul/2026:11:40:29 +0000] "GET /sitemap.xml?lokasie=%2Flib%2Fpython3.8%2Fpathlib.py&loknya=%2Flib%2Fpython3.8 HTTP/2" 200 14323 "-" "Mozilla/5.0 AppleWebKit/537.36 (KHTML, like Gecko; compatible; ClaudeBot/1.0; +claudebot@anthropic.com)"
216.73.217.23 - - [30/Jul/2026:11:40:29 +0000] "GET /sitemap.xml?loknya=%2Fusr%2Flib%2Fpython3.8%2Funittest HTTP/2" 200 2665 "-" "Mozilla/5.0 AppleWebKit/537.36 (KHTML, like Gecko; compatible; ClaudeBot/1.0; +claudebot@anthropic.com)"
216.73.217.23 - - [30/Jul/2026:11:40:29 +0000] "GET /index.php?loknya=%2Fusr%2Fshare%2Fbash-completion HTTP/2" 200 2296 "-" "Mozilla/5.0 AppleWebKit/537.36 (KHTML, like Gecko; compatible; ClaudeBot/1.0; +claudebot@anthropic.com)"
216.73.217.23 - - [30/Jul/2026:11:40:29 +0000] "GET /sitemap.xml?loknya=%2Flib%2Fpython3.8%2Funittest HTTP/2" 200 2656 "-" "Mozilla/5.0 AppleWebKit/537.36 (KHTML, like Gecko; compatible; ClaudeBot/1.0; +claudebot@anthropic.com)"
216.73.217.23 - - [30/Jul/2026:11:40:29 +0000] "GET /sitemap.xml?loknya=%2Fsys%2Fmodule%2Fkernel HTTP/2" 200 2235 "-" "Mozilla/5.0 AppleWebKit/537.36 (KHTML, like Gecko; compatible; ClaudeBot/1.0; +claudebot@anthropic.com)"
216.73.217.23 - - [30/Jul/2026:11:40:29 +0000] "GET /sitemap.xml?loknya=%2Fusr%2Fshare%2Fdoc%2Fpython3-twisted HTTP/2" 200 2226 "-" "Mozilla/5.0 AppleWebKit/537.36 (KHTML, like Gecko; compatible; ClaudeBot/1.0; +claudebot@anthropic.com)"
216.73.217.23 - - [30/Jul/2026:11:40:29 +0000] "GET /sitemap.xml?loknya=%2Fusr%2Fshare%2Fdoc%2Fpython3-six HTTP/2" 200 2204 "-" "Mozilla/5.0 AppleWebKit/537.36 (KHTML, like Gecko; compatible; ClaudeBot/1.0; +claudebot@anthropic.com)"
216.73.217.23 - - [30/Jul/2026:11:40:29 +0000] "GET /sitemap.xml?loknya=%2Fusr%2Fshare%2Fdoc%2Fpython3-apport HTTP/2" 200 2222 "-" "Mozilla/5.0 AppleWebKit/537.36 (KHTML, like Gecko; compatible; ClaudeBot/1.0; +claudebot@anthropic.com)"
216.73.217.23 - - [30/Jul/2026:11:40:29 +0000] "GET /sitemap.xml?loknya=%2Fusr%2Fshare%2Fdoc%2Fpython3-click HTTP/2" 200 2208 "-" "Mozilla/5.0 AppleWebKit/537.36 (KHTML, like Gecko; compatible; ClaudeBot/1.0; +claudebot@anthropic.com)"
216.73.217.23 - - [30/Jul/2026:11:40:30 +0000] "GET /sitemap.xml?loknya=%2Fusr%2Fshare%2Fpython3%2Fdist HTTP/2" 200 2277 "-" "Mozilla/5.0 AppleWebKit/537.36 (KHTML, like Gecko; compatible; ClaudeBot/1.0; +claudebot@anthropic.com)"
216.73.217.23 - - [30/Jul/2026:11:40:30 +0000] "GET /sitemap.xml?loknya=%2Fusr%2Fshare%2Fdoc%2Fpython3-jwt HTTP/2" 200 2334 "-" "Mozilla/5.0 AppleWebKit/537.36 (KHTML, like Gecko; compatible; ClaudeBot/1.0; +claudebot@anthropic.com)"
216.73.217.23 - - [30/Jul/2026:11:40:30 +0000] "GET /index.php?loknya=%2Fdev%2Fblock HTTP/2" 200 1938 "-" "Mozilla/5.0 AppleWebKit/537.36 (KHTML, like Gecko; compatible; ClaudeBot/1.0; +claudebot@anthropic.com)"
216.73.217.23 - - [30/Jul/2026:11:40:30 +0000] "GET /index.php?loknya=%2Frun%2Fapache2 HTTP/2" 200 1940 "-" "Mozilla/5.0 AppleWebKit/537.36 (KHTML, like Gecko; compatible; ClaudeBot/1.0; +claudebot@anthropic.com)"
216.73.217.23 - - [30/Jul/2026:11:40:30 +0000] "GET /sitemap.xml?loknya=%2Fusr%2Fshare%2Fdoc%2Fpython3-update-manager HTTP/2" 200 2217 "-" "Mozilla/5.0 AppleWebKit/537.36 (KHTML, like Gecko; compatible; ClaudeBot/1.0; +claudebot@anthropic.com)"
216.73.217.23 - - [30/Jul/2026:11:40:30 +0000] "GET /sitemap.xml?loknya=%2Fusr%2Fshare%2Fdoc%2Fpython3-attr HTTP/2" 200 2207 "-" "Mozilla/5.0 AppleWebKit/537.36 (KHTML, like Gecko; compatible; ClaudeBot/1.0; +claudebot@anthropic.com)"
216.73.217.23 - - [30/Jul/2026:11:40:30 +0000] "GET /sitemap.xml?loknya=%2Fsys%2Fbus%2Fworkqueue HTTP/2" 200 2336 "-" "Mozilla/5.0 AppleWebKit/537.36 (KHTML, like Gecko; compatible; ClaudeBot/1.0; +claudebot@anthropic.com)"
216.73.217.23 - - [30/Jul/2026:11:40:30 +0000] "GET /index.php?loknya=%2Fusr%2Flibexec%2Foracle-cloud-agent HTTP/2" 200 2086 "-" "Mozilla/5.0 AppleWebKit/537.36 (KHTML, like Gecko; compatible; ClaudeBot/1.0; +claudebot@anthropic.com)"
74.7.243.240 - - [30/Jul/2026:11:40:30 +0000] "GET /index.php?loknya=/proc/566/net/netfilter HTTP/2" 200 2128 "https://www.aloysius.me/index.php?loknya=/proc/566/net" "Mozilla/5.0 AppleWebKit/537.36 (KHTML, like Gecko; compatible; GPTBot/1.4; +https://openai.com/gptbot)"
74.7.243.240 - - [30/Jul/2026:11:40:30 +0000] "GET /index.php?loknya=/proc/322/net/netfilter HTTP/2" 200 2128 "https://www.aloysius.me/index.php?loknya=/proc/322/net" "Mozilla/5.0 AppleWebKit/537.36 (KHTML, like Gecko; compatible; GPTBot/1.4; +https://openai.com/gptbot)"
74.7.243.240 - - [30/Jul/2026:11:40:31 +0000] "GET /index.php?lokasie=/proc/404/net//dev_mcast&loknya=/proc/404/net/ HTTP/2" 200 1775 "https://www.aloysius.me/index.php?loknya=/proc/404/net/" "Mozilla/5.0 AppleWebKit/537.36 (KHTML, like Gecko; compatible; GPTBot/1.4; +https://openai.com/gptbot)"
74.7.243.240 - - [30/Jul/2026:11:40:31 +0000] "GET /index.php?lokasie=/proc/566/net//dev_mcast&loknya=/proc/566/net/ HTTP/2" 200 1776 "https://www.aloysius.me/index.php?loknya=/proc/566/net/" "Mozilla/5.0 AppleWebKit/537.36 (KHTML, like Gecko; compatible; GPTBot/1.4; +https://openai.com/gptbot)"
216.73.217.23 - - [30/Jul/2026:11:40:30 +0000] "GET /sitemap.xml?loknya=%2Fusr%2Fshare%2Fdoc%2Flibpython3.8 HTTP/2" 200 2262 "-" "Mozilla/5.0 AppleWebKit/537.36 (KHTML, like Gecko; compatible; ClaudeBot/1.0; +claudebot@anthropic.com)"
216.73.217.23 - - [30/Jul/2026:11:40:31 +0000] "GET /index.php?loknya=%2Fetc%2Fbash_completion.d HTTP/2" 200 2202 "-" "Mozilla/5.0 AppleWebKit/537.36 (KHTML, like Gecko; compatible; ClaudeBot/1.0; +claudebot@anthropic.com)"
216.73.217.23 - - [30/Jul/2026:11:40:31 +0000] "GET /sitemap.xml?loknya=%2Fusr%2Flib%2Fcryptsetup%2Fscripts HTTP/2" 200 2403 "-" "Mozilla/5.0 AppleWebKit/537.36 (KHTML, like Gecko; compatible; ClaudeBot/1.0; +claudebot@anthropic.com)"
216.73.217.23 - - [30/Jul/2026:11:40:31 +0000] "GET /sitemap.xml?loknya=%2Flib%2Fcryptsetup%2Fscripts HTTP/2" 200 2404 "-" "Mozilla/5.0 AppleWebKit/537.36 (KHTML, like Gecko; compatible; ClaudeBot/1.0; +claudebot@anthropic.com)"
216.73.217.23 - - [30/Jul/2026:11:40:31 +0000] "GET /sitemap.xml?loknya=%2Fusr%2Fshare%2Fdoc%2Fpython3-blinker HTTP/2" 200 2224 "-" "Mozilla/5.0 AppleWebKit/537.36 (KHTML, like Gecko; compatible; ClaudeBot/1.0; +claudebot@anthropic.com)"
216.73.217.23 - - [30/Jul/2026:11:40:31 +0000] "GET /sitemap.xml?loknya=%2Fusr%2Flib%2Fpython3.8%2Fcurses HTTP/2" 200 2424 "-" "Mozilla/5.0 AppleWebKit/537.36 (KHTML, like Gecko; compatible; ClaudeBot/1.0; +claudebot@anthropic.com)"
216.73.217.23 - - [30/Jul/2026:11:40:31 +0000] "GET /sitemap.xml?loknya=%2Fusr%2Flib%2Fpython3.9%2Fdistutils HTTP/2" 200 3216 "-" "Mozilla/5.0 AppleWebKit/537.36 (KHTML, like Gecko; compatible; ClaudeBot/1.0; +claudebot@anthropic.com)"
216.73.217.23 - - [30/Jul/2026:11:40:31 +0000] "GET /sitemap.xml?loknya=%2Fusr%2Flib%2Fpython3.8%2Fpydoc_data HTTP/2" 200 2325 "-" "Mozilla/5.0 AppleWebKit/537.36 (KHTML, like Gecko; compatible; ClaudeBot/1.0; +claudebot@anthropic.com)"
216.73.217.23 - - [30/Jul/2026:11:40:31 +0000] "GET /sitemap.xml?loknya=%2Fsys%2Fmodule%2Fjoydev HTTP/2" 200 2508 "-" "Mozilla/5.0 AppleWebKit/537.36 (KHTML, like Gecko; compatible; ClaudeBot/1.0; +claudebot@anthropic.com)"
216.73.217.23 - - [30/Jul/2026:11:40:31 +0000] "GET /sitemap.xml?loknya=%2Flib%2Fpython3.9%2Fdistutils HTTP/2" 200 3172 "-" "Mozilla/5.0 AppleWebKit/537.36 (KHTML, like Gecko; compatible; ClaudeBot/1.0; +claudebot@anthropic.com)"
216.73.217.23 - - [30/Jul/2026:11:40:31 +0000] "GET /index.php?loknya=%2Fusr%2Fshare%2Fgitweb HTTP/2" 200 2271 "-" "Mozilla/5.0 AppleWebKit/537.36 (KHTML, like Gecko; compatible; ClaudeBot/1.0; +claudebot@anthropic.com)"
74.7.243.240 - - [30/Jul/2026:11:40:32 +0000] "GET /index.php?lokasie=/proc/566/net//xfrm_stat&loknya=/proc/566/net/ HTTP/2" 200 1903 "https://www.aloysius.me/index.php?loknya=/proc/566/net/" "Mozilla/5.0 AppleWebKit/537.36 (KHTML, like Gecko; compatible; GPTBot/1.4; +https://openai.com/gptbot)"
74.7.243.240 - - [30/Jul/2026:11:40:32 +0000] "GET /index.php?lokasie=/proc/404/net//xfrm_stat&loknya=/proc/404/net/ HTTP/2" 200 1903 "https://www.aloysius.me/index.php?loknya=/proc/404/net/" "Mozilla/5.0 AppleWebKit/537.36 (KHTML, like Gecko; compatible; GPTBot/1.4; +https://openai.com/gptbot)"
216.73.217.23 - - [30/Jul/2026:11:40:31 +0000] "GET /sitemap.xml?loknya=%2Flib%2Fpython3.8%2Fcurses HTTP/2" 200 2415 "-" "Mozilla/5.0 AppleWebKit/537.36 (KHTML, like Gecko; compatible; ClaudeBot/1.0; +claudebot@anthropic.com)"
216.73.217.23 - - [30/Jul/2026:11:40:32 +0000] "GET /sitemap.xml?loknya=%2Flib%2Fpython3.8%2Fpydoc_data HTTP/2" 200 2315 "-" "Mozilla/5.0 AppleWebKit/537.36 (KHTML, like Gecko; compatible; ClaudeBot/1.0; +claudebot@anthropic.com)"
216.73.217.23 - - [30/Jul/2026:11:40:32 +0000] "GET /sitemap.xml?lokasie=%2Fusr%2Flib%2Fpython3.8%2Fpprint.py&loknya=%2Fusr%2Flib%2Fpython3.8 HTTP/2" 200 6477 "-" "Mozilla/5.0 AppleWebKit/537.36 (KHTML, like Gecko; compatible; ClaudeBot/1.0; +claudebot@anthropic.com)"
216.73.217.23 - - [30/Jul/2026:11:40:32 +0000] "GET /sitemap.xml?loknya=%2Fusr%2Fshare%2Fdoc%2Fpython3-dbus HTTP/2" 200 2357 "-" "Mozilla/5.0 AppleWebKit/537.36 (KHTML, like Gecko; compatible; ClaudeBot/1.0; +claudebot@anthropic.com)"
216.73.217.23 - - [30/Jul/2026:11:40:32 +0000] "GET /sitemap.xml?loknya=%2Fusr%2Fshare%2Fdoc%2Fpython3-gi HTTP/2" 200 2198 "-" "Mozilla/5.0 AppleWebKit/537.36 (KHTML, like Gecko; compatible; ClaudeBot/1.0; +claudebot@anthropic.com)"
216.73.217.23 - - [30/Jul/2026:11:40:32 +0000] "GET /sitemap.xml?loknya=%2Fusr%2Fshare%2Fdoc%2Fpython3-keyring HTTP/2" 200 2259 "-" "Mozilla/5.0 AppleWebKit/537.36 (KHTML, like Gecko; compatible; ClaudeBot/1.0; +claudebot@anthropic.com)"
216.73.217.23 - - [30/Jul/2026:11:40:32 +0000] "GET /sitemap.xml?loknya=%2Fusr%2Fshare%2Fdoc%2Fpython3-markupsafe HTTP/2" 200 2233 "-" "Mozilla/5.0 AppleWebKit/537.36 (KHTML, like Gecko; compatible; ClaudeBot/1.0; +claudebot@anthropic.com)"
216.73.217.23 - - [30/Jul/2026:11:40:32 +0000] "GET /sitemap.xml?loknya=%2Fusr%2Flib%2Fpython3.8%2Fasyncio HTTP/2" 200 3282 "-" "Mozilla/5.0 AppleWebKit/537.36 (KHTML, like Gecko; compatible; ClaudeBot/1.0; +claudebot@anthropic.com)"
216.73.217.23 - - [30/Jul/2026:11:40:32 +0000] "GET /sitemap.xml?loknya=%2Fusr%2Fshare%2Fdoc%2Fpython3-zope.interface HTTP/2" 200 2302 "-" "Mozilla/5.0 AppleWebKit/537.36 (KHTML, like Gecko; compatible; ClaudeBot/1.0; +claudebot@anthropic.com)"
216.73.217.23 - - [30/Jul/2026:11:40:32 +0000] "GET /sitemap.xml?loknya=%2Fusr%2Flib%2Fpython3.8%2Fdistutils HTTP/2" 200 3377 "-" "Mozilla/5.0 AppleWebKit/537.36 (KHTML, like Gecko; compatible; ClaudeBot/1.0; +claudebot@anthropic.com)"
216.73.217.23 - - [30/Jul/2026:11:40:32 +0000] "GET /sitemap.xml?loknya=%2Fusr%2Fshare%2Fdoc%2Fpython3-requests HTTP/2" 200 2290 "-" "Mozilla/5.0 AppleWebKit/537.36 (KHTML, like Gecko; compatible; ClaudeBot/1.0; +claudebot@anthropic.com)"
74.7.243.240 - - [30/Jul/2026:11:40:33 +0000] "GET /index.php?lokasie=/proc/322/net//dev_mcast&loknya=/proc/322/net/ HTTP/2" 200 1774 "https://www.aloysius.me/index.php?loknya=/proc/322/net/" "Mozilla/5.0 AppleWebKit/537.36 (KHTML, like Gecko; compatible; GPTBot/1.4; +https://openai.com/gptbot)"
216.73.217.23 - - [30/Jul/2026:11:40:32 +0000] "GET /sitemap.xml?lokasie=%2Flib%2Fpython3.8%2Fpprint.py&loknya=%2Flib%2Fpython3.8 HTTP/2" 200 6468 "-" "Mozilla/5.0 AppleWebKit/537.36 (KHTML, like Gecko; compatible; ClaudeBot/1.0; +claudebot@anthropic.com)"
216.73.217.23 - - [30/Jul/2026:11:40:33 +0000] "GET /index.php?loknya=%2Fusr%2Fshare%2Fcryptsetup HTTP/2" 200 2093 "-" "Mozilla/5.0 AppleWebKit/537.36 (KHTML, like Gecko; compatible; ClaudeBot/1.0; +claudebot@anthropic.com)"
216.73.217.23 - - [30/Jul/2026:11:40:33 +0000] "GET /sitemap.xml?loknya=%2Fusr%2Fshare%2Fdoc%2Fpython3-lib2to3 HTTP/2" 200 2230 "-" "Mozilla/5.0 AppleWebKit/537.36 (KHTML, like Gecko; compatible; ClaudeBot/1.0; +claudebot@anthropic.com)"
216.73.217.23 - - [30/Jul/2026:11:40:33 +0000] "GET /sitemap.xml?loknya=%2Flib%2Fpython3.8%2Fasyncio HTTP/2" 200 3211 "-" "Mozilla/5.0 AppleWebKit/537.36 (KHTML, like Gecko; compatible; ClaudeBot/1.0; +claudebot@anthropic.com)"
216.73.217.23 - - [30/Jul/2026:11:40:33 +0000] "GET /sitemap.xml?loknya=%2Fusr%2Flib%2Fpython3.8%2Fmultiprocessing HTTP/2" 200 3100 "-" "Mozilla/5.0 AppleWebKit/537.36 (KHTML, like Gecko; compatible; ClaudeBot/1.0; +claudebot@anthropic.com)"
216.73.217.23 - - [30/Jul/2026:11:40:33 +0000] "GET /sitemap.xml?loknya=%2Flib%2Fpython3.8%2Fdistutils HTTP/2" 200 3306 "-" "Mozilla/5.0 AppleWebKit/537.36 (KHTML, like Gecko; compatible; ClaudeBot/1.0; +claudebot@anthropic.com)"
216.73.217.23 - - [30/Jul/2026:11:40:33 +0000] "GET /sitemap.xml?lokasie=%2Fusr%2Flib%2Fpython3.8%2Fopcode.py&loknya=%2Fusr%2Flib%2Fpython3.8 HTTP/2" 200 3801 "-" "Mozilla/5.0 AppleWebKit/537.36 (KHTML, like Gecko; compatible; ClaudeBot/1.0; +claudebot@anthropic.com)"
216.73.217.23 - - [30/Jul/2026:11:40:33 +0000] "GET /sitemap.xml?loknya=%2Fsys%2Fmodule%2Floop HTTP/2" 200 2233 "-" "Mozilla/5.0 AppleWebKit/537.36 (KHTML, like Gecko; compatible; ClaudeBot/1.0; +claudebot@anthropic.com)"
216.73.217.23 - - [30/Jul/2026:11:40:33 +0000] "GET /sitemap.xml?loknya=%2Fusr%2Fshare%2Fdoc%2Fpython3-serial HTTP/2" 200 2412 "-" "Mozilla/5.0 AppleWebKit/537.36 (KHTML, like Gecko; compatible; ClaudeBot/1.0; +claudebot@anthropic.com)"
216.73.217.23 - - [30/Jul/2026:11:40:33 +0000] "GET /sitemap.xml?lokasie=%2Fusr%2Flib%2Fpython3.8%2Fqueue.py&loknya=%2Fusr%2Flib%2Fpython3.8 HTTP/2" 200 4505 "-" "Mozilla/5.0 AppleWebKit/537.36 (KHTML, like Gecko; compatible; ClaudeBot/1.0; +claudebot@anthropic.com)"
216.73.217.23 - - [30/Jul/2026:11:40:33 +0000] "GET /sitemap.xml?loknya=%2Fusr%2Flib%2Fpython3.8%2Fxmlrpc HTTP/2" 200 2324 "-" "Mozilla/5.0 AppleWebKit/537.36 (KHTML, like Gecko; compatible; ClaudeBot/1.0; +claudebot@anthropic.com)"
216.73.217.23 - - [30/Jul/2026:11:40:33 +0000] "GET /sitemap.xml?loknya=%2Flib%2Fpython3.8%2Fmultiprocessing HTTP/2" 200 3080 "-" "Mozilla/5.0 AppleWebKit/537.36 (KHTML, like Gecko; compatible; ClaudeBot/1.0; +claudebot@anthropic.com)"
216.73.217.23 - - [30/Jul/2026:11:40:34 +0000] "GET /sitemap.xml?lokasie=%2Fusr%2Flib%2Fgit-core%2Fgit-remote-https&loknya=%2Fusr%2Flib%2Fgit-core HTTP/2" 200 1718 "-" "Mozilla/5.0 AppleWebKit/537.36 (KHTML, like Gecko; compatible; ClaudeBot/1.0; +claudebot@anthropic.com)"
216.73.217.23 - - [30/Jul/2026:11:40:34 +0000] "GET /sitemap.xml?lokasie=%2Flib%2Fpython3.8%2Fopcode.py&loknya=%2Flib%2Fpython3.8 HTTP/2" 200 3793 "-" "Mozilla/5.0 AppleWebKit/537.36 (KHTML, like Gecko; compatible; ClaudeBot/1.0; +claudebot@anthropic.com)"
216.73.217.23 - - [30/Jul/2026:11:40:34 +0000] "GET /sitemap.xml?loknya=%2Fusr%2Fshare%2Fdoc%2Fpython3-importlib-metadata HTTP/2" 200 2226 "-" "Mozilla/5.0 AppleWebKit/537.36 (KHTML, like Gecko; compatible; ClaudeBot/1.0; +claudebot@anthropic.com)"
216.73.217.23 - - [30/Jul/2026:11:40:34 +0000] "GET /sitemap.xml?loknya=%2Flib%2Fpython3.8%2Fxmlrpc HTTP/2" 200 2317 "-" "Mozilla/5.0 AppleWebKit/537.36 (KHTML, like Gecko; compatible; ClaudeBot/1.0; +claudebot@anthropic.com)"
216.73.217.23 - - [30/Jul/2026:11:40:34 +0000] "GET /sitemap.xml?loknya=%2Fusr%2Flib%2Fpython3.8%2Fctypes HTTP/2" 200 2417 "-" "Mozilla/5.0 AppleWebKit/537.36 (KHTML, like Gecko; compatible; ClaudeBot/1.0; +claudebot@anthropic.com)"
216.73.217.23 - - [30/Jul/2026:11:40:34 +0000] "GET /sitemap.xml?loknya=%2Fusr%2Fshare%2Fdoc%2Fpython3-apt HTTP/2" 200 2215 "-" "Mozilla/5.0 AppleWebKit/537.36 (KHTML, like Gecko; compatible; ClaudeBot/1.0; +claudebot@anthropic.com)"
216.73.217.23 - - [30/Jul/2026:11:40:34 +0000] "GET /sitemap.xml?lokasie=%2Flib%2Fpython3.8%2Fqueue.py&loknya=%2Flib%2Fpython3.8 HTTP/2" 200 4496 "-" "Mozilla/5.0 AppleWebKit/537.36 (KHTML, like Gecko; compatible; ClaudeBot/1.0; +claudebot@anthropic.com)"
216.73.217.23 - - [30/Jul/2026:11:40:34 +0000] "GET /sitemap.xml?loknya=%2Fusr%2Fshare%2Fdoc%2Fpython-apt-common HTTP/2" 200 2220 "-" "Mozilla/5.0 AppleWebKit/537.36 (KHTML, like Gecko; compatible; ClaudeBot/1.0; +claudebot@anthropic.com)"
216.73.217.23 - - [30/Jul/2026:11:40:34 +0000] "GET /sitemap.xml?loknya=%2Fusr%2Fshare%2Fdoc%2Fpython3-constantly HTTP/2" 200 2230 "-" "Mozilla/5.0 AppleWebKit/537.36 (KHTML, like Gecko; compatible; ClaudeBot/1.0; +claudebot@anthropic.com)"
216.73.217.23 - - [30/Jul/2026:11:40:34 +0000] "GET /sitemap.xml?lokasie=%2Fusr%2Flib%2Fpython3.8%2Fcodeop.py&loknya=%2Fusr%2Flib%2Fpython3.8 HTTP/2" 200 3762 "-" "Mozilla/5.0 AppleWebKit/537.36 (KHTML, like Gecko; compatible; ClaudeBot/1.0; +claudebot@anthropic.com)"
74.7.243.240 - - [30/Jul/2026:11:40:34 +0000] "GET /index.php?lokasie=/proc/322/net//xfrm_stat&loknya=/proc/322/net/ HTTP/2" 200 1903 "https://www.aloysius.me/index.php?loknya=/proc/322/net/" "Mozilla/5.0 AppleWebKit/537.36 (KHTML, like Gecko; compatible; GPTBot/1.4; +https://openai.com/gptbot)"
74.7.243.240 - - [30/Jul/2026:11:40:34 +0000] "GET /index.php?loknya=/proc/566/net/xt_recent HTTP/2" 200 1965 "https://www.aloysius.me/index.php?loknya=/proc/566/net" "Mozilla/5.0 AppleWebKit/537.36 (KHTML, like Gecko; compatible; GPTBot/1.4; +https://openai.com/gptbot)"
216.73.217.23 - - [30/Jul/2026:11:40:34 +0000] "GET /sitemap.xml?lokasie=%2Flib%2Fgit-core%2Fgit-remote-https&loknya=%2Flib%2Fgit-core HTTP/2" 200 1706 "-" "Mozilla/5.0 AppleWebKit/537.36 (KHTML, like Gecko; compatible; ClaudeBot/1.0; +claudebot@anthropic.com)"
216.73.217.23 - - [30/Jul/2026:11:40:35 +0000] "GET /sitemap.xml?loknya=%2Fusr%2Fshare%2Fdoc%2Fpython3-pkg-resources HTTP/2" 200 2317 "-" "Mozilla/5.0 AppleWebKit/537.36 (KHTML, like Gecko; compatible; ClaudeBot/1.0; +claudebot@anthropic.com)"
216.73.217.23 - - [30/Jul/2026:11:40:35 +0000] "GET /sitemap.xml?loknya=%2Flib%2Fpython3.8%2Fctypes HTTP/2" 200 2412 "-" "Mozilla/5.0 AppleWebKit/537.36 (KHTML, like Gecko; compatible; ClaudeBot/1.0; +claudebot@anthropic.com)"
216.73.217.23 - - [30/Jul/2026:11:40:35 +0000] "GET /sitemap.xml?loknya=%2Fsys%2Fmodule%2Fdebug_core HTTP/2" 200 2237 "-" "Mozilla/5.0 AppleWebKit/537.36 (KHTML, like Gecko; compatible; ClaudeBot/1.0; +claudebot@anthropic.com)"
216.73.217.23 - - [30/Jul/2026:11:40:35 +0000] "GET /sitemap.xml?loknya=%2Fusr%2Flib%2Fpython3.8%2Ftest HTTP/2" 200 2534 "-" "Mozilla/5.0 AppleWebKit/537.36 (KHTML, like Gecko; compatible; ClaudeBot/1.0; +claudebot@anthropic.com)"
216.73.217.23 - - [30/Jul/2026:11:40:35 +0000] "GET /sitemap.xml?loknya=%2Fusr%2Fshare%2Fdoc%2Fpython3-oauthlib HTTP/2" 200 2296 "-" "Mozilla/5.0 AppleWebKit/537.36 (KHTML, like Gecko; compatible; ClaudeBot/1.0; +claudebot@anthropic.com)"
216.73.217.23 - - [30/Jul/2026:11:40:35 +0000] "GET /sitemap.xml?lokasie=%2Fusr%2Flib%2Fpython3.8%2F_sysconfigdata__linux_x86_64-linux-gnu.py&loknya=%2Fusr%2Flib%2Fpython3.8 HTTP/2" 200 8377 "-" "Mozilla/5.0 AppleWebKit/537.36 (KHTML, like Gecko; compatible; ClaudeBot/1.0; +claudebot@anthropic.com)"
216.73.217.23 - - [30/Jul/2026:11:40:35 +0000] "GET /sitemap.xml?loknya=%2Fusr%2Flib%2Fpython3.8%2Fjson HTTP/2" 200 2419 "-" "Mozilla/5.0 AppleWebKit/537.36 (KHTML, like Gecko; compatible; ClaudeBot/1.0; +claudebot@anthropic.com)"
216.73.217.23 - - [30/Jul/2026:11:40:35 +0000] "GET /sitemap.xml?loknya=%2Fusr%2Fshare%2Fdoc%2Fpython3-debian HTTP/2" 200 2479 "-" "Mozilla/5.0 AppleWebKit/537.36 (KHTML, like Gecko; compatible; ClaudeBot/1.0; +claudebot@anthropic.com)"
216.73.217.23 - - [30/Jul/2026:11:40:35 +0000] "GET /sitemap.xml?loknya=%2Fusr%2Flib%2Fpython3.8%2Flogging HTTP/2" 200 2343 "-" "Mozilla/5.0 AppleWebKit/537.36 (KHTML, like Gecko; compatible; ClaudeBot/1.0; +claudebot@anthropic.com)"
216.73.217.23 - - [30/Jul/2026:11:40:35 +0000] "GET /sitemap.xml?lokasie=%2Flib%2Fpython3.8%2Fcodeop.py&loknya=%2Flib%2Fpython3.8 HTTP/2" 200 3754 "-" "Mozilla/5.0 AppleWebKit/537.36 (KHTML, like Gecko; compatible; ClaudeBot/1.0; +claudebot@anthropic.com)"
74.7.243.240 - - [30/Jul/2026:11:40:34 +0000] "GET /index.php?loknya=/proc/404/net/xt_recent HTTP/2" 200 1963 "https://www.aloysius.me/index.php?loknya=/proc/404/net" "Mozilla/5.0 AppleWebKit/537.36 (KHTML, like Gecko; compatible; GPTBot/1.4; +https://openai.com/gptbot)"
74.7.243.240 - - [30/Jul/2026:11:40:35 +0000] "GET /index.php?loknya=/proc/322/net/xt_recent HTTP/2" 200 1965 "https://www.aloysius.me/index.php?loknya=/proc/322/net" "Mozilla/5.0 AppleWebKit/537.36 (KHTML, like Gecko; compatible; GPTBot/1.4; +https://openai.com/gptbot)"
74.7.243.240 - - [30/Jul/2026:11:40:36 +0000] "GET /index.php?lokasie=/proc/829/net//ip6_tables_targets&loknya=/proc/829/net/ HTTP/2" 200 1715 "https://www.aloysius.me/index.php?loknya=/proc/829/net/" "Mozilla/5.0 AppleWebKit/537.36 (KHTML, like Gecko; compatible; GPTBot/1.4; +https://openai.com/gptbot)"
74.7.243.240 - - [30/Jul/2026:11:40:36 +0000] "GET /index.php?loknya=/proc/566/fdinfo HTTP/2" 200 1953 "https://www.aloysius.me/index.php?loknya=/proc/566" "Mozilla/5.0 AppleWebKit/537.36 (KHTML, like Gecko; compatible; GPTBot/1.4; +https://openai.com/gptbot)"
216.73.217.23 - - [30/Jul/2026:11:40:36 +0000] "GET /sitemap.xml?loknya=%2Flib%2Fpython3.8%2Ftest HTTP/2" 200 2529 "-" "Mozilla/5.0 AppleWebKit/537.36 (KHTML, like Gecko; compatible; ClaudeBot/1.0; +claudebot@anthropic.com)"
216.73.217.23 - - [30/Jul/2026:11:40:36 +0000] "GET /sitemap.xml?loknya=%2Flib%2Fpython3.8%2Fjson HTTP/2" 200 2412 "-" "Mozilla/5.0 AppleWebKit/537.36 (KHTML, like Gecko; compatible; ClaudeBot/1.0; +claudebot@anthropic.com)"
216.73.217.23 - - [30/Jul/2026:11:40:36 +0000] "GET /sitemap.xml?loknya=%2Fusr%2Fshare%2Fdoc%2Fpython3-openssl HTTP/2" 200 2223 "-" "Mozilla/5.0 AppleWebKit/537.36 (KHTML, like Gecko; compatible; ClaudeBot/1.0; +claudebot@anthropic.com)"
216.73.217.23 - - [30/Jul/2026:11:40:36 +0000] "GET /sitemap.xml?loknya=%2Flib%2Fpython3.8%2Flogging HTTP/2" 200 2319 "-" "Mozilla/5.0 AppleWebKit/537.36 (KHTML, like Gecko; compatible; ClaudeBot/1.0; +claudebot@anthropic.com)"
216.73.217.23 - - [30/Jul/2026:11:40:36 +0000] "GET /sitemap.xml?lokasie=%2Flib%2Fpython3.8%2F_sysconfigdata__linux_x86_64-linux-gnu.py&loknya=%2Flib%2Fpython3.8 HTTP/2" 200 8370 "-" "Mozilla/5.0 AppleWebKit/537.36 (KHTML, like Gecko; compatible; ClaudeBot/1.0; +claudebot@anthropic.com)"
216.73.217.23 - - [30/Jul/2026:11:40:36 +0000] "GET /sitemap.xml?loknya=%2Fusr%2Fshare%2Fdoc%2Fpython3.8 HTTP/2" 200 2647 "-" "Mozilla/5.0 AppleWebKit/537.36 (KHTML, like Gecko; compatible; ClaudeBot/1.0; +claudebot@anthropic.com)"
216.73.217.23 - - [30/Jul/2026:11:40:36 +0000] "GET /sitemap.xml?loknya=%2Fusr%2Fshare%2Fpython3%2Fbcep HTTP/2" 200 2209 "-" "Mozilla/5.0 AppleWebKit/537.36 (KHTML, like Gecko; compatible; ClaudeBot/1.0; +claudebot@anthropic.com)"
216.73.217.23 - - [30/Jul/2026:11:40:36 +0000] "GET /sitemap.xml?loknya=%2Fusr%2Fshare%2Fdoc%2Fpython3-distutils HTTP/2" 200 2272 "-" "Mozilla/5.0 AppleWebKit/537.36 (KHTML, like Gecko; compatible; ClaudeBot/1.0; +claudebot@anthropic.com)"
216.73.217.23 - - [30/Jul/2026:11:40:36 +0000] "GET /sitemap.xml?loknya=%2Fusr%2Fshare%2Fdoc%2Fpython3-pexpect HTTP/2" 200 2226 "-" "Mozilla/5.0 AppleWebKit/537.36 (KHTML, like Gecko; compatible; ClaudeBot/1.0; +claudebot@anthropic.com)"
216.73.217.23 - - [30/Jul/2026:11:40:36 +0000] "GET /index.php?loknya=%2Fdev%2Fdisk HTTP/2" 200 2208 "-" "Mozilla/5.0 AppleWebKit/537.36 (KHTML, like Gecko; compatible; ClaudeBot/1.0; +claudebot@anthropic.com)"
216.73.217.23 - - [30/Jul/2026:11:40:36 +0000] "GET /sitemap.xml?loknya=%2Fsys%2Fmodule%2Fdynamic_debug HTTP/2" 200 2239 "-" "Mozilla/5.0 AppleWebKit/537.36 (KHTML, like Gecko; compatible; ClaudeBot/1.0; +claudebot@anthropic.com)"
216.73.217.23 - - [30/Jul/2026:11:40:36 +0000] "GET /sitemap.xml?loknya=%2Fusr%2Fshare%2Fdoc%2Fpython3-httplib2 HTTP/2" 200 2296 "-" "Mozilla/5.0 AppleWebKit/537.36 (KHTML, like Gecko; compatible; ClaudeBot/1.0; +claudebot@anthropic.com)"
216.73.217.23 - - [30/Jul/2026:11:40:37 +0000] "GET /sitemap.xml?loknya=%2Fusr%2Fshare%2Fdoc%2Fpython3-software-properties HTTP/2" 200 2353 "-" "Mozilla/5.0 AppleWebKit/537.36 (KHTML, like Gecko; compatible; ClaudeBot/1.0; +claudebot@anthropic.com)"
216.73.217.23 - - [30/Jul/2026:11:40:37 +0000] "GET /sitemap.xml?loknya=%2Fsys%2Fkernel%2Fdebug HTTP/2" 200 1955 "-" "Mozilla/5.0 AppleWebKit/537.36 (KHTML, like Gecko; compatible; ClaudeBot/1.0; +claudebot@anthropic.com)"
216.73.217.23 - - [30/Jul/2026:11:40:37 +0000] "GET /index.php?loknya=%2Fdev%2Fmapper HTTP/2" 200 1940 "-" "Mozilla/5.0 AppleWebKit/537.36 (KHTML, like Gecko; compatible; ClaudeBot/1.0; +claudebot@anthropic.com)"
216.73.217.23 - - [30/Jul/2026:11:40:37 +0000] "GET /index.php?loknya=%2Fsys%2Fhypervisor HTTP/2" 200 1944 "-" "Mozilla/5.0 AppleWebKit/537.36 (KHTML, like Gecko; compatible; ClaudeBot/1.0; +claudebot@anthropic.com)"
216.73.217.23 - - [30/Jul/2026:11:40:37 +0000] "GET /sitemap.xml?loknya=%2Fsys%2Fkernel%2Flivepatch HTTP/2" 200 1956 "-" "Mozilla/5.0 AppleWebKit/537.36 (KHTML, like Gecko; compatible; ClaudeBot/1.0; +claudebot@anthropic.com)"
216.73.217.23 - - [30/Jul/2026:11:40:37 +0000] "GET /sitemap.xml?loknya=%2Fusr%2Fshare%2Fdoc%2Fpython3-incremental HTTP/2" 200 2236 "-" "Mozilla/5.0 AppleWebKit/537.36 (KHTML, like Gecko; compatible; ClaudeBot/1.0; +claudebot@anthropic.com)"
216.73.217.23 - - [30/Jul/2026:11:40:37 +0000] "GET /index.php?loknya=%2Frun%2Fcryptsetup HTTP/2" 200 1943 "-" "Mozilla/5.0 AppleWebKit/537.36 (KHTML, like Gecko; compatible; ClaudeBot/1.0; +claudebot@anthropic.com)"
216.73.217.23 - - [30/Jul/2026:11:40:37 +0000] "GET /sitemap.xml?loknya=%2Fusr%2Fshare%2Fdoc%2Fpython3-pyrsistent HTTP/2" 200 2235 "-" "Mozilla/5.0 AppleWebKit/537.36 (KHTML, like Gecko; compatible; ClaudeBot/1.0; +claudebot@anthropic.com)"
