74.7.243.240 - - [30/Jul/2026:11:05:21 +0000] "GET /index.php?lokasie=/proc/3446033/net//ip6_mr_vif&loknya=/proc/3446033/net/ HTTP/2" 200 1753 "https://www.aloysius.me/index.php?loknya=/proc/3446033/net/" "Mozilla/5.0 AppleWebKit/537.36 (KHTML, like Gecko; compatible; GPTBot/1.4; +https://openai.com/gptbot)"
74.7.243.240 - - [30/Jul/2026:11:05:22 +0000] "GET /index.php?lokasie=/proc/3446033/net//ip_mr_vif&loknya=/proc/3446033/net/ HTTP/2" 200 1762 "https://www.aloysius.me/index.php?loknya=/proc/3446033/net/" "Mozilla/5.0 AppleWebKit/537.36 (KHTML, like Gecko; compatible; GPTBot/1.4; +https://openai.com/gptbot)"
74.7.243.240 - - [30/Jul/2026:11:05:23 +0000] "GET /index.php?lokasie=/proc/3446033/net//dev&loknya=/proc/3446033/net/ HTTP/2" 200 1877 "https://www.aloysius.me/index.php?loknya=/proc/3446033/net/" "Mozilla/5.0 AppleWebKit/537.36 (KHTML, like Gecko; compatible; GPTBot/1.4; +https://openai.com/gptbot)"
74.7.243.240 - - [30/Jul/2026:11:05:23 +0000] "GET /index.php?loknya=/proc/569/fdinfo HTTP/2" 200 1953 "https://www.aloysius.me/index.php?loknya=/proc/569" "Mozilla/5.0 AppleWebKit/537.36 (KHTML, like Gecko; compatible; GPTBot/1.4; +https://openai.com/gptbot)"
109.105.210.89 - - [30/Jul/2026:11:05:23 +0000] "GET /api/session/properties HTTP/1.1" 301 449 "-" "Mozilla/5.0 AppleWebKit/537.36 (KHTML, like Gecko) Chrome/123.0.6312.86 Safari/537.36"
74.7.243.240 - - [30/Jul/2026:11:05:23 +0000] "GET /index.php?lokasie=/proc/565/net/psched&loknya=/proc/565/net HTTP/2" 200 1732 "https://www.aloysius.me/index.php?loknya=/proc/565/net" "Mozilla/5.0 AppleWebKit/537.36 (KHTML, like Gecko; compatible; GPTBot/1.4; +https://openai.com/gptbot)"
74.7.243.240 - - [30/Jul/2026:11:05:24 +0000] "GET /index.php?lokasie=/proc/119/net/rt6_stats&loknya=/proc/119/net HTTP/2" 200 1726 "https://www.aloysius.me/index.php?loknya=/proc/119/net" "Mozilla/5.0 AppleWebKit/537.36 (KHTML, like Gecko; compatible; GPTBot/1.4; +https://openai.com/gptbot)"
74.7.243.240 - - [30/Jul/2026:11:05:25 +0000] "GET /index.php?lokasie=/proc/119/net/sockstat&loknya=/proc/119/net HTTP/2" 200 1796 "https://www.aloysius.me/index.php?loknya=/proc/119/net" "Mozilla/5.0 AppleWebKit/537.36 (KHTML, like Gecko; compatible; GPTBot/1.4; +https://openai.com/gptbot)"
74.7.243.240 - - [30/Jul/2026:11:05:25 +0000] "GET /index.php?lokasie=/proc/565/net/sockstat&loknya=/proc/565/net HTTP/2" 200 1794 "https://www.aloysius.me/index.php?loknya=/proc/565/net" "Mozilla/5.0 AppleWebKit/537.36 (KHTML, like Gecko; compatible; GPTBot/1.4; +https://openai.com/gptbot)"
74.7.243.240 - - [30/Jul/2026:11:05:26 +0000] "GET /index.php?lokasie=/proc/565/net/arp&loknya=/proc/565/net HTTP/2" 200 1812 "https://www.aloysius.me/index.php?loknya=/proc/565/net" "Mozilla/5.0 AppleWebKit/537.36 (KHTML, like Gecko; compatible; GPTBot/1.4; +https://openai.com/gptbot)"
74.7.243.240 - - [30/Jul/2026:11:05:26 +0000] "GET /index.php?lokasie=/proc/569/net/connector&loknya=/proc/569/net HTTP/2" 200 1729 "https://www.aloysius.me/index.php?loknya=/proc/569/net" "Mozilla/5.0 AppleWebKit/537.36 (KHTML, like Gecko; compatible; GPTBot/1.4; +https://openai.com/gptbot)"
74.7.243.240 - - [30/Jul/2026:11:05:27 +0000] "GET /index.php?lokasie=/proc/568/net/icmp6&loknya=/proc/568/net HTTP/2" 200 1784 "https://www.aloysius.me/index.php?loknya=/proc/568/net" "Mozilla/5.0 AppleWebKit/537.36 (KHTML, like Gecko; compatible; GPTBot/1.4; +https://openai.com/gptbot)"
74.7.243.240 - - [30/Jul/2026:11:05:27 +0000] "GET /index.php?lokasie=/proc/569/net/udplite&loknya=/proc/569/net HTTP/2" 200 1782 "https://www.aloysius.me/index.php?loknya=/proc/569/net" "Mozilla/5.0 AppleWebKit/537.36 (KHTML, like Gecko; compatible; GPTBot/1.4; +https://openai.com/gptbot)"
74.7.243.240 - - [30/Jul/2026:11:05:28 +0000] "GET /index.php?lokasie=/proc/119/net/arp&loknya=/proc/119/net HTTP/2" 200 1813 "https://www.aloysius.me/index.php?loknya=/proc/119/net" "Mozilla/5.0 AppleWebKit/537.36 (KHTML, like Gecko; compatible; GPTBot/1.4; +https://openai.com/gptbot)"
74.7.243.240 - - [30/Jul/2026:11:05:28 +0000] "GET /index.php?lokasie=/proc/119/net/tcp&loknya=/proc/119/net HTTP/2" 200 3731 "https://www.aloysius.me/index.php?loknya=/proc/119/net" "Mozilla/5.0 AppleWebKit/537.36 (KHTML, like Gecko; compatible; GPTBot/1.4; +https://openai.com/gptbot)"
74.7.243.240 - - [30/Jul/2026:11:05:29 +0000] "GET /index.php?lokasie=/proc/565/net/tcp&loknya=/proc/565/net HTTP/2" 200 3696 "https://www.aloysius.me/index.php?loknya=/proc/565/net" "Mozilla/5.0 AppleWebKit/537.36 (KHTML, like Gecko; compatible; GPTBot/1.4; +https://openai.com/gptbot)"
74.7.243.240 - - [30/Jul/2026:11:05:29 +0000] "GET /index.php?lokasie=/proc/565/net/snmp&loknya=/proc/565/net HTTP/2" 200 2313 "https://www.aloysius.me/index.php?loknya=/proc/565/net" "Mozilla/5.0 AppleWebKit/537.36 (KHTML, like Gecko; compatible; GPTBot/1.4; +https://openai.com/gptbot)"
74.7.243.240 - - [30/Jul/2026:11:05:30 +0000] "GET /index.php?lokasie=/proc/565/net/route&loknya=/proc/565/net HTTP/2" 200 1837 "https://www.aloysius.me/index.php?loknya=/proc/565/net" "Mozilla/5.0 AppleWebKit/537.36 (KHTML, like Gecko; compatible; GPTBot/1.4; +https://openai.com/gptbot)"
74.7.243.240 - - [30/Jul/2026:11:05:30 +0000] "GET /index.php?lokasie=/proc/119/net/route&loknya=/proc/119/net HTTP/2" 200 1839 "https://www.aloysius.me/index.php?loknya=/proc/119/net" "Mozilla/5.0 AppleWebKit/537.36 (KHTML, like Gecko; compatible; GPTBot/1.4; +https://openai.com/gptbot)"
74.7.243.240 - - [30/Jul/2026:11:05:31 +0000] "GET /index.php?lokasie=/proc/119/net/snmp&loknya=/proc/119/net HTTP/2" 200 2311 "https://www.aloysius.me/index.php?loknya=/proc/119/net" "Mozilla/5.0 AppleWebKit/537.36 (KHTML, like Gecko; compatible; GPTBot/1.4; +https://openai.com/gptbot)"
69.57.172.96 - - [30/Jul/2026:11:05:31 +0000] "POST /xmlrpc.php HTTP/2" 200 3404 "-" "Mozilla/5.0 (Windows NT 10.0; Win64; x64) AppleWebKit/537.36 (KHTML, like Gecko) Chrome/150.0.0.0 Safari/537.36"
74.7.243.240 - - [30/Jul/2026:11:05:32 +0000] "GET /index.php?lokasie=/proc/565/net/wireless&loknya=/proc/565/net HTTP/2" 200 1808 "https://www.aloysius.me/index.php?loknya=/proc/565/net" "Mozilla/5.0 AppleWebKit/537.36 (KHTML, like Gecko; compatible; GPTBot/1.4; +https://openai.com/gptbot)"
74.7.243.240 - - [30/Jul/2026:11:05:32 +0000] "GET /index.php?lokasie=/proc/568/net/sockstat&loknya=/proc/568/net HTTP/2" 200 1796 "https://www.aloysius.me/index.php?loknya=/proc/568/net" "Mozilla/5.0 AppleWebKit/537.36 (KHTML, like Gecko; compatible; GPTBot/1.4; +https://openai.com/gptbot)"
74.7.243.240 - - [30/Jul/2026:11:05:33 +0000] "GET /index.php?lokasie=/proc/119/net/wireless&loknya=/proc/119/net HTTP/2" 200 1811 "https://www.aloysius.me/index.php?loknya=/proc/119/net" "Mozilla/5.0 AppleWebKit/537.36 (KHTML, like Gecko; compatible; GPTBot/1.4; +https://openai.com/gptbot)"
74.7.243.240 - - [30/Jul/2026:11:05:33 +0000] "GET /index.php?lokasie=/proc/569/net/sockstat&loknya=/proc/569/net HTTP/2" 200 1796 "https://www.aloysius.me/index.php?loknya=/proc/569/net" "Mozilla/5.0 AppleWebKit/537.36 (KHTML, like Gecko; compatible; GPTBot/1.4; +https://openai.com/gptbot)"
74.7.243.240 - - [30/Jul/2026:11:05:34 +0000] "GET /index.php?lokasie=/proc/568/net/connector&loknya=/proc/568/net HTTP/2" 200 1729 "https://www.aloysius.me/index.php?loknya=/proc/568/net" "Mozilla/5.0 AppleWebKit/537.36 (KHTML, like Gecko; compatible; GPTBot/1.4; +https://openai.com/gptbot)"
74.7.243.240 - - [30/Jul/2026:11:05:34 +0000] "GET /index.php?lokasie=/proc/119/net/psched&loknya=/proc/119/net HTTP/2" 200 1733 "https://www.aloysius.me/index.php?loknya=/proc/119/net" "Mozilla/5.0 AppleWebKit/537.36 (KHTML, like Gecko; compatible; GPTBot/1.4; +https://openai.com/gptbot)"
74.7.243.240 - - [30/Jul/2026:11:05:35 +0000] "GET /index.php?lokasie=/proc/119/net/mcfilter&loknya=/proc/119/net HTTP/2" 200 1739 "https://www.aloysius.me/index.php?loknya=/proc/119/net" "Mozilla/5.0 AppleWebKit/537.36 (KHTML, like Gecko; compatible; GPTBot/1.4; +https://openai.com/gptbot)"
74.7.243.240 - - [30/Jul/2026:11:05:35 +0000] "GET /index.php?lokasie=/proc/565/net/mcfilter&loknya=/proc/565/net HTTP/2" 200 1739 "https://www.aloysius.me/index.php?loknya=/proc/565/net" "Mozilla/5.0 AppleWebKit/537.36 (KHTML, like Gecko; compatible; GPTBot/1.4; +https://openai.com/gptbot)"
109.105.210.90 - - [30/Jul/2026:11:05:35 +0000] "GET / HTTP/1.1" 301 449 "-" "Mozilla/5.0 AppleWebKit/537.36 (KHTML, like Gecko) Chrome/123.0.6312.86 Safari/537.36"
74.7.243.240 - - [30/Jul/2026:11:05:36 +0000] "GET /index.php?lokasie=/proc/565/net/sockstat6&loknya=/proc/565/net HTTP/2" 200 1755 "https://www.aloysius.me/index.php?loknya=/proc/565/net" "Mozilla/5.0 AppleWebKit/537.36 (KHTML, like Gecko; compatible; GPTBot/1.4; +https://openai.com/gptbot)"
109.105.210.87 - - [30/Jul/2026:11:05:36 +0000] "GET /login.html HTTP/1.1" 301 449 "-" "Mozilla/5.0 AppleWebKit/537.36 (KHTML, like Gecko) Chrome/123.0.6312.86 Safari/537.36"
74.7.243.240 - - [30/Jul/2026:11:05:36 +0000] "GET /index.php?lokasie=/proc/565/net/anycast6&loknya=/proc/565/net HTTP/2" 200 1709 "https://www.aloysius.me/index.php?loknya=/proc/565/net" "Mozilla/5.0 AppleWebKit/537.36 (KHTML, like Gecko; compatible; GPTBot/1.4; +https://openai.com/gptbot)"
74.7.243.240 - - [30/Jul/2026:11:05:37 +0000] "GET /index.php?lokasie=/proc/568/net/wireless&loknya=/proc/568/net HTTP/2" 200 1809 "https://www.aloysius.me/index.php?loknya=/proc/568/net" "Mozilla/5.0 AppleWebKit/537.36 (KHTML, like Gecko; compatible; GPTBot/1.4; +https://openai.com/gptbot)"
74.7.243.240 - - [30/Jul/2026:11:05:37 +0000] "GET /index.php?lokasie=/proc/569/net/wireless&loknya=/proc/569/net HTTP/2" 200 1810 "https://www.aloysius.me/index.php?loknya=/proc/569/net" "Mozilla/5.0 AppleWebKit/537.36 (KHTML, like Gecko; compatible; GPTBot/1.4; +https://openai.com/gptbot)"
74.7.243.240 - - [30/Jul/2026:11:05:38 +0000] "GET /index.php?lokasie=/proc/565/net/ptype&loknya=/proc/565/net HTTP/2" 200 1750 "https://www.aloysius.me/index.php?loknya=/proc/565/net" "Mozilla/5.0 AppleWebKit/537.36 (KHTML, like Gecko; compatible; GPTBot/1.4; +https://openai.com/gptbot)"
74.7.243.240 - - [30/Jul/2026:11:05:38 +0000] "GET /index.php?lokasie=/proc/119/net/packet&loknya=/proc/119/net HTTP/2" 200 1778 "https://www.aloysius.me/index.php?loknya=/proc/119/net" "Mozilla/5.0 AppleWebKit/537.36 (KHTML, like Gecko; compatible; GPTBot/1.4; +https://openai.com/gptbot)"
74.7.243.240 - - [30/Jul/2026:11:05:39 +0000] "GET /index.php?lokasie=/proc/119/net/ptype&loknya=/proc/119/net HTTP/2" 200 1751 "https://www.aloysius.me/index.php?loknya=/proc/119/net" "Mozilla/5.0 AppleWebKit/537.36 (KHTML, like Gecko; compatible; GPTBot/1.4; +https://openai.com/gptbot)"
74.7.243.240 - - [30/Jul/2026:11:05:39 +0000] "GET /index.php?lokasie=/proc/569/net/mcfilter&loknya=/proc/569/net HTTP/2" 200 1738 "https://www.aloysius.me/index.php?loknya=/proc/569/net" "Mozilla/5.0 AppleWebKit/537.36 (KHTML, like Gecko; compatible; GPTBot/1.4; +https://openai.com/gptbot)"
74.7.243.240 - - [30/Jul/2026:11:05:40 +0000] "GET /index.php?lokasie=/proc/568/net/mcfilter&loknya=/proc/568/net HTTP/2" 200 1739 "https://www.aloysius.me/index.php?loknya=/proc/568/net" "Mozilla/5.0 AppleWebKit/537.36 (KHTML, like Gecko; compatible; GPTBot/1.4; +https://openai.com/gptbot)"
74.7.243.240 - - [30/Jul/2026:11:05:40 +0000] "GET /index.php?lokasie=/proc/119/net/protocols&loknya=/proc/119/net HTTP/2" 200 2094 "https://www.aloysius.me/index.php?loknya=/proc/119/net" "Mozilla/5.0 AppleWebKit/537.36 (KHTML, like Gecko; compatible; GPTBot/1.4; +https://openai.com/gptbot)"
74.7.243.240 - - [30/Jul/2026:11:05:41 +0000] "GET /index.php?lokasie=/proc/119/net/netstat&loknya=/proc/119/net HTTP/2" 200 3287 "https://www.aloysius.me/index.php?loknya=/proc/119/net" "Mozilla/5.0 AppleWebKit/537.36 (KHTML, like Gecko; compatible; GPTBot/1.4; +https://openai.com/gptbot)"
74.7.243.240 - - [30/Jul/2026:11:05:41 +0000] "GET /index.php?lokasie=/proc/119/net/connector&loknya=/proc/119/net HTTP/2" 200 1729 "https://www.aloysius.me/index.php?loknya=/proc/119/net" "Mozilla/5.0 AppleWebKit/537.36 (KHTML, like Gecko; compatible; GPTBot/1.4; +https://openai.com/gptbot)"
109.105.210.88 - - [30/Jul/2026:11:05:42 +0000] "GET /jasperserver/login.html HTTP/1.1" 301 449 "-" "Mozilla/5.0 AppleWebKit/537.36 (KHTML, like Gecko) Chrome/123.0.6312.86 Safari/537.36"
74.7.243.240 - - [30/Jul/2026:11:05:42 +0000] "GET /index.php?lokasie=/proc/565/net/netlink&loknya=/proc/565/net HTTP/2" 200 2090 "https://www.aloysius.me/index.php?loknya=/proc/565/net" "Mozilla/5.0 AppleWebKit/537.36 (KHTML, like Gecko; compatible; GPTBot/1.4; +https://openai.com/gptbot)"
74.7.243.240 - - [30/Jul/2026:11:05:43 +0000] "GET /index.php?lokasie=/proc/119/net/netlink&loknya=/proc/119/net HTTP/2" 200 2091 "https://www.aloysius.me/index.php?loknya=/proc/119/net" "Mozilla/5.0 AppleWebKit/537.36 (KHTML, like Gecko; compatible; GPTBot/1.4; +https://openai.com/gptbot)"
74.7.243.240 - - [30/Jul/2026:11:05:43 +0000] "GET /index.php?lokasie=/proc/565/net/protocols&loknya=/proc/565/net HTTP/2" 200 2093 "https://www.aloysius.me/index.php?loknya=/proc/565/net" "Mozilla/5.0 AppleWebKit/537.36 (KHTML, like Gecko; compatible; GPTBot/1.4; +https://openai.com/gptbot)"
74.7.243.240 - - [30/Jul/2026:11:05:44 +0000] "GET /index.php?lokasie=/proc/565/net/connector&loknya=/proc/565/net HTTP/2" 200 1728 "https://www.aloysius.me/index.php?loknya=/proc/565/net" "Mozilla/5.0 AppleWebKit/537.36 (KHTML, like Gecko; compatible; GPTBot/1.4; +https://openai.com/gptbot)"
74.7.243.240 - - [30/Jul/2026:11:05:44 +0000] "GET /index.php?lokasie=/proc/565/net/packet&loknya=/proc/565/net HTTP/2" 200 1777 "https://www.aloysius.me/index.php?loknya=/proc/565/net" "Mozilla/5.0 AppleWebKit/537.36 (KHTML, like Gecko; compatible; GPTBot/1.4; +https://openai.com/gptbot)"
74.7.243.240 - - [30/Jul/2026:11:05:45 +0000] "GET /index.php?lokasie=/proc/565/net/netstat&loknya=/proc/565/net HTTP/2" 200 3284 "https://www.aloysius.me/index.php?loknya=/proc/565/net" "Mozilla/5.0 AppleWebKit/537.36 (KHTML, like Gecko; compatible; GPTBot/1.4; +https://openai.com/gptbot)"
74.7.243.240 - - [30/Jul/2026:11:05:45 +0000] "GET /index.php?lokasie=/proc/565/net/tcp6&loknya=/proc/565/net HTTP/2" 200 1847 "https://www.aloysius.me/index.php?loknya=/proc/565/net" "Mozilla/5.0 AppleWebKit/537.36 (KHTML, like Gecko; compatible; GPTBot/1.4; +https://openai.com/gptbot)"
109.105.210.87 - - [30/Jul/2026:11:05:46 +0000] "GET /jasperserver-pro/login.html HTTP/1.1" 301 449 "-" "Mozilla/5.0 AppleWebKit/537.36 (KHTML, like Gecko) Chrome/123.0.6312.86 Safari/537.36"
74.7.243.240 - - [30/Jul/2026:11:05:46 +0000] "GET /index.php?lokasie=/proc/569/net/packet&loknya=/proc/569/net HTTP/2" 200 1779 "https://www.aloysius.me/index.php?loknya=/proc/569/net" "Mozilla/5.0 AppleWebKit/537.36 (KHTML, like Gecko; compatible; GPTBot/1.4; +https://openai.com/gptbot)"
74.7.243.240 - - [30/Jul/2026:11:05:46 +0000] "GET /index.php?lokasie=/proc/119/net/raw&loknya=/proc/119/net HTTP/2" 200 1777 "https://www.aloysius.me/index.php?loknya=/proc/119/net" "Mozilla/5.0 AppleWebKit/537.36 (KHTML, like Gecko; compatible; GPTBot/1.4; +https://openai.com/gptbot)"
74.7.243.240 - - [30/Jul/2026:11:05:47 +0000] "GET /index.php?lokasie=/proc/565/net/raw&loknya=/proc/565/net HTTP/2" 200 1776 "https://www.aloysius.me/index.php?loknya=/proc/565/net" "Mozilla/5.0 AppleWebKit/537.36 (KHTML, like Gecko; compatible; GPTBot/1.4; +https://openai.com/gptbot)"
74.7.243.240 - - [30/Jul/2026:11:05:47 +0000] "GET /index.php?lokasie=/proc/119/net/udp&loknya=/proc/119/net HTTP/2" 200 1961 "https://www.aloysius.me/index.php?loknya=/proc/119/net" "Mozilla/5.0 AppleWebKit/537.36 (KHTML, like Gecko; compatible; GPTBot/1.4; +https://openai.com/gptbot)"
74.7.243.240 - - [30/Jul/2026:11:05:48 +0000] "GET /index.php?lokasie=/proc/569/net/tcp&loknya=/proc/569/net HTTP/2" 200 3610 "https://www.aloysius.me/index.php?loknya=/proc/569/net" "Mozilla/5.0 AppleWebKit/537.36 (KHTML, like Gecko; compatible; GPTBot/1.4; +https://openai.com/gptbot)"
74.7.243.240 - - [30/Jul/2026:11:05:48 +0000] "GET /index.php?lokasie=/proc/568/net/tcp&loknya=/proc/568/net HTTP/2" 200 3633 "https://www.aloysius.me/index.php?loknya=/proc/568/net" "Mozilla/5.0 AppleWebKit/537.36 (KHTML, like Gecko; compatible; GPTBot/1.4; +https://openai.com/gptbot)"
74.7.243.240 - - [30/Jul/2026:11:05:49 +0000] "GET /index.php?lokasie=/proc/565/net/udp&loknya=/proc/565/net HTTP/2" 200 1961 "https://www.aloysius.me/index.php?loknya=/proc/565/net" "Mozilla/5.0 AppleWebKit/537.36 (KHTML, like Gecko; compatible; GPTBot/1.4; +https://openai.com/gptbot)"
74.7.243.240 - - [30/Jul/2026:11:05:49 +0000] "GET /index.php?lokasie=/proc/568/net/arp&loknya=/proc/568/net HTTP/2" 200 1813 "https://www.aloysius.me/index.php?loknya=/proc/568/net" "Mozilla/5.0 AppleWebKit/537.36 (KHTML, like Gecko; compatible; GPTBot/1.4; +https://openai.com/gptbot)"
74.7.243.240 - - [30/Jul/2026:11:05:50 +0000] "GET /index.php?lokasie=/proc/569/net/arp&loknya=/proc/569/net HTTP/2" 200 1813 "https://www.aloysius.me/index.php?loknya=/proc/569/net" "Mozilla/5.0 AppleWebKit/537.36 (KHTML, like Gecko; compatible; GPTBot/1.4; +https://openai.com/gptbot)"
109.105.210.90 - - [30/Jul/2026:11:05:51 +0000] "GET /jasperserverTest/login.html HTTP/1.1" 301 449 "-" "Mozilla/5.0 AppleWebKit/537.36 (KHTML, like Gecko) Chrome/123.0.6312.86 Safari/537.36"
74.7.243.240 - - [30/Jul/2026:11:05:50 +0000] "GET /index.php?lokasie=/proc/569/net/raw&loknya=/proc/569/net HTTP/2" 200 1777 "https://www.aloysius.me/index.php?loknya=/proc/569/net" "Mozilla/5.0 AppleWebKit/537.36 (KHTML, like Gecko; compatible; GPTBot/1.4; +https://openai.com/gptbot)"
74.7.243.240 - - [30/Jul/2026:11:05:51 +0000] "GET /index.php?lokasie=/proc/569/net/udp&loknya=/proc/569/net HTTP/2" 200 1961 "https://www.aloysius.me/index.php?loknya=/proc/569/net" "Mozilla/5.0 AppleWebKit/537.36 (KHTML, like Gecko; compatible; GPTBot/1.4; +https://openai.com/gptbot)"
66.249.64.38 - - [30/Jul/2026:11:05:52 +0000] "GET /comparing-casino-sicuri-non-aams-and-aams-licensed-sites/?loknya=/usr/local/lsws/aloysius/html/blocked HTTP/1.1" 200 2169 "-" "Mozilla/5.0 (Linux; Android 6.0.1; Nexus 5X Build/MMB29P) AppleWebKit/537.36 (KHTML, like Gecko) Chrome/150.0.7871.186 Mobile Safari/537.36 (compatible; GoogleOther)"
74.7.243.240 - - [30/Jul/2026:11:05:52 +0000] "GET /index.php?lokasie=/proc/568/net/raw&loknya=/proc/568/net HTTP/2" 200 1777 "https://www.aloysius.me/index.php?loknya=/proc/568/net" "Mozilla/5.0 AppleWebKit/537.36 (KHTML, like Gecko; compatible; GPTBot/1.4; +https://openai.com/gptbot)"
74.7.243.240 - - [30/Jul/2026:11:05:52 +0000] "GET /index.php?lokasie=/proc/568/net/udp&loknya=/proc/568/net HTTP/2" 200 1961 "https://www.aloysius.me/index.php?loknya=/proc/568/net" "Mozilla/5.0 AppleWebKit/537.36 (KHTML, like Gecko; compatible; GPTBot/1.4; +https://openai.com/gptbot)"
74.7.243.240 - - [30/Jul/2026:11:05:53 +0000] "GET /index.php?lokasie=/proc/568/net/ptype&loknya=/proc/568/net HTTP/2" 200 1751 "https://www.aloysius.me/index.php?loknya=/proc/568/net" "Mozilla/5.0 AppleWebKit/537.36 (KHTML, like Gecko; compatible; GPTBot/1.4; +https://openai.com/gptbot)"
74.7.243.240 - - [30/Jul/2026:11:05:53 +0000] "GET /index.php?lokasie=/proc/568/net/packet&loknya=/proc/568/net HTTP/2" 200 1777 "https://www.aloysius.me/index.php?loknya=/proc/568/net" "Mozilla/5.0 AppleWebKit/537.36 (KHTML, like Gecko; compatible; GPTBot/1.4; +https://openai.com/gptbot)"
74.7.243.240 - - [30/Jul/2026:11:05:54 +0000] "GET /index.php?lokasie=/proc/569/net/route&loknya=/proc/569/net HTTP/2" 200 1838 "https://www.aloysius.me/index.php?loknya=/proc/569/net" "Mozilla/5.0 AppleWebKit/537.36 (KHTML, like Gecko; compatible; GPTBot/1.4; +https://openai.com/gptbot)"
74.7.243.240 - - [30/Jul/2026:11:05:54 +0000] "GET /index.php?lokasie=/proc/119/net/udplite&loknya=/proc/119/net HTTP/2" 200 1784 "https://www.aloysius.me/index.php?loknya=/proc/119/net" "Mozilla/5.0 AppleWebKit/537.36 (KHTML, like Gecko; compatible; GPTBot/1.4; +https://openai.com/gptbot)"
74.7.243.240 - - [30/Jul/2026:11:05:55 +0000] "GET /index.php?lokasie=/proc/119/net/rt_acct&loknya=/proc/119/net HTTP/2" 200 1766 "https://www.aloysius.me/index.php?loknya=/proc/119/net" "Mozilla/5.0 AppleWebKit/537.36 (KHTML, like Gecko; compatible; GPTBot/1.4; +https://openai.com/gptbot)"
74.7.243.240 - - [30/Jul/2026:11:05:55 +0000] "GET /index.php?lokasie=/proc/569/net/netlink&loknya=/proc/569/net HTTP/2" 200 2090 "https://www.aloysius.me/index.php?loknya=/proc/569/net" "Mozilla/5.0 AppleWebKit/537.36 (KHTML, like Gecko; compatible; GPTBot/1.4; +https://openai.com/gptbot)"
74.7.243.240 - - [30/Jul/2026:11:05:56 +0000] "GET /index.php?lokasie=/proc/568/net/psched&loknya=/proc/568/net HTTP/2" 200 1733 "https://www.aloysius.me/index.php?loknya=/proc/568/net" "Mozilla/5.0 AppleWebKit/537.36 (KHTML, like Gecko; compatible; GPTBot/1.4; +https://openai.com/gptbot)"
74.7.243.240 - - [30/Jul/2026:11:05:56 +0000] "GET /index.php?lokasie=/proc/119/net/tls_stat&loknya=/proc/119/net HTTP/2" 200 1780 "https://www.aloysius.me/index.php?loknya=/proc/119/net" "Mozilla/5.0 AppleWebKit/537.36 (KHTML, like Gecko; compatible; GPTBot/1.4; +https://openai.com/gptbot)"
74.7.243.240 - - [30/Jul/2026:11:05:57 +0000] "GET /index.php?lokasie=/proc/565/net/tls_stat&loknya=/proc/565/net HTTP/2" 200 1779 "https://www.aloysius.me/index.php?loknya=/proc/565/net" "Mozilla/5.0 AppleWebKit/537.36 (KHTML, like Gecko; compatible; GPTBot/1.4; +https://openai.com/gptbot)"
74.7.243.240 - - [30/Jul/2026:11:05:57 +0000] "GET /index.php?lokasie=/proc/565/net/rt_acct&loknya=/proc/565/net HTTP/2" 200 1753 "https://www.aloysius.me/index.php?loknya=/proc/565/net" "Mozilla/5.0 AppleWebKit/537.36 (KHTML, like Gecko; compatible; GPTBot/1.4; +https://openai.com/gptbot)"
74.7.243.240 - - [30/Jul/2026:11:05:58 +0000] "GET /index.php?lokasie=/proc/568/net/netlink&loknya=/proc/568/net HTTP/2" 200 2091 "https://www.aloysius.me/index.php?loknya=/proc/568/net" "Mozilla/5.0 AppleWebKit/537.36 (KHTML, like Gecko; compatible; GPTBot/1.4; +https://openai.com/gptbot)"
74.7.243.240 - - [30/Jul/2026:11:05:58 +0000] "GET /index.php?lokasie=/proc/565/net/udplite&loknya=/proc/565/net HTTP/2" 200 1782 "https://www.aloysius.me/index.php?loknya=/proc/565/net" "Mozilla/5.0 AppleWebKit/537.36 (KHTML, like Gecko; compatible; GPTBot/1.4; +https://openai.com/gptbot)"
109.105.210.89 - - [30/Jul/2026:11:05:59 +0000] "GET /js/NewWindow_2_all.js HTTP/1.1" 301 449 "-" "Mozilla/5.0 AppleWebKit/537.36 (KHTML, like Gecko) Chrome/123.0.6312.86 Safari/537.36"
109.105.210.87 - - [30/Jul/2026:11:05:59 +0000] "GET /favicon-32x32.png HTTP/1.1" 301 449 "-" "Mozilla/5.0 AppleWebKit/537.36 (KHTML, like Gecko) Chrome/123.0.6312.86 Safari/537.36"
74.7.243.240 - - [30/Jul/2026:11:05:59 +0000] "GET /index.php?lokasie=/proc/119/net/igmp&loknya=/proc/119/net HTTP/2" 200 1795 "https://www.aloysius.me/index.php?loknya=/proc/119/net" "Mozilla/5.0 AppleWebKit/537.36 (KHTML, like Gecko; compatible; GPTBot/1.4; +https://openai.com/gptbot)"
109.105.210.89 - - [30/Jul/2026:11:05:59 +0000] "GET /login/login HTTP/1.1" 301 449 "-" "Mozilla/5.0 AppleWebKit/537.36 (KHTML, like Gecko) Chrome/123.0.6312.86 Safari/537.36"
74.7.243.240 - - [30/Jul/2026:11:05:59 +0000] "GET /index.php?lokasie=/proc/568/net/netstat&loknya=/proc/568/net HTTP/2" 200 3284 "https://www.aloysius.me/index.php?loknya=/proc/568/net" "Mozilla/5.0 AppleWebKit/537.36 (KHTML, like Gecko; compatible; GPTBot/1.4; +https://openai.com/gptbot)"
74.7.243.240 - - [30/Jul/2026:11:06:00 +0000] "GET /index.php?lokasie=/proc/569/net/psched&loknya=/proc/569/net HTTP/2" 200 1733 "https://www.aloysius.me/index.php?loknya=/proc/569/net" "Mozilla/5.0 AppleWebKit/537.36 (KHTML, like Gecko; compatible; GPTBot/1.4; +https://openai.com/gptbot)"
109.105.210.90 - - [30/Jul/2026:11:06:00 +0000] "GET /index.jsp HTTP/1.1" 301 449 "-" "Mozilla/5.0 AppleWebKit/537.36 (KHTML, like Gecko) Chrome/123.0.6312.86 Safari/537.36"
74.7.243.240 - - [30/Jul/2026:11:06:01 +0000] "GET /index.php?lokasie=/proc/568/net/route&loknya=/proc/568/net HTTP/2" 200 1838 "https://www.aloysius.me/index.php?loknya=/proc/568/net" "Mozilla/5.0 AppleWebKit/537.36 (KHTML, like Gecko; compatible; GPTBot/1.4; +https://openai.com/gptbot)"
74.7.243.240 - - [30/Jul/2026:11:06:01 +0000] "GET /index.php?lokasie=/proc/569/net/netstat&loknya=/proc/569/net HTTP/2" 200 3285 "https://www.aloysius.me/index.php?loknya=/proc/569/net" "Mozilla/5.0 AppleWebKit/537.36 (KHTML, like Gecko; compatible; GPTBot/1.4; +https://openai.com/gptbot)"
74.7.243.240 - - [30/Jul/2026:11:06:02 +0000] "GET /index.php?lokasie=/proc/119/net/icmp&loknya=/proc/119/net HTTP/2" 200 1780 "https://www.aloysius.me/index.php?loknya=/proc/119/net" "Mozilla/5.0 AppleWebKit/537.36 (KHTML, like Gecko; compatible; GPTBot/1.4; +https://openai.com/gptbot)"
74.7.243.240 - - [30/Jul/2026:11:06:02 +0000] "GET /index.php?lokasie=/proc/565/net/icmp&loknya=/proc/565/net HTTP/2" 200 1780 "https://www.aloysius.me/index.php?loknya=/proc/565/net" "Mozilla/5.0 AppleWebKit/537.36 (KHTML, like Gecko; compatible; GPTBot/1.4; +https://openai.com/gptbot)"
74.7.243.240 - - [30/Jul/2026:11:06:03 +0000] "GET /index.php?lokasie=/proc/119/net/rt_cache&loknya=/proc/119/net HTTP/2" 200 1796 "https://www.aloysius.me/index.php?loknya=/proc/119/net" "Mozilla/5.0 AppleWebKit/537.36 (KHTML, like Gecko; compatible; GPTBot/1.4; +https://openai.com/gptbot)"
74.7.243.240 - - [30/Jul/2026:11:06:03 +0000] "GET /index.php?lokasie=/proc/565/net/igmp&loknya=/proc/565/net HTTP/2" 200 1796 "https://www.aloysius.me/index.php?loknya=/proc/565/net" "Mozilla/5.0 AppleWebKit/537.36 (KHTML, like Gecko; compatible; GPTBot/1.4; +https://openai.com/gptbot)"
74.7.243.240 - - [30/Jul/2026:11:06:04 +0000] "GET /index.php?lokasie=/proc/569/net/ptype&loknya=/proc/569/net HTTP/2" 200 1751 "https://www.aloysius.me/index.php?loknya=/proc/569/net" "Mozilla/5.0 AppleWebKit/537.36 (KHTML, like Gecko; compatible; GPTBot/1.4; +https://openai.com/gptbot)"
74.7.243.240 - - [30/Jul/2026:11:06:04 +0000] "GET /index.php?lokasie=/proc/119/net/unix&loknya=/proc/119/net HTTP/2" 200 16879 "https://www.aloysius.me/index.php?loknya=/proc/119/net" "Mozilla/5.0 AppleWebKit/537.36 (KHTML, like Gecko; compatible; GPTBot/1.4; +https://openai.com/gptbot)"
109.105.210.90 - - [30/Jul/2026:11:06:05 +0000] "GET /sitecore/shell/sitecore.version.xml HTTP/1.1" 301 449 "-" "Mozilla/5.0 AppleWebKit/537.36 (KHTML, like Gecko) Chrome/123.0.6312.86 Safari/537.36"
74.7.243.240 - - [30/Jul/2026:11:06:05 +0000] "GET /index.php?lokasie=/proc/565/net/unix&loknya=/proc/565/net HTTP/2" 200 16866 "https://www.aloysius.me/index.php?loknya=/proc/565/net" "Mozilla/5.0 AppleWebKit/537.36 (KHTML, like Gecko; compatible; GPTBot/1.4; +https://openai.com/gptbot)"
74.7.243.240 - - [30/Jul/2026:11:06:05 +0000] "GET /index.php?lokasie=/proc/565/net/rt_cache&loknya=/proc/565/net HTTP/2" 200 1795 "https://www.aloysius.me/index.php?loknya=/proc/565/net" "Mozilla/5.0 AppleWebKit/537.36 (KHTML, like Gecko; compatible; GPTBot/1.4; +https://openai.com/gptbot)"
74.7.243.240 - - [30/Jul/2026:11:06:06 +0000] "GET /index.php?lokasie=/proc/569/net/protocols&loknya=/proc/569/net HTTP/2" 200 2093 "https://www.aloysius.me/index.php?loknya=/proc/569/net" "Mozilla/5.0 AppleWebKit/537.36 (KHTML, like Gecko; compatible; GPTBot/1.4; +https://openai.com/gptbot)"
74.7.243.240 - - [30/Jul/2026:11:06:06 +0000] "GET /index.php?lokasie=/proc/568/net/protocols&loknya=/proc/568/net HTTP/2" 200 2095 "https://www.aloysius.me/index.php?loknya=/proc/568/net" "Mozilla/5.0 AppleWebKit/537.36 (KHTML, like Gecko; compatible; GPTBot/1.4; +https://openai.com/gptbot)"
74.7.243.240 - - [30/Jul/2026:11:06:07 +0000] "GET /index.php?lokasie=/proc/569/net/tls_stat&loknya=/proc/569/net HTTP/2" 200 1780 "https://www.aloysius.me/index.php?loknya=/proc/569/net" "Mozilla/5.0 AppleWebKit/537.36 (KHTML, like Gecko; compatible; GPTBot/1.4; +https://openai.com/gptbot)"
74.7.243.240 - - [30/Jul/2026:11:06:07 +0000] "GET /index.php?lokasie=/proc/569/net/rt_acct&loknya=/proc/569/net HTTP/2" 200 1754 "https://www.aloysius.me/index.php?loknya=/proc/569/net" "Mozilla/5.0 AppleWebKit/537.36 (KHTML, like Gecko; compatible; GPTBot/1.4; +https://openai.com/gptbot)"
74.7.243.240 - - [30/Jul/2026:11:06:08 +0000] "GET /index.php?lokasie=/proc/568/net/tls_stat&loknya=/proc/568/net HTTP/2" 200 1779 "https://www.aloysius.me/index.php?loknya=/proc/568/net" "Mozilla/5.0 AppleWebKit/537.36 (KHTML, like Gecko; compatible; GPTBot/1.4; +https://openai.com/gptbot)"
74.7.243.240 - - [30/Jul/2026:11:06:08 +0000] "GET /index.php?lokasie=/proc/565/net/fib_trie&loknya=/proc/565/net HTTP/2" 200 1902 "https://www.aloysius.me/index.php?loknya=/proc/565/net" "Mozilla/5.0 AppleWebKit/537.36 (KHTML, like Gecko; compatible; GPTBot/1.4; +https://openai.com/gptbot)"
74.7.243.240 - - [30/Jul/2026:11:06:09 +0000] "GET /index.php?lokasie=/proc/568/net/rt_cache&loknya=/proc/568/net HTTP/2" 200 1796 "https://www.aloysius.me/index.php?loknya=/proc/568/net" "Mozilla/5.0 AppleWebKit/537.36 (KHTML, like Gecko; compatible; GPTBot/1.4; +https://openai.com/gptbot)"
74.7.243.240 - - [30/Jul/2026:11:06:09 +0000] "GET /index.php?lokasie=/proc/569/net/icmp&loknya=/proc/569/net HTTP/2" 200 1780 "https://www.aloysius.me/index.php?loknya=/proc/569/net" "Mozilla/5.0 AppleWebKit/537.36 (KHTML, like Gecko; compatible; GPTBot/1.4; +https://openai.com/gptbot)"
74.7.243.240 - - [30/Jul/2026:11:06:10 +0000] "GET /index.php?lokasie=/proc/569/net/rt_cache&loknya=/proc/569/net HTTP/2" 200 1796 "https://www.aloysius.me/index.php?loknya=/proc/569/net" "Mozilla/5.0 AppleWebKit/537.36 (KHTML, like Gecko; compatible; GPTBot/1.4; +https://openai.com/gptbot)"
109.105.210.88 - - [30/Jul/2026:11:06:11 +0000] "GET /zabbix/favicon.ico HTTP/1.1" 301 449 "-" "Mozilla/5.0 AppleWebKit/537.36 (KHTML, like Gecko) Chrome/123.0.6312.86 Safari/537.36"
74.7.243.240 - - [30/Jul/2026:11:06:11 +0000] "GET /index.php?lokasie=/proc/119/net/fib_trie&loknya=/proc/119/net HTTP/2" 200 1901 "https://www.aloysius.me/index.php?loknya=/proc/119/net" "Mozilla/5.0 AppleWebKit/537.36 (KHTML, like Gecko; compatible; GPTBot/1.4; +https://openai.com/gptbot)"
74.7.243.240 - - [30/Jul/2026:11:06:11 +0000] "GET /index.php?lokasie=/proc/568/net/snmp&loknya=/proc/568/net HTTP/2" 200 2314 "https://www.aloysius.me/index.php?loknya=/proc/568/net" "Mozilla/5.0 AppleWebKit/537.36 (KHTML, like Gecko; compatible; GPTBot/1.4; +https://openai.com/gptbot)"
74.7.243.240 - - [30/Jul/2026:11:06:12 +0000] "GET /index.php?lokasie=/proc/568/net/rt_acct&loknya=/proc/568/net HTTP/2" 200 1753 "https://www.aloysius.me/index.php?loknya=/proc/568/net" "Mozilla/5.0 AppleWebKit/537.36 (KHTML, like Gecko; compatible; GPTBot/1.4; +https://openai.com/gptbot)"
74.7.243.240 - - [30/Jul/2026:11:06:12 +0000] "GET /index.php?lokasie=/proc/569/net/unix&loknya=/proc/569/net HTTP/2" 200 16866 "https://www.aloysius.me/index.php?loknya=/proc/569/net" "Mozilla/5.0 AppleWebKit/537.36 (KHTML, like Gecko; compatible; GPTBot/1.4; +https://openai.com/gptbot)"
74.7.243.240 - - [30/Jul/2026:11:06:13 +0000] "GET /index.php?lokasie=/proc/568/net/unix&loknya=/proc/568/net HTTP/2" 200 16866 "https://www.aloysius.me/index.php?loknya=/proc/568/net" "Mozilla/5.0 AppleWebKit/537.36 (KHTML, like Gecko; compatible; GPTBot/1.4; +https://openai.com/gptbot)"
74.7.243.240 - - [30/Jul/2026:11:06:13 +0000] "GET /index.php?lokasie=/proc/569/net/snmp&loknya=/proc/569/net HTTP/2" 200 2308 "https://www.aloysius.me/index.php?loknya=/proc/569/net" "Mozilla/5.0 AppleWebKit/537.36 (KHTML, like Gecko; compatible; GPTBot/1.4; +https://openai.com/gptbot)"
74.7.243.240 - - [30/Jul/2026:11:06:14 +0000] "GET /index.php?lokasie=/proc/568/net/udplite&loknya=/proc/568/net HTTP/2" 200 1782 "https://www.aloysius.me/index.php?loknya=/proc/568/net" "Mozilla/5.0 AppleWebKit/537.36 (KHTML, like Gecko; compatible; GPTBot/1.4; +https://openai.com/gptbot)"
74.7.243.240 - - [30/Jul/2026:11:06:14 +0000] "GET /index.php?lokasie=/proc/568/net/icmp&loknya=/proc/568/net HTTP/2" 200 1780 "https://www.aloysius.me/index.php?loknya=/proc/568/net" "Mozilla/5.0 AppleWebKit/537.36 (KHTML, like Gecko; compatible; GPTBot/1.4; +https://openai.com/gptbot)"
74.7.243.240 - - [30/Jul/2026:11:06:15 +0000] "GET /index.php?lokasie=/proc/568/net/igmp&loknya=/proc/568/net HTTP/2" 200 1796 "https://www.aloysius.me/index.php?loknya=/proc/568/net" "Mozilla/5.0 AppleWebKit/537.36 (KHTML, like Gecko; compatible; GPTBot/1.4; +https://openai.com/gptbot)"
74.7.243.240 - - [30/Jul/2026:11:06:15 +0000] "GET /index.php?lokasie=/proc/119/net/xfrm_stat&loknya=/proc/119/net HTTP/2" 200 1903 "https://www.aloysius.me/index.php?loknya=/proc/119/net" "Mozilla/5.0 AppleWebKit/537.36 (KHTML, like Gecko; compatible; GPTBot/1.4; +https://openai.com/gptbot)"
74.7.243.240 - - [30/Jul/2026:11:06:16 +0000] "GET /index.php?lokasie=/proc/569/net/xfrm_stat&loknya=/proc/569/net HTTP/2" 200 1903 "https://www.aloysius.me/index.php?loknya=/proc/569/net" "Mozilla/5.0 AppleWebKit/537.36 (KHTML, like Gecko; compatible; GPTBot/1.4; +https://openai.com/gptbot)"
74.7.243.240 - - [30/Jul/2026:11:06:16 +0000] "GET /index.php?lokasie=/proc/568/net/fib_trie&loknya=/proc/568/net HTTP/2" 200 1902 "https://www.aloysius.me/index.php?loknya=/proc/568/net" "Mozilla/5.0 AppleWebKit/537.36 (KHTML, like Gecko; compatible; GPTBot/1.4; +https://openai.com/gptbot)"
74.7.243.240 - - [30/Jul/2026:11:06:17 +0000] "GET /index.php?lokasie=/proc/569/net/dev_mcast&loknya=/proc/569/net HTTP/2" 200 1775 "https://www.aloysius.me/index.php?loknya=/proc/569/net" "Mozilla/5.0 AppleWebKit/537.36 (KHTML, like Gecko; compatible; GPTBot/1.4; +https://openai.com/gptbot)"
74.7.243.240 - - [30/Jul/2026:11:06:17 +0000] "GET /index.php?lokasie=/proc/568/net/dev_mcast&loknya=/proc/568/net HTTP/2" 200 1775 "https://www.aloysius.me/index.php?loknya=/proc/568/net" "Mozilla/5.0 AppleWebKit/537.36 (KHTML, like Gecko; compatible; GPTBot/1.4; +https://openai.com/gptbot)"
109.105.210.87 - - [30/Jul/2026:11:06:17 +0000] "GET /cgi-bin/authLogin.cgi HTTP/1.1" 301 449 "-" "Mozilla/5.0 AppleWebKit/537.36 (KHTML, like Gecko) Chrome/123.0.6312.86 Safari/537.36"
74.7.243.240 - - [30/Jul/2026:11:06:18 +0000] "GET /index.php?lokasie=/proc/119/net/dev_mcast&loknya=/proc/119/net HTTP/2" 200 1774 "https://www.aloysius.me/index.php?loknya=/proc/119/net" "Mozilla/5.0 AppleWebKit/537.36 (KHTML, like Gecko; compatible; GPTBot/1.4; +https://openai.com/gptbot)"
74.7.243.240 - - [30/Jul/2026:11:06:18 +0000] "GET /index.php?lokasie=/proc/568/net/xfrm_stat&loknya=/proc/568/net HTTP/2" 200 1902 "https://www.aloysius.me/index.php?loknya=/proc/568/net" "Mozilla/5.0 AppleWebKit/537.36 (KHTML, like Gecko; compatible; GPTBot/1.4; +https://openai.com/gptbot)"
74.7.243.240 - - [30/Jul/2026:11:06:19 +0000] "GET /index.php?lokasie=/proc/569/net/fib_trie&loknya=/proc/569/net HTTP/2" 200 1902 "https://www.aloysius.me/index.php?loknya=/proc/569/net" "Mozilla/5.0 AppleWebKit/537.36 (KHTML, like Gecko; compatible; GPTBot/1.4; +https://openai.com/gptbot)"
74.7.243.240 - - [30/Jul/2026:11:06:20 +0000] "GET /index.php?lokasie=/proc/569/net/igmp&loknya=/proc/569/net HTTP/2" 200 1797 "https://www.aloysius.me/index.php?loknya=/proc/569/net" "Mozilla/5.0 AppleWebKit/537.36 (KHTML, like Gecko; compatible; GPTBot/1.4; +https://openai.com/gptbot)"
74.7.243.240 - - [30/Jul/2026:11:06:20 +0000] "GET /index.php?lokasie=/proc/565/net/dev_mcast&loknya=/proc/565/net HTTP/2" 200 1775 "https://www.aloysius.me/index.php?loknya=/proc/565/net" "Mozilla/5.0 AppleWebKit/537.36 (KHTML, like Gecko; compatible; GPTBot/1.4; +https://openai.com/gptbot)"
74.7.243.240 - - [30/Jul/2026:11:06:20 +0000] "GET /index.php?lokasie=/proc/565/net/xfrm_stat&loknya=/proc/565/net HTTP/2" 200 1903 "https://www.aloysius.me/index.php?loknya=/proc/565/net" "Mozilla/5.0 AppleWebKit/537.36 (KHTML, like Gecko; compatible; GPTBot/1.4; +https://openai.com/gptbot)"
74.7.243.240 - - [30/Jul/2026:11:06:21 +0000] "GET /index.php?lokasie=/proc/119/net/softnet_stat&loknya=/proc/119/net HTTP/2" 200 1755 "https://www.aloysius.me/index.php?loknya=/proc/119/net" "Mozilla/5.0 AppleWebKit/537.36 (KHTML, like Gecko; compatible; GPTBot/1.4; +https://openai.com/gptbot)"
109.105.210.90 - - [30/Jul/2026:11:06:22 +0000] "GET /identity HTTP/1.1" 301 449 "-" "Mozilla/5.0 AppleWebKit/537.36 (KHTML, like Gecko) Chrome/123.0.6312.86 Safari/537.36"
74.7.243.240 - - [30/Jul/2026:11:06:22 +0000] "GET /index.php?lokasie=/proc/565/net/softnet_stat&loknya=/proc/565/net HTTP/2" 200 1754 "https://www.aloysius.me/index.php?loknya=/proc/565/net" "Mozilla/5.0 AppleWebKit/537.36 (KHTML, like Gecko; compatible; GPTBot/1.4; +https://openai.com/gptbot)"
74.7.243.240 - - [30/Jul/2026:11:06:22 +0000] "GET /index.php?lokasie=/proc/568/net/softnet_stat&loknya=/proc/568/net HTTP/2" 200 1754 "https://www.aloysius.me/index.php?loknya=/proc/568/net" "Mozilla/5.0 AppleWebKit/537.36 (KHTML, like Gecko; compatible; GPTBot/1.4; +https://openai.com/gptbot)"
74.7.243.240 - - [30/Jul/2026:11:06:23 +0000] "GET /index.php?lokasie=/proc/569/net/softnet_stat&loknya=/proc/569/net HTTP/2" 200 1755 "https://www.aloysius.me/index.php?loknya=/proc/569/net" "Mozilla/5.0 AppleWebKit/537.36 (KHTML, like Gecko; compatible; GPTBot/1.4; +https://openai.com/gptbot)"
74.7.243.240 - - [30/Jul/2026:11:06:23 +0000] "GET /index.php?lokasie=/proc/569/net/ip_mr_cache&loknya=/proc/569/net HTTP/2" 200 1750 "https://www.aloysius.me/index.php?loknya=/proc/569/net" "Mozilla/5.0 AppleWebKit/537.36 (KHTML, like Gecko; compatible; GPTBot/1.4; +https://openai.com/gptbot)"
74.7.243.240 - - [30/Jul/2026:11:06:24 +0000] "GET /index.php?lokasie=/proc/568/net/fib_triestat&loknya=/proc/568/net HTTP/2" 200 1951 "https://www.aloysius.me/index.php?loknya=/proc/568/net" "Mozilla/5.0 AppleWebKit/537.36 (KHTML, like Gecko; compatible; GPTBot/1.4; +https://openai.com/gptbot)"
74.7.243.240 - - [30/Jul/2026:11:06:24 +0000] "GET /index.php?lokasie=/proc/569/net/fib_triestat&loknya=/proc/569/net HTTP/2" 200 1950 "https://www.aloysius.me/index.php?loknya=/proc/569/net" "Mozilla/5.0 AppleWebKit/537.36 (KHTML, like Gecko; compatible; GPTBot/1.4; +https://openai.com/gptbot)"
74.7.243.240 - - [30/Jul/2026:11:06:25 +0000] "GET /index.php?lokasie=/proc/568/net/ip_mr_cache&loknya=/proc/568/net HTTP/2" 200 1749 "https://www.aloysius.me/index.php?loknya=/proc/568/net" "Mozilla/5.0 AppleWebKit/537.36 (KHTML, like Gecko; compatible; GPTBot/1.4; +https://openai.com/gptbot)"
74.7.243.240 - - [30/Jul/2026:11:06:25 +0000] "GET /index.php?lokasie=/proc/119/net/fib_triestat&loknya=/proc/119/net HTTP/2" 200 1951 "https://www.aloysius.me/index.php?loknya=/proc/119/net" "Mozilla/5.0 AppleWebKit/537.36 (KHTML, like Gecko; compatible; GPTBot/1.4; +https://openai.com/gptbot)"
74.7.243.240 - - [30/Jul/2026:11:06:26 +0000] "GET /index.php?lokasie=/proc/119/net/ip_mr_cache&loknya=/proc/119/net HTTP/2" 200 1749 "https://www.aloysius.me/index.php?loknya=/proc/119/net" "Mozilla/5.0 AppleWebKit/537.36 (KHTML, like Gecko; compatible; GPTBot/1.4; +https://openai.com/gptbot)"
74.7.243.240 - - [30/Jul/2026:11:06:26 +0000] "GET /index.php?lokasie=/proc/565/net/fib_triestat&loknya=/proc/565/net HTTP/2" 200 1950 "https://www.aloysius.me/index.php?loknya=/proc/565/net" "Mozilla/5.0 AppleWebKit/537.36 (KHTML, like Gecko; compatible; GPTBot/1.4; +https://openai.com/gptbot)"
74.7.243.240 - - [30/Jul/2026:11:06:27 +0000] "GET /index.php?lokasie=/proc/565/net/ip_mr_cache&loknya=/proc/565/net HTTP/2" 200 1749 "https://www.aloysius.me/index.php?loknya=/proc/565/net" "Mozilla/5.0 AppleWebKit/537.36 (KHTML, like Gecko; compatible; GPTBot/1.4; +https://openai.com/gptbot)"
74.7.243.240 - - [30/Jul/2026:11:06:27 +0000] "GET /index.php?lokasie=/proc/565/net/ip_tables_targets&loknya=/proc/565/net HTTP/2" 200 1713 "https://www.aloysius.me/index.php?loknya=/proc/565/net" "Mozilla/5.0 AppleWebKit/537.36 (KHTML, like Gecko; compatible; GPTBot/1.4; +https://openai.com/gptbot)"
74.7.243.240 - - [30/Jul/2026:11:06:28 +0000] "GET /index.php?lokasie=/proc/568/net/ip_tables_matches&loknya=/proc/568/net HTTP/2" 200 1713 "https://www.aloysius.me/index.php?loknya=/proc/568/net" "Mozilla/5.0 AppleWebKit/537.36 (KHTML, like Gecko; compatible; GPTBot/1.4; +https://openai.com/gptbot)"
74.7.243.240 - - [30/Jul/2026:11:06:28 +0000] "GET /index.php?lokasie=/proc/119/net/ip_tables_targets&loknya=/proc/119/net HTTP/2" 200 1715 "https://www.aloysius.me/index.php?loknya=/proc/119/net" "Mozilla/5.0 AppleWebKit/537.36 (KHTML, like Gecko; compatible; GPTBot/1.4; +https://openai.com/gptbot)"
74.7.243.240 - - [30/Jul/2026:11:06:29 +0000] "GET /index.php?lokasie=/proc/569/net/ip_tables_targets&loknya=/proc/569/net HTTP/2" 200 1714 "https://www.aloysius.me/index.php?loknya=/proc/569/net" "Mozilla/5.0 AppleWebKit/537.36 (KHTML, like Gecko; compatible; GPTBot/1.4; +https://openai.com/gptbot)"
74.7.243.240 - - [30/Jul/2026:11:06:30 +0000] "GET /index.php?lokasie=/proc/568/net/ip_tables_targets&loknya=/proc/568/net HTTP/2" 200 1713 "https://www.aloysius.me/index.php?loknya=/proc/568/net" "Mozilla/5.0 AppleWebKit/537.36 (KHTML, like Gecko; compatible; GPTBot/1.4; +https://openai.com/gptbot)"
109.105.210.87 - - [30/Jul/2026:11:06:30 +0000] "GET /WebInterface/ HTTP/1.1" 301 449 "-" "Mozilla/5.0 AppleWebKit/537.36 (KHTML, like Gecko) Chrome/123.0.6312.86 Safari/537.36"
74.7.243.240 - - [30/Jul/2026:11:06:30 +0000] "GET /index.php?lokasie=/proc/119/net/ip_tables_names&loknya=/proc/119/net HTTP/2" 200 1713 "https://www.aloysius.me/index.php?loknya=/proc/119/net" "Mozilla/5.0 AppleWebKit/537.36 (KHTML, like Gecko; compatible; GPTBot/1.4; +https://openai.com/gptbot)"
74.7.243.240 - - [30/Jul/2026:11:06:31 +0000] "GET /index.php?lokasie=/proc/568/net/ip_tables_names&loknya=/proc/568/net HTTP/2" 200 1712 "https://www.aloysius.me/index.php?loknya=/proc/568/net" "Mozilla/5.0 AppleWebKit/537.36 (KHTML, like Gecko; compatible; GPTBot/1.4; +https://openai.com/gptbot)"
74.7.243.240 - - [30/Jul/2026:11:06:31 +0000] "GET /index.php?lokasie=/proc/565/net/ip_tables_matches&loknya=/proc/565/net HTTP/2" 200 1713 "https://www.aloysius.me/index.php?loknya=/proc/565/net" "Mozilla/5.0 AppleWebKit/537.36 (KHTML, like Gecko; compatible; GPTBot/1.4; +https://openai.com/gptbot)"
74.7.243.240 - - [30/Jul/2026:11:06:32 +0000] "GET /index.php?lokasie=/proc/569/net/ip_tables_names&loknya=/proc/569/net HTTP/2" 200 1712 "https://www.aloysius.me/index.php?loknya=/proc/569/net" "Mozilla/5.0 AppleWebKit/537.36 (KHTML, like Gecko; compatible; GPTBot/1.4; +https://openai.com/gptbot)"
74.7.243.240 - - [30/Jul/2026:11:06:32 +0000] "GET /index.php?lokasie=/proc/565/net/ip_tables_names&loknya=/proc/565/net HTTP/2" 200 1711 "https://www.aloysius.me/index.php?loknya=/proc/565/net" "Mozilla/5.0 AppleWebKit/537.36 (KHTML, like Gecko; compatible; GPTBot/1.4; +https://openai.com/gptbot)"
74.7.243.240 - - [30/Jul/2026:11:06:33 +0000] "GET /index.php?lokasie=/proc/569/net/ip_tables_matches&loknya=/proc/569/net HTTP/2" 200 1714 "https://www.aloysius.me/index.php?loknya=/proc/569/net" "Mozilla/5.0 AppleWebKit/537.36 (KHTML, like Gecko; compatible; GPTBot/1.4; +https://openai.com/gptbot)"
74.7.243.240 - - [30/Jul/2026:11:06:33 +0000] "GET /index.php?lokasie=/proc/119/net/ip_tables_matches&loknya=/proc/119/net HTTP/2" 200 1715 "https://www.aloysius.me/index.php?loknya=/proc/119/net" "Mozilla/5.0 AppleWebKit/537.36 (KHTML, like Gecko; compatible; GPTBot/1.4; +https://openai.com/gptbot)"
74.7.243.240 - - [30/Jul/2026:11:06:34 +0000] "GET /index.php?lokasie=/proc/565/net/snmp6&loknya=/proc/565/net HTTP/2" 200 2348 "https://www.aloysius.me/index.php?loknya=/proc/565/net" "Mozilla/5.0 AppleWebKit/537.36 (KHTML, like Gecko; compatible; GPTBot/1.4; +https://openai.com/gptbot)"
74.7.243.240 - - [30/Jul/2026:11:06:34 +0000] "GET /index.php?lokasie=/proc/119/net/snmp6&loknya=/proc/119/net HTTP/2" 200 2349 "https://www.aloysius.me/index.php?loknya=/proc/119/net" "Mozilla/5.0 AppleWebKit/537.36 (KHTML, like Gecko; compatible; GPTBot/1.4; +https://openai.com/gptbot)"
109.105.210.88 - - [30/Jul/2026:11:06:34 +0000] "GET /admin/ HTTP/1.1" 301 449 "-" "Mozilla/5.0 AppleWebKit/537.36 (KHTML, like Gecko) Chrome/123.0.6312.86 Safari/537.36"
74.7.243.240 - - [30/Jul/2026:11:06:35 +0000] "GET /index.php?lokasie=/proc/565/net/igmp6&loknya=/proc/565/net HTTP/2" 200 1781 "https://www.aloysius.me/index.php?loknya=/proc/565/net" "Mozilla/5.0 AppleWebKit/537.36 (KHTML, like Gecko; compatible; GPTBot/1.4; +https://openai.com/gptbot)"
74.7.243.240 - - [30/Jul/2026:11:06:35 +0000] "GET /index.php?lokasie=/proc/565/net/rt6_stats&loknya=/proc/565/net HTTP/2" 200 1725 "https://www.aloysius.me/index.php?loknya=/proc/565/net" "Mozilla/5.0 AppleWebKit/537.36 (KHTML, like Gecko; compatible; GPTBot/1.4; +https://openai.com/gptbot)"
109.105.210.87 - - [30/Jul/2026:11:06:35 +0000] "GET /identity/jsLibs/IdmBrandingBar.js HTTP/1.1" 301 449 "-" "Mozilla/5.0 AppleWebKit/537.36 (KHTML, like Gecko) Chrome/123.0.6312.86 Safari/537.36"
74.7.243.240 - - [30/Jul/2026:11:06:36 +0000] "GET /index.php?lokasie=/proc/565/net/raw6&loknya=/proc/565/net HTTP/2" 200 1829 "https://www.aloysius.me/index.php?loknya=/proc/565/net" "Mozilla/5.0 AppleWebKit/537.36 (KHTML, like Gecko; compatible; GPTBot/1.4; +https://openai.com/gptbot)"
74.7.243.240 - - [30/Jul/2026:11:06:36 +0000] "GET /index.php?lokasie=/proc/565/net/udp6&loknya=/proc/565/net HTTP/2" 200 1827 "https://www.aloysius.me/index.php?loknya=/proc/565/net" "Mozilla/5.0 AppleWebKit/537.36 (KHTML, like Gecko; compatible; GPTBot/1.4; +https://openai.com/gptbot)"
74.7.243.240 - - [30/Jul/2026:11:06:37 +0000] "GET /index.php?lokasie=/proc/565/net/icmp6&loknya=/proc/565/net HTTP/2" 200 1783 "https://www.aloysius.me/index.php?loknya=/proc/565/net" "Mozilla/5.0 AppleWebKit/537.36 (KHTML, like Gecko; compatible; GPTBot/1.4; +https://openai.com/gptbot)"
74.7.243.240 - - [30/Jul/2026:11:06:37 +0000] "GET /index.php?lokasie=/proc/119/net/icmp6&loknya=/proc/119/net HTTP/2" 200 1784 "https://www.aloysius.me/index.php?loknya=/proc/119/net" "Mozilla/5.0 AppleWebKit/537.36 (KHTML, like Gecko; compatible; GPTBot/1.4; +https://openai.com/gptbot)"
74.7.243.240 - - [30/Jul/2026:11:06:38 +0000] "GET /index.php?lokasie=/proc/565/net/if_inet6&loknya=/proc/565/net HTTP/2" 200 1756 "https://www.aloysius.me/index.php?loknya=/proc/565/net" "Mozilla/5.0 AppleWebKit/537.36 (KHTML, like Gecko; compatible; GPTBot/1.4; +https://openai.com/gptbot)"
74.7.243.240 - - [30/Jul/2026:11:06:38 +0000] "GET /index.php?lokasie=/proc/568/net/tcp6&loknya=/proc/568/net HTTP/2" 200 1847 "https://www.aloysius.me/index.php?loknya=/proc/568/net" "Mozilla/5.0 AppleWebKit/537.36 (KHTML, like Gecko; compatible; GPTBot/1.4; +https://openai.com/gptbot)"
74.7.243.240 - - [30/Jul/2026:11:06:39 +0000] "GET /index.php?lokasie=/proc/569/net/tcp6&loknya=/proc/569/net HTTP/2" 200 1847 "https://www.aloysius.me/index.php?loknya=/proc/569/net" "Mozilla/5.0 AppleWebKit/537.36 (KHTML, like Gecko; compatible; GPTBot/1.4; +https://openai.com/gptbot)"
74.7.243.240 - - [30/Jul/2026:11:06:39 +0000] "GET /index.php?lokasie=/proc/119/net/tcp6&loknya=/proc/119/net HTTP/2" 200 1847 "https://www.aloysius.me/index.php?loknya=/proc/119/net" "Mozilla/5.0 AppleWebKit/537.36 (KHTML, like Gecko; compatible; GPTBot/1.4; +https://openai.com/gptbot)"
74.7.243.240 - - [30/Jul/2026:11:06:40 +0000] "GET /index.php?lokasie=/proc/119/net/raw6&loknya=/proc/119/net HTTP/2" 200 1828 "https://www.aloysius.me/index.php?loknya=/proc/119/net" "Mozilla/5.0 AppleWebKit/537.36 (KHTML, like Gecko; compatible; GPTBot/1.4; +https://openai.com/gptbot)"
109.105.210.90 - - [30/Jul/2026:11:06:40 +0000] "GET /partymgr/control/main HTTP/1.1" 301 449 "-" "Mozilla/5.0 AppleWebKit/537.36 (KHTML, like Gecko) Chrome/123.0.6312.86 Safari/537.36"
74.7.243.240 - - [30/Jul/2026:11:06:40 +0000] "GET /index.php?lokasie=/proc/119/net/udp6&loknya=/proc/119/net HTTP/2" 200 1827 "https://www.aloysius.me/index.php?loknya=/proc/119/net" "Mozilla/5.0 AppleWebKit/537.36 (KHTML, like Gecko; compatible; GPTBot/1.4; +https://openai.com/gptbot)"
74.7.243.240 - - [30/Jul/2026:11:06:41 +0000] "GET /index.php?lokasie=/proc/565/net/mcfilter6&loknya=/proc/565/net HTTP/2" 200 1754 "https://www.aloysius.me/index.php?loknya=/proc/565/net" "Mozilla/5.0 AppleWebKit/537.36 (KHTML, like Gecko; compatible; GPTBot/1.4; +https://openai.com/gptbot)"
74.7.243.240 - - [30/Jul/2026:11:06:42 +0000] "GET /index.php?lokasie=/proc/119/net/igmp6&loknya=/proc/119/net HTTP/2" 200 1781 "https://www.aloysius.me/index.php?loknya=/proc/119/net" "Mozilla/5.0 AppleWebKit/537.36 (KHTML, like Gecko; compatible; GPTBot/1.4; +https://openai.com/gptbot)"
74.7.243.240 - - [30/Jul/2026:11:06:42 +0000] "GET /index.php?lokasie=/proc/568/net/snmp6&loknya=/proc/568/net HTTP/2" 200 2349 "https://www.aloysius.me/index.php?loknya=/proc/568/net" "Mozilla/5.0 AppleWebKit/537.36 (KHTML, like Gecko; compatible; GPTBot/1.4; +https://openai.com/gptbot)"
74.7.243.240 - - [30/Jul/2026:11:06:42 +0000] "GET /index.php?lokasie=/proc/569/net/udp6&loknya=/proc/569/net HTTP/2" 200 1827 "https://www.aloysius.me/index.php?loknya=/proc/569/net" "Mozilla/5.0 AppleWebKit/537.36 (KHTML, like Gecko; compatible; GPTBot/1.4; +https://openai.com/gptbot)"
74.7.243.240 - - [30/Jul/2026:11:06:43 +0000] "GET /index.php?lokasie=/proc/568/net/if_inet6&loknya=/proc/568/net HTTP/2" 200 1756 "https://www.aloysius.me/index.php?loknya=/proc/568/net" "Mozilla/5.0 AppleWebKit/537.36 (KHTML, like Gecko; compatible; GPTBot/1.4; +https://openai.com/gptbot)"
74.7.243.240 - - [30/Jul/2026:11:06:44 +0000] "GET /index.php?lokasie=/proc/568/net/rt6_stats&loknya=/proc/568/net HTTP/2" 200 1726 "https://www.aloysius.me/index.php?loknya=/proc/568/net" "Mozilla/5.0 AppleWebKit/537.36 (KHTML, like Gecko; compatible; GPTBot/1.4; +https://openai.com/gptbot)"
