109.105.210.97 - - [18/Feb/2026:14:56:31 +0000] "GET / HTTP/1.1" 404 705 "-" "Mozilla/5.0 (Windows NT 10.0; Win64; x64) AppleWebKit/537.36 (KHTML, like Gecko) Chrome/60.0.3112.113 Safari/537.36"
185.241.208.170 - - [18/Feb/2026:15:56:33 +0000] "GET /.git/refs/tags/ HTTP/1.1" 404 705 "-" "Mozilla/5.0 (Linux; Android 8.1.0; Redmi 5) AppleWebKit/537.36 (KHTML, like Gecko) Chrome/71.0.3578.99 Mobile Safari/537.36"
57.159.30.22 - - [18/Feb/2026:16:46:53 +0000] "GET / HTTP/1.1" 404 705 "-" "Mozilla/5.0 (Macintosh; Intel Mac OS X 10_15_7) AppleWebKit/605.1.15 (KHTML, like Gecko) Version/17.2 Safari/605.1.15"
57.159.30.22 - - [18/Feb/2026:16:46:53 +0000] "POST / HTTP/1.1" 404 705 "-" "Mozilla/5.0 (Windows NT 10.0; Win64; x64) AppleWebKit/537.36 (KHTML, like Gecko) Chrome/120.0.0.0 Safari/537.36"
78.153.140.50 - - [18/Feb/2026:17:44:25 +0000] "GET /.env HTTP/1.1" 404 705 "-" "Mozilla/5.0 (Windows NT 10.0; Win64; x64) AppleWebKit/537.36 (KHTML, like Gecko) Chrome/116.0.5845.140 Safari/537.36"
78.153.140.50 - - [18/Feb/2026:17:44:26 +0000] "POST / HTTP/1.1" 404 705 "-" "Mozilla/5.0 (Windows NT 10.0; Win64; x64) AppleWebKit/537.36 (KHTML, like Gecko) Chrome/116.0.5845.140 Safari/537.36"
87.120.191.67 - - [18/Feb/2026:17:51:14 +0000] "POST / HTTP/1.1" 404 705 "-" "Mozilla/5.0 (Windows NT 10.0; Win64; x64) AppleWebKit/537.36"
176.65.134.20 - - [18/Feb/2026:18:05:52 +0000] "PROPFIND / HTTP/1.1" 404 1236 "http://150.230.34.123:443/" "-"
141.98.11.230 - - [18/Feb/2026:18:27:23 +0000] "GET / HTTP/1.0" 404 705 "https://www.google.com" "Mozilla/5.0 (X11; Linux x86_64) AppleWebKit/537.36 (KHTML, like Gecko) Chrome/119.0.0.0 Safari/537.36"
141.98.11.230 - - [18/Feb/2026:18:27:24 +0000] "GET / HTTP/1.0" 404 705 "https://www.google.com" "Mozilla/5.0 (X11; Linux x86_64) AppleWebKit/537.36 (KHTML, like Gecko) Chrome/119.0.0.0 Safari/537.36"
141.98.11.230 - - [18/Feb/2026:18:27:25 +0000] "GET / HTTP/1.0" 404 705 "https://www.google.com" "Mozilla/5.0 (X11; Linux x86_64) AppleWebKit/537.36 (KHTML, like Gecko) Chrome/119.0.0.0 Safari/537.36"
141.98.11.230 - - [18/Feb/2026:18:27:26 +0000] "GET / HTTP/1.0" 404 705 "https://www.google.com" "Mozilla/5.0 (X11; Linux x86_64) AppleWebKit/537.36 (KHTML, like Gecko) Chrome/119.0.0.0 Safari/537.36"
185.12.59.118 - - [18/Feb/2026:18:39:24 +0000] "GET / HTTP/1.1" 404 705 "-" "Mozilla/5.0 (Windows NT 10.0; Win64; x64; rv:132.0) Gecko/20100101 Firefox/132.0"
195.178.110.246 - - [18/Feb/2026:18:41:00 +0000] "GET /.git/credentials HTTP/1.1" 404 705 "-" "Mozilla/5.0 (X11; U; FreeBSD; i386; en-US; rv:1.7) Gecko"
87.120.191.67 - - [18/Feb/2026:19:07:18 +0000] "POST / HTTP/1.1" 404 705 "-" "Mozilla/5.0 (Windows NT 10.0; Win64; x64) AppleWebKit/537.36"
43.164.195.17 - - [18/Feb/2026:19:22:22 +0000] "GET / HTTP/1.1" 404 705 "http://150.230.34.123:443" "Mozilla/5.0 (iPhone; CPU iPhone OS 13_2_3 like Mac OS X) AppleWebKit/605.1.15 (KHTML, like Gecko) Version/13.0.3 Mobile/15E148 Safari/604.1"
79.124.40.174 - - [18/Feb/2026:19:37:54 +0000] "GET /?XDEBUG_SESSION_START=phpstorm HTTP/1.1" 404 705 "-" "Mozilla/5.0 (Windows NT 10.0; Win64; x64) AppleWebKit/537.36 (KHTML, like Gecko) Chrome/78.0.3904.108 Safari/537.36"
45.156.128.203 - - [18/Feb/2026:21:04:26 +0000] "GET / HTTP/1.1" 404 705 "-" "Mozilla/5.0 (Windows NT 10.0; Win64; x64) AppleWebKit/537.36 (KHTML, like Gecko) Chrome/60.0.3112.113 Safari/537.36"
87.120.191.67 - - [18/Feb/2026:21:19:39 +0000] "POST / HTTP/1.1" 404 705 "-" "Mozilla/5.0 (Windows NT 10.0; Win64; x64) AppleWebKit/537.36"
79.124.40.174 - - [18/Feb/2026:21:41:44 +0000] "GET /actuator/gateway/routes HTTP/1.1" 404 705 "-" "Mozilla/5.0 (Windows NT 10.0; Win64; x64) AppleWebKit/537.36 (KHTML, like Gecko) Chrome/78.0.3904.108 Safari/537.36"
85.11.183.6 - - [18/Feb/2026:21:53:01 +0000] "GET / HTTP/1.1" 404 705 "-" "Mozilla/5.0 (Windows NT 10.0; Win64; x64) AppleWebKit/537.36 (KHTML, like Gecko) Chrome/140.0.0.0 Safari/537.36"
85.11.183.6 - - [18/Feb/2026:21:53:02 +0000] "GET / HTTP/1.1" 404 705 "-" "Mozilla/5.0 (Windows NT 10.0; Win64; x64) AppleWebKit/537.36 (KHTML, like Gecko) Chrome/140.0.0.0 Safari/537.36"
20.172.67.176 - - [18/Feb/2026:22:06:45 +0000] "GET /ecp/Current/exporttool/microsoft.exchange.ediscovery.exporttool.application HTTP/1.1" 404 705 "-" "Mozilla/5.0 zgrab/0.x"
205.210.31.131 - - [18/Feb/2026:22:41:15 +0000] "GET / HTTP/1.1" 404 705 "-" "Hello from Palo Alto Networks, find out more about our scans in https://docs-cortex.paloaltonetworks.com/r/1/Cortex-Xpanse/Scanning-activity"
83.168.68.72 - - [18/Feb/2026:22:44:35 +0000] "POST /cgi-bin/%%32%65%%32%65/%%32%65%%32%65/%%32%65%%32%65/%%32%65%%32%65/%%32%65%%32%65/%%32%65%%32%65/%%32%65%%32%65/bin/sh HTTP/1.1" 404 1236 "-" "libredtail-http"
83.168.68.72 - - [18/Feb/2026:22:44:37 +0000] "POST /hello.world?%ADd+allow_url_include%3d1+%ADd+auto_prepend_file%3dphp://input HTTP/1.1" 404 1236 "-" "libredtail-http"
78.153.140.50 - - [18/Feb/2026:22:45:06 +0000] "GET /.env HTTP/1.1" 404 705 "-" "Mozilla/5.0 (Windows NT 10.0; Win64; x64) AppleWebKit/537.36 (KHTML, like Gecko) Chrome/116.0.5845.140 Safari/537.36"
78.153.140.50 - - [18/Feb/2026:22:45:07 +0000] "POST / HTTP/1.1" 404 705 "-" "Mozilla/5.0 (Windows NT 10.0; Win64; x64) AppleWebKit/537.36 (KHTML, like Gecko) Chrome/116.0.5845.140 Safari/537.36"
87.120.191.67 - - [18/Feb/2026:22:56:28 +0000] "POST / HTTP/1.1" 404 705 "-" "Mozilla/5.0 (Windows NT 10.0; Win64; x64) AppleWebKit/537.36"
185.242.226.121 - - [18/Feb/2026:22:58:54 +0000] "GET / HTTP/1.1" 404 705 "-" "Mozilla/5.0 (Windows NT 10.0; Win64; x64) AppleWebKit/537.36 (KHTML, like Gecko) Chrome/88.0.4324.190 Safari/537.36"
18.207.144.231 - - [18/Feb/2026:23:11:09 +0000] "GET /favicon.ico HTTP/1.1" 404 705 "-" "Mozilla/5.0 (Windows NT 10.0; Win64; x64) AppleWebKit/537.36 (KHTML, like Gecko) Chrome/136.0.0.0 Safari/537.36"
54.242.224.96 - - [18/Feb/2026:23:18:39 +0000] "GET /robots.txt HTTP/1.1" 404 705 "-" "Mozilla/5.0 (Windows NT 10.0; Win64; x64) AppleWebKit/537.36 (KHTML, like Gecko) Chrome/136.0.0.0 Safari/537.36"
34.224.29.202 - - [18/Feb/2026:23:18:40 +0000] "GET / HTTP/1.1" 404 705 "-" "Mozilla/5.0 (Windows NT 10.0; Win64; x64) AppleWebKit/537.36 (KHTML, like Gecko) Chrome/136.0.0.0 Safari/537.36"
78.153.140.50 - - [19/Feb/2026:00:10:32 +0000] "GET /.env HTTP/1.1" 404 705 "-" "Mozilla/5.0 (Windows NT 10.0; Win64; x64) AppleWebKit/537.36 (KHTML, like Gecko) Chrome/116.0.5845.140 Safari/537.36"
78.153.140.50 - - [19/Feb/2026:00:10:33 +0000] "POST / HTTP/1.1" 404 705 "-" "Mozilla/5.0 (Windows NT 10.0; Win64; x64) AppleWebKit/537.36 (KHTML, like Gecko) Chrome/116.0.5845.140 Safari/537.36"
45.156.128.49 - - [19/Feb/2026:00:28:15 +0000] "GET / HTTP/1.1" 404 705 "-" "Mozilla/5.0 (Windows NT 10.0; Win64; x64) AppleWebKit/537.36 (KHTML, like Gecko) Chrome/60.0.3112.113 Safari/537.36"
87.120.191.67 - - [19/Feb/2026:00:29:03 +0000] "POST / HTTP/1.1" 404 705 "-" "Mozilla/5.0 (Windows NT 10.0; Win64; x64) AppleWebKit/537.36"
147.185.133.229 - - [19/Feb/2026:00:52:41 +0000] "GET / HTTP/1.1" 404 705 "-" "Hello from Palo Alto Networks, find out more about our scans in https://docs-cortex.paloaltonetworks.com/r/1/Cortex-Xpanse/Scanning-activity"
137.184.76.98 - - [19/Feb/2026:01:09:30 +0000] "GET / HTTP/1.1" 404 705 "-" "Mozilla/5.0 (X11; Linux x86_64) AppleWebKit/537.36 (KHTML, like Gecko) Chrome/142.0.0.0 Safari/537.36"
137.184.76.98 - - [19/Feb/2026:01:09:32 +0000] "GET /favicon.ico HTTP/1.1" 404 705 "https://150.230.34.123/" "Mozilla/5.0 (X11; Linux x86_64) AppleWebKit/537.36 (KHTML, like Gecko) Chrome/142.0.0.0 Safari/537.36"
81.29.142.6 - - [19/Feb/2026:01:22:46 +0000] "GET / HTTP/1.1" 404 1236 "-" "Mozilla/5.0 (Windows NT 10.0; Win64; x64) AppleWebKit/537.36 (KHTML, like Gecko) Chrome/90.0.4430.93 Safari/537.36 Edg/90.0.818.51"
81.29.142.6 - - [19/Feb/2026:01:22:48 +0000] "GET /favicon.ico HTTP/1.1" 404 1236 "-" "Mozilla/5.0 (Windows NT 10.0; Win64; x64) AppleWebKit/537.36 (KHTML, like Gecko) Chrome/90.0.4430.93 Safari/537.36 Edg/90.0.818.51"
193.22.146.182 - - [19/Feb/2026:01:42:38 +0000] "GET / HTTP/1.1" 404 1236 "-" "Mozilla/5.0 (Windows NT 10.0; Win64; x64) AppleWebKit/537.36 (KHTML, like Gecko) Chrome/96.0.4664.45 Safari/537.36"
135.237.127.54 - - [19/Feb/2026:01:54:10 +0000] "GET /ecp/Current/exporttool/microsoft.exchange.ediscovery.exporttool.application HTTP/1.1" 404 705 "-" "Mozilla/5.0 zgrab/0.x"
87.120.191.67 - - [19/Feb/2026:02:03:14 +0000] "POST / HTTP/1.1" 404 705 "-" "Mozilla/5.0 (Windows NT 10.0; Win64; x64) AppleWebKit/537.36"
5.61.209.92 - - [19/Feb/2026:02:11:21 +0000] "GET /SDK/webLanguage HTTP/1.1" 404 705 "-" "Mozilla/5.0 (Windows NT 10.0; Win64; x64) AppleWebKit/537.36 (KHTML, like Gecko) Chrome/90.0.4430.85 Safari/537.36 Edg/90.0.818.46"
172.236.13.164 - - [19/Feb/2026:02:20:39 +0000] "GET / HTTP/2" 404 1236 "-" "Mozilla/5.0 (Windows NT 6.1; WOW64; rv:8.0) Gecko/20100101 Firefox/8.0"
20.163.32.79 - - [19/Feb/2026:03:11:54 +0000] "GET / HTTP/1.1" 404 705 "http://150.230.34.123:443/" "Mozilla/5.0 zgrab/0.x"
43.153.54.14 - - [19/Feb/2026:03:15:43 +0000] "GET / HTTP/1.1" 404 705 "http://150.230.34.123:443" "Mozilla/5.0 (iPhone; CPU iPhone OS 13_2_3 like Mac OS X) AppleWebKit/605.1.15 (KHTML, like Gecko) Version/13.0.3 Mobile/15E148 Safari/604.1"
87.120.191.67 - - [19/Feb/2026:03:46:50 +0000] "POST / HTTP/1.1" 404 705 "-" "Mozilla/5.0 (Windows NT 10.0; Win64; x64) AppleWebKit/537.36"
45.83.31.38 - - [19/Feb/2026:04:02:09 +0000] "GET /.env HTTP/1.1" 404 705 "-" "Mozilla/5.0 (Linux; Android 9; SM-G950U1) AppleWebKit/537.36 (KHTML, like Gecko) Chrome/76.0.3809.111 Mobile Safari/537.36"
45.83.31.38 - - [19/Feb/2026:04:03:50 +0000] "GET /.env HTTP/1.1" 404 705 "-" "Mozilla/5.0 (Linux; Android 9; GM1913) AppleWebKit/537.36 (KHTML, like Gecko) Chrome/76.0.3809.111 Mobile Safari/537.36"
78.153.140.251 - - [19/Feb/2026:04:11:24 +0000] "GET /.env HTTP/1.1" 404 705 "-" "Mozilla/5.0 (Windows NT 10.0; Win64; x64) AppleWebKit/537.36 (KHTML, like Gecko) Chrome/116.0.5845.140 Safari/537.36"
78.153.140.251 - - [19/Feb/2026:04:11:25 +0000] "POST / HTTP/1.1" 404 705 "-" "Mozilla/5.0 (Windows NT 10.0; Win64; x64) AppleWebKit/537.36 (KHTML, like Gecko) Chrome/116.0.5845.140 Safari/537.36"
77.83.39.82 - - [19/Feb/2026:04:53:07 +0000] "GET /.git/config HTTP/1.1" 404 705 "-" "Mozilla/5.0 (Windows Phone 8.1; ARM; Trident/7.0; Touch; rv:11.0; IEMobile/11.0; NOKIA; Lumia 630) like Gecko"
78.153.140.251 - - [19/Feb/2026:04:57:29 +0000] "GET /.env HTTP/1.1" 404 705 "-" "Mozilla/5.0 (Windows NT 10.0; Win64; x64) AppleWebKit/537.36 (KHTML, like Gecko) Chrome/116.0.5845.140 Safari/537.36"
78.153.140.251 - - [19/Feb/2026:04:57:30 +0000] "POST / HTTP/1.1" 404 705 "-" "Mozilla/5.0 (Windows NT 10.0; Win64; x64) AppleWebKit/537.36 (KHTML, like Gecko) Chrome/116.0.5845.140 Safari/537.36"
87.120.191.67 - - [19/Feb/2026:05:11:41 +0000] "POST / HTTP/1.1" 404 705 "-" "Mozilla/5.0 (Windows NT 10.0; Win64; x64) AppleWebKit/537.36"
64.62.197.152 - - [19/Feb/2026:06:42:23 +0000] "GET / HTTP/1.1" 404 705 "-" "Mozilla/5.0 (Macintosh; Intel Mac OS X 10_15_7) AppleWebKit/605.1.15 (KHTML, like Gecko) Version/26.0 Safari/605.1.15"
64.62.197.164 - - [19/Feb/2026:06:51:17 +0000] "GET /favicon.ico HTTP/1.1" 404 705 "-" "Mozilla/5.0 (Windows NT 10.0; Win64; x64) AppleWebKit/537.36 (KHTML, like Gecko) Chrome/108.0.0.0 Safari/537.36"
64.62.197.156 - - [19/Feb/2026:06:52:10 +0000] "GET / HTTP/1.1" 404 705 "-" "Mozilla/5.0 (Macintosh; Intel Mac OS X 10_15_7) AppleWebKit/605.1.15 (KHTML, like Gecko) Version/26.0 Safari/605.1.15"
64.62.197.152 - - [19/Feb/2026:07:06:58 +0000] "GET /geoserver/web/ HTTP/1.1" 404 705 "-" "Mozilla/5.0 (Windows NT 10.0; Win64; x64) AppleWebKit/537.36 (KHTML, like Gecko) Chrome/110.0.0.0 Safari/537.36 Edg/110.0.1587.50"
87.120.191.67 - - [19/Feb/2026:07:11:22 +0000] "POST / HTTP/1.1" 404 705 "-" "Mozilla/5.0 (Windows NT 10.0; Win64; x64) AppleWebKit/537.36"
31.134.1.107 - - [19/Feb/2026:07:17:05 +0000] "POST /global-protect/login.esp HTTP/1.1" 404 705 "-" "Mozilla/5.0 (Windows NT 10.0; Win64; x64) AppleWebKit/537.36 (KHTML, like Gecko) Chrome/115.0.0.0 Safari/537.36 Edg/115.0.1901.203"
172.94.9.253 - - [19/Feb/2026:07:28:28 +0000] "GET /admin/.git/config HTTP/1.1" 404 1236 "-" "Mozilla/5.0 (Windows NT 10.0; Win64; x64) AppleWebKit/537.36"
172.94.9.253 - - [19/Feb/2026:07:28:28 +0000] "GET /.git/config HTTP/1.1" 404 1236 "-" "Mozilla/5.0 (Windows NT 10.0; Win64; x64) AppleWebKit/537.36"
172.94.9.253 - - [19/Feb/2026:07:28:29 +0000] "GET /private/.git/config HTTP/1.1" 404 1236 "-" "Mozilla/5.0 (Windows NT 10.0; Win64; x64) AppleWebKit/537.36"
92.63.197.50 - - [19/Feb/2026:07:45:22 +0000] "GET / HTTP/1.1" 404 705 "-" "Mozilla/5.0 (Windows NT 10.0; Win64; x64) AppleWebKit/537.36 (KHTML, like Gecko) Chrome/140.0.0.0 Safari/537.36"
92.63.197.50 - - [19/Feb/2026:07:45:22 +0000] "GET / HTTP/1.1" 404 705 "-" "Mozilla/5.0 (Windows NT 10.0; Win64; x64) AppleWebKit/537.36 (KHTML, like Gecko) Chrome/140.0.0.0 Safari/537.36"
5.61.209.92 - - [19/Feb/2026:07:51:57 +0000] "GET /SDK/webLanguage HTTP/1.1" 404 705 "-" "Mozilla/5.0 (Windows NT 10.0; Win64; x64) AppleWebKit/537.36 (KHTML, like Gecko) Chrome/90.0.4430.85 Safari/537.36 Edg/90.0.818.46"
172.94.9.253 - - [19/Feb/2026:08:02:37 +0000] "GET /.git/config HTTP/1.1" 404 705 "-" "Mozilla/5.0 (Fedora; Linux i686) AppleWebKit/537.36 (KHTML, like Gecko) Chrome/133.0.0.0 Safari/537.36"
87.120.191.67 - - [19/Feb/2026:08:26:31 +0000] "POST / HTTP/1.1" 404 705 "-" "Mozilla/5.0 (Windows NT 10.0; Win64; x64) AppleWebKit/537.36"
18.97.26.21 - - [19/Feb/2026:08:29:27 +0000] "GET / HTTP/1.1" 404 705 "-" "Mozilla/5.0 (Windows NT 6.2;en-US) AppleWebKit/537.32.36 (KHTML, live Gecko) Chrome/60.0.3068.106 Safari/537.32"
204.76.203.206 - - [19/Feb/2026:08:52:02 +0000] "PROPFIND / HTTP/1.1" 404 1236 "http://150.230.34.123:443/" "-"
185.242.226.121 - - [19/Feb/2026:09:32:33 +0000] "GET / HTTP/1.1" 404 705 "-" "Mozilla/5.0 (Windows NT 10.0; Win64; x64) AppleWebKit/537.36 (KHTML, like Gecko) Chrome/88.0.4324.190 Safari/537.36"
185.189.182.234 - - [19/Feb/2026:09:40:44 +0000] "GET / HTTP/1.1" 404 1236 "-" "-"
66.132.153.117 - - [19/Feb/2026:09:50:32 +0000] "GET / HTTP/1.1" 404 705 "-" "Mozilla/5.0 (compatible; CensysInspect/1.1; +https://about.censys.io/)"
66.132.153.117 - - [19/Feb/2026:09:51:58 +0000] "GET /.well-known/security.txt HTTP/1.1" 404 705 "-" "Mozilla/5.0 (compatible; CensysInspect/1.1; +https://about.censys.io/)"
176.65.134.20 - - [19/Feb/2026:10:09:01 +0000] "PROPFIND / HTTP/1.1" 404 1236 "http://150.230.34.123:443/" "-"
43.165.189.206 - - [19/Feb/2026:10:11:13 +0000] "GET / HTTP/1.1" 404 705 "http://150.230.34.123:443" "Mozilla/5.0 (iPhone; CPU iPhone OS 13_2_3 like Mac OS X) AppleWebKit/605.1.15 (KHTML, like Gecko) Version/13.0.3 Mobile/15E148 Safari/604.1"
71.6.134.235 - - [19/Feb/2026:11:08:41 +0000] "GET / HTTP/1.1" 404 705 "-" "Mozilla/5.0 (Windows NT 10.0; Win64; x64) AppleWebKit/537.36 (KHTML, like Gecko) Chrome/133.0.0.0 Safari/537.36"
71.6.134.235 - - [19/Feb/2026:11:10:03 +0000] "GET /favicon.ico HTTP/2" 404 1236 "-" "Mozilla/5.0 (Windows NT 10.0; Win64; x64) AppleWebKit/537.36 (KHTML, like Gecko) Chrome/133.0.0.0 Safari/537.36"
87.120.191.67 - - [19/Feb/2026:12:03:09 +0000] "POST / HTTP/1.1" 404 705 "-" "Mozilla/5.0 (Windows NT 10.0; Win64; x64) AppleWebKit/537.36"
16.58.56.214 - - [19/Feb/2026:12:24:50 +0000] "GET / HTTP/1.1" 404 705 "http://150.230.34.123:443/" "visionheight.com/scan Mozilla/5.0 (Macintosh; Intel Mac OS X 10_15_7) Chrome/126.0.0.0 Safari/537.36"
78.153.140.251 - - [19/Feb/2026:12:29:50 +0000] "GET /.env HTTP/1.1" 404 705 "-" "Mozilla/5.0 (Windows NT 10.0; Win64; x64) AppleWebKit/537.36 (KHTML, like Gecko) Chrome/116.0.5845.140 Safari/537.36"
78.153.140.251 - - [19/Feb/2026:12:29:51 +0000] "POST / HTTP/1.1" 404 705 "-" "Mozilla/5.0 (Windows NT 10.0; Win64; x64) AppleWebKit/537.36 (KHTML, like Gecko) Chrome/116.0.5845.140 Safari/537.36"
16.58.56.214 - - [19/Feb/2026:12:30:13 +0000] "GET / HTTP/1.1" 404 705 "-" "visionheight.com/scan Mozilla/5.0 (Macintosh; Intel Mac OS X 10_15_7) Chrome/126.0.0.0 Safari/537.36"
20.65.193.112 - - [19/Feb/2026:13:09:58 +0000] "GET /developmentserver/metadatauploader HTTP/1.1" 404 705 "-" "Mozilla/5.0 zgrab/0.x"
195.178.110.162 - - [19/Feb/2026:13:16:32 +0000] "GET /.env HTTP/1.1" 404 705 "-" "SonyEricssonW810i/R4EA Browser/NetFront/3.3 Profile/MIDP-2.0 Configuration/CLDC-1.1 UP.Link/6.3.0.0.0"
195.178.110.246 - - [19/Feb/2026:13:24:31 +0000] "GET /.env HTTP/1.1" 404 705 "-" "Mozilla/5.0 (Linux; Android 7.0; SM-T819) AppleWebKit/537.36 (KHTML, like Gecko) Chrome/76.0.3809.111 Safari/537.36"
40.124.174.133 - - [19/Feb/2026:13:41:14 +0000] "GET /actuator/health HTTP/1.1" 404 705 "-" "Mozilla/5.0 zgrab/0.x"
87.120.191.67 - - [19/Feb/2026:13:48:41 +0000] "POST / HTTP/1.1" 404 705 "-" "Mozilla/5.0 (Windows NT 10.0; Win64; x64) AppleWebKit/537.36"
77.83.39.82 - - [19/Feb/2026:14:34:42 +0000] "GET /.env HTTP/1.1" 404 705 "-" "Mozilla/5.0 (Linux; Android 9; ONEPLUS A6013) AppleWebKit/537.36 (KHTML, like Gecko) Chrome/78.0.3880.5 Mobile Safari/537.36"
150.158.107.162 - - [19/Feb/2026:15:21:11 +0000] "GET / HTTP/1.1" 404 705 "-" "Go-http-client/1.1"
172.174.211.117 - - [19/Feb/2026:15:24:59 +0000] "GET /autodiscover/autodiscover.json?@zdi/Powershell HTTP/1.1" 404 705 "-" "Mozilla/5.0 zgrab/0.x"
103.120.189.68 - - [19/Feb/2026:15:28:32 +0000] "GET / HTTP/1.1" 404 705 "-" "Mozilla/5.0 (Macintosh; Intel Mac OS X 10_15_7) AppleWebKit/605.1.15 (KHTML, like Gecko) Version/17.2 Safari/605.1.15"
103.120.189.68 - - [19/Feb/2026:15:28:32 +0000] "POST / HTTP/1.1" 404 705 "-" "Mozilla/5.0 (Windows NT 10.0; Win64; x64; rv:121.0) Gecko/20100101 Firefox/121.0"
194.164.107.5 - - [19/Feb/2026:16:28:54 +0000] "GET / HTTP/1.1" 404 705 "-" "Mozilla/5.0 (Windows NT 10.0; Win64; x64) AppleWebKit/537.36 (KHTML, like Gecko) Chrome/133.0.0.0 Safari/537.36"
194.164.107.5 - - [19/Feb/2026:16:31:50 +0000] "GET /favicon.ico HTTP/2" 404 1236 "-" "Mozilla/5.0 (Windows NT 10.0; Win64; x64) AppleWebKit/537.36 (KHTML, like Gecko) Chrome/133.0.0.0 Safari/537.36"
87.120.191.67 - - [19/Feb/2026:16:49:43 +0000] "POST / HTTP/1.1" 404 705 "-" "Mozilla/5.0 (Windows NT 10.0; Win64; x64) AppleWebKit/537.36"
43.166.237.57 - - [19/Feb/2026:16:54:24 +0000] "GET / HTTP/1.1" 404 705 "http://150.230.34.123:443" "Mozilla/5.0 (iPhone; CPU iPhone OS 13_2_3 like Mac OS X) AppleWebKit/605.1.15 (KHTML, like Gecko) Version/13.0.3 Mobile/15E148 Safari/604.1"
185.241.208.170 - - [19/Feb/2026:17:01:47 +0000] "GET /.git/packed-refs HTTP/1.1" 404 705 "-" "Mozilla/5.0 (Windows NT 10.0; WOW64) AppleWebKit/537.36 (KHTML, like Gecko) Chrome/64.0.3282.186 YaBrowser/18.3.1.1220 Yowser/2.5 Safari/537.36"
78.153.140.251 - - [19/Feb/2026:17:14:38 +0000] "GET /.env HTTP/1.1" 404 705 "-" "Mozilla/5.0 (Windows NT 10.0; Win64; x64) AppleWebKit/537.36 (KHTML, like Gecko) Chrome/116.0.5845.140 Safari/537.36"
78.153.140.251 - - [19/Feb/2026:17:14:39 +0000] "POST / HTTP/1.1" 404 705 "-" "Mozilla/5.0 (Windows NT 10.0; Win64; x64) AppleWebKit/537.36 (KHTML, like Gecko) Chrome/116.0.5845.140 Safari/537.36"
45.146.165.45 - - [19/Feb/2026:17:29:13 +0000] "GET /owa/auth/logon.aspx HTTP/1.1" 404 705 "-" "Mozilla/5.0 (Fedora; Linux i686) AppleWebKit/537.36 (KHTML, like Gecko) Chrome/135.0.0.0 Safari/537.36"
34.158.168.101 - - [19/Feb/2026:17:37:59 +0000] "GET /.env HTTP/1.1" 404 1236 "-" "Mozilla/5.0 (Windows NT 10.0; Win64; x64; rv:109.0) Firefox/121.0"
77.83.39.167 - - [19/Feb/2026:18:02:47 +0000] "GET /.env HTTP/1.1" 404 705 "-" "Mozilla/5.0 (Macintosh; Intel Mac OS X 10_12_6) AppleWebKit/537.36 (KHTML, like Gecko) Chrome/74.0.3729.169 Safari/537.36"
5.61.209.92 - - [19/Feb/2026:18:07:06 +0000] "GET /SDK/webLanguage HTTP/1.1" 404 705 "-" "Mozilla/5.0 (Windows NT 10.0; Win64; x64) AppleWebKit/537.36 (KHTML, like Gecko) Chrome/90.0.4430.85 Safari/537.36 Edg/90.0.818.46"
206.168.34.34 - - [19/Feb/2026:18:09:45 +0000] "GET / HTTP/1.1" 404 705 "-" "Mozilla/5.0 (compatible; CensysInspect/1.1; +https://about.censys.io/)"
206.168.34.34 - - [19/Feb/2026:18:10:11 +0000] "GET /robots.txt HTTP/1.1" 404 705 "-" "Mozilla/5.0 (compatible; CensysInspect/1.1; +https://about.censys.io/)"
185.12.59.118 - - [19/Feb/2026:18:25:43 +0000] "GET / HTTP/1.1" 404 705 "-" "Mozilla/5.0 (Windows NT 10.0; Win64; x64; rv:132.0) Gecko/20100101 Firefox/132.0"
87.120.191.67 - - [19/Feb/2026:18:33:01 +0000] "POST / HTTP/1.1" 404 705 "-" "Mozilla/5.0 (Windows NT 10.0; Win64; x64) AppleWebKit/537.36"
91.202.233.79 - - [19/Feb/2026:20:19:43 +0000] "GET /.git/config HTTP/2" 404 1236 "-" "-"
185.242.226.121 - - [19/Feb/2026:20:20:02 +0000] "GET / HTTP/1.1" 404 705 "http://150.230.34.123:443/" "Mozilla/5.0 (Windows NT 10.0; Win64; x64) AppleWebKit/537.36 (KHTML, like Gecko) Chrome/88.0.4324.190 Safari/537.36"
185.242.226.121 - - [19/Feb/2026:20:20:50 +0000] "GET / HTTP/1.1" 404 705 "-" "Python/3.7 aiohttp/3.8.1"
79.124.40.174 - - [19/Feb/2026:20:26:34 +0000] "GET /?XDEBUG_SESSION_START=phpstorm HTTP/1.1" 404 705 "-" "Mozilla/5.0 (Windows NT 10.0; Win64; x64) AppleWebKit/537.36 (KHTML, like Gecko) Chrome/78.0.3904.108 Safari/537.36"
87.120.191.67 - - [19/Feb/2026:20:27:42 +0000] "POST / HTTP/1.1" 404 705 "-" "Mozilla/5.0 (Windows NT 10.0; Win64; x64) AppleWebKit/537.36"
147.185.133.23 - - [19/Feb/2026:20:57:44 +0000] "GET / HTTP/1.1" 404 705 "-" "Hello from Palo Alto Networks, find out more about our scans in https://docs-cortex.paloaltonetworks.com/r/1/Cortex-Xpanse/Scanning-activity"
49.233.13.171 - - [19/Feb/2026:21:22:42 +0000] "GET / HTTP/1.1" 404 1236 "-" "-"
49.233.13.171 - - [19/Feb/2026:21:22:43 +0000] "GET / HTTP/1.1" 404 1236 "-" "-"
49.233.13.171 - - [19/Feb/2026:21:22:46 +0000] "GET /config/database.yml HTTP/1.1" 404 705 "-" "Mozilla/5.0 (Windows NT 10.0; Win64; x64) AppleWebKit/537.36 (KHTML, like Gecko) Chrome/112.0.5615.137 Safari/537.36"
49.233.13.171 - - [19/Feb/2026:21:22:48 +0000] "GET / HTTP/1.1" 404 1236 "-" "-"
49.233.13.171 - - [19/Feb/2026:21:22:49 +0000] "GET /config/database.yml.bak HTTP/1.1" 404 705 "-" "Mozilla/5.0 (Windows NT 10.0; Win64; x64) AppleWebKit/537.36 (KHTML, like Gecko) Chrome/112.0.5615.137 Safari/537.36"
49.233.13.171 - - [19/Feb/2026:21:22:51 +0000] "GET /config/database.yml.save HTTP/1.1" 404 705 "-" "Mozilla/5.0 (Windows NT 10.0; Win64; x64) AppleWebKit/537.36 (KHTML, like Gecko) Chrome/112.0.5615.137 Safari/537.36"
49.233.13.171 - - [19/Feb/2026:21:22:51 +0000] "GET /config/database.yml.old HTTP/1.1" 404 705 "-" "Mozilla/5.0 (Windows NT 10.0; Win64; x64) AppleWebKit/537.36 (KHTML, like Gecko) Chrome/112.0.5615.137 Safari/537.36"
49.233.13.171 - - [19/Feb/2026:21:22:51 +0000] "GET /config/database.yml.save HTTP/1.1" 404 705 "-" "Mozilla/5.0 (Windows NT 10.0; Win64; x64) AppleWebKit/537.36 (KHTML, like Gecko) Chrome/112.0.5615.137 Safari/537.36"
49.233.13.171 - - [19/Feb/2026:21:22:52 +0000] "GET /config/database.yml~ HTTP/1.1" 404 705 "-" "Mozilla/5.0 (Windows NT 10.0; Win64; x64) AppleWebKit/537.36 (KHTML, like Gecko) Chrome/112.0.5615.137 Safari/537.36"
49.233.13.171 - - [19/Feb/2026:21:22:53 +0000] "GET /config/database.yml~ HTTP/1.1" 404 705 "-" "Mozilla/5.0 (Windows NT 10.0; Win64; x64) AppleWebKit/537.36 (KHTML, like Gecko) Chrome/112.0.5615.137 Safari/537.36"
49.233.13.171 - - [19/Feb/2026:21:22:55 +0000] "GET /config/database.yml HTTP/1.1" 404 705 "-" "Mozilla/5.0 (Windows NT 10.0; Win64; x64) AppleWebKit/537.36 (KHTML, like Gecko) Chrome/112.0.5615.137 Safari/537.36"
49.233.13.171 - - [19/Feb/2026:21:22:56 +0000] "GET /database.yml HTTP/1.1" 404 705 "-" "Mozilla/5.0 (Windows NT 10.0; Win64; x64) AppleWebKit/537.36 (KHTML, like Gecko) Chrome/112.0.5615.137 Safari/537.36"
49.233.13.171 - - [19/Feb/2026:21:22:56 +0000] "GET / HTTP/1.1" 404 1236 "-" "-"
49.233.13.171 - - [19/Feb/2026:21:22:57 +0000] "GET /database.yml HTTP/1.1" 404 705 "-" "Mozilla/5.0 (Windows NT 10.0; Win64; x64) AppleWebKit/537.36 (KHTML, like Gecko) Chrome/112.0.5615.137 Safari/537.36"
49.233.13.171 - - [19/Feb/2026:21:22:57 +0000] "GET /config/database.yml.bak HTTP/1.1" 404 705 "-" "Mozilla/5.0 (Windows NT 10.0; Win64; x64) AppleWebKit/537.36 (KHTML, like Gecko) Chrome/112.0.5615.137 Safari/537.36"
49.233.13.171 - - [19/Feb/2026:21:22:58 +0000] "GET /config/database.yml.old HTTP/1.1" 404 705 "-" "Mozilla/5.0 (Windows NT 10.0; Win64; x64) AppleWebKit/537.36 (KHTML, like Gecko) Chrome/112.0.5615.137 Safari/537.36"
49.233.13.171 - - [19/Feb/2026:21:23:00 +0000] "GET /config/database.yml.bak HTTP/1.1" 404 705 "-" "Mozilla/5.0 (Windows NT 10.0; Win64; x64) AppleWebKit/537.36 (KHTML, like Gecko) Chrome/112.0.5615.137 Safari/537.36"
49.233.13.171 - - [19/Feb/2026:21:23:00 +0000] "GET /config/database.yml.old HTTP/1.1" 404 705 "-" "Mozilla/5.0 (Windows NT 10.0; Win64; x64) AppleWebKit/537.36 (KHTML, like Gecko) Chrome/112.0.5615.137 Safari/537.36"
49.233.13.171 - - [19/Feb/2026:21:23:02 +0000] "GET /config/database.yml.save HTTP/1.1" 404 705 "-" "Mozilla/5.0 (Windows NT 10.0; Win64; x64) AppleWebKit/537.36 (KHTML, like Gecko) Chrome/112.0.5615.137 Safari/537.36"
49.233.13.171 - - [19/Feb/2026:21:23:03 +0000] "GET /config/database.yml~ HTTP/1.1" 404 705 "-" "Mozilla/5.0 (Windows NT 10.0; Win64; x64) AppleWebKit/537.36 (KHTML, like Gecko) Chrome/112.0.5615.137 Safari/537.36"
49.233.13.171 - - [19/Feb/2026:21:23:05 +0000] "GET /config/database.yml.bak HTTP/1.1" 404 705 "-" "Mozilla/5.0 (Windows NT 10.0; Win64; x64) AppleWebKit/537.36 (KHTML, like Gecko) Chrome/112.0.5615.137 Safari/537.36"
49.233.13.171 - - [19/Feb/2026:21:23:06 +0000] "GET /config/database.yml.old HTTP/1.1" 404 705 "-" "Mozilla/5.0 (Windows NT 10.0; Win64; x64) AppleWebKit/537.36 (KHTML, like Gecko) Chrome/112.0.5615.137 Safari/537.36"
49.233.13.171 - - [19/Feb/2026:21:23:07 +0000] "GET /config/database.yml.save HTTP/1.1" 404 705 "-" "Mozilla/5.0 (Windows NT 10.0; Win64; x64) AppleWebKit/537.36 (KHTML, like Gecko) Chrome/112.0.5615.137 Safari/537.36"
49.233.13.171 - - [19/Feb/2026:21:23:11 +0000] "GET /config/database.yml~ HTTP/1.1" 404 705 "-" "Mozilla/5.0 (Windows NT 10.0; Win64; x64) AppleWebKit/537.36 (KHTML, like Gecko) Chrome/112.0.5615.137 Safari/537.36"
49.233.13.171 - - [19/Feb/2026:21:23:13 +0000] "GET /config/database.yml HTTP/1.1" 404 705 "-" "Mozilla/5.0 (Windows NT 10.0; Win64; x64) AppleWebKit/537.36 (KHTML, like Gecko) Chrome/112.0.5615.137 Safari/537.36"
49.233.13.171 - - [19/Feb/2026:21:23:14 +0000] "GET /database.yml HTTP/1.1" 404 705 "-" "Mozilla/5.0 (Windows NT 10.0; Win64; x64) AppleWebKit/537.36 (KHTML, like Gecko) Chrome/112.0.5615.137 Safari/537.36"
49.233.13.171 - - [19/Feb/2026:21:23:14 +0000] "GET / HTTP/1.1" 404 1236 "-" "-"
49.233.13.171 - - [19/Feb/2026:21:23:23 +0000] "GET /config/database.yml.old HTTP/1.1" 404 705 "-" "Mozilla/5.0 (Windows NT 10.0; Win64; x64) AppleWebKit/537.36 (KHTML, like Gecko) Chrome/112.0.5615.137 Safari/537.36"
49.233.13.171 - - [19/Feb/2026:21:23:23 +0000] "GET /config/database.yml.save HTTP/1.1" 404 705 "-" "Mozilla/5.0 (Windows NT 10.0; Win64; x64) AppleWebKit/537.36 (KHTML, like Gecko) Chrome/112.0.5615.137 Safari/537.36"
49.233.13.171 - - [19/Feb/2026:21:23:27 +0000] "GET /config/database.yml HTTP/1.1" 404 705 "-" "Mozilla/5.0 (Windows NT 10.0; Win64; x64) AppleWebKit/537.36 (KHTML, like Gecko) Chrome/112.0.5615.137 Safari/537.36"
49.233.13.171 - - [19/Feb/2026:21:23:27 +0000] "GET /config/database.yml~ HTTP/1.1" 404 705 "-" "Mozilla/5.0 (Windows NT 10.0; Win64; x64) AppleWebKit/537.36 (KHTML, like Gecko) Chrome/112.0.5615.137 Safari/537.36"
49.233.13.171 - - [19/Feb/2026:21:23:28 +0000] "GET /database.yml HTTP/1.1" 404 705 "-" "Mozilla/5.0 (Windows NT 10.0; Win64; x64) AppleWebKit/537.36 (KHTML, like Gecko) Chrome/112.0.5615.137 Safari/537.36"
49.233.13.171 - - [19/Feb/2026:21:23:28 +0000] "GET /config/database.yml.bak HTTP/1.1" 404 705 "-" "Mozilla/5.0 (Windows NT 10.0; Win64; x64) AppleWebKit/537.36 (KHTML, like Gecko) Chrome/112.0.5615.137 Safari/537.36"
20.172.67.176 - - [19/Feb/2026:21:28:20 +0000] "GET /owa/auth/x.js HTTP/1.1" 404 705 "-" "Mozilla/5.0 zgrab/0.x"
176.65.134.20 - - [19/Feb/2026:21:44:02 +0000] "PROPFIND / HTTP/1.1" 404 1236 "http://150.230.34.123:443/" "-"
185.12.59.117 - - [19/Feb/2026:21:49:00 +0000] "GET /Dr0v HTTP/1.1" 404 1236 "-" "-"
71.6.134.234 - - [19/Feb/2026:21:49:46 +0000] "GET / HTTP/1.1" 404 705 "-" "Mozilla/5.0 (Windows NT 10.0; Win64; x64) AppleWebKit/537.36 (KHTML, like Gecko) Chrome/133.0.0.0 Safari/537.36"
85.217.149.24 - - [19/Feb/2026:21:50:00 +0000] "GET / HTTP/1.1" 404 705 "-" "Mozilla/5.0 (compatible; ModatScanner/1.2; +https://modat.io/)"
71.6.134.234 - - [19/Feb/2026:21:51:15 +0000] "GET /favicon.ico HTTP/2" 404 1236 "-" "Mozilla/5.0 (Windows NT 10.0; Win64; x64) AppleWebKit/537.36 (KHTML, like Gecko) Chrome/133.0.0.0 Safari/537.36"
78.153.140.251 - - [19/Feb/2026:21:52:41 +0000] "GET /.env HTTP/1.1" 404 705 "-" "Mozilla/5.0 (Windows NT 10.0; Win64; x64) AppleWebKit/537.36 (KHTML, like Gecko) Chrome/116.0.5845.140 Safari/537.36"
78.153.140.251 - - [19/Feb/2026:21:52:42 +0000] "POST / HTTP/1.1" 404 705 "-" "Mozilla/5.0 (Windows NT 10.0; Win64; x64) AppleWebKit/537.36 (KHTML, like Gecko) Chrome/116.0.5845.140 Safari/537.36"
172.94.9.253 - - [19/Feb/2026:22:12:06 +0000] "GET /.git/config HTTP/1.1" 404 705 "-" "Mozilla/5.0 (X11; Ubuntu; Linux x86_64; rv:109.0) Gecko/20100101 Firefox/114.0"
79.124.40.174 - - [19/Feb/2026:22:16:04 +0000] "GET /actuator/gateway/routes HTTP/1.1" 404 705 "-" "Mozilla/5.0 (Windows NT 10.0; Win64; x64) AppleWebKit/537.36 (KHTML, like Gecko) Chrome/78.0.3904.108 Safari/537.36"
172.104.243.155 - - [19/Feb/2026:23:01:56 +0000] "GET /.env HTTP/1.1" 404 1236 "-" "Mozilla/5.0 (Windows NT 10.0"
77.83.39.82 - - [19/Feb/2026:23:05:04 +0000] "GET /.git/config HTTP/1.1" 404 705 "-" "Mozilla/5.0 (Android; Linux armv7l; rv:2.0.1) Gecko/20100101 Firefox/4.0.1 Fennec/2.0.1"
54.234.158.58 - - [19/Feb/2026:23:10:37 +0000] "GET / HTTP/1.1" 404 705 "-" "Mozilla/5.0 (Windows NT 10.0; Win64; x64) AppleWebKit/537.36 (KHTML, like Gecko) Chrome/136.0.0.0 Safari/537.36"
18.206.155.20 - - [19/Feb/2026:23:10:41 +0000] "GET /robots.txt HTTP/1.1" 404 705 "-" "Mozilla/5.0 (Windows NT 10.0; Win64; x64) AppleWebKit/537.36 (KHTML, like Gecko) Chrome/136.0.0.0 Safari/537.36"
205.210.31.151 - - [19/Feb/2026:23:13:18 +0000] "GET / HTTP/1.1" 404 705 "-" "Hello from Palo Alto Networks, find out more about our scans in https://docs-cortex.paloaltonetworks.com/r/1/Cortex-Xpanse/Scanning-activity"
54.227.7.215 - - [19/Feb/2026:23:19:10 +0000] "GET /favicon.ico HTTP/1.1" 404 705 "-" "Mozilla/5.0 (Windows NT 10.0; Win64; x64) AppleWebKit/537.36 (KHTML, like Gecko) Chrome/136.0.0.0 Safari/537.36"
77.83.39.162 - - [19/Feb/2026:23:36:24 +0000] "GET /.git/config HTTP/1.1" 404 705 "-" "Mozilla/5.0 (Windows NT 10.0; Win64; x64) AppleWebKit/537.36 (KHTML, like Gecko) Chrome/65.0.3325.146 Safari/537.36"
87.120.191.67 - - [19/Feb/2026:23:37:21 +0000] "POST / HTTP/1.1" 404 705 "-" "Mozilla/5.0 (Windows NT 10.0; Win64; x64) AppleWebKit/537.36"
78.153.140.251 - - [19/Feb/2026:23:46:07 +0000] "GET /.env HTTP/1.1" 404 705 "-" "Mozilla/5.0 (Windows NT 10.0; Win64; x64) AppleWebKit/537.36 (KHTML, like Gecko) Chrome/116.0.5845.140 Safari/537.36"
78.153.140.251 - - [19/Feb/2026:23:46:09 +0000] "POST / HTTP/1.1" 404 705 "-" "Mozilla/5.0 (Windows NT 10.0; Win64; x64) AppleWebKit/537.36 (KHTML, like Gecko) Chrome/116.0.5845.140 Safari/537.36"
216.180.246.54 - - [19/Feb/2026:23:46:28 +0000] "GET / HTTP/2" 404 705 "http://150.230.34.123:443/" "Mozilla/5.0 (compatible; GenomeCrawlerd/1.0; +https://www.nokia.com/genomecrawler)"
185.12.59.117 - - [19/Feb/2026:23:51:30 +0000] "GET /Dr0v HTTP/1.1" 404 1236 "-" "-"
209.38.197.197 - - [19/Feb/2026:23:57:11 +0000] "GET / HTTP/1.0" 404 1236 "-" "-"
209.38.197.197 - - [19/Feb/2026:23:57:12 +0000] "OPTIONS / HTTP/1.0" 404 1236 "-" "-"
209.38.197.197 - - [19/Feb/2026:23:57:12 +0000] "GET /nice%20ports%2C/Tri%6Eity.txt%2ebak HTTP/1.0" 404 1236 "-" "-"
209.38.197.197 - - [19/Feb/2026:23:58:54 +0000] "GET /odinhttpcall1771545534 HTTP/1.1" 404 1236 "-" "Mozilla/5.0 (compatible; Odin; https://docs.getodin.com/)"
209.38.197.197 - - [19/Feb/2026:23:58:54 +0000] "POST /sdk HTTP/1.1" 404 1236 "-" "Mozilla/5.0 (compatible; Odin; https://docs.getodin.com/)"
209.38.197.197 - - [19/Feb/2026:23:58:55 +0000] "GET /HNAP1 HTTP/1.1" 404 1236 "-" "Mozilla/5.0 (compatible; Odin; https://docs.getodin.com/)"
209.38.197.197 - - [19/Feb/2026:23:58:55 +0000] "GET /evox/about HTTP/1.1" 404 1236 "-" "Mozilla/5.0 (compatible; Odin; https://docs.getodin.com/)"
209.38.197.197 - - [19/Feb/2026:23:58:56 +0000] "GET / HTTP/1.1" 404 1236 "-" "-"
142.93.164.45 - - [19/Feb/2026:23:58:56 +0000] "POST / HTTP/1.1" 404 1236 "-" "Go-http-client/1.1"
207.154.205.222 - - [19/Feb/2026:23:58:57 +0000] "GET /solr/admin/info/system HTTP/1.1" 404 1236 "http://150.230.34.123:443/solr/admin/info/system" "Go-http-client/1.1"
142.93.164.45 - - [19/Feb/2026:23:58:57 +0000] "GET /query?q=SHOW+DIAGNOSTICS HTTP/1.1" 404 1236 "http://150.230.34.123:443/query?q=SHOW+DIAGNOSTICS" "Go-http-client/1.1"
142.93.108.95 - - [19/Feb/2026:23:58:57 +0000] "GET /v2/_catalog HTTP/1.1" 404 1236 "http://150.230.34.123:443/v2/_catalog" "Go-http-client/1.1"
159.89.27.37 - - [19/Feb/2026:23:58:57 +0000] "GET /cgi-bin/authLogin.cgi HTTP/1.1" 404 1236 "http://150.230.34.123:443/cgi-bin/authLogin.cgi" "Go-http-client/1.1"
161.35.217.4 - - [19/Feb/2026:23:58:57 +0000] "GET / HTTP/1.1" 404 705 "http://150.230.34.123:443" "Mozilla/5.0 (compatible; Odin; https://docs.getodin.com/)"
207.154.205.222 - - [19/Feb/2026:23:58:57 +0000] "GET /solr/admin/cores?action=STATUS&wt=json HTTP/1.1" 404 1236 "http://150.230.34.123:443/solr/admin/cores?action=STATUS&wt=json" "Go-http-client/1.1"
157.245.151.206 - - [19/Feb/2026:23:58:58 +0000] "GET /favicon.ico HTTP/1.1" 404 1236 "-" "Go-http-client/1.1"
157.230.113.76 - - [19/Feb/2026:23:58:58 +0000] "GET / HTTP/1.1" 404 705 "-" "Go-http-client/1.1"
157.230.113.76 - - [19/Feb/2026:23:58:58 +0000] "GET / HTTP/1.1" 404 705 "http://150.230.34.123:443/" "Go-http-client/1.1"
45.133.149.69 - - [20/Feb/2026:00:08:44 +0000] "GET / HTTP/1.1" 404 705 "-" "Mozilla/5.0 (Macintosh; Intel Mac OS X 10_14_4) AppleWebKit/537.36 (KHTML, like Gecko) Chrome/77.0.3829.0 Safari/537.36 Edg/77.0.197.1"
65.49.1.232 - - [20/Feb/2026:00:11:24 +0000] "GET / HTTP/1.1" 404 705 "-" "Mozilla/5.0 (Windows NT 10.0; Win64; x64; rv:109.0) Gecko/20100101 Firefox/111.0"
47.240.51.89 - - [20/Feb/2026:00:17:45 +0000] "GET /app/.env HTTP/1.1" 404 705 "-" "Go-http-client/1.1"
47.240.51.89 - - [20/Feb/2026:00:17:45 +0000] "GET /.env HTTP/1.1" 404 705 "-" "Go-http-client/1.1"
65.49.1.240 - - [20/Feb/2026:00:20:36 +0000] "GET /favicon.ico HTTP/1.1" 404 705 "-" "Mozilla/5.0 (Macintosh; Intel Mac OS X 10_15_7) AppleWebKit/605.1.15 (KHTML, like Gecko) Version/16.3 Safari/605.1.15"
65.49.1.239 - - [20/Feb/2026:00:22:32 +0000] "GET / HTTP/1.1" 404 705 "-" "Mozilla/5.0 (Windows NT 10.0; Win64; x64; rv:109.0) Gecko/20100101 Firefox/111.0"
65.49.1.232 - - [20/Feb/2026:00:37:27 +0000] "GET /geoserver/web/ HTTP/1.1" 404 705 "-" "Mozilla/5.0 (Macintosh; Intel Mac OS X 10.15; rv:102.0) Gecko/20100101 Firefox/102.0"
124.156.226.179 - - [20/Feb/2026:01:01:30 +0000] "GET / HTTP/1.1" 404 705 "http://150.230.34.123:443" "Mozilla/5.0 (iPhone; CPU iPhone OS 13_2_3 like Mac OS X) AppleWebKit/605.1.15 (KHTML, like Gecko) Version/13.0.3 Mobile/15E148 Safari/604.1"
132.232.250.130 - - [20/Feb/2026:01:05:50 +0000] "GET / HTTP/1.1" 404 705 "-" "Go-http-client/1.1"
89.45.4.110 - - [20/Feb/2026:01:19:17 +0000] "GET /interface/app/authentication/login.html HTTP/1.1" 404 705 "-" "Mozilla/5.0 (Macintosh; Intel Mac OS X 14_3) AppleWebKit/605.1.15 (KHTML, like Gecko) Version/17.3 Safari/605.1.15"
89.45.4.110 - - [20/Feb/2026:01:19:17 +0000] "GET /interface/app/authentication/login.html HTTP/1.1" 404 705 "-" "Mozilla/5.0 (Windows NT 10.0; Win64; x64) AppleWebKit/537.36 (KHTML, like Gecko) Chrome/124.0.6367.91 Safari/537.36"
94.72.96.10 - - [20/Feb/2026:01:19:41 +0000] "GET /.env HTTP/1.1" 404 705 "-" "Go-http-client/1.1"
94.72.96.10 - - [20/Feb/2026:01:19:41 +0000] "GET /app/.env HTTP/1.1" 404 705 "-" "Go-http-client/1.1"
87.120.191.67 - - [20/Feb/2026:01:26:00 +0000] "POST / HTTP/1.1" 404 705 "-" "Mozilla/5.0 (Windows NT 10.0; Win64; x64) AppleWebKit/537.36"
14.206.12.13 - - [20/Feb/2026:02:06:14 +0000] "GET /env/.env HTTP/1.1" 404 705 "-" "Go-http-client/1.1"
14.206.12.13 - - [20/Feb/2026:02:06:14 +0000] "GET /.env HTTP/1.1" 404 705 "-" "Go-http-client/1.1"
34.76.210.200 - - [20/Feb/2026:02:11:17 +0000] "GET / HTTP/1.1" 404 705 "-" "python-requests/2.32.5"
34.158.168.101 - - [20/Feb/2026:02:21:26 +0000] "GET /.env HTTP/1.1" 404 1236 "-" "Mozilla/5.0 (Windows NT 10.0; Win64; x64) AppleWebKit/537.36 Chrome/120.0.0.0"
43.143.221.223 - - [20/Feb/2026:02:55:35 +0000] "GET /.env HTTP/1.1" 404 705 "-" "Go-http-client/1.1"
43.143.221.223 - - [20/Feb/2026:02:55:35 +0000] "GET /cpanel/.env HTTP/1.1" 404 705 "-" "Go-http-client/1.1"
87.120.191.67 - - [20/Feb/2026:03:16:51 +0000] "POST / HTTP/1.1" 404 705 "-" "Mozilla/5.0 (Windows NT 10.0; Win64; x64) AppleWebKit/537.36"
165.22.99.86 - - [20/Feb/2026:03:20:06 +0000] "GET /.aws/credentials HTTP/2" 404 705 "-" "Go-http-client/2.0"
165.22.99.86 - - [20/Feb/2026:03:20:08 +0000] "GET /.aws/credentials.gpg HTTP/2" 404 705 "-" "Go-http-client/2.0"
165.22.99.86 - - [20/Feb/2026:03:20:09 +0000] "GET /.s3cfg HTTP/2" 404 705 "-" "Go-http-client/2.0"
165.22.99.86 - - [20/Feb/2026:03:20:11 +0000] "GET /.passwd-s3fs HTTP/2" 404 705 "-" "Go-http-client/2.0"
165.22.99.86 - - [20/Feb/2026:03:20:12 +0000] "GET /s3cmd.ini HTTP/2" 404 705 "-" "Go-http-client/2.0"
165.22.99.86 - - [20/Feb/2026:03:20:14 +0000] "GET /.env HTTP/2" 404 705 "-" "Go-http-client/2.0"
165.22.99.86 - - [20/Feb/2026:03:20:15 +0000] "GET /.env.backup HTTP/2" 404 705 "-" "Go-http-client/2.0"
165.22.99.86 - - [20/Feb/2026:03:20:17 +0000] "GET /.env.bak HTTP/2" 404 705 "-" "Go-http-client/2.0"
165.22.99.86 - - [20/Feb/2026:03:20:18 +0000] "GET /.env.config HTTP/2" 404 705 "-" "Go-http-client/2.0"
165.22.99.86 - - [20/Feb/2026:03:20:20 +0000] "GET /.env.dev HTTP/2" 404 705 "-" "Go-http-client/2.0"
165.22.99.86 - - [20/Feb/2026:03:20:21 +0000] "GET /.env.live HTTP/2" 404 705 "-" "Go-http-client/2.0"
165.22.99.86 - - [20/Feb/2026:03:20:23 +0000] "GET /.env.local HTTP/2" 404 705 "-" "Go-http-client/2.0"
165.22.99.86 - - [20/Feb/2026:03:20:25 +0000] "GET /.env.old HTTP/2" 404 705 "-" "Go-http-client/2.0"
165.22.99.86 - - [20/Feb/2026:03:20:26 +0000] "GET /.env.prod HTTP/2" 404 705 "-" "Go-http-client/2.0"
165.22.99.86 - - [20/Feb/2026:03:20:28 +0000] "GET /.env.production HTTP/2" 404 705 "-" "Go-http-client/2.0"
165.22.99.86 - - [20/Feb/2026:03:20:29 +0000] "GET /.env.save HTTP/2" 404 705 "-" "Go-http-client/2.0"
165.22.99.86 - - [20/Feb/2026:03:20:31 +0000] "GET /.env.staging HTTP/2" 404 705 "-" "Go-http-client/2.0"
165.22.99.86 - - [20/Feb/2026:03:20:32 +0000] "GET /api/.env HTTP/2" 404 705 "-" "Go-http-client/2.0"
165.22.99.86 - - [20/Feb/2026:03:20:34 +0000] "GET /apps/.env HTTP/2" 404 705 "-" "Go-http-client/2.0"
165.22.99.86 - - [20/Feb/2026:03:20:35 +0000] "GET /store/.env HTTP/2" 404 705 "-" "Go-http-client/2.0"
165.22.99.86 - - [20/Feb/2026:03:20:37 +0000] "GET /blog/.env HTTP/2" 404 705 "-" "Go-http-client/2.0"
165.22.99.86 - - [20/Feb/2026:03:20:39 +0000] "GET /new/.env HTTP/2" 404 705 "-" "Go-http-client/2.0"
165.22.99.86 - - [20/Feb/2026:03:20:40 +0000] "GET /old/.env HTTP/2" 404 705 "-" "Go-http-client/2.0"
165.22.99.86 - - [20/Feb/2026:03:20:42 +0000] "GET /app/.env HTTP/2" 404 705 "-" "Go-http-client/2.0"
165.22.99.86 - - [20/Feb/2026:03:20:43 +0000] "GET /public/.env HTTP/2" 404 705 "-" "Go-http-client/2.0"
165.22.99.86 - - [20/Feb/2026:03:20:45 +0000] "GET /portal/.env HTTP/2" 404 705 "-" "Go-http-client/2.0"
165.22.99.86 - - [20/Feb/2026:03:20:46 +0000] "GET /application/.env HTTP/2" 404 705 "-" "Go-http-client/2.0"
165.22.99.86 - - [20/Feb/2026:03:20:48 +0000] "GET /laravel/.env HTTP/2" 404 705 "-" "Go-http-client/2.0"
165.22.99.86 - - [20/Feb/2026:03:20:49 +0000] "GET /laravel/.env HTTP/2" 404 705 "-" "Go-http-client/2.0"
165.22.99.86 - - [20/Feb/2026:03:20:51 +0000] "GET /laravel/.env HTTP/2" 404 705 "-" "Go-http-client/2.0"
165.22.99.86 - - [20/Feb/2026:03:20:52 +0000] "GET /laravel/.env HTTP/2" 404 705 "-" "Go-http-client/2.0"
165.22.99.86 - - [20/Feb/2026:03:20:54 +0000] "GET /backend/.env HTTP/2" 404 705 "-" "Go-http-client/2.0"
165.22.99.86 - - [20/Feb/2026:03:20:56 +0000] "GET /admin/.env HTTP/2" 404 705 "-" "Go-http-client/2.0"
165.22.99.86 - - [20/Feb/2026:03:20:57 +0000] "GET /core/.env HTTP/2" 404 705 "-" "Go-http-client/2.0"
165.22.99.86 - - [20/Feb/2026:03:20:59 +0000] "GET /config/.env HTTP/2" 404 705 "-" "Go-http-client/2.0"
165.22.99.86 - - [20/Feb/2026:03:21:00 +0000] "GET /wp-config.php.bak HTTP/2" 404 705 "-" "Go-http-client/2.0"
165.22.99.86 - - [20/Feb/2026:03:21:02 +0000] "GET /docker-compose.yml HTTP/2" 404 705 "-" "Go-http-client/2.0"
165.22.99.86 - - [20/Feb/2026:03:21:03 +0000] "GET /.github/workflows/build.yaml HTTP/2" 404 705 "-" "Go-http-client/2.0"
165.22.99.86 - - [20/Feb/2026:03:21:05 +0000] "GET /.github/workflows/build.yml HTTP/2" 404 705 "-" "Go-http-client/2.0"
165.22.99.86 - - [20/Feb/2026:03:21:06 +0000] "GET /.github/workflows/ci.yaml HTTP/2" 404 705 "-" "Go-http-client/2.0"
165.22.99.86 - - [20/Feb/2026:03:21:08 +0000] "GET /.github/workflows/ci.yml HTTP/2" 404 705 "-" "Go-http-client/2.0"
165.22.99.86 - - [20/Feb/2026:03:21:09 +0000] "GET /config/settings.yml HTTP/2" 404 705 "-" "Go-http-client/2.0"
165.22.99.86 - - [20/Feb/2026:03:21:11 +0000] "GET /appsettings.json HTTP/2" 404 705 "-" "Go-http-client/2.0"
165.22.99.86 - - [20/Feb/2026:03:21:13 +0000] "GET /assets/credentials.json HTTP/2" 404 705 "-" "Go-http-client/2.0"
165.22.99.86 - - [20/Feb/2026:03:21:14 +0000] "GET /config/production.json HTTP/2" 404 705 "-" "Go-http-client/2.0"
165.22.99.86 - - [20/Feb/2026:03:21:16 +0000] "GET /config.js HTTP/2" 404 705 "-" "Go-http-client/2.0"
165.22.99.86 - - [20/Feb/2026:03:21:17 +0000] "GET /env.dev.js HTTP/2" 404 705 "-" "Go-http-client/2.0"
165.22.99.86 - - [20/Feb/2026:03:21:19 +0000] "GET /env.development.js HTTP/2" 404 705 "-" "Go-http-client/2.0"
165.22.99.86 - - [20/Feb/2026:03:21:20 +0000] "GET /env.js HTTP/2" 404 705 "-" "Go-http-client/2.0"
165.22.99.86 - - [20/Feb/2026:03:21:22 +0000] "GET /env.prod.js HTTP/2" 404 705 "-" "Go-http-client/2.0"
165.22.99.86 - - [20/Feb/2026:03:21:23 +0000] "GET /env.production.js HTTP/2" 404 705 "-" "Go-http-client/2.0"
165.22.99.86 - - [20/Feb/2026:03:21:25 +0000] "GET /static/js/main.js HTTP/2" 404 705 "-" "Go-http-client/2.0"
165.22.99.86 - - [20/Feb/2026:03:21:26 +0000] "GET /static/js/bundle.js HTTP/2" 404 705 "-" "Go-http-client/2.0"
165.22.99.86 - - [20/Feb/2026:03:21:28 +0000] "GET /static/js/main.chunk.js HTTP/2" 404 705 "-" "Go-http-client/2.0"
165.22.99.86 - - [20/Feb/2026:03:21:29 +0000] "GET /environment.js HTTP/2" 404 705 "-" "Go-http-client/2.0"
165.22.99.86 - - [20/Feb/2026:03:21:31 +0000] "GET /scripts/main.js HTTP/2" 404 705 "-" "Go-http-client/2.0"
165.22.99.86 - - [20/Feb/2026:03:21:32 +0000] "GET /main.js HTTP/2" 404 705 "-" "Go-http-client/2.0"
165.22.99.86 - - [20/Feb/2026:03:21:34 +0000] "GET /_profiler HTTP/2" 404 705 "-" "Go-http-client/2.0"
165.22.99.86 - - [20/Feb/2026:03:21:36 +0000] "GET /_profiler/phpinfo HTTP/2" 404 705 "-" "Go-http-client/2.0"
165.22.99.86 - - [20/Feb/2026:03:21:37 +0000] "GET /_profiler/phpinfo.php HTTP/2" 404 705 "-" "Go-http-client/2.0"
165.22.99.86 - - [20/Feb/2026:03:21:39 +0000] "GET /phpinfo.php HTTP/2" 404 705 "-" "Go-http-client/2.0"
165.22.99.86 - - [20/Feb/2026:03:21:40 +0000] "GET /info.php HTTP/2" 404 705 "-" "Go-http-client/2.0"
165.22.99.86 - - [20/Feb/2026:03:21:41 +0000] "GET /pinfo.php HTTP/2" 404 705 "-" "Go-http-client/2.0"
165.22.99.86 - - [20/Feb/2026:03:21:43 +0000] "GET /i.php HTTP/2" 404 705 "-" "Go-http-client/2.0"
165.22.99.86 - - [20/Feb/2026:03:21:45 +0000] "GET /web/.env HTTP/2" 404 705 "-" "Go-http-client/2.0"
165.22.99.86 - - [20/Feb/2026:03:21:46 +0000] "GET /crm/.env HTTP/2" 404 705 "-" "Go-http-client/2.0"
165.22.99.86 - - [20/Feb/2026:03:21:48 +0000] "GET /local/.env HTTP/2" 404 705 "-" "Go-http-client/2.0"
165.22.99.86 - - [20/Feb/2026:03:21:49 +0000] "GET /prod/.env HTTP/2" 404 705 "-" "Go-http-client/2.0"
165.22.99.86 - - [20/Feb/2026:03:21:51 +0000] "GET /vendor/laravel/.env HTTP/2" 404 705 "-" "Go-http-client/2.0"
165.22.99.86 - - [20/Feb/2026:03:21:52 +0000] "GET /vendor/.env HTTP/2" 404 705 "-" "Go-http-client/2.0"
165.22.99.86 - - [20/Feb/2026:03:21:54 +0000] "GET /app/config/.env HTTP/2" 404 705 "-" "Go-http-client/2.0"
165.22.99.86 - - [20/Feb/2026:03:21:55 +0000] "GET /core/app/.env HTTP/2" 404 705 "-" "Go-http-client/2.0"
165.22.99.86 - - [20/Feb/2026:03:21:57 +0000] "GET /.git/info/exclude HTTP/2" 404 705 "-" "Go-http-client/2.0"
165.22.99.86 - - [20/Feb/2026:03:21:58 +0000] "GET /bitbucket-pipelines.yml HTTP/2" 404 705 "-" "Go-http-client/2.0"
165.22.99.86 - - [20/Feb/2026:03:22:00 +0000] "GET /.gitlab-ci.yml HTTP/2" 404 705 "-" "Go-http-client/2.0"
165.22.99.86 - - [20/Feb/2026:03:22:01 +0000] "GET /config/environments/development.rb HTTP/2" 404 705 "-" "Go-http-client/2.0"
165.22.99.86 - - [20/Feb/2026:03:22:03 +0000] "GET /config/environments/production.rb HTTP/2" 404 705 "-" "Go-http-client/2.0"
165.22.99.86 - - [20/Feb/2026:03:22:04 +0000] "GET /config/environments/staging.rb HTTP/2" 404 705 "-" "Go-http-client/2.0"
165.22.99.86 - - [20/Feb/2026:03:22:06 +0000] "GET /wp-content/w3tc-config/master-preview.php HTTP/2" 404 705 "-" "Go-http-client/2.0"
165.22.99.86 - - [20/Feb/2026:03:22:07 +0000] "GET /wp-content/w3tc-config/master.php HTTP/2" 404 705 "-" "Go-http-client/2.0"
165.22.99.86 - - [20/Feb/2026:03:22:09 +0000] "GET /.shared/.env HTTP/2" 404 705 "-" "Go-http-client/2.0"
165.22.99.86 - - [20/Feb/2026:03:22:11 +0000] "GET /system/.env HTTP/2" 404 705 "-" "Go-http-client/2.0"
165.22.99.86 - - [20/Feb/2026:03:22:12 +0000] "GET /api/src/.env HTTP/2" 404 705 "-" "Go-http-client/2.0"
165.22.99.86 - - [20/Feb/2026:03:22:14 +0000] "GET /.env_mail_server HTTP/2" 404 705 "-" "Go-http-client/2.0"
165.22.99.86 - - [20/Feb/2026:03:22:15 +0000] "GET /project/.env HTTP/2" 404 705 "-" "Go-http-client/2.0"
165.22.99.86 - - [20/Feb/2026:03:22:17 +0000] "GET /.env.development HTTP/2" 404 705 "-" "Go-http-client/2.0"
165.22.99.86 - - [20/Feb/2026:03:22:19 +0000] "GET /private/.env HTTP/2" 404 705 "-" "Go-http-client/2.0"
165.22.99.86 - - [20/Feb/2026:03:22:20 +0000] "GET /user/.env.staging HTTP/2" 404 705 "-" "Go-http-client/2.0"
165.22.99.86 - - [20/Feb/2026:03:22:22 +0000] "GET /doc/.env HTTP/2" 404 705 "-" "Go-http-client/2.0"
165.22.99.86 - - [20/Feb/2026:03:22:23 +0000] "GET /.env.stage HTTP/2" 404 705 "-" "Go-http-client/2.0"
165.22.99.86 - - [20/Feb/2026:03:22:25 +0000] "GET /v1/.env HTTP/2" 404 705 "-" "Go-http-client/2.0"
165.22.99.86 - - [20/Feb/2026:03:22:26 +0000] "GET /dev/.env HTTP/2" 404 705 "-" "Go-http-client/2.0"
165.22.99.86 - - [20/Feb/2026:03:22:28 +0000] "GET /config/filesystems.php HTTP/2" 404 705 "-" "Go-http-client/2.0"
165.22.99.86 - - [20/Feb/2026:03:22:29 +0000] "GET /config/mail.php HTTP/2" 404 705 "-" "Go-http-client/2.0"
165.22.99.86 - - [20/Feb/2026:03:22:31 +0000] "GET /wp-config.php.orig HTTP/2" 404 705 "-" "Go-http-client/2.0"
165.22.99.86 - - [20/Feb/2026:03:22:32 +0000] "GET /wp-config.php HTTP/2" 404 705 "-" "Go-http-client/2.0"
165.22.99.86 - - [20/Feb/2026:03:22:34 +0000] "GET /index.php HTTP/2" 404 705 "-" "Go-http-client/2.0"
165.22.99.86 - - [20/Feb/2026:03:22:36 +0000] "GET /temp.php HTTP/2" 404 705 "-" "Go-http-client/2.0"
165.22.99.86 - - [20/Feb/2026:03:22:37 +0000] "GET /config/queue.php HTTP/2" 404 705 "-" "Go-http-client/2.0"
165.22.99.86 - - [20/Feb/2026:03:22:39 +0000] "GET /config/services.php HTTP/2" 404 705 "-" "Go-http-client/2.0"
165.22.99.86 - - [20/Feb/2026:03:22:40 +0000] "GET /info HTTP/2" 404 705 "-" "Go-http-client/2.0"
165.22.99.86 - - [20/Feb/2026:03:22:42 +0000] "GET /phpinfo.php3 HTTP/2" 404 705 "-" "Go-http-client/2.0"
20.65.195.19 - - [20/Feb/2026:04:06:55 +0000] "GET / HTTP/1.1" 404 705 "-" "Mozilla/5.0 zgrab/0.x"
77.83.39.162 - - [20/Feb/2026:04:43:50 +0000] "GET /.git/index HTTP/1.1" 404 705 "-" "Mozilla/5.0 (X11; Linux x86_64) AppleWebKit/537.36 (KHTML, like Gecko) Chrome/67.0.3396.62 Safari/537.36"
87.120.191.67 - - [20/Feb/2026:04:45:42 +0000] "POST / HTTP/1.1" 404 705 "-" "Mozilla/5.0 (Windows NT 10.0; Win64; x64) AppleWebKit/537.36"
81.29.142.100 - - [20/Feb/2026:04:58:47 +0000] "GET / HTTP/1.1" 404 1236 "-" "Mozilla/5.0 (Windows NT 6.1; WOW64) AppleWebKit/537.36 (KHTML, like Gecko) Chrome/89.0.4389.86 YaBrowser/21.3.0.673 Yowser/2.5 Safari/537.36"
81.29.142.100 - - [20/Feb/2026:04:58:48 +0000] "GET /favicon.ico HTTP/1.1" 404 1236 "-" "Mozilla/5.0 (Windows NT 6.1; WOW64) AppleWebKit/537.36 (KHTML, like Gecko) Chrome/89.0.4389.86 YaBrowser/21.3.0.673 Yowser/2.5 Safari/537.36"
5.61.209.92 - - [20/Feb/2026:05:04:16 +0000] "GET /SDK/webLanguage HTTP/1.1" 404 705 "-" "Mozilla/5.0 (Windows NT 10.0; Win64; x64) AppleWebKit/537.36 (KHTML, like Gecko) Chrome/90.0.4430.85 Safari/537.36 Edg/90.0.818.46"
194.165.16.11 - - [20/Feb/2026:05:55:27 +0000] "GET /get_mech_list?version=3 HTTP/1.1" 404 705 "-" "Mozilla/5.0 (Windows NT 10.0; rv:128.0) Gecko/20100101 Firefox/128.0"
194.165.16.11 - - [20/Feb/2026:05:55:27 +0000] "GET /nw HTTP/1.1" 404 1236 "-" "-"
85.11.167.125 - - [20/Feb/2026:06:01:10 +0000] "PROPFIND / HTTP/1.1" 404 1236 "http://150.230.34.123:443/" "-"
87.120.191.67 - - [20/Feb/2026:06:23:32 +0000] "POST / HTTP/1.1" 404 705 "-" "Mozilla/5.0 (Windows NT 10.0; Win64; x64) AppleWebKit/537.36"
94.26.88.61 - - [20/Feb/2026:06:35:36 +0000] "GET / HTTP/1.1" 404 705 "http://150.230.34.123:443" "Go-http-client/1.1"
185.242.226.121 - - [20/Feb/2026:06:46:36 +0000] "GET / HTTP/1.1" 404 705 "-" "Mozilla/5.0 (Windows NT 10.0; Win64; x64) AppleWebKit/537.36 (KHTML, like Gecko) Chrome/88.0.4324.190 Safari/537.36"
