97.107.140.120 - - [20/Feb/2026:20:49:42 +0000] "GET /home.pl HTTP/1.1" 404 1236 "-" "Mozilla/5.0 (X11; Ubuntu; Linux x86_64; rv:134.0.0) Gecko/20100101 Firefox/134.0.0"
97.107.140.120 - - [20/Feb/2026:20:49:43 +0000] "GET /main.jsa HTTP/1.1" 404 1236 "-" "Mozilla/5.0 (X11; Ubuntu; Linux x86_64; rv:134.0.0) Gecko/20100101 Firefox/134.0.0"
97.107.140.120 - - [20/Feb/2026:20:49:43 +0000] "GET /menu.cgi HTTP/1.1" 404 1236 "-" "Mozilla/5.0 (X11; Ubuntu; Linux x86_64; rv:134.0.0) Gecko/20100101 Firefox/134.0.0"
97.107.140.120 - - [20/Feb/2026:20:49:43 +0000] "GET /base.html HTTP/1.1" 404 1236 "-" "Mozilla/5.0 (X11; Ubuntu; Linux x86_64; rv:134.0.0) Gecko/20100101 Firefox/134.0.0"
97.107.140.120 - - [20/Feb/2026:20:49:43 +0000] "GET /main.pl HTTP/1.1" 404 1236 "-" "Mozilla/5.0 (X11; Ubuntu; Linux x86_64; rv:134.0.0) Gecko/20100101 Firefox/134.0.0"
97.107.140.120 - - [20/Feb/2026:20:49:44 +0000] "GET /base.asp HTTP/1.1" 404 1236 "-" "Mozilla/5.0 (X11; Ubuntu; Linux x86_64; rv:134.0.0) Gecko/20100101 Firefox/134.0.0"
97.107.140.120 - - [20/Feb/2026:20:49:44 +0000] "GET /home.aspx HTTP/1.1" 404 1236 "-" "Mozilla/5.0 (X11; Ubuntu; Linux x86_64; rv:134.0.0) Gecko/20100101 Firefox/134.0.0"
97.107.140.120 - - [20/Feb/2026:20:49:45 +0000] "GET /inicio.jhtml HTTP/1.1" 404 1236 "-" "Mozilla/5.0 (X11; Ubuntu; Linux x86_64; rv:134.0.0) Gecko/20100101 Firefox/134.0.0"
97.107.140.120 - - [20/Feb/2026:20:49:45 +0000] "GET /default.asp HTTP/1.1" 404 1236 "-" "Mozilla/5.0 (X11; Ubuntu; Linux x86_64; rv:134.0.0) Gecko/20100101 Firefox/134.0.0"
97.107.140.120 - - [20/Feb/2026:20:49:45 +0000] "GET /default.shtml HTTP/1.1" 404 1236 "-" "Mozilla/5.0 (X11; Ubuntu; Linux x86_64; rv:134.0.0) Gecko/20100101 Firefox/134.0.0"
97.107.140.120 - - [20/Feb/2026:20:49:46 +0000] "GET /main.cfm HTTP/1.1" 404 1236 "-" "Mozilla/5.0 (X11; Ubuntu; Linux x86_64; rv:134.0.0) Gecko/20100101 Firefox/134.0.0"
97.107.140.120 - - [20/Feb/2026:20:49:46 +0000] "GET / HTTP/1.0" 404 1236 "-" "-"
97.107.140.120 - - [20/Feb/2026:20:49:46 +0000] "GET / HTTP/1.1" 404 1236 "-" "-"
102.22.20.125 - - [20/Feb/2026:21:06:49 +0000] "GET /admin/config.php HTTP/1.0" 404 1236 "-" "xfa1,nvdorz,nvd0rz"
185.241.208.170 - - [20/Feb/2026:21:09:20 +0000] "GET /.git/description HTTP/1.1" 404 705 "-" "Mozilla/5.0 (X11; Linux x86_64) AppleWebKit/537.36 (KHTML, like Gecko) Ubuntu Chromium/73.0.3683.86 Chrome/73.0.3683.86 Safari/537.36"
107.189.24.165 - - [20/Feb/2026:21:44:33 +0000] "GET /welcome HTTP/1.1" 404 1236 "-" "-"
45.83.31.168 - - [20/Feb/2026:21:49:38 +0000] "GET /.env HTTP/1.1" 404 705 "-" "Mozilla/5.0 (adaptive-bot)"
198.235.24.145 - - [20/Feb/2026:22:07:34 +0000] "GET / HTTP/1.1" 404 705 "-" "Hello from Palo Alto Networks, find out more about our scans in https://docs-cortex.paloaltonetworks.com/r/1/Cortex-Xpanse/Scanning-activity"
18.205.172.222 - - [20/Feb/2026:22:17:38 +0000] "GET / HTTP/1.1" 404 705 "-" "Go-http-client/1.1"
78.153.140.251 - - [20/Feb/2026:22:26:19 +0000] "GET /.env HTTP/1.1" 404 705 "-" "Mozilla/5.0 (Windows NT 10.0; Win64; x64) AppleWebKit/537.36 (KHTML, like Gecko) Chrome/116.0.5845.140 Safari/537.36"
78.153.140.251 - - [20/Feb/2026:22:26:20 +0000] "POST / HTTP/1.1" 404 705 "-" "Mozilla/5.0 (Windows NT 10.0; Win64; x64) AppleWebKit/537.36 (KHTML, like Gecko) Chrome/116.0.5845.140 Safari/537.36"
77.83.39.139 - - [20/Feb/2026:22:59:16 +0000] "GET /_profiler/phpinfo HTTP/1.1" 404 705 "-" "Mozilla/5.0 (Macintosh; Intel Mac OS X 10_10_5) AppleWebKit/602.2.14 (KHTML, like Gecko) Version/10.0.1 Safari/602.2.14"
79.124.40.174 - - [20/Feb/2026:23:02:29 +0000] "GET /actuator/gateway/routes HTTP/1.1" 404 705 "-" "Mozilla/5.0 (Windows NT 10.0; Win64; x64) AppleWebKit/537.36 (KHTML, like Gecko) Chrome/78.0.3904.108 Safari/537.36"
85.11.183.6 - - [20/Feb/2026:23:11:08 +0000] "GET / HTTP/1.1" 404 705 "-" "Mozilla/5.0 (Windows NT 10.0; Win64; x64) AppleWebKit/537.36 (KHTML, like Gecko) Chrome/140.0.0.0 Safari/537.36"
85.11.183.6 - - [20/Feb/2026:23:11:09 +0000] "GET / HTTP/1.1" 404 705 "-" "Mozilla/5.0 (Windows NT 10.0; Win64; x64) AppleWebKit/537.36 (KHTML, like Gecko) Chrome/140.0.0.0 Safari/537.36"
50.17.112.143 - - [20/Feb/2026:23:15:27 +0000] "GET /robots.txt HTTP/1.1" 404 705 "-" "Mozilla/5.0 (Windows NT 10.0; Win64; x64) AppleWebKit/537.36 (KHTML, like Gecko) Chrome/136.0.0.0 Safari/537.36"
54.144.193.250 - - [20/Feb/2026:23:15:27 +0000] "GET / HTTP/1.1" 404 705 "-" "Mozilla/5.0 (Windows NT 10.0; Win64; x64) AppleWebKit/537.36 (KHTML, like Gecko) Chrome/136.0.0.0 Safari/537.36"
3.94.114.66 - - [20/Feb/2026:23:15:58 +0000] "GET /favicon.ico HTTP/1.1" 404 705 "-" "Mozilla/5.0 (Windows NT 10.0; Win64; x64) AppleWebKit/537.36 (KHTML, like Gecko) Chrome/136.0.0.0 Safari/537.36"
185.12.59.117 - - [20/Feb/2026:23:26:19 +0000] "GET /Dr0v HTTP/1.1" 404 1236 "-" "-"
40.119.40.152 - - [21/Feb/2026:00:12:51 +0000] "GET /version HTTP/1.1" 404 705 "-" "Mozilla/5.0 zgrab/0.x"
78.153.140.251 - - [21/Feb/2026:00:23:27 +0000] "GET /.env HTTP/1.1" 404 705 "-" "Mozilla/5.0 (Windows NT 10.0; Win64; x64) AppleWebKit/537.36 (KHTML, like Gecko) Chrome/116.0.5845.140 Safari/537.36"
78.153.140.251 - - [21/Feb/2026:00:23:27 +0000] "POST / HTTP/1.1" 404 705 "-" "Mozilla/5.0 (Windows NT 10.0; Win64; x64) AppleWebKit/537.36 (KHTML, like Gecko) Chrome/116.0.5845.140 Safari/537.36"
192.241.154.87 - - [21/Feb/2026:00:48:13 +0000] "GET / HTTP/1.1" 404 1236 "-" "Mozilla/5.0 (Windows NT 10.0; Win64; x64; rv:109.0) Gecko/20100101 Firefox/118.0"
20.171.8.181 - - [21/Feb/2026:01:01:28 +0000] "GET / HTTP/1.1" 404 705 "http://150.230.34.123:443/" "Mozilla/5.0 zgrab/0.x"
45.82.78.107 - - [21/Feb/2026:01:11:50 +0000] "GET / HTTP/2" 404 705 "-" "Mozilla/5.0 (Macintosh; Intel Mac OS X 10_15_7) AppleWebKit/537.36 (KHTML, like Gecko) Chrome/136.0.0.0 Safari/537.36"
162.216.150.137 - - [21/Feb/2026:01:22:48 +0000] "GET / HTTP/1.1" 404 705 "-" "Hello from Palo Alto Networks, find out more about our scans in https://docs-cortex.paloaltonetworks.com/r/1/Cortex-Xpanse/Scanning-activity"
192.253.248.151 - - [21/Feb/2026:01:25:24 +0000] "GET / HTTP/1.1" 404 705 "-" "Mozilla/5.0 (X11; CrOS x86_64 14541.0.0) AppleWebKit/537.36 (KHTML, like Gecko) Chrome/135.0.0.0 Safari/537.36"
176.65.134.20 - - [21/Feb/2026:02:09:47 +0000] "PROPFIND / HTTP/1.1" 404 1236 "http://150.230.34.123:443/" "-"
20.169.85.114 - - [21/Feb/2026:02:42:34 +0000] "GET /ecp/Current/exporttool/microsoft.exchange.ediscovery.exporttool.application HTTP/1.1" 404 705 "-" "Mozilla/5.0 zgrab/0.x"
185.12.59.117 - - [21/Feb/2026:03:25:18 +0000] "GET /Dr0v HTTP/1.1" 404 1236 "-" "-"
165.154.254.220 - - [21/Feb/2026:03:28:03 +0000] "GET / HTTP/1.1" 404 705 "-" "Mozilla/5.0 (Macintosh; Intel Mac OS X 11) AppleWebKit/538.41 (KHTML, like Gecko) Chrome/87.0.4280.88 Safari/537.36"
165.154.254.220 - - [21/Feb/2026:03:28:03 +0000] "GET /favicon.ico HTTP/1.1" 404 705 "-" "Mozilla/5.0 (Macintosh; Intel Mac OS X 11) AppleWebKit/538.41 (KHTML, like Gecko) Chrome/87.0.4280.88 Safari/537.36"
87.120.191.67 - - [21/Feb/2026:03:30:05 +0000] "POST / HTTP/1.1" 404 705 "-" "Mozilla/5.0 (Windows NT 10.0; Win64; x64) AppleWebKit/537.36"
49.248.192.204 - - [21/Feb/2026:03:39:18 +0000] "GET /frontend/.env HTTP/1.1" 404 1236 "-" "Mozilla/5.0"
49.248.192.204 - - [21/Feb/2026:03:39:18 +0000] "GET /.env.testing HTTP/1.1" 404 1236 "-" "Mozilla/5.0"
49.248.192.204 - - [21/Feb/2026:03:39:18 +0000] "GET /.env.dist HTTP/1.1" 404 1236 "-" "Mozilla/5.0"
49.248.192.204 - - [21/Feb/2026:03:39:18 +0000] "GET /docker-compose.yml HTTP/1.1" 404 1236 "-" "Mozilla/5.0"
49.248.192.204 - - [21/Feb/2026:03:39:18 +0000] "GET /secrets.json HTTP/1.1" 404 1236 "-" "Mozilla/5.0"
49.248.192.204 - - [21/Feb/2026:03:39:18 +0000] "GET /.env.save HTTP/1.1" 404 1236 "-" "Mozilla/5.0"
49.248.192.204 - - [21/Feb/2026:03:39:18 +0000] "GET /.env HTTP/1.1" 404 1236 "-" "Mozilla/5.0"
49.248.192.204 - - [21/Feb/2026:03:39:18 +0000] "GET /.env.staging HTTP/1.1" 404 1236 "-" "Mozilla/5.0"
49.248.192.204 - - [21/Feb/2026:03:39:18 +0000] "GET /.env.development HTTP/1.1" 404 1236 "-" "Mozilla/5.0"
49.248.192.204 - - [21/Feb/2026:03:39:18 +0000] "GET /settings.php HTTP/1.1" 404 1236 "-" "Mozilla/5.0"
49.248.192.204 - - [21/Feb/2026:03:39:18 +0000] "GET /docker.env HTTP/1.1" 404 1236 "-" "Mozilla/5.0"
49.248.192.204 - - [21/Feb/2026:03:39:18 +0000] "GET /.env.local HTTP/1.1" 404 1236 "-" "Mozilla/5.0"
49.248.192.204 - - [21/Feb/2026:03:39:18 +0000] "GET /.git/config HTTP/1.1" 404 1236 "-" "Mozilla/5.0"
49.248.192.204 - - [21/Feb/2026:03:39:18 +0000] "GET /configuration.php HTTP/1.1" 404 1236 "-" "Mozilla/5.0"
49.248.192.204 - - [21/Feb/2026:03:39:18 +0000] "GET /django/.env HTTP/1.1" 404 1236 "-" "Mozilla/5.0"
49.248.192.204 - - [21/Feb/2026:03:39:18 +0000] "GET /.env.production HTTP/1.1" 404 1236 "-" "Mozilla/5.0"
49.248.192.204 - - [21/Feb/2026:03:39:18 +0000] "GET /www/.env HTTP/1.1" 404 1236 "-" "Mozilla/5.0"
49.248.192.204 - - [21/Feb/2026:03:39:18 +0000] "GET /symfony/.env.local HTTP/1.1" 404 1236 "-" "Mozilla/5.0"
49.248.192.204 - - [21/Feb/2026:03:39:18 +0000] "GET /node/.env HTTP/1.1" 404 1236 "-" "Mozilla/5.0"
49.248.192.204 - - [21/Feb/2026:03:39:18 +0000] "GET /config.php HTTP/1.1" 404 1236 "-" "Mozilla/5.0"
49.248.192.204 - - [21/Feb/2026:03:39:18 +0000] "GET /.github_token HTTP/1.1" 404 1236 "-" "Mozilla/5.0"
49.248.192.204 - - [21/Feb/2026:03:39:18 +0000] "GET /.env.dev HTTP/1.1" 404 1236 "-" "Mozilla/5.0"
49.248.192.204 - - [21/Feb/2026:03:39:18 +0000] "GET /.gitlab_token HTTP/1.1" 404 1236 "-" "Mozilla/5.0"
49.248.192.204 - - [21/Feb/2026:03:39:18 +0000] "GET /.env.test HTTP/1.1" 404 1236 "-" "Mozilla/5.0"
49.248.192.204 - - [21/Feb/2026:03:39:18 +0000] "GET /admin/.env HTTP/1.1" 404 1236 "-" "Mozilla/5.0"
49.248.192.204 - - [21/Feb/2026:03:39:18 +0000] "GET /secrets.txt HTTP/1.1" 404 1236 "-" "Mozilla/5.0"
49.248.192.204 - - [21/Feb/2026:03:39:18 +0000] "GET /appsettings.json HTTP/1.1" 404 1236 "-" "Mozilla/5.0"
49.248.192.204 - - [21/Feb/2026:03:39:18 +0000] "GET /django/.env.prod HTTP/1.1" 404 1236 "-" "Mozilla/5.0"
49.248.192.204 - - [21/Feb/2026:03:39:18 +0000] "GET /node/.env.development HTTP/1.1" 404 1236 "-" "Mozilla/5.0"
49.248.192.204 - - [21/Feb/2026:03:39:18 +0000] "GET /.env.prod HTTP/1.1" 404 1236 "-" "Mozilla/5.0"
49.248.192.204 - - [21/Feb/2026:03:39:18 +0000] "GET /node/.env.production HTTP/1.1" 404 1236 "-" "Mozilla/5.0"
49.248.192.204 - - [21/Feb/2026:03:39:18 +0000] "GET /.env.old HTTP/1.1" 404 1236 "-" "Mozilla/5.0"
49.248.192.204 - - [21/Feb/2026:03:39:18 +0000] "GET /symfony/.env.dev HTTP/1.1" 404 1236 "-" "Mozilla/5.0"
49.248.192.204 - - [21/Feb/2026:03:39:18 +0000] "GET /settings.json HTTP/1.1" 404 1236 "-" "Mozilla/5.0"
49.248.192.204 - - [21/Feb/2026:03:39:18 +0000] "GET /.env.container HTTP/1.1" 404 1236 "-" "Mozilla/5.0"
49.248.192.204 - - [21/Feb/2026:03:39:18 +0000] "GET /django/local_settings.py HTTP/1.1" 404 1236 "-" "Mozilla/5.0"
49.248.192.204 - - [21/Feb/2026:03:39:18 +0000] "GET /auth.json HTTP/1.1" 404 1236 "-" "Mozilla/5.0"
49.248.192.204 - - [21/Feb/2026:03:39:18 +0000] "GET /django/settings.py HTTP/1.1" 404 1236 "-" "Mozilla/5.0"
49.248.192.204 - - [21/Feb/2026:03:39:18 +0000] "GET /api/.env HTTP/1.1" 404 1236 "-" "Mozilla/5.0"
49.248.192.204 - - [21/Feb/2026:03:39:18 +0000] "GET /symfony/.env HTTP/1.1" 404 1236 "-" "Mozilla/5.0"
49.248.192.204 - - [21/Feb/2026:03:39:18 +0000] "GET /credentials.json HTTP/1.1" 404 1236 "-" "Mozilla/5.0"
49.248.192.204 - - [21/Feb/2026:03:39:18 +0000] "GET /config.json HTTP/1.1" 404 1236 "-" "Mozilla/5.0"
49.248.192.204 - - [21/Feb/2026:03:39:18 +0000] "GET /laravel/.env HTTP/1.1" 404 1236 "-" "Mozilla/5.0"
49.248.192.204 - - [21/Feb/2026:03:39:18 +0000] "GET /.env.backup HTTP/1.1" 404 1236 "-" "Mozilla/5.0"
49.248.192.204 - - [21/Feb/2026:03:39:18 +0000] "GET /backend/.env HTTP/1.1" 404 1236 "-" "Mozilla/5.0"
49.248.192.204 - - [21/Feb/2026:03:39:18 +0000] "GET /wp-config.php HTTP/1.1" 404 1236 "-" "Mozilla/5.0"
49.248.192.204 - - [21/Feb/2026:03:39:18 +0000] "GET /node/config.env HTTP/1.1" 404 1236 "-" "Mozilla/5.0"
49.248.192.204 - - [21/Feb/2026:03:39:18 +0000] "GET /public/.env HTTP/1.1" 404 1236 "-" "Mozilla/5.0"
49.248.192.204 - - [21/Feb/2026:03:39:18 +0000] "GET /.env.docker HTTP/1.1" 404 1236 "-" "Mozilla/5.0"
49.248.192.204 - - [21/Feb/2026:03:39:18 +0000] "GET /html/.env HTTP/1.1" 404 1236 "-" "Mozilla/5.0"
49.248.192.204 - - [21/Feb/2026:03:39:18 +0000] "GET /app/.env HTTP/1.1" 404 1236 "-" "Mozilla/5.0"
49.248.192.204 - - [21/Feb/2026:03:39:18 +0000] "GET /docker-compose.override.yml HTTP/1.1" 404 1236 "-" "Mozilla/5.0"
49.248.192.204 - - [21/Feb/2026:03:39:18 +0000] "GET /.env.example HTTP/1.1" 404 1236 "-" "Mozilla/5.0"
49.248.192.204 - - [21/Feb/2026:03:39:18 +0000] "GET /tokens.txt HTTP/1.1" 404 1236 "-" "Mozilla/5.0"
49.51.33.159 - - [21/Feb/2026:04:20:17 +0000] "GET / HTTP/1.1" 404 705 "http://150.230.34.123:443" "Mozilla/5.0 (iPhone; CPU iPhone OS 13_2_3 like Mac OS X) AppleWebKit/605.1.15 (KHTML, like Gecko) Version/13.0.3 Mobile/15E148 Safari/604.1"
148.153.56.62 - - [21/Feb/2026:04:21:43 +0000] "GET /Dxm3 HTTP/1.1" 404 705 "-" "Mozilla/5.0 (Macintosh; Intel Mac OS X 10.9; rv:32.0) Gecko/20100101 Firefox/32.0"
148.153.56.62 - - [21/Feb/2026:04:21:43 +0000] "GET /aab8 HTTP/1.1" 404 705 "-" "Mozilla/5.0 (Macintosh; Intel Mac OS X 10.9; rv:32.0) Gecko/20100101 Firefox/32.0"
148.153.56.62 - - [21/Feb/2026:04:21:43 +0000] "GET /eRq5 HTTP/1.1" 404 705 "-" "Mozilla/5.0 (Macintosh; Intel Mac OS X 10.9; rv:32.0) Gecko/20100101 Firefox/32.0"
148.153.56.62 - - [21/Feb/2026:04:21:43 +0000] "GET /jquery-3.3.1.slim.min.js HTTP/1.1" 404 705 "-" "Mozilla/5.0 (Macintosh; Intel Mac OS X 10.9; rv:32.0) Gecko/20100101 Firefox/32.0"
148.153.56.62 - - [21/Feb/2026:04:21:44 +0000] "GET /aab9 HTTP/1.1" 404 705 "-" "Mozilla/5.0 (Macintosh; Intel Mac OS X 10.9; rv:32.0) Gecko/20100101 Firefox/32.0"
148.153.56.62 - - [21/Feb/2026:04:21:44 +0000] "GET /jquery-3.3.2.slim.min.js HTTP/1.1" 404 705 "-" "Mozilla/5.0 (Macintosh; Intel Mac OS X 10.9; rv:32.0) Gecko/20100101 Firefox/32.0"
65.49.20.66 - - [21/Feb/2026:04:28:00 +0000] "GET / HTTP/1.1" 404 705 "-" "Mozilla/5.0 (X11; Linux x86_64) AppleWebKit/537.36 (KHTML, like Gecko) Chrome/124.0.0.0 Safari/537.36"
65.49.20.66 - - [21/Feb/2026:04:34:45 +0000] "GET /favicon.ico HTTP/1.1" 404 705 "-" "Mozilla/5.0 (X11; Linux x86_64; rv:139.0) Gecko/20100101 Firefox/139.0"
65.49.20.66 - - [21/Feb/2026:04:35:29 +0000] "GET / HTTP/1.1" 404 705 "-" "Mozilla/5.0 (X11; Linux x86_64) AppleWebKit/537.36 (KHTML, like Gecko) Chrome/124.0.0.0 Safari/537.36"
65.49.20.66 - - [21/Feb/2026:04:43:44 +0000] "GET /geoserver/web/ HTTP/1.1" 404 705 "-" "Mozilla/5.0 (Windows NT 10.0; rv:108.0) Gecko/20100101 Firefox/108.0"
78.153.140.50 - - [21/Feb/2026:05:38:42 +0000] "GET /.env HTTP/1.1" 404 705 "-" "Mozilla/5.0 (Windows NT 10.0; Win64; x64) AppleWebKit/537.36 (KHTML, like Gecko) Chrome/116.0.5845.140 Safari/537.36"
78.153.140.50 - - [21/Feb/2026:05:38:43 +0000] "POST / HTTP/1.1" 404 705 "-" "Mozilla/5.0 (Windows NT 10.0; Win64; x64) AppleWebKit/537.36 (KHTML, like Gecko) Chrome/116.0.5845.140 Safari/537.36"
185.241.208.170 - - [21/Feb/2026:07:11:45 +0000] "GET /.git/hooks/ HTTP/1.1" 404 705 "-" "Mozilla/5.0 (iPhone; CPU iPhone OS 12_2 like Mac OS X) AppleWebKit/605.1.15 (KHTML, like Gecko) CriOS/76.0.3809.81 Mobile/15E148 Safari/605.1"
20.65.154.130 - - [21/Feb/2026:07:17:23 +0000] "GET /developmentserver/metadatauploader HTTP/1.1" 404 705 "-" "Mozilla/5.0 zgrab/0.x"
45.79.181.104 - - [21/Feb/2026:07:21:19 +0000] "GET / HTTP/1.1" 404 705 "-" "Mozilla/5.0 (Macintosh; Intel Mac OS X 13_1) AppleWebKit/537.36 (KHTML, like Gecko) Chrome/108.0.0.0 Safari/537.36"
204.76.203.18 - - [21/Feb/2026:07:39:29 +0000] "GET /backup/ HTTP/1.1" 404 1236 "-" "-"
185.12.59.117 - - [21/Feb/2026:07:48:25 +0000] "GET /Dr0v HTTP/1.1" 404 1236 "-" "-"
85.11.183.6 - - [21/Feb/2026:08:32:08 +0000] "GET / HTTP/1.1" 404 705 "-" "Mozilla/5.0 (Windows NT 10.0; Win64; x64) AppleWebKit/537.36 (KHTML, like Gecko) Chrome/140.0.0.0 Safari/537.36"
85.11.183.6 - - [21/Feb/2026:08:32:19 +0000] "GET / HTTP/1.1" 404 705 "-" "Mozilla/5.0 (Windows NT 10.0; Win64; x64) AppleWebKit/537.36 (KHTML, like Gecko) Chrome/140.0.0.0 Safari/537.36"
87.120.191.67 - - [21/Feb/2026:08:51:19 +0000] "POST / HTTP/1.1" 404 705 "-" "Mozilla/5.0 (Windows NT 10.0; Win64; x64) AppleWebKit/537.36"
78.153.140.50 - - [21/Feb/2026:09:12:50 +0000] "GET /.env HTTP/1.1" 404 705 "-" "Mozilla/5.0 (Windows NT 10.0; Win64; x64) AppleWebKit/537.36 (KHTML, like Gecko) Chrome/116.0.5845.140 Safari/537.36"
78.153.140.50 - - [21/Feb/2026:09:12:51 +0000] "POST / HTTP/1.1" 404 705 "-" "Mozilla/5.0 (Windows NT 10.0; Win64; x64) AppleWebKit/537.36 (KHTML, like Gecko) Chrome/116.0.5845.140 Safari/537.36"
81.29.142.6 - - [21/Feb/2026:09:37:54 +0000] "GET / HTTP/1.1" 404 1236 "-" "Mozilla/5.0 (Windows NT 6.1; Win64; x64) AppleWebKit/537.36 (KHTML, like Gecko) Chrome/88.0.4324.104 Safari/537.36"
81.29.142.6 - - [21/Feb/2026:09:37:56 +0000] "GET /favicon.ico HTTP/1.1" 404 1236 "-" "Mozilla/5.0 (Windows NT 6.1; Win64; x64) AppleWebKit/537.36 (KHTML, like Gecko) Chrome/88.0.4324.104 Safari/537.36"
94.231.206.5 - - [21/Feb/2026:09:57:17 +0000] "GET / HTTP/1.1" 404 1236 "-" "Mozilla/5.0 (X11; Ubuntu; Linux x86_64; rv:134.0) Gecko/20100101 Firefox/134.0"
94.231.206.12 - - [21/Feb/2026:09:59:12 +0000] "GET /favicon.ico HTTP/1.1" 404 1236 "-" "Mozilla/5.0 (X11; Ubuntu; Linux x86_64; rv:134.0) Gecko/20100101 Firefox/134.0"
87.120.191.67 - - [21/Feb/2026:10:07:03 +0000] "POST / HTTP/1.1" 404 705 "-" "Mozilla/5.0 (Windows NT 10.0; Win64; x64) AppleWebKit/537.36"
135.237.123.227 - - [21/Feb/2026:10:07:39 +0000] "GET /autodiscover/autodiscover.json?@zdi/Powershell HTTP/1.1" 404 705 "-" "Mozilla/5.0 zgrab/0.x"
185.12.59.117 - - [21/Feb/2026:11:34:59 +0000] "GET /Dr0v HTTP/1.1" 404 1236 "-" "-"
185.247.137.160 - - [21/Feb/2026:11:58:46 +0000] "GET / HTTP/1.1" 404 705 "-" "Mozilla/5.0 (compatible; InternetMeasurement/1.0; +https://internet-measurement.com/)"
43.153.49.151 - - [21/Feb/2026:12:22:12 +0000] "GET / HTTP/1.1" 404 705 "http://150.230.34.123:443" "Mozilla/5.0 (iPhone; CPU iPhone OS 13_2_3 like Mac OS X) AppleWebKit/605.1.15 (KHTML, like Gecko) Version/13.0.3 Mobile/15E148 Safari/604.1"
91.230.168.252 - - [21/Feb/2026:13:06:38 +0000] "GET / HTTP/1.1" 404 1236 "-" "Mozilla/5.0 (X11; Ubuntu; Linux x86_64; rv:134.0) Gecko/20100101 Firefox/134.0"
195.184.76.18 - - [21/Feb/2026:13:09:08 +0000] "GET /favicon.ico HTTP/1.1" 404 1236 "-" "Mozilla/5.0 (X11; Ubuntu; Linux x86_64; rv:134.0) Gecko/20100101 Firefox/134.0"
216.180.246.164 - - [21/Feb/2026:13:11:26 +0000] "GET / HTTP/1.1" 404 705 "-" "Mozilla/5.0 (compatible; GenomeCrawlerd/1.0; +https://www.nokia.com/genomecrawler)"
216.180.246.164 - - [21/Feb/2026:13:11:28 +0000] "GET /manage/account/login HTTP/1.1" 404 705 "-" "Mozilla/5.0 (compatible; GenomeCrawlerd/1.0; +https://www.nokia.com/genomecrawler)"
216.180.246.164 - - [21/Feb/2026:13:11:28 +0000] "GET /admin/index.html HTTP/1.1" 404 705 "-" "Mozilla/5.0 (compatible; GenomeCrawlerd/1.0; +https://www.nokia.com/genomecrawler)"
34.158.168.101 - - [21/Feb/2026:14:44:37 +0000] "GET /.env HTTP/1.1" 404 1236 "-" "Mozilla/5.0 (X11; Linux x86_64) AppleWebKit/537.36 Chrome/120.0.0.0"
87.120.191.67 - - [21/Feb/2026:15:10:35 +0000] "POST / HTTP/1.1" 404 705 "-" "Mozilla/5.0 (Windows NT 10.0; Win64; x64) AppleWebKit/537.36"
185.12.59.117 - - [21/Feb/2026:15:27:34 +0000] "GET /Dr0v HTTP/1.1" 404 1236 "-" "-"
141.98.11.229 - - [21/Feb/2026:15:49:46 +0000] "GET /api/sonicos/is-sslvpn-enabled HTTP/1.0" 404 705 "https://www.google.com" "Mozilla/5.0 (X11; Linux x86_64) AppleWebKit/537.36 (KHTML, like Gecko) Chrome/119.0.0.0 Safari/537.36"
141.98.11.229 - - [21/Feb/2026:15:49:47 +0000] "GET /api/sonicos/is-sslvpn-enabled HTTP/1.0" 404 705 "https://www.google.com" "Mozilla/5.0 (X11; Linux x86_64) AppleWebKit/537.36 (KHTML, like Gecko) Chrome/119.0.0.0 Safari/537.36"
36.255.98.223 - - [21/Feb/2026:16:17:30 +0000] "GET / HTTP/1.0" 404 705 "https://www.google.com" "Mozilla/5.0 (X11; Linux x86_64) AppleWebKit/537.36 (KHTML, like Gecko) Chrome/119.0.0.0 Safari/537.36"
36.255.98.223 - - [21/Feb/2026:16:17:30 +0000] "GET / HTTP/1.0" 404 705 "https://www.google.com" "Mozilla/5.0 (X11; Linux x86_64) AppleWebKit/537.36 (KHTML, like Gecko) Chrome/119.0.0.0 Safari/537.36"
206.168.34.118 - - [21/Feb/2026:16:21:20 +0000] "GET / HTTP/1.1" 404 705 "-" "Mozilla/5.0 (compatible; CensysInspect/1.1; +https://about.censys.io/)"
206.168.34.118 - - [21/Feb/2026:16:21:35 +0000] "GET /.well-known/security.txt HTTP/1.1" 404 705 "-" "Mozilla/5.0 (compatible; CensysInspect/1.1; +https://about.censys.io/)"
176.65.134.20 - - [21/Feb/2026:16:38:06 +0000] "PROPFIND / HTTP/1.1" 404 1236 "http://150.230.34.123:443/" "-"
85.11.183.6 - - [21/Feb/2026:17:18:19 +0000] "GET / HTTP/1.1" 404 705 "-" "Mozilla/5.0 (Windows NT 10.0; Win64; x64) AppleWebKit/537.36 (KHTML, like Gecko) Chrome/140.0.0.0 Safari/537.36"
85.11.183.6 - - [21/Feb/2026:17:18:20 +0000] "GET / HTTP/1.1" 404 705 "-" "Mozilla/5.0 (Windows NT 10.0; Win64; x64) AppleWebKit/537.36 (KHTML, like Gecko) Chrome/140.0.0.0 Safari/537.36"
78.153.140.50 - - [21/Feb/2026:17:36:40 +0000] "GET /.env HTTP/1.1" 404 705 "-" "Mozilla/5.0 (Windows NT 10.0; Win64; x64) AppleWebKit/537.36 (KHTML, like Gecko) Chrome/116.0.5845.140 Safari/537.36"
78.153.140.50 - - [21/Feb/2026:17:36:41 +0000] "POST / HTTP/1.1" 404 705 "-" "Mozilla/5.0 (Windows NT 10.0; Win64; x64) AppleWebKit/537.36 (KHTML, like Gecko) Chrome/116.0.5845.140 Safari/537.36"
185.12.59.118 - - [21/Feb/2026:17:53:12 +0000] "GET / HTTP/1.1" 404 705 "-" "Mozilla/5.0 (Windows NT 10.0; Win64; x64; rv:132.0) Gecko/20100101 Firefox/132.0"
87.120.191.67 - - [21/Feb/2026:19:00:15 +0000] "POST / HTTP/1.1" 404 705 "-" "Mozilla/5.0 (Windows NT 10.0; Win64; x64) AppleWebKit/537.36"
185.12.59.117 - - [21/Feb/2026:19:58:11 +0000] "GET /Dr0v HTTP/1.1" 404 1236 "-" "-"
78.153.140.50 - - [21/Feb/2026:20:10:24 +0000] "GET /.env HTTP/1.1" 404 705 "-" "Mozilla/5.0 (Windows NT 10.0; Win64; x64) AppleWebKit/537.36 (KHTML, like Gecko) Chrome/116.0.5845.140 Safari/537.36"
78.153.140.50 - - [21/Feb/2026:20:10:26 +0000] "POST / HTTP/1.1" 404 705 "-" "Mozilla/5.0 (Windows NT 10.0; Win64; x64) AppleWebKit/537.36 (KHTML, like Gecko) Chrome/116.0.5845.140 Safari/537.36"
176.65.134.20 - - [21/Feb/2026:20:11:45 +0000] "PROPFIND / HTTP/1.1" 404 1236 "http://150.230.34.123:443/" "-"
204.76.203.8 - - [21/Feb/2026:20:16:03 +0000] "GET / HTTP/1.1" 404 1236 "-" "Mozilla/5.0"
204.76.203.8 - - [21/Feb/2026:20:16:05 +0000] "PROPFIND / HTTP/1.1" 404 1236 "http://150.230.34.123:443/" "-"
49.51.233.46 - - [21/Feb/2026:20:51:54 +0000] "GET / HTTP/1.1" 404 705 "http://150.230.34.123:443" "Mozilla/5.0 (iPhone; CPU iPhone OS 13_2_3 like Mac OS X) AppleWebKit/605.1.15 (KHTML, like Gecko) Version/13.0.3 Mobile/15E148 Safari/604.1"
167.94.146.58 - - [21/Feb/2026:20:59:07 +0000] "GET / HTTP/1.1" 404 705 "-" "Mozilla/5.0 (compatible; CensysInspect/1.1; +https://about.censys.io/)"
167.94.146.58 - - [21/Feb/2026:20:59:26 +0000] "GET /login HTTP/1.1" 404 705 "-" "Mozilla/5.0 (compatible; CensysInspect/1.1; +https://about.censys.io/)"
139.59.94.63 - - [21/Feb/2026:21:05:28 +0000] "GET /.env HTTP/1.1" 404 705 "-" "python-requests/2.27.1"
139.59.94.63 - - [21/Feb/2026:21:05:29 +0000] "POST / HTTP/1.1" 404 705 "-" "url"
139.59.94.63 - - [21/Feb/2026:21:05:30 +0000] "POST /core/.env HTTP/1.1" 404 705 "-" "url"
139.59.94.63 - - [21/Feb/2026:21:05:31 +0000] "POST / HTTP/1.1" 404 705 "-" "url"
139.59.94.63 - - [21/Feb/2026:21:05:31 +0000] "GET /core/.env HTTP/1.1" 404 705 "-" "python-requests/2.27.1"
139.59.94.63 - - [21/Feb/2026:21:05:32 +0000] "POST /core/.env HTTP/1.1" 404 705 "-" "url"
141.98.80.111 - - [21/Feb/2026:21:05:38 +0000] "POST / HTTP/1.1" 404 1236 "-" "what-vpn/0.7"
141.98.80.111 - - [21/Feb/2026:21:05:39 +0000] "CONNECT /CSCOSSLC/tunnel HTTP/1.1" 404 1236 "-" "AnyConnect"
141.98.80.111 - - [21/Feb/2026:21:05:43 +0000] "GET /CSCOSSLC/tunnel HTTP/1.1" 404 1236 "-" "AnyConnect"
141.98.80.111 - - [21/Feb/2026:21:05:46 +0000] "POST /global-protect/prelogin.esp?tmp=tmp&clientVer=4100&clientos=Windows HTTP/1.1" 404 1236 "-" "PAN GlobalProtect"
89.42.231.241 - - [21/Feb/2026:21:41:17 +0000] "GET /SDK/webLanguage HTTP/1.1" 404 705 "-" "Mozilla/5.0 (Windows NT 10.0; Win64; x64) AppleWebKit/537.36 (KHTML, like Gecko) Chrome/90.0.4430.85 Safari/537.36 Edg/90.0.818.46"
67.213.118.179 - - [21/Feb/2026:22:09:23 +0000] "POST /session HTTP/1.1" 404 705 "-" "Mozilla/5.0 (Macintosh; Intel Mac OS X 10_15_6) AppleWebKit/605.1.15 (KHTML, like Gecko) Version/15.6 Safari/605.1.15"
20.168.0.218 - - [21/Feb/2026:22:09:57 +0000] "GET /owa/auth/x.js HTTP/1.1" 404 705 "-" "Mozilla/5.0 zgrab/0.x"
87.120.191.67 - - [21/Feb/2026:22:18:36 +0000] "POST / HTTP/1.1" 404 705 "-" "Mozilla/5.0 (Windows NT 10.0; Win64; x64) AppleWebKit/537.36"
79.124.40.174 - - [21/Feb/2026:22:22:59 +0000] "GET /?XDEBUG_SESSION_START=phpstorm HTTP/1.1" 404 705 "-" "Mozilla/5.0 (Windows NT 10.0; Win64; x64) AppleWebKit/537.36 (KHTML, like Gecko) Chrome/78.0.3904.108 Safari/537.36"
3.92.213.133 - - [21/Feb/2026:23:10:29 +0000] "GET /robots.txt HTTP/1.1" 404 705 "-" "Mozilla/5.0 (Windows NT 10.0; Win64; x64) AppleWebKit/537.36 (KHTML, like Gecko) Chrome/136.0.0.0 Safari/537.36"
52.91.91.100 - - [21/Feb/2026:23:10:31 +0000] "GET / HTTP/1.1" 404 705 "-" "Mozilla/5.0 (Windows NT 10.0; Win64; x64) AppleWebKit/537.36 (KHTML, like Gecko) Chrome/136.0.0.0 Safari/537.36"
44.212.68.158 - - [21/Feb/2026:23:16:05 +0000] "GET /favicon.ico HTTP/1.1" 404 705 "-" "Mozilla/5.0 (Windows NT 10.0; Win64; x64) AppleWebKit/537.36 (KHTML, like Gecko) Chrome/136.0.0.0 Safari/537.36"
87.120.191.67 - - [21/Feb/2026:23:25:56 +0000] "POST / HTTP/1.1" 404 705 "-" "Mozilla/5.0 (Windows NT 10.0; Win64; x64) AppleWebKit/537.36"
204.76.203.18 - - [21/Feb/2026:23:28:47 +0000] "GET / HTTP/1.1" 404 1236 "-" "-"
78.153.140.50 - - [21/Feb/2026:23:47:47 +0000] "GET /.env HTTP/1.1" 404 705 "-" "Mozilla/5.0 (Windows NT 10.0; Win64; x64) AppleWebKit/537.36 (KHTML, like Gecko) Chrome/116.0.5845.140 Safari/537.36"
78.153.140.50 - - [21/Feb/2026:23:47:48 +0000] "POST / HTTP/1.1" 404 705 "-" "Mozilla/5.0 (Windows NT 10.0; Win64; x64) AppleWebKit/537.36 (KHTML, like Gecko) Chrome/116.0.5845.140 Safari/537.36"
79.124.40.174 - - [21/Feb/2026:23:53:28 +0000] "GET /actuator/gateway/routes HTTP/1.1" 404 705 "-" "Mozilla/5.0 (Windows NT 10.0; Win64; x64) AppleWebKit/537.36 (KHTML, like Gecko) Chrome/78.0.3904.108 Safari/537.36"
185.12.59.117 - - [22/Feb/2026:00:06:35 +0000] "GET /Dr0v HTTP/1.1" 404 1236 "-" "-"
85.217.149.5 - - [22/Feb/2026:00:37:39 +0000] "GET / HTTP/1.1" 404 705 "-" "Mozilla/5.0 (compatible; ModatScanner/1.2; +https://modat.io/)"
157.230.104.238 - - [22/Feb/2026:01:11:56 +0000] "GET / HTTP/1.1" 404 705 "-" "Mozilla/5.0 (X11; Linux x86_64; rv:142.0) Gecko/20100101 Firefox/142.0"
157.230.104.238 - - [22/Feb/2026:01:12:00 +0000] "GET /favicon.ico HTTP/1.1" 404 705 "https://150.230.34.123/" "Mozilla/5.0 (X11; Linux x86_64; rv:142.0) Gecko/20100101 Firefox/142.0"
87.120.191.67 - - [22/Feb/2026:01:17:01 +0000] "POST / HTTP/1.1" 404 705 "-" "Mozilla/5.0 (Windows NT 10.0; Win64; x64) AppleWebKit/537.36"
78.153.140.50 - - [22/Feb/2026:01:30:25 +0000] "GET /.env HTTP/1.1" 404 705 "-" "Mozilla/5.0 (Windows NT 10.0; Win64; x64) AppleWebKit/537.36 (KHTML, like Gecko) Chrome/116.0.5845.140 Safari/537.36"
78.153.140.50 - - [22/Feb/2026:01:30:26 +0000] "POST / HTTP/1.1" 404 705 "-" "Mozilla/5.0 (Windows NT 10.0; Win64; x64) AppleWebKit/537.36 (KHTML, like Gecko) Chrome/116.0.5845.140 Safari/537.36"
185.242.226.121 - - [22/Feb/2026:02:45:46 +0000] "GET / HTTP/1.1" 404 705 "-" "Mozilla/5.0 (Windows NT 10.0; Win64; x64) AppleWebKit/537.36 (KHTML, like Gecko) Chrome/88.0.4324.190 Safari/537.36"
18.218.118.203 - - [22/Feb/2026:02:54:54 +0000] "GET / HTTP/1.1" 404 705 "http://150.230.34.123:443/" "visionheight.com/scan Mozilla/5.0 (Macintosh; Intel Mac OS X 10_15_7) Chrome/126.0.0.0 Safari/537.36"
85.11.183.6 - - [22/Feb/2026:03:10:36 +0000] "GET / HTTP/1.1" 404 705 "-" "Mozilla/5.0 (Windows NT 10.0; Win64; x64) AppleWebKit/537.36 (KHTML, like Gecko) Chrome/140.0.0.0 Safari/537.36"
85.11.183.6 - - [22/Feb/2026:03:10:42 +0000] "GET / HTTP/1.1" 404 705 "-" "Mozilla/5.0 (Windows NT 10.0; Win64; x64) AppleWebKit/537.36 (KHTML, like Gecko) Chrome/140.0.0.0 Safari/537.36"
152.136.153.69 - - [22/Feb/2026:03:21:08 +0000] "GET / HTTP/1.1" 404 705 "-" "Go-http-client/1.1"
34.22.177.31 - - [22/Feb/2026:03:32:33 +0000] "GET / HTTP/1.1" 404 705 "-" "python-requests/2.32.5"
20.65.194.166 - - [22/Feb/2026:03:44:15 +0000] "GET /developmentserver/metadatauploader HTTP/1.1" 404 705 "-" "Mozilla/5.0 zgrab/0.x"
185.12.59.117 - - [22/Feb/2026:03:50:34 +0000] "GET /Dr0v HTTP/1.1" 404 1236 "-" "-"
87.120.191.67 - - [22/Feb/2026:04:29:03 +0000] "POST / HTTP/1.1" 404 705 "-" "Mozilla/5.0 (Windows NT 10.0; Win64; x64) AppleWebKit/537.36"
64.62.197.212 - - [22/Feb/2026:04:31:43 +0000] "GET / HTTP/1.1" 404 705 "-" "Mozilla/5.0 (Macintosh; Intel Mac OS X 10.15; rv:125.0) Gecko/20100101 Firefox/125.0"
162.255.162.92 - - [22/Feb/2026:04:33:32 +0000] "GET /get_portal_info HTTP/2" 404 1236 "-" "Mozilla/5.0 (Windows NT 10.0; Win64; x64) AppleWebKit/537.36"
64.62.197.212 - - [22/Feb/2026:04:40:15 +0000] "GET /favicon.ico HTTP/1.1" 404 705 "-" "Mozilla/5.0 (Macintosh; Intel Mac OS X 10_15_7) AppleWebKit/605.1.15 (KHTML, like Gecko) Version/16.1 Safari/605.1.15"
64.62.197.212 - - [22/Feb/2026:04:41:49 +0000] "GET / HTTP/1.1" 404 705 "-" "Mozilla/5.0 (Macintosh; Intel Mac OS X 10.15; rv:125.0) Gecko/20100101 Firefox/125.0"
64.62.197.212 - - [22/Feb/2026:04:54:25 +0000] "GET /geoserver/web/ HTTP/1.1" 404 705 "-" "Mozilla/5.0 (X11; Linux x86_64) AppleWebKit/537.36 (KHTML, like Gecko) Chrome/140.0.0.0 Safari/537.36"
162.243.51.145 - - [22/Feb/2026:05:34:28 +0000] "GET / HTTP/1.1" 404 705 "-" "Mozilla/5.0 (Macintosh; Intel Mac OS X 10_15_7) AppleWebKit/537.36 (KHTML, like Gecko) Chrome/120.0.0.0 Safari/537.36"
162.243.51.145 - - [22/Feb/2026:05:34:28 +0000] "POST / HTTP/1.1" 404 705 "-" "Mozilla/5.0 (Windows NT 10.0; Win64; x64) AppleWebKit/537.36 (KHTML, like Gecko) Chrome/120.0.0.0 Safari/537.36 Edg/120.0.0.0"
204.76.203.18 - - [22/Feb/2026:05:44:05 +0000] "GET /backup/ HTTP/1.1" 404 1236 "-" "-"
43.157.174.69 - - [22/Feb/2026:06:21:29 +0000] "GET / HTTP/1.1" 404 705 "http://150.230.34.123:443" "Mozilla/5.0 (iPhone; CPU iPhone OS 13_2_3 like Mac OS X) AppleWebKit/605.1.15 (KHTML, like Gecko) Version/13.0.3 Mobile/15E148 Safari/604.1"
74.161.153.99 - - [22/Feb/2026:06:30:45 +0000] "GET /.env HTTP/1.1" 404 705 "-" "Mozilla/5.0 (X11; Linux x86_64; rv:83.0) Gecko/20100101 Firefox/83.0"
74.161.153.99 - - [22/Feb/2026:06:30:47 +0000] "POST / HTTP/1.1" 404 705 "-" "Mozilla/5.0 (X11; Linux x86_64; rv:83.0) Gecko/20100101 Firefox/83.0"
78.153.140.50 - - [22/Feb/2026:06:33:04 +0000] "GET /.env HTTP/1.1" 404 705 "-" "Mozilla/5.0 (Windows NT 10.0; Win64; x64) AppleWebKit/537.36 (KHTML, like Gecko) Chrome/116.0.5845.140 Safari/537.36"
78.153.140.50 - - [22/Feb/2026:06:33:05 +0000] "POST / HTTP/1.1" 404 705 "-" "Mozilla/5.0 (Windows NT 10.0; Win64; x64) AppleWebKit/537.36 (KHTML, like Gecko) Chrome/116.0.5845.140 Safari/537.36"
34.158.168.101 - - [22/Feb/2026:06:36:17 +0000] "GET /.env HTTP/1.1" 404 1236 "-" "Mozilla/5.0 (Windows NT 10.0; Win64; x64; rv:109.0) Firefox/121.0"
35.203.211.43 - - [22/Feb/2026:07:16:05 +0000] "GET / HTTP/1.1" 404 705 "-" "Hello from Palo Alto Networks, find out more about our scans in https://docs-cortex.paloaltonetworks.com/r/1/Cortex-Xpanse/Scanning-activity"
185.12.59.117 - - [22/Feb/2026:07:20:19 +0000] "GET /Dr0v HTTP/1.1" 404 1236 "-" "-"
198.235.24.20 - - [22/Feb/2026:08:19:47 +0000] "GET / HTTP/1.1" 404 705 "-" "Hello from Palo Alto Networks, find out more about our scans in https://docs-cortex.paloaltonetworks.com/r/1/Cortex-Xpanse/Scanning-activity"
34.158.168.101 - - [22/Feb/2026:08:23:15 +0000] "GET /.env HTTP/1.1" 404 1236 "-" "Mozilla/5.0 (Windows NT 10.0; Win64; x64; rv:109.0) Firefox/121.0"
89.42.231.241 - - [22/Feb/2026:08:45:47 +0000] "GET /SDK/webLanguage HTTP/1.1" 404 705 "-" "Mozilla/5.0 (Windows NT 10.0; Win64; x64) AppleWebKit/537.36 (KHTML, like Gecko) Chrome/90.0.4430.85 Safari/537.36 Edg/90.0.818.46"
64.89.163.49 - - [22/Feb/2026:09:02:26 +0000] "GET /.env HTTP/1.1" 404 705 "-" "Mozilla/5.0 (iPhone; CPU iPhone OS 10_3_3 like Mac OS X) AppleWebKit/603.3.8 (KHTML, like Gecko) Mobile/14G60 MicroMessenger/7.0.4(0x17000428) NetType/WIFI Language/zh_CN"
64.89.163.49 - - [22/Feb/2026:09:03:03 +0000] "GET /.env HTTP/1.1" 404 705 "-" "Mozilla/5.0 (Windows NT 10.0; WOW64) AppleWebKit/537.36 (KHTML, like Gecko) Chrome/49.0.2623.87 Safari/537.36 OPR/36.0.2130.46"
77.83.39.167 - - [22/Feb/2026:09:20:34 +0000] "GET /.env HTTP/1.1" 404 705 "-" "Mozilla/5.0 (Windows NT 6.1; WOW64) AppleWebKit/537.36 (KHTML like Gecko) Chrome/28.0.1469.0 Safari/537.36"
101.108.51.244 - - [22/Feb/2026:09:29:35 +0000] "GET / HTTP/1.1" 404 705 "-" "Mozilla/5.0 (Windows NT 10.0; Win64; x64; rv:121.0) Gecko/20100101 Firefox/121.0"
101.108.51.244 - - [22/Feb/2026:09:29:35 +0000] "POST / HTTP/1.1" 404 705 "-" "Mozilla/5.0 (Windows NT 10.0; Win64; x64) AppleWebKit/537.36 (KHTML, like Gecko) Chrome/120.0.0.0 Safari/537.36 Edg/120.0.0.0"
87.120.191.67 - - [22/Feb/2026:09:31:34 +0000] "POST / HTTP/1.1" 404 705 "-" "Mozilla/5.0 (Windows NT 10.0; Win64; x64) AppleWebKit/537.36"
52.165.88.92 - - [22/Feb/2026:09:36:31 +0000] "GET /actuator/health HTTP/1.1" 404 705 "-" "Mozilla/5.0 zgrab/0.x"
124.221.217.82 - - [22/Feb/2026:09:39:50 +0000] "GET / HTTP/1.1" 404 705 "-" "Mozilla/5.0 (Linux; Android 10; LIO-AN00 Build/HUAWEILIO-AN00; wv) MicroMessenger Weixin QQ AppleWebKit/537.36 (KHTML, like Gecko) Version/4.0 Chrome/78.0.3904.62 XWEB/2692 MMWEBSDK/200901 Mobile Safari/537.36"
124.221.217.82 - - [22/Feb/2026:09:50:51 +0000] "GET / HTTP/1.1" 404 705 "-" "Mozilla/5.0 (Linux; Android 10; LIO-AN00 Build/HUAWEILIO-AN00; wv) MicroMessenger Weixin QQ AppleWebKit/537.36 (KHTML, like Gecko) Version/4.0 Chrome/78.0.3904.62 XWEB/2692 MMWEBSDK/200901 Mobile Safari/537.36"
124.221.217.82 - - [22/Feb/2026:09:51:12 +0000] "GET / HTTP/1.1" 404 705 "-" "Mozilla/5.0 (Linux; Android 10; LIO-AN00 Build/HUAWEILIO-AN00; wv) MicroMessenger Weixin QQ AppleWebKit/537.36 (KHTML, like Gecko) Version/4.0 Chrome/78.0.3904.62 XWEB/2692 MMWEBSDK/200901 Mobile Safari/537.36"
176.65.134.20 - - [22/Feb/2026:10:24:40 +0000] "PROPFIND / HTTP/1.1" 404 1236 "http://150.230.34.123:443/" "-"
3.131.220.121 - - [22/Feb/2026:11:09:48 +0000] "GET / HTTP/1.1" 404 705 "http://150.230.34.123:443/" "visionheight.com/scan Mozilla/5.0 (Macintosh; Intel Mac OS X 10_15_7) Chrome/126.0.0.0 Safari/537.36"
3.131.220.121 - - [22/Feb/2026:11:13:56 +0000] "GET / HTTP/1.1" 404 705 "-" "visionheight.com/scan Mozilla/5.0 (Macintosh; Intel Mac OS X 10_15_7) Chrome/126.0.0.0 Safari/537.36"
78.153.140.50 - - [22/Feb/2026:11:38:24 +0000] "GET /.env HTTP/1.1" 404 705 "-" "Mozilla/5.0 (Windows NT 10.0; Win64; x64) AppleWebKit/537.36 (KHTML, like Gecko) Chrome/116.0.5845.140 Safari/537.36"
78.153.140.50 - - [22/Feb/2026:11:38:26 +0000] "POST / HTTP/1.1" 404 705 "-" "Mozilla/5.0 (Windows NT 10.0; Win64; x64) AppleWebKit/537.36 (KHTML, like Gecko) Chrome/116.0.5845.140 Safari/537.36"
185.12.59.117 - - [22/Feb/2026:11:40:12 +0000] "GET /Dr0v HTTP/1.1" 404 1236 "-" "-"
144.31.221.188 - - [22/Feb/2026:11:51:00 +0000] "GET / HTTP/1.1" 404 705 "-" "Mozilla/5.0 (Windows NT 10.0; Win64; x64) AppleWebKit/537.36 (KHTML, like Gecko) Chrome/131.0.0.0 Safari/537.36"
144.31.221.188 - - [22/Feb/2026:11:51:00 +0000] "GET /remote/login HTTP/1.1" 404 705 "-" "Mozilla/5.0 (Windows NT 10.0; Win64; x64) AppleWebKit/537.36 (KHTML, like Gecko) Chrome/131.0.0.0 Safari/537.36"
144.31.221.188 - - [22/Feb/2026:11:51:00 +0000] "GET /global-protect/login.esp HTTP/1.1" 404 705 "-" "Mozilla/5.0 (Windows NT 10.0; Win64; x64) AppleWebKit/537.36 (KHTML, like Gecko) Chrome/131.0.0.0 Safari/537.36"
144.31.221.188 - - [22/Feb/2026:11:51:00 +0000] "GET /vpn/index.html HTTP/1.1" 404 705 "-" "Mozilla/5.0 (Windows NT 10.0; Win64; x64) AppleWebKit/537.36 (KHTML, like Gecko) Chrome/131.0.0.0 Safari/537.36"
144.31.221.188 - - [22/Feb/2026:11:51:01 +0000] "GET /+CSCOE+/logon.html HTTP/1.1" 404 705 "-" "Mozilla/5.0 (Windows NT 10.0; Win64; x64) AppleWebKit/537.36 (KHTML, like Gecko) Chrome/131.0.0.0 Safari/537.36"
144.31.221.188 - - [22/Feb/2026:11:51:01 +0000] "GET /tmui/login.jsp HTTP/1.1" 404 705 "-" "Mozilla/5.0 (Windows NT 10.0; Win64; x64) AppleWebKit/537.36 (KHTML, like Gecko) Chrome/131.0.0.0 Safari/537.36"
144.31.221.188 - - [22/Feb/2026:11:51:01 +0000] "GET /dana-na/auth/url_default/welcome.cgi HTTP/1.1" 404 705 "-" "Mozilla/5.0 (Windows NT 10.0; Win64; x64) AppleWebKit/537.36 (KHTML, like Gecko) Chrome/131.0.0.0 Safari/537.36"
144.31.221.188 - - [22/Feb/2026:11:51:01 +0000] "GET /owa/auth/logon.aspx HTTP/1.1" 404 705 "-" "Mozilla/5.0 (Windows NT 10.0; Win64; x64) AppleWebKit/537.36 (KHTML, like Gecko) Chrome/131.0.0.0 Safari/537.36"
144.31.221.188 - - [22/Feb/2026:11:51:01 +0000] "GET /login.action HTTP/1.1" 404 705 "-" "Mozilla/5.0 (Windows NT 10.0; Win64; x64) AppleWebKit/537.36 (KHTML, like Gecko) Chrome/131.0.0.0 Safari/537.36"
144.31.221.188 - - [22/Feb/2026:11:51:01 +0000] "GET /users/sign_in HTTP/1.1" 404 705 "-" "Mozilla/5.0 (Windows NT 10.0; Win64; x64) AppleWebKit/537.36 (KHTML, like Gecko) Chrome/131.0.0.0 Safari/537.36"
144.31.221.188 - - [22/Feb/2026:11:51:01 +0000] "GET /secure/Dashboard.jspa HTTP/1.1" 404 705 "-" "Mozilla/5.0 (Windows NT 10.0; Win64; x64) AppleWebKit/537.36 (KHTML, like Gecko) Chrome/131.0.0.0 Safari/537.36"
144.31.221.188 - - [22/Feb/2026:11:51:02 +0000] "GET /login HTTP/1.1" 404 705 "-" "Mozilla/5.0 (Windows NT 10.0; Win64; x64) AppleWebKit/537.36 (KHTML, like Gecko) Chrome/131.0.0.0 Safari/537.36"
144.31.221.188 - - [22/Feb/2026:11:51:02 +0000] "GET /manager/html HTTP/1.1" 404 705 "-" "Mozilla/5.0 (Windows NT 10.0; Win64; x64) AppleWebKit/537.36 (KHTML, like Gecko) Chrome/131.0.0.0 Safari/537.36"
144.31.221.188 - - [22/Feb/2026:11:51:02 +0000] "GET /api/json HTTP/1.1" 404 705 "-" "Mozilla/5.0 (Windows NT 10.0; Win64; x64) AppleWebKit/537.36 (KHTML, like Gecko) Chrome/131.0.0.0 Safari/537.36"
144.31.221.188 - - [22/Feb/2026:11:51:02 +0000] "GET /console/login/LoginForm.jsp HTTP/1.1" 404 705 "-" "Mozilla/5.0 (Windows NT 10.0; Win64; x64) AppleWebKit/537.36 (KHTML, like Gecko) Chrome/131.0.0.0 Safari/537.36"
204.76.203.8 - - [22/Feb/2026:12:14:08 +0000] "GET / HTTP/1.1" 404 1236 "-" "Mozilla/5.0"
204.76.203.8 - - [22/Feb/2026:12:14:10 +0000] "PROPFIND / HTTP/1.1" 404 1236 "http://150.230.34.123:443/" "-"
85.11.183.6 - - [22/Feb/2026:13:36:04 +0000] "GET / HTTP/1.1" 404 705 "-" "Mozilla/5.0 (Windows NT 10.0; Win64; x64) AppleWebKit/537.36 (KHTML, like Gecko) Chrome/140.0.0.0 Safari/537.36"
85.11.183.6 - - [22/Feb/2026:13:36:05 +0000] "GET / HTTP/1.1" 404 705 "-" "Mozilla/5.0 (Windows NT 10.0; Win64; x64) AppleWebKit/537.36 (KHTML, like Gecko) Chrome/140.0.0.0 Safari/537.36"
204.76.203.8 - - [22/Feb/2026:13:38:08 +0000] "GET / HTTP/1.1" 404 1236 "-" "Mozilla/5.0"
79.124.49.226 - - [22/Feb/2026:13:45:37 +0000] "GET /favicon.ico HTTP/1.1" 404 705 "-" "Mozilla/5.0 (Windows NT 10.0; Win64; x64) AppleWebKit/537.36 (KHTML, like Gecko) Chrome/142.0.0.0 Safari/537.36 OPR/126.0.0.0"
43.153.107.22 - - [22/Feb/2026:13:51:18 +0000] "GET / HTTP/1.1" 404 705 "http://150.230.34.123:443" "Mozilla/5.0 (iPhone; CPU iPhone OS 13_2_3 like Mac OS X) AppleWebKit/605.1.15 (KHTML, like Gecko) Version/13.0.3 Mobile/15E148 Safari/604.1"
185.242.226.121 - - [22/Feb/2026:13:51:49 +0000] "GET / HTTP/1.1" 404 705 "http://150.230.34.123:443/" "Mozilla/5.0 (Windows NT 10.0; Win64; x64) AppleWebKit/537.36 (KHTML, like Gecko) Chrome/88.0.4324.190 Safari/537.36"
193.142.147.68 - - [22/Feb/2026:14:11:13 +0000] "GET /global-protect/login.esp HTTP/1.0" 404 705 "https://www.google.com" "Mozilla/5.0 (X11; Linux x86_64) AppleWebKit/537.36 (KHTML, like Gecko) Chrome/119.0.0.0 Safari/537.36"
193.142.147.68 - - [22/Feb/2026:14:11:13 +0000] "GET /global-protect/login.esp HTTP/1.0" 404 705 "https://www.google.com" "Mozilla/5.0 (X11; Linux x86_64) AppleWebKit/537.36 (KHTML, like Gecko) Chrome/119.0.0.0 Safari/537.36"
20.64.105.169 - - [22/Feb/2026:14:32:49 +0000] "GET /autodiscover/autodiscover.json?@zdi/Powershell HTTP/1.1" 404 705 "-" "Mozilla/5.0 zgrab/0.x"
185.12.59.117 - - [22/Feb/2026:15:11:15 +0000] "GET /Dr0v HTTP/1.1" 404 1236 "-" "-"
78.153.140.50 - - [22/Feb/2026:15:37:24 +0000] "GET /.env HTTP/1.1" 404 705 "-" "Mozilla/5.0 (Windows NT 10.0; Win64; x64) AppleWebKit/537.36 (KHTML, like Gecko) Chrome/116.0.5845.140 Safari/537.36"
78.153.140.50 - - [22/Feb/2026:15:37:25 +0000] "POST / HTTP/1.1" 404 705 "-" "Mozilla/5.0 (Windows NT 10.0; Win64; x64) AppleWebKit/537.36 (KHTML, like Gecko) Chrome/116.0.5845.140 Safari/537.36"
35.195.246.41 - - [22/Feb/2026:15:50:25 +0000] "GET / HTTP/1.1" 404 705 "-" "python-requests/2.32.5"
206.189.190.21 - - [22/Feb/2026:15:54:27 +0000] "GET / HTTP/2" 404 705 "-" "Mozilla/5.0 (Windows NT 10.0; Win64; x64) AppleWebKit/537.36 (KHTML, like Gecko) Chrome/140.0.0.0 Safari/537.36"
206.189.190.21 - - [22/Feb/2026:15:54:30 +0000] "GET /favicon.ico HTTP/2" 404 705 "-" "Mozilla/5.0 (Windows NT 10.0; Win64; x64) AppleWebKit/537.36 (KHTML, like Gecko) Chrome/140.0.0.0 Safari/537.36"
206.189.190.21 - - [22/Feb/2026:15:54:34 +0000] "GET /security.txt HTTP/2" 404 705 "-" "Mozilla/5.0 (Windows NT 10.0; Win64; x64) AppleWebKit/537.36 (KHTML, like Gecko) Chrome/140.0.0.0 Safari/537.36"
206.189.190.21 - - [22/Feb/2026:15:54:34 +0000] "GET /.well-known/robots.txt HTTP/2" 404 705 "-" "Mozilla/5.0 (Windows NT 10.0; Win64; x64) AppleWebKit/537.36 (KHTML, like Gecko) Chrome/140.0.0.0 Safari/537.36"
213.177.179.193 - - [22/Feb/2026:16:11:45 +0000] "GET /remote/login HTTP/1.0" 404 705 "https://www.google.com" "Mozilla/5.0 (X11; Linux x86_64) AppleWebKit/537.36 (KHTML, like Gecko) Chrome/119.0.0.0 Safari/537.36"
213.177.179.193 - - [22/Feb/2026:16:11:46 +0000] "GET /login?redir= HTTP/1.0" 404 705 "https://www.google.com" "Mozilla/5.0 (X11; Linux x86_64) AppleWebKit/537.36 (KHTML, like Gecko) Chrome/119.0.0.0 Safari/537.36"
213.177.179.193 - - [22/Feb/2026:16:11:47 +0000] "GET /remote/login HTTP/1.0" 404 705 "https://www.google.com" "Mozilla/5.0 (X11; Linux x86_64) AppleWebKit/537.36 (KHTML, like Gecko) Chrome/119.0.0.0 Safari/537.36"
213.177.179.193 - - [22/Feb/2026:16:11:47 +0000] "GET /login?redir= HTTP/1.0" 404 705 "https://www.google.com" "Mozilla/5.0 (X11; Linux x86_64) AppleWebKit/537.36 (KHTML, like Gecko) Chrome/119.0.0.0 Safari/537.36"
87.120.191.67 - - [22/Feb/2026:16:18:51 +0000] "POST / HTTP/1.1" 404 705 "-" "Mozilla/5.0 (Windows NT 10.0; Win64; x64) AppleWebKit/537.36"
176.65.134.20 - - [22/Feb/2026:16:41:27 +0000] "PROPFIND / HTTP/1.1" 404 1236 "http://150.230.34.123:443/" "-"
20.127.224.63 - - [22/Feb/2026:16:58:52 +0000] "GET /ReportServer HTTP/1.1" 404 705 "-" "Mozilla/5.0 zgrab/0.x"
204.76.203.8 - - [22/Feb/2026:17:15:02 +0000] "GET / HTTP/1.1" 404 1236 "-" "Mozilla/5.0"
204.76.203.8 - - [22/Feb/2026:17:15:07 +0000] "PROPFIND / HTTP/1.1" 404 1236 "http://150.230.34.123:443/" "-"
64.89.161.198 - - [22/Feb/2026:17:25:22 +0000] "POST / HTTP/1.1" 404 705 "-" "Go-http-client/1.1"
13.48.248.176 - - [22/Feb/2026:18:38:24 +0000] "GET / HTTP/1.1" 404 705 "-" "Go-http-client/1.1"
78.153.140.50 - - [22/Feb/2026:19:06:44 +0000] "GET /.env HTTP/1.1" 404 705 "-" "Mozilla/5.0 (Windows NT 10.0; Win64; x64) AppleWebKit/537.36 (KHTML, like Gecko) Chrome/116.0.5845.140 Safari/537.36"
78.153.140.50 - - [22/Feb/2026:19:06:44 +0000] "POST / HTTP/1.1" 404 705 "-" "Mozilla/5.0 (Windows NT 10.0; Win64; x64) AppleWebKit/537.36 (KHTML, like Gecko) Chrome/116.0.5845.140 Safari/537.36"
81.29.142.100 - - [22/Feb/2026:19:27:48 +0000] "GET / HTTP/1.1" 404 1236 "-" "Mozilla/5.0 (Windows NT 6.1; Win64; x64) AppleWebKit/537.36 (KHTML, like Gecko) Chrome/88.0.4324.152 YaBrowser/21.2.2.101 Yowser/2.5 Safari/537.36"
81.29.142.100 - - [22/Feb/2026:19:27:49 +0000] "GET /favicon.ico HTTP/1.1" 404 1236 "-" "Mozilla/5.0 (Windows NT 6.1; Win64; x64) AppleWebKit/537.36 (KHTML, like Gecko) Chrome/88.0.4324.152 YaBrowser/21.2.2.101 Yowser/2.5 Safari/537.36"
135.237.127.54 - - [22/Feb/2026:19:30:05 +0000] "GET /ecp/Current/exporttool/microsoft.exchange.ediscovery.exporttool.application HTTP/1.1" 404 705 "-" "Mozilla/5.0 zgrab/0.x"
124.117.192.48 - - [22/Feb/2026:19:47:43 +0000] "GET / HTTP/1.1" 404 1236 "-" "-"
118.81.85.54 - - [22/Feb/2026:19:48:56 +0000] "GET / HTTP/1.1" 404 1236 "-" "Mozilla/5.0 (Windows NT 6.1) AppleWebKit/537.36 (KHTML, like Gecko) Chrome/49.0.2623.112 Safari/537.36"
185.12.59.117 - - [22/Feb/2026:19:51:58 +0000] "GET /Dr0v HTTP/1.1" 404 1236 "-" "-"
87.120.191.67 - - [22/Feb/2026:19:52:20 +0000] "POST / HTTP/1.1" 404 705 "-" "Mozilla/5.0 (Windows NT 10.0; Win64; x64) AppleWebKit/537.36"
77.83.39.167 - - [22/Feb/2026:19:56:13 +0000] "GET /_profiler/phpinfo HTTP/1.1" 404 705 "-" "Mozilla/5.0 (Windows NT 10.0; Win64; x64) AppleWebKit/537.36 (KHTML, like Gecko) Chrome/66.0.3359.139 Safari/537.36"
77.83.39.167 - - [22/Feb/2026:20:23:00 +0000] "GET /_profiler/phpinfo HTTP/1.1" 404 705 "-" "Mozilla/5.0 (iPhone; CPU iPhone OS 8_4_1 like Mac OS X) AppleWebKit/600.1.4 (KHTML, like Gecko) GSA/8.0.57838 Mobile/12H321 Safari/600.1.4"
78.153.140.50 - - [22/Feb/2026:20:35:37 +0000] "GET /.env HTTP/1.1" 404 705 "-" "Mozilla/5.0 (Windows NT 10.0; Win64; x64) AppleWebKit/537.36 (KHTML, like Gecko) Chrome/116.0.5845.140 Safari/537.36"
78.153.140.50 - - [22/Feb/2026:20:35:38 +0000] "POST / HTTP/1.1" 404 705 "-" "Mozilla/5.0 (Windows NT 10.0; Win64; x64) AppleWebKit/537.36 (KHTML, like Gecko) Chrome/116.0.5845.140 Safari/537.36"
35.203.210.249 - - [22/Feb/2026:21:09:09 +0000] "GET / HTTP/1.1" 404 705 "-" "Hello from Palo Alto Networks, find out more about our scans in https://docs-cortex.paloaltonetworks.com/r/1/Cortex-Xpanse/Scanning-activity"
43.135.186.135 - - [22/Feb/2026:21:15:27 +0000] "GET / HTTP/1.1" 404 705 "http://150.230.34.123:443" "Mozilla/5.0 (iPhone; CPU iPhone OS 13_2_3 like Mac OS X) AppleWebKit/605.1.15 (KHTML, like Gecko) Version/13.0.3 Mobile/15E148 Safari/604.1"
85.11.183.6 - - [22/Feb/2026:21:44:17 +0000] "GET / HTTP/1.1" 404 705 "-" "Mozilla/5.0 (Windows NT 10.0; Win64; x64) AppleWebKit/537.36 (KHTML, like Gecko) Chrome/140.0.0.0 Safari/537.36"
85.11.183.6 - - [22/Feb/2026:21:44:18 +0000] "GET / HTTP/1.1" 404 705 "-" "Mozilla/5.0 (Windows NT 10.0; Win64; x64) AppleWebKit/537.36 (KHTML, like Gecko) Chrome/140.0.0.0 Safari/537.36"
204.76.203.18 - - [22/Feb/2026:21:54:47 +0000] "GET / HTTP/1.1" 404 1236 "-" "-"
167.94.138.182 - - [22/Feb/2026:21:54:50 +0000] "GET / HTTP/1.1" 404 705 "-" "Mozilla/5.0 (compatible; CensysInspect/1.1; +https://about.censys.io/)"
167.94.138.182 - - [22/Feb/2026:21:55:17 +0000] "GET /security.txt HTTP/1.1" 404 705 "-" "Mozilla/5.0 (compatible; CensysInspect/1.1; +https://about.censys.io/)"
195.178.110.246 - - [22/Feb/2026:22:11:34 +0000] "GET /.git/config HTTP/1.1" 404 705 "-" "Offline Explorer/2.5"
34.158.168.101 - - [22/Feb/2026:22:37:54 +0000] "GET /.env HTTP/1.1" 404 1236 "-" "Mozilla/5.0 (X11; Linux x86_64) AppleWebKit/537.36 Chrome/120.0.0.0"
79.124.40.174 - - [22/Feb/2026:22:51:50 +0000] "GET /?XDEBUG_SESSION_START=phpstorm HTTP/1.1" 404 705 "-" "Mozilla/5.0 (Windows NT 10.0; Win64; x64) AppleWebKit/537.36 (KHTML, like Gecko) Chrome/78.0.3904.108 Safari/537.36"
185.12.59.117 - - [22/Feb/2026:23:05:15 +0000] "GET /Dr0v HTTP/1.1" 404 1236 "-" "-"
54.226.107.87 - - [22/Feb/2026:23:14:26 +0000] "GET / HTTP/1.1" 404 705 "-" "Mozilla/5.0 (Windows NT 10.0; Win64; x64) AppleWebKit/537.36 (KHTML, like Gecko) Chrome/136.0.0.0 Safari/537.36"
44.211.222.141 - - [22/Feb/2026:23:14:30 +0000] "GET /robots.txt HTTP/1.1" 404 705 "-" "Mozilla/5.0 (Windows NT 10.0; Win64; x64) AppleWebKit/537.36 (KHTML, like Gecko) Chrome/136.0.0.0 Safari/537.36"
52.207.244.78 - - [22/Feb/2026:23:15:25 +0000] "GET /favicon.ico HTTP/1.1" 404 705 "-" "Mozilla/5.0 (Windows NT 10.0; Win64; x64) AppleWebKit/537.36 (KHTML, like Gecko) Chrome/136.0.0.0 Safari/537.36"
64.89.161.198 - - [22/Feb/2026:23:49:27 +0000] "POST / HTTP/1.1" 404 705 "-" "Go-http-client/1.1"
78.153.140.50 - - [23/Feb/2026:00:19:22 +0000] "GET /.env HTTP/1.1" 404 705 "-" "Mozilla/5.0 (Windows NT 10.0; Win64; x64) AppleWebKit/537.36 (KHTML, like Gecko) Chrome/116.0.5845.140 Safari/537.36"
78.153.140.50 - - [23/Feb/2026:00:19:23 +0000] "POST / HTTP/1.1" 404 705 "-" "Mozilla/5.0 (Windows NT 10.0; Win64; x64) AppleWebKit/537.36 (KHTML, like Gecko) Chrome/116.0.5845.140 Safari/537.36"
79.124.40.174 - - [23/Feb/2026:00:35:18 +0000] "GET /actuator/gateway/routes HTTP/1.1" 404 705 "-" "Mozilla/5.0 (Windows NT 10.0; Win64; x64) AppleWebKit/537.36 (KHTML, like Gecko) Chrome/78.0.3904.108 Safari/537.36"
185.242.226.121 - - [23/Feb/2026:01:01:30 +0000] "GET / HTTP/1.1" 404 705 "http://150.230.34.123:443/" "Mozilla/5.0 (Windows NT 10.0; Win64; x64) AppleWebKit/537.36 (KHTML, like Gecko) Chrome/88.0.4324.190 Safari/537.36"
45.144.212.97 - - [23/Feb/2026:01:04:13 +0000] "GET /.git/config HTTP/1.1" 404 705 "-" "Mozilla/5.0 (Linux; Android 9; SM-G965F) AppleWebKit/537.36 (KHTML, like Gecko) Chrome/76.0.3809.89 Mobile Safari/537.36"
87.120.191.67 - - [23/Feb/2026:01:04:16 +0000] "POST / HTTP/1.1" 404 705 "-" "Mozilla/5.0 (Windows NT 10.0; Win64; x64) AppleWebKit/537.36"
94.26.88.31 - - [23/Feb/2026:01:25:18 +0000] "GET /.git/config HTTP/1.1" 404 705 "-" "Mozilla/5.0 (Macintosh; Intel Mac OS X 10.15; rv:77.0) Gecko/20100101 Firefox/77.0"
94.26.88.31 - - [23/Feb/2026:01:46:14 +0000] "GET /.env HTTP/1.1" 404 705 "-" "Mozilla/5.0 (Macintosh; Intel Mac OS X 10.15; rv:77.0) Gecko/20100101 Firefox/77.0"
65.49.1.80 - - [23/Feb/2026:02:25:44 +0000] "GET / HTTP/1.1" 404 705 "-" "Mozilla/5.0 (X11; Ubuntu; Linux x86_64; rv:109.0) Gecko/20100101 Firefox/110.0"
