3.148.178.131 - - [07/Feb/2026:17:59:50 +0000] "GET / HTTP/1.1" 404 705 "-" "visionheight.com/scan Mozilla/5.0 (Macintosh; Intel Mac OS X 10_15_7) Chrome/126.0.0.0 Safari/537.36"
176.65.134.20 - - [07/Feb/2026:18:00:17 +0000] "PROPFIND / HTTP/1.1" 404 1236 "http://150.230.34.123:443/" "-"
66.132.153.124 - - [07/Feb/2026:18:00:23 +0000] "GET / HTTP/1.1" 404 705 "-" "Mozilla/5.0 (compatible; CensysInspect/1.1; +https://about.censys.io/)"
66.132.153.124 - - [07/Feb/2026:18:00:57 +0000] "GET /security.txt HTTP/1.1" 404 705 "-" "Mozilla/5.0 (compatible; CensysInspect/1.1; +https://about.censys.io/)"
123.58.209.112 - - [07/Feb/2026:18:01:53 +0000] "GET / HTTP/1.1" 404 1236 "-" "Mozilla/5.0 (Macintosh; Intel Mac OS X 10_15_7) AppleWebKit/537.36 (KHTML, like Gecko) Chrome/120.0.0.0 Safari/537.36 Edg/120.0.0.0"
123.58.209.112 - - [07/Feb/2026:18:01:58 +0000] "GET /favicon.ico HTTP/1.1" 404 705 "-" "Mozilla/5.0 (Macintosh; Intel Mac OS X 10_7_0) AppleWebKit/535.11 (KHTML, like Gecko) Chrome/17.0.963.56 Safari/535.11"
123.58.209.112 - - [07/Feb/2026:18:01:59 +0000] "GET /sitemap.xml HTTP/1.1" 404 705 "-" "Mozilla/5.0 (Macintosh; Intel Mac OS X 10_7_0) AppleWebKit/535.11 (KHTML, like Gecko) Chrome/17.0.963.56 Safari/535.11"
123.58.209.112 - - [07/Feb/2026:18:01:59 +0000] "GET /robots.txt HTTP/1.1" 404 705 "-" "Mozilla/5.0 (Macintosh; Intel Mac OS X 10_7_0) AppleWebKit/535.11 (KHTML, like Gecko) Chrome/17.0.963.56 Safari/535.11"
123.58.209.112 - - [07/Feb/2026:18:02:05 +0000] "POST /update_weights_from_tensor HTTP/1.1" 404 705 "-" "Mozilla/5.0 (Macintosh; Intel Mac OS X 10_14_6) AppleWebKit/537.36 (KHTML, like Gecko) Chrome/81.0.4044.138 Safari/537.36"
146.19.24.133 - - [07/Feb/2026:18:11:04 +0000] "POST / HTTP/1.1" 404 705 "-" "Mozilla/5.0 (iPhone; CPU iPhone OS 17_7 like Mac OS X) AppleWebKit/605.1.15 (KHTML, like Gecko) CriOS/134.0.6998.99 Mobile/15E148 Safari/604.1"
146.19.24.133 - - [07/Feb/2026:18:11:04 +0000] "POST /_next HTTP/1.1" 404 705 "-" "Mozilla/5.0 (X11; Linux x86_64) AppleWebKit/537.36 (KHTML, like Gecko) Chrome/134.0.0.0 Safari/537.36"
146.19.24.133 - - [07/Feb/2026:18:11:08 +0000] "POST /api HTTP/1.1" 404 705 "-" "Mozilla/5.0 (Macintosh; Intel Mac OS X 10_15_7) AppleWebKit/537.36 (KHTML, like Gecko) Chrome/134.0.0.0 Safari/537.36"
146.19.24.133 - - [07/Feb/2026:18:11:09 +0000] "POST /_next/server HTTP/1.1" 404 705 "-" "Mozilla/5.0 (Windows NT 10.0; Win64; x64) AppleWebKit/537.36 (KHTML, like Gecko) Chrome/134.0.0.0 Safari/537.36"
146.19.24.133 - - [07/Feb/2026:18:11:10 +0000] "POST /app HTTP/1.1" 404 705 "-" "Mozilla/5.0 (Linux; Android 14; SM-F9560 Build/UP1A.231005.007; wv) AppleWebKit/537.36 (KHTML, like Gecko) Version/4.0 Chrome/127.0.6533.103 Mobile Safari/537.36"
146.19.24.133 - - [07/Feb/2026:18:11:11 +0000] "POST /api/route HTTP/1.1" 404 705 "-" "Mozilla/5.0 (Linux; Android 9; AFTWMST22 Build/PS7233; wv) AppleWebKit/537.36 (KHTML, like Gecko) Version/4.0 Chrome/88.0.4324.152 Mobile Safari/537.36"
193.142.147.209 - - [07/Feb/2026:18:15:57 +0000] "POST / HTTP/1.1" 404 705 "-" "Mozilla/5.0 (Windows NT 10.0; Win64; x64) AppleWebKit/537.36"
43.166.134.47 - - [07/Feb/2026:18:47:57 +0000] "GET / HTTP/1.1" 404 705 "http://150.230.34.123:443" "Mozilla/5.0 (iPhone; CPU iPhone OS 13_2_3 like Mac OS X) AppleWebKit/605.1.15 (KHTML, like Gecko) Version/13.0.3 Mobile/15E148 Safari/604.1"
185.12.59.118 - - [07/Feb/2026:18:54:32 +0000] "GET / HTTP/1.1" 404 705 "-" "Mozilla/5.0 (Windows NT 10.0; Win64; x64; rv:132.0) Gecko/20100101 Firefox/132.0"
170.64.237.16 - - [07/Feb/2026:19:44:17 +0000] "GET /.git/config HTTP/1.1" 404 705 "-" "Mozilla/5.0 (X11; Linux x86_64) AppleWebKit/537.36 (KHTML, like Gecko) Chrome/81.0.4044.129 Safari/537.36"
170.64.237.16 - - [07/Feb/2026:19:47:22 +0000] "GET /.git/config HTTP/1.1" 404 705 "-" "Mozilla/5.0 (X11; Linux x86_64) AppleWebKit/537.36 (KHTML, like Gecko) Chrome/81.0.4044.129 Safari/537.36"
193.142.147.209 - - [07/Feb/2026:19:48:01 +0000] "POST / HTTP/1.1" 404 705 "-" "Mozilla/5.0 (Windows NT 10.0; Win64; x64) AppleWebKit/537.36"
78.153.140.50 - - [07/Feb/2026:20:40:34 +0000] "GET /.env HTTP/1.1" 404 705 "-" "Mozilla/5.0 (Windows NT 10.0; Win64; x64) AppleWebKit/537.36 (KHTML, like Gecko) Chrome/116.0.5845.140 Safari/537.36"
78.153.140.50 - - [07/Feb/2026:20:40:35 +0000] "POST / HTTP/1.1" 404 705 "-" "Mozilla/5.0 (Windows NT 10.0; Win64; x64) AppleWebKit/537.36 (KHTML, like Gecko) Chrome/116.0.5845.140 Safari/537.36"
144.172.117.244 - - [07/Feb/2026:20:49:12 +0000] "GET /wp-content/themes/flozen-theme/style.css HTTP/1.1" 404 705 "-" "Mozilla/5.0 (Windows NT 10.0; Win64; x64) AppleWebKit/537.36"
45.135.193.11 - - [07/Feb/2026:20:55:47 +0000] "GET / HTTP/1.1" 404 1236 "-" "Go-http-client/1.1"
193.142.147.209 - - [07/Feb/2026:21:23:23 +0000] "POST / HTTP/1.1" 404 705 "-" "Mozilla/5.0 (Windows NT 10.0; Win64; x64) AppleWebKit/537.36"
185.241.208.170 - - [07/Feb/2026:22:25:04 +0000] "GET /.git/objects/ HTTP/1.1" 404 705 "-" "Mozilla/5.0 (Linux; Android 8.0.0; moto e5 plus) AppleWebKit/537.36 (KHTML, like Gecko) Chrome/76.0.3809.89 Mobile Safari/537.36"
91.205.185.100 - - [07/Feb/2026:22:50:40 +0000] "GET /aaaaaw HTTP/1.1" 404 1236 "-" "-"
13.218.59.95 - - [07/Feb/2026:23:16:41 +0000] "GET /robots.txt HTTP/1.1" 404 705 "-" "Mozilla/5.0 (Windows NT 10.0; Win64; x64) AppleWebKit/537.36 (KHTML, like Gecko) Chrome/136.0.0.0 Safari/537.36"
34.226.155.173 - - [07/Feb/2026:23:16:44 +0000] "GET / HTTP/1.1" 404 705 "-" "Mozilla/5.0 (Windows NT 10.0; Win64; x64) AppleWebKit/537.36 (KHTML, like Gecko) Chrome/136.0.0.0 Safari/537.36"
18.212.191.79 - - [07/Feb/2026:23:16:54 +0000] "GET /favicon.ico HTTP/1.1" 404 705 "-" "Mozilla/5.0 (Windows NT 10.0; Win64; x64) AppleWebKit/537.36 (KHTML, like Gecko) Chrome/136.0.0.0 Safari/537.36"
78.153.140.50 - - [07/Feb/2026:23:18:55 +0000] "GET /.env HTTP/1.1" 404 705 "-" "Mozilla/5.0 (Windows NT 10.0; Win64; x64) AppleWebKit/537.36 (KHTML, like Gecko) Chrome/116.0.5845.140 Safari/537.36"
78.153.140.50 - - [07/Feb/2026:23:18:57 +0000] "POST / HTTP/1.1" 404 705 "-" "Mozilla/5.0 (Windows NT 10.0; Win64; x64) AppleWebKit/537.36 (KHTML, like Gecko) Chrome/116.0.5845.140 Safari/537.36"
45.156.128.47 - - [07/Feb/2026:23:23:46 +0000] "GET / HTTP/1.1" 404 705 "-" "Mozilla/5.0 (Windows NT 10.0; Win64; x64) AppleWebKit/537.36 (KHTML, like Gecko) Chrome/60.0.3112.113 Safari/537.36"
81.29.142.100 - - [07/Feb/2026:23:56:19 +0000] "GET / HTTP/1.1" 404 1236 "-" "Mozilla/5.0 (Windows NT 6.1; WOW64) AppleWebKit/537.36 (KHTML, like Gecko) Chrome/88.0.4324.152 YaBrowser/21.2.2.102 Yowser/2.5 Safari/537.36"
81.29.142.100 - - [07/Feb/2026:23:56:21 +0000] "GET /favicon.ico HTTP/1.1" 404 1236 "-" "Mozilla/5.0 (Windows NT 6.1; WOW64) AppleWebKit/537.36 (KHTML, like Gecko) Chrome/88.0.4324.152 YaBrowser/21.2.2.102 Yowser/2.5 Safari/537.36"
47.252.35.152 - - [08/Feb/2026:00:02:47 +0000] "POST /cgi-bin/%%32%65%%32%65/%%32%65%%32%65/%%32%65%%32%65/%%32%65%%32%65/%%32%65%%32%65/%%32%65%%32%65/%%32%65%%32%65/bin/sh HTTP/1.1" 404 1236 "-" "libredtail-http"
170.64.237.16 - - [08/Feb/2026:00:02:49 +0000] "GET /.git/config HTTP/1.1" 404 705 "-" "Mozilla/5.0 (X11; Linux x86_64) AppleWebKit/537.36 (KHTML, like Gecko) Chrome/81.0.4044.129 Safari/537.36"
216.218.206.69 - - [08/Feb/2026:00:09:48 +0000] "GET / HTTP/1.1" 404 705 "-" "Mozilla/5.0 (Windows NT 10.0; Win64; x64) AppleWebKit/537.36 (KHTML, like Gecko) Chrome/119.0.0.0 Safari/537.36"
45.135.193.11 - - [08/Feb/2026:00:10:52 +0000] "GET / HTTP/1.1" 404 1236 "-" "Go-http-client/1.1"
193.142.147.209 - - [08/Feb/2026:00:15:10 +0000] "POST / HTTP/1.1" 404 705 "-" "Mozilla/5.0 (Windows NT 10.0; Win64; x64) AppleWebKit/537.36"
216.218.206.69 - - [08/Feb/2026:00:20:11 +0000] "GET /favicon.ico HTTP/1.1" 404 705 "-" "Mozilla/5.0 (Windows NT 6.1; rv:102.0) Gecko/20100101 Goanna/6.6 Firefox/102.0 PaleMoon/33.0.0"
216.218.206.69 - - [08/Feb/2026:00:22:22 +0000] "GET / HTTP/1.1" 404 705 "-" "Mozilla/5.0 (Windows NT 10.0; Win64; x64) AppleWebKit/537.36 (KHTML, like Gecko) Chrome/119.0.0.0 Safari/537.36"
216.218.206.69 - - [08/Feb/2026:00:37:05 +0000] "GET /geoserver/web/ HTTP/1.1" 404 705 "-" "Mozilla/5.0 (X11; Linux x86_64; rv:142.0) Gecko/20100101 Firefox/142.0"
170.64.237.16 - - [08/Feb/2026:00:42:19 +0000] "GET /.git/config HTTP/1.1" 404 705 "-" "Mozilla/5.0 (X11; Linux x86_64) AppleWebKit/537.36 (KHTML, like Gecko) Chrome/81.0.4044.129 Safari/537.36"
207.90.244.14 - - [08/Feb/2026:01:01:31 +0000] "GET / HTTP/1.1" 404 1236 "-" "Mozilla/5.0 (X11; Linux x86_64) AppleWebKit/537.36 (KHTML, like Gecko) Chrome/98.0.4758.102 Safari/537.36"
207.90.244.14 - - [08/Feb/2026:01:01:44 +0000] "GET /robots.txt HTTP/1.1" 404 1236 "-" "-"
207.90.244.14 - - [08/Feb/2026:01:01:45 +0000] "GET /sitemap.xml HTTP/1.1" 404 1236 "-" "-"
207.90.244.14 - - [08/Feb/2026:01:01:46 +0000] "GET /.well-known/security.txt HTTP/1.1" 404 1236 "-" "-"
207.90.244.14 - - [08/Feb/2026:01:01:47 +0000] "GET /favicon.ico HTTP/1.1" 404 705 "-" "Mozilla/5.0 (Windows NT 10.0; Win64; x64) AppleWebKit/537.36 (KHTML, like Gecko) Chrome/102.0.5005.63 Safari/537.36"
35.203.210.87 - - [08/Feb/2026:01:02:13 +0000] "GET / HTTP/1.1" 404 705 "-" "Hello from Palo Alto Networks, find out more about our scans in https://docs-cortex.paloaltonetworks.com/r/1/Cortex-Xpanse/Scanning-activity"
170.64.237.16 - - [08/Feb/2026:01:42:13 +0000] "GET /.git/config HTTP/1.1" 404 705 "-" "Mozilla/5.0 (X11; Linux x86_64) AppleWebKit/537.36 (KHTML, like Gecko) Chrome/81.0.4044.129 Safari/537.36"
96.126.106.7 - - [08/Feb/2026:01:52:10 +0000] "GET / HTTP/1.0" 404 1236 "-" "-"
96.126.106.7 - - [08/Feb/2026:01:52:10 +0000] "OPTIONS / HTTP/1.0" 404 1236 "-" "-"
96.126.106.7 - - [08/Feb/2026:01:52:10 +0000] "GET /nice%20ports%2C/Tri%6Eity.txt%2ebak HTTP/1.0" 404 1236 "-" "-"
96.126.106.7 - - [08/Feb/2026:01:53:52 +0000] "GET /devicedesc.xml HTTP/1.1" 404 1236 "-" "-"
96.126.106.7 - - [08/Feb/2026:01:54:08 +0000] "POST /sdk HTTP/1.1" 404 1236 "-" "Mozilla/5.0 (Macintosh; Intel Mac OS X 12_7_2) AppleWebKit/537.36 (KHTML"
96.126.106.7 - - [08/Feb/2026:01:54:08 +0000] "GET /nmaplowercheck1770515647 HTTP/1.1" 404 1236 "-" "Mozilla/5.0 (Macintosh; Intel Mac OS X 12_7_2) AppleWebKit/537.36 (KHTML"
96.126.106.7 - - [08/Feb/2026:01:54:08 +0000] "GET /evox/about HTTP/1.1" 404 1236 "-" "Mozilla/5.0 (Macintosh; Intel Mac OS X 12_7_2) AppleWebKit/537.36 (KHTML"
96.126.106.7 - - [08/Feb/2026:01:54:08 +0000] "GET /HNAP1 HTTP/1.1" 404 1236 "-" "Mozilla/5.0 (Macintosh; Intel Mac OS X 12_7_2) AppleWebKit/537.36 (KHTML"
96.126.106.7 - - [08/Feb/2026:01:54:08 +0000] "GET / HTTP/1.1" 404 1236 "-" "-"
193.142.147.209 - - [08/Feb/2026:01:54:40 +0000] "POST / HTTP/1.1" 404 705 "-" "Mozilla/5.0 (Windows NT 10.0; Win64; x64) AppleWebKit/537.36"
103.252.93.81 - - [08/Feb/2026:02:31:34 +0000] "GET / HTTP/1.1" 404 705 "-" "Mozilla/5.0 (Macintosh; Intel Mac OS X 10.12; rv:104.0) Gecko/20100101 Firefox/104.0"
185.180.140.112 - - [08/Feb/2026:02:32:43 +0000] "GET / HTTP/1.1" 404 705 "-" "Mozilla/5.0 (Windows NT 10.0; Win64; x64) AppleWebKit/537.36 (KHTML, like Gecko) Chrome/60.0.3112.113 Safari/537.36"
170.64.237.16 - - [08/Feb/2026:02:43:22 +0000] "GET /.git/config HTTP/1.1" 404 705 "-" "Mozilla/5.0 (X11; Linux x86_64) AppleWebKit/537.36 (KHTML, like Gecko) Chrome/81.0.4044.129 Safari/537.36"
89.42.231.200 - - [08/Feb/2026:02:43:53 +0000] "GET /SDK/webLanguage HTTP/1.1" 404 705 "-" "Mozilla/5.0 (Windows NT 10.0; Win64; x64) AppleWebKit/537.36 (KHTML, like Gecko) Chrome/90.0.4430.85 Safari/537.36 Edg/90.0.818.46"
78.153.140.50 - - [08/Feb/2026:02:55:32 +0000] "GET /.env HTTP/1.1" 404 705 "-" "Mozilla/5.0 (Windows NT 10.0; Win64; x64) AppleWebKit/537.36 (KHTML, like Gecko) Chrome/116.0.5845.140 Safari/537.36"
78.153.140.50 - - [08/Feb/2026:02:55:33 +0000] "POST / HTTP/1.1" 404 705 "-" "Mozilla/5.0 (Windows NT 10.0; Win64; x64) AppleWebKit/537.36 (KHTML, like Gecko) Chrome/116.0.5845.140 Safari/537.36"
67.218.141.17 - - [08/Feb/2026:03:04:57 +0000] "GET /web.zip HTTP/1.1" 404 1236 "http://150.230.34.123:443/web.zip" "Mozilla/5.0 (Windows NT 10.0; Win64; x64) AppleWebKit/537.36 (KHTML, like Gecko) Chrome/77.0.3865.120 Safari/537.36"
67.218.141.17 - - [08/Feb/2026:03:04:57 +0000] "GET /www.zip HTTP/1.1" 404 1236 "http://150.230.34.123:443/www.zip" "Mozilla/5.0 (Windows NT 10.0; Win64; x64) AppleWebKit/537.36 (KHTML, like Gecko) Chrome/77.0.3865.120 Safari/537.36"
67.218.141.17 - - [08/Feb/2026:03:04:57 +0000] "GET /bin.zip HTTP/1.1" 404 1236 "http://150.230.34.123:443/bin.zip" "Mozilla/5.0 (Windows NT 10.0; Win64; x64) AppleWebKit/537.36 (KHTML, like Gecko) Chrome/77.0.3865.120 Safari/537.36"
67.218.141.17 - - [08/Feb/2026:03:04:57 +0000] "GET /source.zip HTTP/1.1" 404 1236 "http://150.230.34.123:443/source.zip" "Mozilla/5.0 (Windows NT 10.0; Win64; x64) AppleWebKit/537.36 (KHTML, like Gecko) Chrome/77.0.3865.120 Safari/537.36"
67.218.141.17 - - [08/Feb/2026:03:04:57 +0000] "GET /portal.zip HTTP/1.1" 404 1236 "http://150.230.34.123:443/portal.zip" "Mozilla/5.0 (Windows NT 10.0; Win64; x64) AppleWebKit/537.36 (KHTML, like Gecko) Chrome/77.0.3865.120 Safari/537.36"
67.218.141.17 - - [08/Feb/2026:03:04:57 +0000] "GET /web.config.zip HTTP/1.1" 404 1236 "http://150.230.34.123:443/web.config.zip" "Mozilla/5.0 (Windows NT 10.0; Win64; x64) AppleWebKit/537.36 (KHTML, like Gecko) Chrome/77.0.3865.120 Safari/537.36"
67.218.141.17 - - [08/Feb/2026:03:04:57 +0000] "GET /backup.zip HTTP/1.1" 404 1236 "http://150.230.34.123:443/backup.zip" "Mozilla/5.0 (Windows NT 10.0; Win64; x64) AppleWebKit/537.36 (KHTML, like Gecko) Chrome/77.0.3865.120 Safari/537.36"
67.218.141.17 - - [08/Feb/2026:03:04:57 +0000] "GET /html.zip HTTP/1.1" 404 1236 "http://150.230.34.123:443/html.zip" "Mozilla/5.0 (Windows NT 10.0; Win64; x64) AppleWebKit/537.36 (KHTML, like Gecko) Chrome/77.0.3865.120 Safari/537.36"
67.218.141.17 - - [08/Feb/2026:03:04:57 +0000] "GET /src.zip HTTP/1.1" 404 1236 "http://150.230.34.123:443/src.zip" "Mozilla/5.0 (Windows NT 10.0; Win64; x64) AppleWebKit/537.36 (KHTML, like Gecko) Chrome/77.0.3865.120 Safari/537.36"
67.218.141.17 - - [08/Feb/2026:03:04:57 +0000] "GET /bin/bin.zip HTTP/1.1" 404 1236 "http://150.230.34.123:443/bin/bin.zip" "Mozilla/5.0 (Windows NT 10.0; Win64; x64) AppleWebKit/537.36 (KHTML, like Gecko) Chrome/77.0.3865.120 Safari/537.36"
67.218.141.17 - - [08/Feb/2026:03:04:58 +0000] "GET /150.230.34.123.zip HTTP/1.1" 404 1236 "http://150.230.34.123:443/150.230.34.123.zip" "Mozilla/5.0 (Windows NT 10.0; Win64; x64) AppleWebKit/537.36 (KHTML, like Gecko) Chrome/77.0.3865.120 Safari/537.36"
67.218.141.17 - - [08/Feb/2026:03:04:58 +0000] "GET /web.rar HTTP/1.1" 404 1236 "http://150.230.34.123:443/web.rar" "Mozilla/5.0 (Windows NT 10.0; Win64; x64) AppleWebKit/537.36 (KHTML, like Gecko) Chrome/77.0.3865.120 Safari/537.36"
67.218.141.17 - - [08/Feb/2026:03:04:58 +0000] "GET /source.rar HTTP/1.1" 404 1236 "http://150.230.34.123:443/source.rar" "Mozilla/5.0 (Windows NT 10.0; Win64; x64) AppleWebKit/537.36 (KHTML, like Gecko) Chrome/77.0.3865.120 Safari/537.36"
67.218.141.17 - - [08/Feb/2026:03:04:58 +0000] "GET /portal.rar HTTP/1.1" 404 1236 "http://150.230.34.123:443/portal.rar" "Mozilla/5.0 (Windows NT 10.0; Win64; x64) AppleWebKit/537.36 (KHTML, like Gecko) Chrome/77.0.3865.120 Safari/537.36"
67.218.141.17 - - [08/Feb/2026:03:04:58 +0000] "GET /web.config.rar HTTP/1.1" 404 1236 "http://150.230.34.123:443/web.config.rar" "Mozilla/5.0 (Windows NT 10.0; Win64; x64) AppleWebKit/537.36 (KHTML, like Gecko) Chrome/77.0.3865.120 Safari/537.36"
67.218.141.17 - - [08/Feb/2026:03:04:58 +0000] "GET /data.rar HTTP/1.1" 404 1236 "http://150.230.34.123:443/data.rar" "Mozilla/5.0 (Windows NT 10.0; Win64; x64) AppleWebKit/537.36 (KHTML, like Gecko) Chrome/77.0.3865.120 Safari/537.36"
67.218.141.17 - - [08/Feb/2026:03:04:58 +0000] "GET /old.rar HTTP/1.1" 404 1236 "http://150.230.34.123:443/old.rar" "Mozilla/5.0 (Windows NT 10.0; Win64; x64) AppleWebKit/537.36 (KHTML, like Gecko) Chrome/77.0.3865.120 Safari/537.36"
67.218.141.17 - - [08/Feb/2026:03:04:58 +0000] "GET /150.230.34.123.rar HTTP/1.1" 404 1236 "http://150.230.34.123:443/150.230.34.123.rar" "Mozilla/5.0 (Windows NT 10.0; Win64; x64) AppleWebKit/537.36 (KHTML, like Gecko) Chrome/77.0.3865.120 Safari/537.36"
67.218.141.17 - - [08/Feb/2026:03:04:58 +0000] "GET /www.7z HTTP/1.1" 404 1236 "http://150.230.34.123:443/www.7z" "Mozilla/5.0 (Windows NT 10.0; Win64; x64) AppleWebKit/537.36 (KHTML, like Gecko) Chrome/77.0.3865.120 Safari/537.36"
67.218.141.17 - - [08/Feb/2026:03:04:58 +0000] "GET /upload.zip HTTP/1.1" 404 1236 "http://150.230.34.123:443/upload.zip" "Mozilla/5.0 (Windows NT 10.0; Win64; x64) AppleWebKit/537.36 (KHTML, like Gecko) Chrome/77.0.3865.120 Safari/537.36"
67.218.141.17 - - [08/Feb/2026:03:04:58 +0000] "GET /data.zip HTTP/1.1" 404 1236 "http://150.230.34.123:443/data.zip" "Mozilla/5.0 (Windows NT 10.0; Win64; x64) AppleWebKit/537.36 (KHTML, like Gecko) Chrome/77.0.3865.120 Safari/537.36"
67.218.141.17 - - [08/Feb/2026:03:04:58 +0000] "GET /old.zip HTTP/1.1" 404 1236 "http://150.230.34.123:443/old.zip" "Mozilla/5.0 (Windows NT 10.0; Win64; x64) AppleWebKit/537.36 (KHTML, like Gecko) Chrome/77.0.3865.120 Safari/537.36"
67.218.141.17 - - [08/Feb/2026:03:04:58 +0000] "GET /backup.rar HTTP/1.1" 404 1236 "http://150.230.34.123:443/backup.rar" "Mozilla/5.0 (Windows NT 10.0; Win64; x64) AppleWebKit/537.36 (KHTML, like Gecko) Chrome/77.0.3865.120 Safari/537.36"
67.218.141.17 - - [08/Feb/2026:03:04:58 +0000] "GET /www.rar HTTP/1.1" 404 1236 "http://150.230.34.123:443/www.rar" "Mozilla/5.0 (Windows NT 10.0; Win64; x64) AppleWebKit/537.36 (KHTML, like Gecko) Chrome/77.0.3865.120 Safari/537.36"
67.218.141.17 - - [08/Feb/2026:03:04:58 +0000] "GET /html.rar HTTP/1.1" 404 1236 "http://150.230.34.123:443/html.rar" "Mozilla/5.0 (Windows NT 10.0; Win64; x64) AppleWebKit/537.36 (KHTML, like Gecko) Chrome/77.0.3865.120 Safari/537.36"
67.218.141.17 - - [08/Feb/2026:03:04:58 +0000] "GET /bin.rar HTTP/1.1" 404 1236 "http://150.230.34.123:443/bin.rar" "Mozilla/5.0 (Windows NT 10.0; Win64; x64) AppleWebKit/537.36 (KHTML, like Gecko) Chrome/77.0.3865.120 Safari/537.36"
67.218.141.17 - - [08/Feb/2026:03:04:58 +0000] "GET /src.rar HTTP/1.1" 404 1236 "http://150.230.34.123:443/src.rar" "Mozilla/5.0 (Windows NT 10.0; Win64; x64) AppleWebKit/537.36 (KHTML, like Gecko) Chrome/77.0.3865.120 Safari/537.36"
67.218.141.17 - - [08/Feb/2026:03:04:58 +0000] "GET /bin/bin.rar HTTP/1.1" 404 1236 "http://150.230.34.123:443/bin/bin.rar" "Mozilla/5.0 (Windows NT 10.0; Win64; x64) AppleWebKit/537.36 (KHTML, like Gecko) Chrome/77.0.3865.120 Safari/537.36"
67.218.141.17 - - [08/Feb/2026:03:04:58 +0000] "GET /upload.rar HTTP/1.1" 404 1236 "http://150.230.34.123:443/upload.rar" "Mozilla/5.0 (Windows NT 10.0; Win64; x64) AppleWebKit/537.36 (KHTML, like Gecko) Chrome/77.0.3865.120 Safari/537.36"
67.218.141.17 - - [08/Feb/2026:03:04:58 +0000] "GET /backup.7z HTTP/1.1" 404 1236 "http://150.230.34.123:443/backup.7z" "Mozilla/5.0 (Windows NT 10.0; Win64; x64) AppleWebKit/537.36 (KHTML, like Gecko) Chrome/77.0.3865.120 Safari/537.36"
67.218.141.17 - - [08/Feb/2026:03:04:58 +0000] "GET /web.7z HTTP/1.1" 404 1236 "http://150.230.34.123:443/web.7z" "Mozilla/5.0 (Windows NT 10.0; Win64; x64) AppleWebKit/537.36 (KHTML, like Gecko) Chrome/77.0.3865.120 Safari/537.36"
67.218.141.17 - - [08/Feb/2026:03:04:59 +0000] "GET /src.7z HTTP/1.1" 404 1236 "http://150.230.34.123:443/src.7z" "Mozilla/5.0 (Windows NT 10.0; Win64; x64) AppleWebKit/537.36 (KHTML, like Gecko) Chrome/77.0.3865.120 Safari/537.36"
67.218.141.17 - - [08/Feb/2026:03:04:59 +0000] "GET /source.7z HTTP/1.1" 404 1236 "http://150.230.34.123:443/source.7z" "Mozilla/5.0 (Windows NT 10.0; Win64; x64) AppleWebKit/537.36 (KHTML, like Gecko) Chrome/77.0.3865.120 Safari/537.36"
67.218.141.17 - - [08/Feb/2026:03:04:59 +0000] "GET /portal.7z HTTP/1.1" 404 1236 "http://150.230.34.123:443/portal.7z" "Mozilla/5.0 (Windows NT 10.0; Win64; x64) AppleWebKit/537.36 (KHTML, like Gecko) Chrome/77.0.3865.120 Safari/537.36"
67.218.141.17 - - [08/Feb/2026:03:04:59 +0000] "GET /web.config.7z HTTP/1.1" 404 1236 "http://150.230.34.123:443/web.config.7z" "Mozilla/5.0 (Windows NT 10.0; Win64; x64) AppleWebKit/537.36 (KHTML, like Gecko) Chrome/77.0.3865.120 Safari/537.36"
67.218.141.17 - - [08/Feb/2026:03:04:59 +0000] "GET /old.7z HTTP/1.1" 404 1236 "http://150.230.34.123:443/old.7z" "Mozilla/5.0 (Windows NT 10.0; Win64; x64) AppleWebKit/537.36 (KHTML, like Gecko) Chrome/77.0.3865.120 Safari/537.36"
67.218.141.17 - - [08/Feb/2026:03:04:59 +0000] "GET /150.230.34.123.7z HTTP/1.1" 404 1236 "http://150.230.34.123:443/150.230.34.123.7z" "Mozilla/5.0 (Windows NT 10.0; Win64; x64) AppleWebKit/537.36 (KHTML, like Gecko) Chrome/77.0.3865.120 Safari/537.36"
67.218.141.17 - - [08/Feb/2026:03:04:59 +0000] "GET /web.tar HTTP/1.1" 404 1236 "http://150.230.34.123:443/web.tar" "Mozilla/5.0 (Windows NT 10.0; Win64; x64) AppleWebKit/537.36 (KHTML, like Gecko) Chrome/77.0.3865.120 Safari/537.36"
67.218.141.17 - - [08/Feb/2026:03:04:59 +0000] "GET /www.tar HTTP/1.1" 404 1236 "http://150.230.34.123:443/www.tar" "Mozilla/5.0 (Windows NT 10.0; Win64; x64) AppleWebKit/537.36 (KHTML, like Gecko) Chrome/77.0.3865.120 Safari/537.36"
67.218.141.17 - - [08/Feb/2026:03:04:59 +0000] "GET /html.tar HTTP/1.1" 404 1236 "http://150.230.34.123:443/html.tar" "Mozilla/5.0 (Windows NT 10.0; Win64; x64) AppleWebKit/537.36 (KHTML, like Gecko) Chrome/77.0.3865.120 Safari/537.36"
67.218.141.17 - - [08/Feb/2026:03:04:59 +0000] "GET /src.tar HTTP/1.1" 404 1236 "http://150.230.34.123:443/src.tar" "Mozilla/5.0 (Windows NT 10.0; Win64; x64) AppleWebKit/537.36 (KHTML, like Gecko) Chrome/77.0.3865.120 Safari/537.36"
67.218.141.17 - - [08/Feb/2026:03:04:59 +0000] "GET /html.7z HTTP/1.1" 404 1236 "http://150.230.34.123:443/html.7z" "Mozilla/5.0 (Windows NT 10.0; Win64; x64) AppleWebKit/537.36 (KHTML, like Gecko) Chrome/77.0.3865.120 Safari/537.36"
67.218.141.17 - - [08/Feb/2026:03:04:59 +0000] "GET /bin.7z HTTP/1.1" 404 1236 "http://150.230.34.123:443/bin.7z" "Mozilla/5.0 (Windows NT 10.0; Win64; x64) AppleWebKit/537.36 (KHTML, like Gecko) Chrome/77.0.3865.120 Safari/537.36"
67.218.141.17 - - [08/Feb/2026:03:04:59 +0000] "GET /bin/bin.7z HTTP/1.1" 404 1236 "http://150.230.34.123:443/bin/bin.7z" "Mozilla/5.0 (Windows NT 10.0; Win64; x64) AppleWebKit/537.36 (KHTML, like Gecko) Chrome/77.0.3865.120 Safari/537.36"
67.218.141.17 - - [08/Feb/2026:03:04:59 +0000] "GET /upload.7z HTTP/1.1" 404 1236 "http://150.230.34.123:443/upload.7z" "Mozilla/5.0 (Windows NT 10.0; Win64; x64) AppleWebKit/537.36 (KHTML, like Gecko) Chrome/77.0.3865.120 Safari/537.36"
67.218.141.17 - - [08/Feb/2026:03:04:59 +0000] "GET /data.7z HTTP/1.1" 404 1236 "http://150.230.34.123:443/data.7z" "Mozilla/5.0 (Windows NT 10.0; Win64; x64) AppleWebKit/537.36 (KHTML, like Gecko) Chrome/77.0.3865.120 Safari/537.36"
67.218.141.17 - - [08/Feb/2026:03:04:59 +0000] "GET /backup.tar HTTP/1.1" 404 1236 "http://150.230.34.123:443/backup.tar" "Mozilla/5.0 (Windows NT 10.0; Win64; x64) AppleWebKit/537.36 (KHTML, like Gecko) Chrome/77.0.3865.120 Safari/537.36"
67.218.141.17 - - [08/Feb/2026:03:04:59 +0000] "GET /bin.tar HTTP/1.1" 404 1236 "http://150.230.34.123:443/bin.tar" "Mozilla/5.0 (Windows NT 10.0; Win64; x64) AppleWebKit/537.36 (KHTML, like Gecko) Chrome/77.0.3865.120 Safari/537.36"
67.218.141.17 - - [08/Feb/2026:03:04:59 +0000] "GET /source.tar HTTP/1.1" 404 1236 "http://150.230.34.123:443/source.tar" "Mozilla/5.0 (Windows NT 10.0; Win64; x64) AppleWebKit/537.36 (KHTML, like Gecko) Chrome/77.0.3865.120 Safari/537.36"
67.218.141.17 - - [08/Feb/2026:03:04:59 +0000] "GET /portal.tar HTTP/1.1" 404 1236 "http://150.230.34.123:443/portal.tar" "Mozilla/5.0 (Windows NT 10.0; Win64; x64) AppleWebKit/537.36 (KHTML, like Gecko) Chrome/77.0.3865.120 Safari/537.36"
67.218.141.17 - - [08/Feb/2026:03:04:59 +0000] "GET /web.config.tar HTTP/1.1" 404 1236 "http://150.230.34.123:443/web.config.tar" "Mozilla/5.0 (Windows NT 10.0; Win64; x64) AppleWebKit/537.36 (KHTML, like Gecko) Chrome/77.0.3865.120 Safari/537.36"
67.218.141.17 - - [08/Feb/2026:03:05:00 +0000] "GET /old.tar HTTP/1.1" 404 1236 "http://150.230.34.123:443/old.tar" "Mozilla/5.0 (Windows NT 10.0; Win64; x64) AppleWebKit/537.36 (KHTML, like Gecko) Chrome/77.0.3865.120 Safari/537.36"
67.218.141.17 - - [08/Feb/2026:03:05:00 +0000] "GET /150.230.34.123.tar HTTP/1.1" 404 1236 "http://150.230.34.123:443/150.230.34.123.tar" "Mozilla/5.0 (Windows NT 10.0; Win64; x64) AppleWebKit/537.36 (KHTML, like Gecko) Chrome/77.0.3865.120 Safari/537.36"
67.218.141.17 - - [08/Feb/2026:03:05:00 +0000] "GET /backup.gz HTTP/1.1" 404 1236 "http://150.230.34.123:443/backup.gz" "Mozilla/5.0 (Windows NT 10.0; Win64; x64) AppleWebKit/537.36 (KHTML, like Gecko) Chrome/77.0.3865.120 Safari/537.36"
67.218.141.17 - - [08/Feb/2026:03:05:00 +0000] "GET /www.gz HTTP/1.1" 404 1236 "http://150.230.34.123:443/www.gz" "Mozilla/5.0 (Windows NT 10.0; Win64; x64) AppleWebKit/537.36 (KHTML, like Gecko) Chrome/77.0.3865.120 Safari/537.36"
67.218.141.17 - - [08/Feb/2026:03:05:00 +0000] "GET /portal.gz HTTP/1.1" 404 1236 "http://150.230.34.123:443/portal.gz" "Mozilla/5.0 (Windows NT 10.0; Win64; x64) AppleWebKit/537.36 (KHTML, like Gecko) Chrome/77.0.3865.120 Safari/537.36"
67.218.141.17 - - [08/Feb/2026:03:05:00 +0000] "GET /bin/bin.gz HTTP/1.1" 404 1236 "http://150.230.34.123:443/bin/bin.gz" "Mozilla/5.0 (Windows NT 10.0; Win64; x64) AppleWebKit/537.36 (KHTML, like Gecko) Chrome/77.0.3865.120 Safari/537.36"
67.218.141.17 - - [08/Feb/2026:03:05:00 +0000] "GET /150.230.34.123.gz HTTP/1.1" 404 1236 "http://150.230.34.123:443/150.230.34.123.gz" "Mozilla/5.0 (Windows NT 10.0; Win64; x64) AppleWebKit/537.36 (KHTML, like Gecko) Chrome/77.0.3865.120 Safari/537.36"
67.218.141.17 - - [08/Feb/2026:03:05:00 +0000] "GET /backup.tar.gz HTTP/1.1" 404 1236 "http://150.230.34.123:443/backup.tar.gz" "Mozilla/5.0 (Windows NT 10.0; Win64; x64) AppleWebKit/537.36 (KHTML, like Gecko) Chrome/77.0.3865.120 Safari/537.36"
67.218.141.17 - - [08/Feb/2026:03:05:00 +0000] "GET /bin/bin.tar HTTP/1.1" 404 1236 "http://150.230.34.123:443/bin/bin.tar" "Mozilla/5.0 (Windows NT 10.0; Win64; x64) AppleWebKit/537.36 (KHTML, like Gecko) Chrome/77.0.3865.120 Safari/537.36"
67.218.141.17 - - [08/Feb/2026:03:05:00 +0000] "GET /upload.tar HTTP/1.1" 404 1236 "http://150.230.34.123:443/upload.tar" "Mozilla/5.0 (Windows NT 10.0; Win64; x64) AppleWebKit/537.36 (KHTML, like Gecko) Chrome/77.0.3865.120 Safari/537.36"
67.218.141.17 - - [08/Feb/2026:03:05:00 +0000] "GET /data.tar HTTP/1.1" 404 1236 "http://150.230.34.123:443/data.tar" "Mozilla/5.0 (Windows NT 10.0; Win64; x64) AppleWebKit/537.36 (KHTML, like Gecko) Chrome/77.0.3865.120 Safari/537.36"
67.218.141.17 - - [08/Feb/2026:03:05:00 +0000] "GET /web.gz HTTP/1.1" 404 1236 "http://150.230.34.123:443/web.gz" "Mozilla/5.0 (Windows NT 10.0; Win64; x64) AppleWebKit/537.36 (KHTML, like Gecko) Chrome/77.0.3865.120 Safari/537.36"
67.218.141.17 - - [08/Feb/2026:03:05:00 +0000] "GET /html.gz HTTP/1.1" 404 1236 "http://150.230.34.123:443/html.gz" "Mozilla/5.0 (Windows NT 10.0; Win64; x64) AppleWebKit/537.36 (KHTML, like Gecko) Chrome/77.0.3865.120 Safari/537.36"
67.218.141.17 - - [08/Feb/2026:03:05:00 +0000] "GET /bin.gz HTTP/1.1" 404 1236 "http://150.230.34.123:443/bin.gz" "Mozilla/5.0 (Windows NT 10.0; Win64; x64) AppleWebKit/537.36 (KHTML, like Gecko) Chrome/77.0.3865.120 Safari/537.36"
67.218.141.17 - - [08/Feb/2026:03:05:00 +0000] "GET /src.gz HTTP/1.1" 404 1236 "http://150.230.34.123:443/src.gz" "Mozilla/5.0 (Windows NT 10.0; Win64; x64) AppleWebKit/537.36 (KHTML, like Gecko) Chrome/77.0.3865.120 Safari/537.36"
67.218.141.17 - - [08/Feb/2026:03:05:00 +0000] "GET /source.gz HTTP/1.1" 404 1236 "http://150.230.34.123:443/source.gz" "Mozilla/5.0 (Windows NT 10.0; Win64; x64) AppleWebKit/537.36 (KHTML, like Gecko) Chrome/77.0.3865.120 Safari/537.36"
67.218.141.17 - - [08/Feb/2026:03:05:00 +0000] "GET /web.config.gz HTTP/1.1" 404 1236 "http://150.230.34.123:443/web.config.gz" "Mozilla/5.0 (Windows NT 10.0; Win64; x64) AppleWebKit/537.36 (KHTML, like Gecko) Chrome/77.0.3865.120 Safari/537.36"
67.218.141.17 - - [08/Feb/2026:03:05:00 +0000] "GET /upload.gz HTTP/1.1" 404 1236 "http://150.230.34.123:443/upload.gz" "Mozilla/5.0 (Windows NT 10.0; Win64; x64) AppleWebKit/537.36 (KHTML, like Gecko) Chrome/77.0.3865.120 Safari/537.36"
67.218.141.17 - - [08/Feb/2026:03:05:00 +0000] "GET /data.gz HTTP/1.1" 404 1236 "http://150.230.34.123:443/data.gz" "Mozilla/5.0 (Windows NT 10.0; Win64; x64) AppleWebKit/537.36 (KHTML, like Gecko) Chrome/77.0.3865.120 Safari/537.36"
67.218.141.17 - - [08/Feb/2026:03:05:00 +0000] "GET /old.gz HTTP/1.1" 404 1236 "http://150.230.34.123:443/old.gz" "Mozilla/5.0 (Windows NT 10.0; Win64; x64) AppleWebKit/537.36 (KHTML, like Gecko) Chrome/77.0.3865.120 Safari/537.36"
67.218.141.17 - - [08/Feb/2026:03:05:01 +0000] "GET /bin.tar.gz HTTP/1.1" 404 1236 "http://150.230.34.123:443/bin.tar.gz" "Mozilla/5.0 (Windows NT 10.0; Win64; x64) AppleWebKit/537.36 (KHTML, like Gecko) Chrome/77.0.3865.120 Safari/537.36"
67.218.141.17 - - [08/Feb/2026:03:05:01 +0000] "GET /portal.tar.gz HTTP/1.1" 404 1236 "http://150.230.34.123:443/portal.tar.gz" "Mozilla/5.0 (Windows NT 10.0; Win64; x64) AppleWebKit/537.36 (KHTML, like Gecko) Chrome/77.0.3865.120 Safari/537.36"
67.218.141.17 - - [08/Feb/2026:03:05:01 +0000] "GET /bin/bin.tar.gz HTTP/1.1" 404 1236 "http://150.230.34.123:443/bin/bin.tar.gz" "Mozilla/5.0 (Windows NT 10.0; Win64; x64) AppleWebKit/537.36 (KHTML, like Gecko) Chrome/77.0.3865.120 Safari/537.36"
67.218.141.17 - - [08/Feb/2026:03:05:01 +0000] "GET /150.230.34.123.tar.gz HTTP/1.1" 404 1236 "http://150.230.34.123:443/150.230.34.123.tar.gz" "Mozilla/5.0 (Windows NT 10.0; Win64; x64) AppleWebKit/537.36 (KHTML, like Gecko) Chrome/77.0.3865.120 Safari/537.36"
67.218.141.17 - - [08/Feb/2026:03:05:01 +0000] "GET /web.tar.gz HTTP/1.1" 404 1236 "http://150.230.34.123:443/web.tar.gz" "Mozilla/5.0 (Windows NT 10.0; Win64; x64) AppleWebKit/537.36 (KHTML, like Gecko) Chrome/77.0.3865.120 Safari/537.36"
67.218.141.17 - - [08/Feb/2026:03:05:01 +0000] "GET /www.tar.gz HTTP/1.1" 404 1236 "http://150.230.34.123:443/www.tar.gz" "Mozilla/5.0 (Windows NT 10.0; Win64; x64) AppleWebKit/537.36 (KHTML, like Gecko) Chrome/77.0.3865.120 Safari/537.36"
67.218.141.17 - - [08/Feb/2026:03:05:01 +0000] "GET /html.tar.gz HTTP/1.1" 404 1236 "http://150.230.34.123:443/html.tar.gz" "Mozilla/5.0 (Windows NT 10.0; Win64; x64) AppleWebKit/537.36 (KHTML, like Gecko) Chrome/77.0.3865.120 Safari/537.36"
67.218.141.17 - - [08/Feb/2026:03:05:01 +0000] "GET /src.tar.gz HTTP/1.1" 404 1236 "http://150.230.34.123:443/src.tar.gz" "Mozilla/5.0 (Windows NT 10.0; Win64; x64) AppleWebKit/537.36 (KHTML, like Gecko) Chrome/77.0.3865.120 Safari/537.36"
67.218.141.17 - - [08/Feb/2026:03:05:01 +0000] "GET /source.tar.gz HTTP/1.1" 404 1236 "http://150.230.34.123:443/source.tar.gz" "Mozilla/5.0 (Windows NT 10.0; Win64; x64) AppleWebKit/537.36 (KHTML, like Gecko) Chrome/77.0.3865.120 Safari/537.36"
67.218.141.17 - - [08/Feb/2026:03:05:01 +0000] "GET /web.config.tar.gz HTTP/1.1" 404 1236 "http://150.230.34.123:443/web.config.tar.gz" "Mozilla/5.0 (Windows NT 10.0; Win64; x64) AppleWebKit/537.36 (KHTML, like Gecko) Chrome/77.0.3865.120 Safari/537.36"
67.218.141.17 - - [08/Feb/2026:03:05:01 +0000] "GET /upload.tar.gz HTTP/1.1" 404 1236 "http://150.230.34.123:443/upload.tar.gz" "Mozilla/5.0 (Windows NT 10.0; Win64; x64) AppleWebKit/537.36 (KHTML, like Gecko) Chrome/77.0.3865.120 Safari/537.36"
67.218.141.17 - - [08/Feb/2026:03:05:01 +0000] "GET /data.tar.gz HTTP/1.1" 404 1236 "http://150.230.34.123:443/data.tar.gz" "Mozilla/5.0 (Windows NT 10.0; Win64; x64) AppleWebKit/537.36 (KHTML, like Gecko) Chrome/77.0.3865.120 Safari/537.36"
67.218.141.17 - - [08/Feb/2026:03:05:01 +0000] "GET /old.tar.gz HTTP/1.1" 404 1236 "http://150.230.34.123:443/old.tar.gz" "Mozilla/5.0 (Windows NT 10.0; Win64; x64) AppleWebKit/537.36 (KHTML, like Gecko) Chrome/77.0.3865.120 Safari/537.36"
193.142.147.209 - - [08/Feb/2026:03:34:25 +0000] "POST / HTTP/1.1" 404 705 "-" "Mozilla/5.0 (Windows NT 10.0; Win64; x64) AppleWebKit/537.36"
170.64.237.16 - - [08/Feb/2026:03:47:37 +0000] "GET /.git/config HTTP/1.1" 404 705 "-" "Mozilla/5.0 (X11; Linux x86_64) AppleWebKit/537.36 (KHTML, like Gecko) Chrome/81.0.4044.129 Safari/537.36"
193.142.147.209 - - [08/Feb/2026:04:49:56 +0000] "POST / HTTP/1.1" 404 705 "-" "Mozilla/5.0 (Windows NT 10.0; Win64; x64) AppleWebKit/537.36"
170.64.237.16 - - [08/Feb/2026:04:59:54 +0000] "GET /.git/config HTTP/1.1" 404 705 "-" "Mozilla/5.0 (X11; Linux x86_64) AppleWebKit/537.36 (KHTML, like Gecko) Chrome/81.0.4044.129 Safari/537.36"
170.106.35.187 - - [08/Feb/2026:05:01:23 +0000] "GET / HTTP/1.1" 404 705 "http://150.230.34.123:443" "Mozilla/5.0 (iPhone; CPU iPhone OS 13_2_3 like Mac OS X) AppleWebKit/605.1.15 (KHTML, like Gecko) Version/13.0.3 Mobile/15E148 Safari/604.1"
35.233.96.173 - - [08/Feb/2026:05:34:38 +0000] "GET / HTTP/1.1" 404 705 "-" "python-requests/2.32.5"
78.153.140.50 - - [08/Feb/2026:05:44:52 +0000] "GET /.env HTTP/1.1" 404 705 "-" "Mozilla/5.0 (Windows NT 10.0; Win64; x64) AppleWebKit/537.36 (KHTML, like Gecko) Chrome/116.0.5845.140 Safari/537.36"
78.153.140.50 - - [08/Feb/2026:05:44:53 +0000] "POST / HTTP/1.1" 404 705 "-" "Mozilla/5.0 (Windows NT 10.0; Win64; x64) AppleWebKit/537.36 (KHTML, like Gecko) Chrome/116.0.5845.140 Safari/537.36"
18.224.1.173 - - [08/Feb/2026:05:59:38 +0000] "GET / HTTP/1.1" 404 705 "http://150.230.34.123:443/" "visionheight.com/scan Mozilla/5.0 (Macintosh; Intel Mac OS X 10_15_7) Chrome/126.0.0.0 Safari/537.36"
18.224.1.173 - - [08/Feb/2026:06:04:06 +0000] "GET / HTTP/1.1" 404 705 "-" "visionheight.com/scan Mozilla/5.0 (Macintosh; Intel Mac OS X 10_15_7) Chrome/126.0.0.0 Safari/537.36"
198.235.24.141 - - [08/Feb/2026:06:27:58 +0000] "GET / HTTP/1.1" 404 705 "-" "Hello from Palo Alto Networks, find out more about our scans in https://docs-cortex.paloaltonetworks.com/r/1/Cortex-Xpanse/Scanning-activity"
45.153.34.87 - - [08/Feb/2026:06:50:01 +0000] "GET /.env HTTP/1.1" 404 1236 "-" "Mozilla/5.0 (Windows; U; Windows NT 5.1; en-US) AppleWebKit/532.2 (KHTML, like Gecko) Chrome/4.0.223.3 Safari/532.2"
45.153.34.87 - - [08/Feb/2026:06:50:01 +0000] "GET /backend/.env HTTP/1.1" 404 1236 "-" "Mozilla/5.0 (Linux; Android 4.4.2; en-ca; SGH-I337M Build/KOT49H) AppleWebKit/537.36 (KHTML, like Gecko) Version/1.5 Chrome/28.0.1500.94 Mobile Safari/537.36"
45.153.34.87 - - [08/Feb/2026:06:50:02 +0000] "GET /api/.env HTTP/1.1" 404 1236 "-" "Mozilla/5.0 (Macintosh; U; Intel Mac OS X 10_6_2; en-US) AppleWebKit/534.16 (KHTML, like Gecko) Chrome/10.0.648.133 Safari/534.16"
45.153.34.87 - - [08/Feb/2026:06:50:03 +0000] "GET /admin/.env HTTP/1.1" 404 1236 "-" "Mozilla/5.0 (Linux; Android 5.0.1; SAMSUNG SGH-I337M Build/LRX22C) AppleWebKit/537.36 (KHTML, like Gecko) SamsungBrowser/4.0 Chrome/44.0.2403.133 Mobile Safari/537.36"
45.153.34.87 - - [08/Feb/2026:06:50:04 +0000] "GET /?phpinfo=-1 HTTP/1.1" 404 1236 "-" "Mozilla/5.0 (Windows NT 6.1; U;WOW64; de;rv:11.0) Gecko Firefox/11.0"
45.153.34.87 - - [08/Feb/2026:06:50:05 +0000] "GET /app_dev.php/_profiler/phpinfo HTTP/1.1" 404 1236 "-" "Mozilla/5.0 (Android; Mobile; rv:14.0) Gecko/14.0 Firefox/14.0.1"
45.153.34.87 - - [08/Feb/2026:06:50:05 +0000] "GET /.env.example HTTP/1.1" 404 1236 "-" "Mozilla/5.0 (Macintosh; Intel Mac OS X 10.12; rv:58.0) Gecko/20100101 Firefox/58.0"
45.153.34.87 - - [08/Feb/2026:06:50:06 +0000] "GET /phpinfo/ HTTP/1.1" 404 1236 "-" "Mozilla/5.0 (Windows NT 5.1; U; Firefox/3.5; en; rv:1.9.1.6) Gecko/20091201 Firefox/3.5.6 Opera 10.53"
45.153.34.87 - - [08/Feb/2026:06:50:07 +0000] "GET /server/.env HTTP/1.1" 404 1236 "-" "Mozilla/5.0 (Linux; U; Android 5.0.1; en-us; LG-D850/D85021r Build/LRX21Y) AppleWebKit/537.36 (KHTML, like Gecko) Version/4.0 Chrome/34.0.1847.118 Mobile Safari/537.36"
45.153.34.87 - - [08/Feb/2026:06:50:08 +0000] "GET /phpinfo.php HTTP/1.1" 404 1236 "-" "Mozilla/4.0 (compatible; MSIE 7.0; Windows NT 6.2; Trident/7.0; .NET4.0E; .NET4.0C)"
45.153.34.87 - - [08/Feb/2026:06:50:09 +0000] "GET /support/.env HTTP/1.1" 404 1236 "-" "Mozilla/5.0 (Macintosh; U; Intel Mac OS X 10_5_3; nb-no) AppleWebKit/525.18 (KHTML, like Gecko) Version/3.1.1 Safari/525.20"
45.153.34.87 - - [08/Feb/2026:06:50:09 +0000] "GET /settings.env HTTP/1.1" 404 1236 "-" "Mozilla/5.0 (X11; Linux x86_64) AppleWebKit/534.24 (KHTML, like Gecko) Ubuntu/10.04 Chromium/11.0.696.0 Chrome/11.0.696.0 Safari/534.24"
45.153.34.87 - - [08/Feb/2026:06:50:10 +0000] "GET /panel/.env.1 HTTP/1.1" 404 1236 "-" "Mozilla/5.0 (Windows NT 6.1; WOW64) AppleWebKit/537.36 (KHTML, like Gecko) Chrome/28.0.1500.72 Safari/537.36 OPR/15.0.1147.148"
45.153.34.87 - - [08/Feb/2026:06:50:11 +0000] "GET /web/.env.bak HTTP/1.1" 404 1236 "-" "Mozilla/5.0 (Macintosh; Intel Mac OS X 10_10_5) AppleWebKit/537.36 (KHTML, like Gecko) Chrome/44.0.2403.130 Safari/537.36"
45.153.34.87 - - [08/Feb/2026:06:50:11 +0000] "GET /stg/.env.bak HTTP/1.1" 404 1236 "-" "Mozilla/5.0 (X11; U; Linux i686; en-US; rv:1.8.0.10) Gecko/20070510 Fedora/1.5.0.10-6.fc6 Firefox/1.5.0.10"
45.153.34.87 - - [08/Feb/2026:06:50:12 +0000] "GET /stg/.env.dev HTTP/1.1" 404 1236 "-" "Mozilla/5.0 (Macintosh; Intel Mac OS X 10_10_3) AppleWebKit/537.36 (KHTML, like Gecko) Chrome/43.0.2357.134 Safari/537.36"
45.153.34.87 - - [08/Feb/2026:06:50:13 +0000] "GET /apps/.env HTTP/1.1" 404 1236 "-" "Mozilla/5.0 (X11; U; Linux i686; en-US) AppleWebKit/534.13 (KHTML, like Gecko) Ubuntu/9.10 Chromium/9.0.592.0 Chrome/9.0.592.0 Safari/534.13"
45.153.34.87 - - [08/Feb/2026:06:50:14 +0000] "GET /project/.env HTTP/1.1" 404 1236 "-" "Mozilla/5.0 (X11; Linux x86_64) AppleWebKit/537.36 (KHTML, like Gecko) Ubuntu Chromium/34.0.1847.116 Chrome/34.0.1847.116 Safari/537.36"
45.153.34.87 - - [08/Feb/2026:06:50:15 +0000] "GET /_static/.env HTTP/1.1" 404 1236 "-" "Opera/9.10 (Windows NT 5.2; U; de)"
45.153.34.87 - - [08/Feb/2026:06:50:16 +0000] "GET /saas/.env HTTP/1.1" 404 1236 "-" "Opera/9.02 (Windows XP; U; ru)"
45.153.34.87 - - [08/Feb/2026:06:50:16 +0000] "GET /web/.env.dev HTTP/1.1" 404 1236 "-" "Mozilla/5.0 (X11; U; Linux i686; en-US; rv:1.9.1b3) Gecko/20090407 Firefox/3.1b3"
45.153.34.87 - - [08/Feb/2026:06:50:17 +0000] "GET /product/.env HTTP/1.1" 404 1236 "-" "Mozilla/5.0 (iPhone; U; CPU iPhone OS 4_2_3 like Mac OS X; en-US) AppleWebKit/535.16.10 (KHTML, like Gecko) Version/5.0.2 Mobile/8C28a Safari/6533.18.5"
45.153.34.87 - - [08/Feb/2026:06:50:18 +0000] "GET /system/.env HTTP/1.1" 404 1236 "-" "Mozilla/5.0 (Windows NT 5.1; U; en; rv:1.8.0) Gecko/20060728 Firefox/1.5.0"
45.153.34.87 - - [08/Feb/2026:06:50:19 +0000] "GET /shopify/.env HTTP/1.1" 404 1236 "-" "Mozilla/5.0 (X11; U; Linux x86_64; fr; rv:1.8.1.1) Gecko/20060601 Firefox/2.0.0.1 (Ubuntu-edgy)"
45.153.34.87 - - [08/Feb/2026:06:50:20 +0000] "GET /templates/.env HTTP/1.1" 404 1236 "-" "Mozilla/5.0 (Linux; Android 4.4.2; GT-N5110 Build/KOT49H) AppleWebKit/537.36 (KHTML, like Gecko) Chrome/45.0.2454.84 Safari/537.36"
45.153.34.87 - - [08/Feb/2026:06:50:21 +0000] "GET /demo/.env HTTP/1.1" 404 1236 "-" "Mozilla/5.0 (Windows NT 6.3; rv:47.0) Gecko/20100101 Firefox/47.0"
45.153.34.87 - - [08/Feb/2026:06:50:22 +0000] "GET /.aws/credentials HTTP/1.1" 404 1236 "-" "Mozilla/5.0 (Linux; U; Android 4.4.2; en-us; GT-N5110 Build/KOT49H) AppleWebKit/534.30 (KHTML, like Gecko) Version/4.0 Safari/534.30"
45.153.34.87 - - [08/Feb/2026:06:50:23 +0000] "GET /yii/env.json HTTP/1.1" 404 1236 "-" "Mozilla/5.0 (X11; U; Linux x86_64; en-US; rv:1.9.0.5) Gecko/2008121806 Gentoo Firefox/3.0.5"
45.153.34.87 - - [08/Feb/2026:06:50:23 +0000] "GET /preview/.env HTTP/1.1" 404 1236 "-" "Opera/9.80 (S60; SymbOS; Opera Mobi/SYB-1204232254; U; en-GB) Presto/2.10.254 Version/12.00"
45.153.34.87 - - [08/Feb/2026:06:50:24 +0000] "GET /yii/env.yaml HTTP/1.1" 404 1236 "-" "Mozilla/5.0 (Windows; U; Windows NT 6.0; en-US) AppleWebKit/532.4 (KHTML, like Gecko) Chrome/4.0.241.0 Safari/532.4"
45.153.34.87 - - [08/Feb/2026:06:50:25 +0000] "GET /API/.env HTTP/1.1" 404 1236 "-" "Mozilla/5.0 (Windows NT 10.0; Win64; x64; rv:50.1.0) Gecko/20100101 Firefox/50.1.0"
122.51.242.12 - - [08/Feb/2026:07:30:54 +0000] "GET / HTTP/1.1" 404 705 "-" "Mozilla/5.0 (Linux; Android 10; LIO-AN00 Build/HUAWEILIO-AN00; wv) MicroMessenger Weixin QQ AppleWebKit/537.36 (KHTML, like Gecko) Version/4.0 Chrome/78.0.3904.62 XWEB/2692 MMWEBSDK/200901 Mobile Safari/537.36"
122.51.242.12 - - [08/Feb/2026:07:43:31 +0000] "GET / HTTP/1.1" 404 705 "-" "Mozilla/5.0 (Linux; Android 10; LIO-AN00 Build/HUAWEILIO-AN00; wv) MicroMessenger Weixin QQ AppleWebKit/537.36 (KHTML, like Gecko) Version/4.0 Chrome/78.0.3904.62 XWEB/2692 MMWEBSDK/200901 Mobile Safari/537.36"
193.142.147.209 - - [08/Feb/2026:07:57:14 +0000] "POST / HTTP/1.1" 404 705 "-" "Mozilla/5.0 (Windows NT 10.0; Win64; x64) AppleWebKit/537.36"
185.242.226.121 - - [08/Feb/2026:07:58:02 +0000] "GET / HTTP/1.1" 404 705 "http://150.230.34.123:443/" "Mozilla/5.0 (Windows NT 10.0; Win64; x64) AppleWebKit/537.36 (KHTML, like Gecko) Chrome/88.0.4324.190 Safari/537.36"
78.153.140.50 - - [08/Feb/2026:08:23:47 +0000] "GET /.env HTTP/1.1" 404 705 "-" "Mozilla/5.0 (Windows NT 10.0; Win64; x64) AppleWebKit/537.36 (KHTML, like Gecko) Chrome/116.0.5845.140 Safari/537.36"
78.153.140.50 - - [08/Feb/2026:08:23:48 +0000] "POST / HTTP/1.1" 404 705 "-" "Mozilla/5.0 (Windows NT 10.0; Win64; x64) AppleWebKit/537.36 (KHTML, like Gecko) Chrome/116.0.5845.140 Safari/537.36"
193.142.147.209 - - [08/Feb/2026:09:19:36 +0000] "POST / HTTP/1.1" 404 705 "-" "Mozilla/5.0 (Windows NT 10.0; Win64; x64) AppleWebKit/537.36"
185.241.208.170 - - [08/Feb/2026:09:43:27 +0000] "GET /.git/objects/pack/ HTTP/1.1" 404 705 "-" "Mozilla/5.0 (Windows NT 6.2; WOW64) AppleWebKit/537.36 (KHTML, like Gecko) Chrome/41.0.2272.76 Safari/537.36 OPR/28.0.1750.40"
79.124.40.174 - - [08/Feb/2026:09:54:03 +0000] "GET /?XDEBUG_SESSION_START=phpstorm HTTP/1.1" 404 705 "-" "Mozilla/5.0 (Windows NT 10.0; Win64; x64) AppleWebKit/537.36 (KHTML, like Gecko) Chrome/78.0.3904.108 Safari/537.36"
20.84.153.199 - - [08/Feb/2026:10:16:44 +0000] "GET /autodiscover/autodiscover.json?@zdi/Powershell HTTP/1.1" 404 705 "-" "Mozilla/5.0 zgrab/0.x"
193.142.147.209 - - [08/Feb/2026:10:49:33 +0000] "POST / HTTP/1.1" 404 705 "-" "Mozilla/5.0 (Windows NT 10.0; Win64; x64) AppleWebKit/537.36"
20.65.194.81 - - [08/Feb/2026:11:17:10 +0000] "GET /actuator/health HTTP/1.1" 404 705 "-" "Mozilla/5.0 zgrab/0.x"
170.64.237.16 - - [08/Feb/2026:11:53:11 +0000] "GET /.git/config HTTP/1.1" 404 705 "-" "Mozilla/5.0 (X11; Linux x86_64) AppleWebKit/537.36 (KHTML, like Gecko) Chrome/81.0.4044.129 Safari/537.36"
79.124.40.174 - - [08/Feb/2026:11:54:17 +0000] "GET /actuator/gateway/routes HTTP/1.1" 404 705 "-" "Mozilla/5.0 (Windows NT 10.0; Win64; x64) AppleWebKit/537.36 (KHTML, like Gecko) Chrome/78.0.3904.108 Safari/537.36"
170.64.237.16 - - [08/Feb/2026:12:06:09 +0000] "GET /.git/config HTTP/1.1" 404 705 "-" "Mozilla/5.0 (X11; Linux x86_64) AppleWebKit/537.36 (KHTML, like Gecko) Chrome/81.0.4044.129 Safari/537.36"
176.65.134.20 - - [08/Feb/2026:12:13:39 +0000] "PROPFIND / HTTP/1.1" 404 1236 "http://150.230.34.123:443/" "-"
193.142.147.209 - - [08/Feb/2026:12:31:30 +0000] "POST / HTTP/1.1" 404 705 "-" "Mozilla/5.0 (Windows NT 10.0; Win64; x64) AppleWebKit/537.36"
20.221.71.226 - - [08/Feb/2026:12:39:05 +0000] "GET /owa/auth/x.js HTTP/1.1" 404 705 "-" "Mozilla/5.0 zgrab/0.x"
43.159.143.139 - - [08/Feb/2026:13:03:00 +0000] "GET / HTTP/1.1" 404 705 "http://150.230.34.123:443" "Mozilla/5.0 (iPhone; CPU iPhone OS 13_2_3 like Mac OS X) AppleWebKit/605.1.15 (KHTML, like Gecko) Version/13.0.3 Mobile/15E148 Safari/604.1"
89.42.231.200 - - [08/Feb/2026:13:21:35 +0000] "GET /SDK/webLanguage HTTP/1.1" 404 705 "-" "Mozilla/5.0 (Windows NT 10.0; Win64; x64) AppleWebKit/537.36 (KHTML, like Gecko) Chrome/90.0.4430.85 Safari/537.36 Edg/90.0.818.46"
193.142.147.209 - - [08/Feb/2026:13:32:37 +0000] "POST / HTTP/1.1" 404 705 "-" "Mozilla/5.0 (Windows NT 10.0; Win64; x64) AppleWebKit/537.36"
172.174.250.151 - - [08/Feb/2026:14:13:07 +0000] "GET /developmentserver/metadatauploader HTTP/1.1" 404 705 "-" "Mozilla/5.0 zgrab/0.x"
71.6.134.231 - - [08/Feb/2026:14:35:10 +0000] "GET / HTTP/1.1" 404 705 "-" "Mozilla/5.0 (Windows NT 10.0; Win64; x64) AppleWebKit/537.36 (KHTML, like Gecko) Chrome/133.0.0.0 Safari/537.36"
71.6.134.231 - - [08/Feb/2026:14:36:31 +0000] "GET /favicon.ico HTTP/2" 404 1236 "-" "Mozilla/5.0 (Windows NT 10.0; Win64; x64) AppleWebKit/537.36 (KHTML, like Gecko) Chrome/133.0.0.0 Safari/537.36"
195.178.110.199 - - [08/Feb/2026:14:41:00 +0000] "GET / HTTP/1.1" 404 1236 "-" "-"
193.142.147.209 - - [08/Feb/2026:15:21:13 +0000] "POST / HTTP/1.1" 404 705 "-" "Mozilla/5.0 (Windows NT 10.0; Win64; x64) AppleWebKit/537.36"
165.227.149.253 - - [08/Feb/2026:15:26:47 +0000] "POST /dns-query HTTP/2" 404 1236 "-" "-"
146.190.68.91 - - [08/Feb/2026:15:30:14 +0000] "GET / HTTP/2" 404 705 "-" "Mozilla/5.0 (Windows NT 10.0; Win64; x64) AppleWebKit/537.36 (KHTML, like Gecko) Chrome/140.0.0.0 Safari/537.36"
146.190.68.91 - - [08/Feb/2026:15:30:19 +0000] "GET /security.txt HTTP/2" 404 705 "-" "Mozilla/5.0 (Windows NT 10.0; Win64; x64) AppleWebKit/537.36 (KHTML, like Gecko) Chrome/140.0.0.0 Safari/537.36"
146.190.68.91 - - [08/Feb/2026:15:30:19 +0000] "GET /favicon HTTP/2" 404 705 "-" "Mozilla/5.0 (Windows NT 10.0; Win64; x64) AppleWebKit/537.36 (KHTML, like Gecko) Chrome/140.0.0.0 Safari/537.36"
107.189.16.186 - - [08/Feb/2026:15:36:35 +0000] "GET / HTTP/1.1" 404 705 "-" "Mozilla/5.0 (Macintosh; Intel Mac OS X 10_15_2) AppleWebKit/605.1.15 (KHTML, like Gecko) Version/13.0.4 Safari/605.1.15"
176.65.134.20 - - [08/Feb/2026:15:51:26 +0000] "PROPFIND / HTTP/1.1" 404 1236 "http://150.230.34.123:443/" "-"
165.232.88.110 - - [08/Feb/2026:16:25:52 +0000] "GET / HTTP/1.1" 404 705 "-" "Mozilla/5.0 (X11; Linux x86_64) AppleWebKit/537.36 (KHTML, like Gecko) Chrome/142.0.0.0 Safari/537.36"
165.232.88.110 - - [08/Feb/2026:16:25:56 +0000] "GET /favicon.ico HTTP/1.1" 404 705 "https://150.230.34.123/" "Mozilla/5.0 (X11; Linux x86_64) AppleWebKit/537.36 (KHTML, like Gecko) Chrome/142.0.0.0 Safari/537.36"
193.142.147.209 - - [08/Feb/2026:16:34:13 +0000] "POST / HTTP/1.1" 404 705 "-" "Mozilla/5.0 (Windows NT 10.0; Win64; x64) AppleWebKit/537.36"
87.106.22.154 - - [08/Feb/2026:16:49:34 +0000] "GET /webclient/ HTTP/1.1" 404 1236 "-" "Mozilla/5.0"
170.64.237.16 - - [08/Feb/2026:17:00:26 +0000] "GET /.git/config HTTP/1.1" 404 705 "-" "Mozilla/5.0 (X11; Linux x86_64) AppleWebKit/537.36 (KHTML, like Gecko) Chrome/81.0.4044.129 Safari/537.36"
170.64.237.16 - - [08/Feb/2026:17:08:07 +0000] "GET /.git/config HTTP/1.1" 404 705 "-" "Mozilla/5.0 (X11; Linux x86_64) AppleWebKit/537.36 (KHTML, like Gecko) Chrome/81.0.4044.129 Safari/537.36"
116.52.141.172 - - [08/Feb/2026:17:52:13 +0000] "GET / HTTP/1.1" 404 1236 "-" "-"
123.245.84.65 - - [08/Feb/2026:17:53:05 +0000] "GET / HTTP/1.1" 404 1236 "-" "Mozilla/5.0 (Windows NT 6.1) AppleWebKit/537.36 (KHTML, like Gecko) Chrome/49.0.2623.112 Safari/537.36"
170.64.237.16 - - [08/Feb/2026:18:02:03 +0000] "GET /.git/config HTTP/1.1" 404 705 "-" "Mozilla/5.0 (X11; Linux x86_64) AppleWebKit/537.36 (KHTML, like Gecko) Chrome/81.0.4044.129 Safari/537.36"
31.59.168.171 - - [08/Feb/2026:18:07:02 +0000] "GET / HTTP/1.1" 404 705 "-" "HTTPX Discovery"
193.142.147.209 - - [08/Feb/2026:18:21:48 +0000] "POST / HTTP/1.1" 404 705 "-" "Mozilla/5.0 (Windows NT 10.0; Win64; x64) AppleWebKit/537.36"
185.12.59.118 - - [08/Feb/2026:18:23:24 +0000] "GET / HTTP/1.1" 404 705 "-" "Mozilla/5.0 (Windows NT 10.0; Win64; x64; rv:132.0) Gecko/20100101 Firefox/132.0"
185.242.226.121 - - [08/Feb/2026:18:48:17 +0000] "GET / HTTP/1.1" 404 705 "-" "Mozilla/5.0 (Windows NT 10.0; Win64; x64) AppleWebKit/537.36 (KHTML, like Gecko) Chrome/88.0.4324.190 Safari/537.36"
167.94.138.186 - - [08/Feb/2026:18:54:03 +0000] "GET / HTTP/1.1" 404 705 "-" "Mozilla/5.0 (compatible; CensysInspect/1.1; +https://about.censys.io/)"
167.94.138.186 - - [08/Feb/2026:18:55:02 +0000] "GET /login HTTP/1.1" 404 705 "-" "Mozilla/5.0 (compatible; CensysInspect/1.1; +https://about.censys.io/)"
185.241.208.170 - - [08/Feb/2026:19:18:24 +0000] "GET /.git/objects/info/ HTTP/1.1" 404 705 "-" "Mozilla/5.0 (Linux; Android 9; moto x4) AppleWebKit/537.36 (KHTML, like Gecko) Chrome/76.0.3809.111 Mobile Safari/537.36"
170.64.237.16 - - [08/Feb/2026:19:20:05 +0000] "GET /.git/config HTTP/1.1" 404 705 "-" "Mozilla/5.0 (X11; Linux x86_64) AppleWebKit/537.36 (KHTML, like Gecko) Chrome/81.0.4044.129 Safari/537.36"
193.142.147.209 - - [08/Feb/2026:19:57:11 +0000] "POST / HTTP/1.1" 404 705 "-" "Mozilla/5.0 (Windows NT 10.0; Win64; x64) AppleWebKit/537.36"
164.92.150.137 - - [08/Feb/2026:20:22:15 +0000] "GET /.git/config HTTP/1.1" 404 705 "-" "Mozilla/5.0 (Windows NT 10.0; Win64; x64) AppleWebKit/537.36"
104.155.20.12 - - [08/Feb/2026:20:31:05 +0000] "GET / HTTP/1.1" 404 705 "-" "python-requests/2.32.5"
101.33.66.34 - - [08/Feb/2026:20:58:10 +0000] "GET / HTTP/1.1" 404 705 "http://150.230.34.123:443" "Mozilla/5.0 (iPhone; CPU iPhone OS 13_2_3 like Mac OS X) AppleWebKit/605.1.15 (KHTML, like Gecko) Version/13.0.3 Mobile/15E148 Safari/604.1"
45.156.128.59 - - [08/Feb/2026:21:08:10 +0000] "GET / HTTP/1.1" 404 705 "-" "Mozilla/5.0 (Windows NT 10.0; WOW64) AppleWebKit/537.36 (KHTML, like Gecko) Chrome/66.0.3359.117 Safari/537.36"
45.156.128.56 - - [08/Feb/2026:21:08:44 +0000] "POST /mcp HTTP/2" 404 705 "-" "python-httpx/0.28.1"
45.156.128.56 - - [08/Feb/2026:21:08:44 +0000] "GET /sse HTTP/2" 404 705 "-" "python-httpx/0.28.1"
45.156.128.59 - - [08/Feb/2026:21:08:44 +0000] "GET /favicon.ico HTTP/1.1" 404 705 "-" "Mozilla/5.0 (Windows NT 10.0; WOW64) AppleWebKit/537.36 (KHTML, like Gecko) Chrome/66.0.3359.117 Safari/537.36"
193.142.147.209 - - [08/Feb/2026:21:14:10 +0000] "POST / HTTP/1.1" 404 705 "-" "Mozilla/5.0 (Windows NT 10.0; Win64; x64) AppleWebKit/537.36"
