198.199.123.167 - - [19/Jan/2026:05:02:52 +0000] "GET /wfs?service=WFS&request=GetCapabilities HTTP/1.1" 404 705 "-" "Mozilla/5.0 (Macintosh; Intel Mac OS X 10_15_7) AppleWebKit/605.1.15 (KHTML, like Gecko) Version/16.2 Mobile/15E148 Safari/604.1"
198.199.123.167 - - [19/Jan/2026:05:02:52 +0000] "GET /ows?service=WFS&request=GetCapabilities HTTP/1.1" 404 705 "-" "Mozilla/5.0 (Macintosh; Intel Mac OS X 10_11_6) AppleWebKit/537.36 (KHTML, like Gecko) Chrome/103.0.0.0 Safari/537.36"
193.142.147.209 - - [19/Jan/2026:05:35:08 +0000] "POST / HTTP/1.1" 404 705 "-" "Mozilla/5.0 (Windows NT 10.0; Win64; x64) AppleWebKit/537.36"
79.124.40.174 - - [19/Jan/2026:06:58:27 +0000] "GET /actuator/gateway/routes HTTP/1.1" 404 705 "-" "Mozilla/5.0 (Windows NT 10.0; Win64; x64) AppleWebKit/537.36 (KHTML, like Gecko) Chrome/78.0.3904.108 Safari/537.36"
167.172.167.202 - - [19/Jan/2026:07:08:00 +0000] "PROPFIND / HTTP/1.1" 404 1236 "http://150.230.34.123:443/" "-"
78.153.140.43 - - [19/Jan/2026:07:19:53 +0000] "GET /.env HTTP/1.1" 404 705 "-" "Mozilla/5.0 (Windows NT 10.0; Win64; x64) AppleWebKit/537.36 (KHTML, like Gecko) Chrome/116.0.5845.140 Safari/537.36"
78.153.140.43 - - [19/Jan/2026:07:19:54 +0000] "POST / HTTP/1.1" 404 705 "-" "Mozilla/5.0 (Windows NT 10.0; Win64; x64) AppleWebKit/537.36 (KHTML, like Gecko) Chrome/116.0.5845.140 Safari/537.36"
206.189.158.53 - - [19/Jan/2026:07:24:35 +0000] "PROPFIND / HTTP/1.1" 404 1236 "http://150.230.34.123:443/" "-"
143.198.189.240 - - [19/Jan/2026:07:49:17 +0000] "GET /geoserver/wfs?service=WFS&request=GetCapabilities HTTP/1.1" 404 705 "-" "Mozilla/5.0 (Fedora; Linux i686) AppleWebKit/537.36 (KHTML, like Gecko) Chrome/142.0.0.0 Safari/537.36"
143.198.189.240 - - [19/Jan/2026:07:49:17 +0000] "GET /geoserver/ows?service=WFS&request=GetCapabilities HTTP/1.1" 404 705 "-" "Mozilla/5.0 (Macintosh; Intel Mac OS X 10.15; rv:133.0) Gecko/20100101 Firefox/133.0"
143.198.189.240 - - [19/Jan/2026:07:49:17 +0000] "GET /wfs?service=WFS&request=GetCapabilities HTTP/1.1" 404 705 "-" "Mozilla/5.0 (Windows NT 10.0; Win64; x64) AppleWebKit/537.36 (KHTML, like Gecko) Chrome/70.0.3538.102 Safari/537.36 Edge/18.18363"
143.198.189.240 - - [19/Jan/2026:07:49:17 +0000] "GET /ows?service=WFS&request=GetCapabilities HTTP/1.1" 404 705 "-" "Mozilla/5.0 (X11; Linux x86_64; rv:1.9.7.20) Gecko/ Firefox/4.0"
5.183.209.196 - - [19/Jan/2026:07:58:07 +0000] "GET /SDK/webLanguage HTTP/1.1" 404 705 "-" "Mozilla/5.0 (Windows NT 10.0; Win64; x64) AppleWebKit/537.36 (KHTML, like Gecko) Chrome/90.0.4430.85 Safari/537.36 Edg/90.0.818.46"
164.92.189.93 - - [19/Jan/2026:08:06:44 +0000] "PROPFIND / HTTP/1.1" 404 1236 "http://150.230.34.123:443/" "-"
64.226.81.232 - - [19/Jan/2026:08:14:10 +0000] "PROPFIND / HTTP/1.1" 404 1236 "http://150.230.34.123:443/" "-"
185.189.182.234 - - [19/Jan/2026:08:34:55 +0000] "GET / HTTP/1.1" 404 1236 "-" "-"
89.42.231.200 - - [19/Jan/2026:08:50:05 +0000] "GET /SDK/webLanguage HTTP/1.1" 404 705 "-" "Mozilla/5.0 (Windows NT 10.0; Win64; x64) AppleWebKit/537.36 (KHTML, like Gecko) Chrome/90.0.4430.85 Safari/537.36 Edg/90.0.818.46"
78.153.140.43 - - [19/Jan/2026:09:07:46 +0000] "GET /.env HTTP/1.1" 404 705 "-" "Mozilla/5.0 (Windows NT 10.0; Win64; x64) AppleWebKit/537.36 (KHTML, like Gecko) Chrome/116.0.5845.140 Safari/537.36"
78.153.140.43 - - [19/Jan/2026:09:07:48 +0000] "POST / HTTP/1.1" 404 705 "-" "Mozilla/5.0 (Windows NT 10.0; Win64; x64) AppleWebKit/537.36 (KHTML, like Gecko) Chrome/116.0.5845.140 Safari/537.36"
68.183.68.167 - - [19/Jan/2026:09:10:58 +0000] "PROPFIND / HTTP/1.1" 404 1236 "http://150.230.34.123:443/" "-"
20.65.194.111 - - [19/Jan/2026:09:15:33 +0000] "GET /version HTTP/1.1" 404 705 "-" "Mozilla/5.0 zgrab/0.x"
204.76.203.125 - - [19/Jan/2026:09:17:06 +0000] "GET /.env HTTP/1.1" 404 1236 "-" "Mozilla/5.0"
204.76.203.125 - - [19/Jan/2026:09:17:07 +0000] "GET /.env.local HTTP/1.1" 404 1236 "-" "Mozilla/5.0"
204.76.203.125 - - [19/Jan/2026:09:17:07 +0000] "GET /.env.production HTTP/1.1" 404 1236 "-" "Mozilla/5.0"
204.76.203.125 - - [19/Jan/2026:09:17:08 +0000] "GET /.env.development HTTP/1.1" 404 1236 "-" "Mozilla/5.0"
204.76.203.125 - - [19/Jan/2026:09:17:08 +0000] "GET /.env.dev HTTP/1.1" 404 1236 "-" "Mozilla/5.0"
204.76.203.125 - - [19/Jan/2026:09:17:09 +0000] "GET /.env.prod HTTP/1.1" 404 1236 "-" "Mozilla/5.0"
204.76.203.125 - - [19/Jan/2026:09:17:09 +0000] "GET /.env.test HTTP/1.1" 404 1236 "-" "Mozilla/5.0"
204.76.203.125 - - [19/Jan/2026:09:17:10 +0000] "GET /.env.backup HTTP/1.1" 404 1236 "-" "Mozilla/5.0"
204.76.203.125 - - [19/Jan/2026:09:17:10 +0000] "GET /.env.staging HTTP/1.1" 404 1236 "-" "Mozilla/5.0"
204.76.203.125 - - [19/Jan/2026:09:17:11 +0000] "GET /.env.old HTTP/1.1" 404 1236 "-" "Mozilla/5.0"
204.76.203.125 - - [19/Jan/2026:09:17:11 +0000] "GET /.env.save HTTP/1.1" 404 1236 "-" "Mozilla/5.0"
204.76.203.125 - - [19/Jan/2026:09:17:12 +0000] "GET /.env.tmp HTTP/1.1" 404 1236 "-" "Mozilla/5.0"
204.76.203.125 - - [19/Jan/2026:09:17:12 +0000] "GET /.env.bak HTTP/1.1" 404 1236 "-" "Mozilla/5.0"
204.76.203.125 - - [19/Jan/2026:09:17:13 +0000] "GET /.env.swp HTTP/1.1" 404 1236 "-" "Mozilla/5.0"
204.76.203.125 - - [19/Jan/2026:09:17:13 +0000] "GET /.env~ HTTP/1.1" 404 1236 "-" "Mozilla/5.0"
204.76.203.125 - - [19/Jan/2026:09:17:14 +0000] "GET /env HTTP/1.1" 404 1236 "-" "Mozilla/5.0"
204.76.203.125 - - [19/Jan/2026:09:17:14 +0000] "GET /env.js HTTP/1.1" 404 1236 "-" "Mozilla/5.0"
204.76.203.125 - - [19/Jan/2026:09:17:15 +0000] "GET /app/.env HTTP/1.1" 404 1236 "-" "Mozilla/5.0"
204.76.203.125 - - [19/Jan/2026:09:17:15 +0000] "GET /env.json HTTP/1.1" 404 1236 "-" "Mozilla/5.0"
204.76.203.125 - - [19/Jan/2026:09:17:16 +0000] "GET /src/.env HTTP/1.1" 404 1236 "-" "Mozilla/5.0"
204.76.203.125 - - [19/Jan/2026:09:17:16 +0000] "GET /config/.env HTTP/1.1" 404 1236 "-" "Mozilla/5.0"
204.76.203.125 - - [19/Jan/2026:09:17:17 +0000] "GET /backend/.env HTTP/1.1" 404 1236 "-" "Mozilla/5.0"
204.76.203.125 - - [19/Jan/2026:09:17:17 +0000] "GET /frontend/.env HTTP/1.1" 404 1236 "-" "Mozilla/5.0"
204.76.203.125 - - [19/Jan/2026:09:17:18 +0000] "GET /api/.env HTTP/1.1" 404 1236 "-" "Mozilla/5.0"
204.76.203.125 - - [19/Jan/2026:09:17:18 +0000] "GET /server/.env HTTP/1.1" 404 1236 "-" "Mozilla/5.0"
204.76.203.125 - - [19/Jan/2026:09:17:18 +0000] "GET /client/.env HTTP/1.1" 404 1236 "-" "Mozilla/5.0"
204.76.203.125 - - [19/Jan/2026:09:17:19 +0000] "GET /public/.env HTTP/1.1" 404 1236 "-" "Mozilla/5.0"
204.76.203.125 - - [19/Jan/2026:09:17:19 +0000] "GET /web/.env HTTP/1.1" 404 1236 "-" "Mozilla/5.0"
204.76.203.125 - - [19/Jan/2026:09:17:20 +0000] "GET /private/.env HTTP/1.1" 404 1236 "-" "Mozilla/5.0"
204.76.203.125 - - [19/Jan/2026:09:17:20 +0000] "GET /var/.env HTTP/1.1" 404 1236 "-" "Mozilla/5.0"
204.76.203.125 - - [19/Jan/2026:09:17:21 +0000] "GET /docker-compose.yml HTTP/1.1" 404 1236 "-" "Mozilla/5.0"
204.76.203.125 - - [19/Jan/2026:09:17:21 +0000] "GET /docker-compose.yaml HTTP/1.1" 404 1236 "-" "Mozilla/5.0"
204.76.203.125 - - [19/Jan/2026:09:17:22 +0000] "GET /docker-compose.override.yml HTTP/1.1" 404 1236 "-" "Mozilla/5.0"
204.76.203.125 - - [19/Jan/2026:09:17:22 +0000] "GET /docker-compose.dev.yml HTTP/1.1" 404 1236 "-" "Mozilla/5.0"
204.76.203.125 - - [19/Jan/2026:09:17:23 +0000] "GET /config.js HTTP/1.1" 404 1236 "-" "Mozilla/5.0"
204.76.203.125 - - [19/Jan/2026:09:17:23 +0000] "GET /docker-compose.prod.yml HTTP/1.1" 404 1236 "-" "Mozilla/5.0"
204.76.203.125 - - [19/Jan/2026:09:17:24 +0000] "GET /config.json HTTP/1.1" 404 1236 "-" "Mozilla/5.0"
204.76.203.125 - - [19/Jan/2026:09:17:24 +0000] "GET /settings.js HTTP/1.1" 404 1236 "-" "Mozilla/5.0"
204.76.203.125 - - [19/Jan/2026:09:17:25 +0000] "GET /settings.json HTTP/1.1" 404 1236 "-" "Mozilla/5.0"
204.76.203.125 - - [19/Jan/2026:09:17:25 +0000] "GET /secrets.json HTTP/1.1" 404 1236 "-" "Mozilla/5.0"
204.76.203.125 - - [19/Jan/2026:09:17:26 +0000] "GET /credentials.json HTTP/1.1" 404 1236 "-" "Mozilla/5.0"
204.76.203.125 - - [19/Jan/2026:09:17:26 +0000] "GET /settings.py HTTP/1.1" 404 1236 "-" "Mozilla/5.0"
204.76.203.125 - - [19/Jan/2026:09:17:27 +0000] "GET /config.py HTTP/1.1" 404 1236 "-" "Mozilla/5.0"
204.76.203.125 - - [19/Jan/2026:09:17:27 +0000] "GET /secrets.py HTTP/1.1" 404 1236 "-" "Mozilla/5.0"
204.76.203.125 - - [19/Jan/2026:09:17:28 +0000] "GET /config/secrets.yml HTTP/1.1" 404 1236 "-" "Mozilla/5.0"
204.76.203.125 - - [19/Jan/2026:09:17:28 +0000] "GET /config/master.key HTTP/1.1" 404 1236 "-" "Mozilla/5.0"
204.76.203.125 - - [19/Jan/2026:09:17:29 +0000] "GET /wp-config.php.bak HTTP/1.1" 404 1236 "-" "Mozilla/5.0"
204.76.203.125 - - [19/Jan/2026:09:17:29 +0000] "GET /wp-config.php.old HTTP/1.1" 404 1236 "-" "Mozilla/5.0"
204.76.203.125 - - [19/Jan/2026:09:17:30 +0000] "GET /wp-config.php.save HTTP/1.1" 404 1236 "-" "Mozilla/5.0"
204.76.203.125 - - [19/Jan/2026:09:17:30 +0000] "GET /wp-config.php.txt HTTP/1.1" 404 1236 "-" "Mozilla/5.0"
204.76.203.125 - - [19/Jan/2026:09:17:31 +0000] "GET /wp-config.php~ HTTP/1.1" 404 1236 "-" "Mozilla/5.0"
204.76.203.125 - - [19/Jan/2026:09:17:31 +0000] "GET /config/app.php HTTP/1.1" 404 1236 "-" "Mozilla/5.0"
204.76.203.125 - - [19/Jan/2026:09:17:32 +0000] "GET /application.properties HTTP/1.1" 404 1236 "-" "Mozilla/5.0"
204.76.203.125 - - [19/Jan/2026:09:17:32 +0000] "GET /application.yml HTTP/1.1" 404 1236 "-" "Mozilla/5.0"
204.76.203.125 - - [19/Jan/2026:09:17:33 +0000] "GET /application-dev.properties HTTP/1.1" 404 1236 "-" "Mozilla/5.0"
204.76.203.125 - - [19/Jan/2026:09:17:33 +0000] "GET /application.yaml HTTP/1.1" 404 1236 "-" "Mozilla/5.0"
204.76.203.125 - - [19/Jan/2026:09:17:34 +0000] "GET /application-prod.properties HTTP/1.1" 404 1236 "-" "Mozilla/5.0"
204.76.203.125 - - [19/Jan/2026:09:17:34 +0000] "GET /appsettings.json HTTP/1.1" 404 1236 "-" "Mozilla/5.0"
204.76.203.125 - - [19/Jan/2026:09:17:35 +0000] "GET /appsettings.Production.json HTTP/1.1" 404 1236 "-" "Mozilla/5.0"
204.76.203.125 - - [19/Jan/2026:09:17:35 +0000] "GET /appsettings.Development.json HTTP/1.1" 404 1236 "-" "Mozilla/5.0"
204.76.203.125 - - [19/Jan/2026:09:17:36 +0000] "GET /config.yaml HTTP/1.1" 404 1236 "-" "Mozilla/5.0"
204.76.203.125 - - [19/Jan/2026:09:17:37 +0000] "GET /config.toml HTTP/1.1" 404 1236 "-" "Mozilla/5.0"
204.76.203.125 - - [19/Jan/2026:09:17:37 +0000] "GET /config.yml HTTP/1.1" 404 1236 "-" "Mozilla/5.0"
204.76.203.125 - - [19/Jan/2026:09:17:38 +0000] "GET /serverless.yml HTTP/1.1" 404 1236 "-" "Mozilla/5.0"
204.76.203.125 - - [19/Jan/2026:09:17:38 +0000] "GET /serverless.yaml HTTP/1.1" 404 1236 "-" "Mozilla/5.0"
204.76.203.125 - - [19/Jan/2026:09:17:39 +0000] "GET /vercel.json HTTP/1.1" 404 1236 "-" "Mozilla/5.0"
204.76.203.125 - - [19/Jan/2026:09:17:39 +0000] "GET /netlify.toml HTTP/1.1" 404 1236 "-" "Mozilla/5.0"
204.76.203.125 - - [19/Jan/2026:09:17:40 +0000] "GET /config/production.json HTTP/1.1" 404 1236 "-" "Mozilla/5.0"
204.76.203.125 - - [19/Jan/2026:09:17:40 +0000] "GET /config/development.json HTTP/1.1" 404 1236 "-" "Mozilla/5.0"
204.76.203.125 - - [19/Jan/2026:09:17:41 +0000] "GET /config/default.json HTTP/1.1" 404 1236 "-" "Mozilla/5.0"
204.76.203.125 - - [19/Jan/2026:09:17:41 +0000] "GET /config/local.json HTTP/1.1" 404 1236 "-" "Mozilla/5.0"
204.76.203.125 - - [19/Jan/2026:09:17:42 +0000] "GET /conf/settings.json HTTP/1.1" 404 1236 "-" "Mozilla/5.0"
204.76.203.125 - - [19/Jan/2026:09:17:42 +0000] "GET /data/config.json HTTP/1.1" 404 1236 "-" "Mozilla/5.0"
204.76.203.125 - - [19/Jan/2026:09:17:43 +0000] "GET /actuator/env HTTP/1.1" 404 1236 "-" "Mozilla/5.0"
204.76.203.125 - - [19/Jan/2026:09:17:44 +0000] "GET /actuator/configprops HTTP/1.1" 404 1236 "-" "Mozilla/5.0"
204.76.203.125 - - [19/Jan/2026:09:17:44 +0000] "GET /debug/vars HTTP/1.1" 404 1236 "-" "Mozilla/5.0"
204.76.203.125 - - [19/Jan/2026:09:17:45 +0000] "GET /api/config HTTP/1.1" 404 1236 "-" "Mozilla/5.0"
204.76.203.125 - - [19/Jan/2026:09:17:45 +0000] "GET /admin/config HTTP/1.1" 404 1236 "-" "Mozilla/5.0"
204.76.203.125 - - [19/Jan/2026:09:17:46 +0000] "GET /api/settings HTTP/1.1" 404 1236 "-" "Mozilla/5.0"
204.76.203.125 - - [19/Jan/2026:09:17:47 +0000] "GET /api/env HTTP/1.1" 404 1236 "-" "Mozilla/5.0"
204.76.203.125 - - [19/Jan/2026:09:17:47 +0000] "GET /.env.example HTTP/1.1" 404 1236 "-" "Mozilla/5.0"
204.76.203.125 - - [19/Jan/2026:09:17:48 +0000] "GET /.env.sample HTTP/1.1" 404 1236 "-" "Mozilla/5.0"
204.76.203.125 - - [19/Jan/2026:09:17:48 +0000] "GET /.env.dist HTTP/1.1" 404 1236 "-" "Mozilla/5.0"
204.76.203.125 - - [19/Jan/2026:09:17:49 +0000] "GET /.env.template HTTP/1.1" 404 1236 "-" "Mozilla/5.0"
204.76.203.125 - - [19/Jan/2026:09:17:50 +0000] "GET /backup/.env HTTP/1.1" 404 1236 "-" "Mozilla/5.0"
204.76.203.125 - - [19/Jan/2026:09:17:50 +0000] "GET /backups/.env HTTP/1.1" 404 1236 "-" "Mozilla/5.0"
204.76.203.125 - - [19/Jan/2026:09:17:51 +0000] "GET /old/.env HTTP/1.1" 404 1236 "-" "Mozilla/5.0"
204.76.203.125 - - [19/Jan/2026:09:17:52 +0000] "GET /temp/.env HTTP/1.1" 404 1236 "-" "Mozilla/5.0"
204.76.203.125 - - [19/Jan/2026:09:17:52 +0000] "GET /tmp/.env HTTP/1.1" 404 1236 "-" "Mozilla/5.0"
204.76.203.125 - - [19/Jan/2026:09:17:53 +0000] "GET /.streamlit/config.toml HTTP/1.1" 404 1236 "-" "Mozilla/5.0"
204.76.203.125 - - [19/Jan/2026:09:17:53 +0000] "GET /.streamlit/secrets.toml HTTP/1.1" 404 1236 "-" "Mozilla/5.0"
204.76.203.125 - - [19/Jan/2026:09:17:54 +0000] "GET /app/.streamlit/secrets.toml HTTP/1.1" 404 1236 "-" "Mozilla/5.0"
204.76.203.125 - - [19/Jan/2026:09:17:55 +0000] "GET /home/appuser/.streamlit/secrets.toml HTTP/1.1" 404 1236 "-" "Mozilla/5.0"
204.76.203.125 - - [19/Jan/2026:09:17:55 +0000] "GET /root/.streamlit/secrets.toml HTTP/1.1" 404 1236 "-" "Mozilla/5.0"
204.76.203.125 - - [19/Jan/2026:09:17:56 +0000] "GET /src/.streamlit/secrets.toml HTTP/1.1" 404 1236 "-" "Mozilla/5.0"
204.76.203.125 - - [19/Jan/2026:09:17:57 +0000] "GET /.streamlit/credentials.toml HTTP/1.1" 404 1236 "-" "Mozilla/5.0"
204.76.203.125 - - [19/Jan/2026:09:17:57 +0000] "GET /@fs/app/.env?raw?? HTTP/1.1" 404 1236 "-" "Mozilla/5.0"
204.76.203.125 - - [19/Jan/2026:09:17:58 +0000] "GET /@fs/root/.env?raw?? HTTP/1.1" 404 1236 "-" "Mozilla/5.0"
204.76.203.125 - - [19/Jan/2026:09:17:59 +0000] "GET /@fs/proc/self/environ?raw?? HTTP/1.1" 404 1236 "-" "Mozilla/5.0"
204.76.203.125 - - [19/Jan/2026:09:17:59 +0000] "GET /@fs/.env?raw?? HTTP/1.1" 404 1236 "-" "Mozilla/5.0"
204.76.203.125 - - [19/Jan/2026:09:18:02 +0000] "GET /@fs/..%252f..%252f..%252f..%252f..%252froot/.env?raw?? HTTP/1.1" 404 1236 "-" "Mozilla/5.0"
204.76.203.125 - - [19/Jan/2026:09:18:03 +0000] "GET /@fs/..%252f..%252f..%252f..%252f..%252fproc/self/environ?raw?? HTTP/1.1" 404 1236 "-" "Mozilla/5.0"
193.142.147.209 - - [19/Jan/2026:09:19:45 +0000] "POST / HTTP/1.1" 404 705 "-" "Mozilla/5.0 (Windows NT 10.0; Win64; x64) AppleWebKit/537.36"
164.92.249.19 - - [19/Jan/2026:09:23:45 +0000] "PROPFIND / HTTP/1.1" 404 1236 "http://150.230.34.123:443/" "-"
185.241.208.170 - - [19/Jan/2026:09:47:03 +0000] "GET /.git/refs/ HTTP/1.1" 404 705 "-" "Mozilla/5.0 (Macintosh; Intel Mac OS X 10_14_5) AppleWebKit/605.1.15 (KHTML, like Gecko) Version/12.1.1 Safari/605.1.15"
103.124.109.94 - - [19/Jan/2026:10:07:44 +0000] "GET / HTTP/1.1" 404 705 "-" "Mozilla/5.0 (Macintosh; Intel Mac OS X 10_15_7) AppleWebKit/537.36 (KHTML, like Gecko) Chrome/120.0.0.0 Safari/537.36"
103.124.109.94 - - [19/Jan/2026:10:07:44 +0000] "POST / HTTP/1.1" 404 705 "-" "Mozilla/5.0 (Windows NT 10.0; Win64; x64) AppleWebKit/537.36 (KHTML, like Gecko) Chrome/120.0.0.0 Safari/537.36"
115.238.44.234 - - [19/Jan/2026:10:10:50 +0000] "GET / HTTP/1.0" 404 1236 "-" "-"
165.232.94.223 - - [19/Jan/2026:10:13:19 +0000] "PROPFIND / HTTP/1.1" 404 1236 "http://150.230.34.123:443/" "-"
176.65.149.253 - - [19/Jan/2026:10:28:36 +0000] "GET /config.json HTTP/1.0" 404 1236 "-" "Mozilla/5.0 (Windows NT 10.0; Win64; x64) AppleWebKit/537.36 (KHTML, like Gecko) Chrome/124.0.0.0 Safari/537.36"
43.155.195.141 - - [19/Jan/2026:10:41:57 +0000] "GET / HTTP/1.1" 404 705 "http://150.230.34.123:443" "Mozilla/5.0 (iPhone; CPU iPhone OS 13_2_3 like Mac OS X) AppleWebKit/605.1.15 (KHTML, like Gecko) Version/13.0.3 Mobile/15E148 Safari/604.1"
106.75.164.40 - - [19/Jan/2026:10:58:44 +0000] "GET / HTTP/2" 404 705 "-" "Go-http-client/2.0"
164.92.189.93 - - [19/Jan/2026:11:11:55 +0000] "PROPFIND / HTTP/1.1" 404 1236 "http://150.230.34.123:443/" "-"
78.153.140.43 - - [19/Jan/2026:11:27:12 +0000] "GET /.env HTTP/1.1" 404 705 "-" "Mozilla/5.0 (Windows NT 10.0; Win64; x64) AppleWebKit/537.36 (KHTML, like Gecko) Chrome/116.0.5845.140 Safari/537.36"
78.153.140.43 - - [19/Jan/2026:11:27:13 +0000] "POST / HTTP/1.1" 404 705 "-" "Mozilla/5.0 (Windows NT 10.0; Win64; x64) AppleWebKit/537.36 (KHTML, like Gecko) Chrome/116.0.5845.140 Safari/537.36"
141.98.11.142 - - [19/Jan/2026:11:41:42 +0000] "GET /api/sonicos/is-sslvpn-enabled HTTP/1.0" 404 705 "https://www.google.com" "Mozilla/5.0 (X11; Linux x86_64) AppleWebKit/537.36 (KHTML, like Gecko) Chrome/119.0.0.0 Safari/537.36"
141.98.11.142 - - [19/Jan/2026:11:41:44 +0000] "GET /api/sonicos/is-sslvpn-enabled HTTP/1.0" 404 705 "https://www.google.com" "Mozilla/5.0 (X11; Linux x86_64) AppleWebKit/537.36 (KHTML, like Gecko) Chrome/119.0.0.0 Safari/537.36"
101.108.51.244 - - [19/Jan/2026:12:00:34 +0000] "GET / HTTP/1.1" 404 705 "-" "Mozilla/5.0 (Windows NT 10.0; Win64; x64) AppleWebKit/537.36 (KHTML, like Gecko) Chrome/120.0.0.0 Safari/537.36 Edg/120.0.0.0"
101.108.51.244 - - [19/Jan/2026:12:00:34 +0000] "POST / HTTP/1.1" 404 705 "-" "Mozilla/5.0 (Windows NT 10.0; Win64; x64) AppleWebKit/537.36 (KHTML, like Gecko) Chrome/120.0.0.0 Safari/537.36"
206.189.158.53 - - [19/Jan/2026:12:14:42 +0000] "PROPFIND / HTTP/1.1" 404 1236 "http://150.230.34.123:443/" "-"
5.61.209.92 - - [19/Jan/2026:12:15:09 +0000] "GET /SDK/webLanguage HTTP/1.1" 404 705 "-" "Mozilla/5.0 (Windows NT 10.0; Win64; x64) AppleWebKit/537.36 (KHTML, like Gecko) Chrome/90.0.4430.85 Safari/537.36 Edg/90.0.818.46"
78.153.140.43 - - [19/Jan/2026:12:34:25 +0000] "GET /.env HTTP/1.1" 404 705 "-" "Mozilla/5.0 (Windows NT 10.0; Win64; x64) AppleWebKit/537.36 (KHTML, like Gecko) Chrome/116.0.5845.140 Safari/537.36"
78.153.140.43 - - [19/Jan/2026:12:34:26 +0000] "POST / HTTP/1.1" 404 705 "-" "Mozilla/5.0 (Windows NT 10.0; Win64; x64) AppleWebKit/537.36 (KHTML, like Gecko) Chrome/116.0.5845.140 Safari/537.36"
64.226.81.232 - - [19/Jan/2026:12:54:54 +0000] "PROPFIND / HTTP/1.1" 404 1236 "http://150.230.34.123:443/" "-"
193.142.147.209 - - [19/Jan/2026:12:55:04 +0000] "POST / HTTP/1.1" 404 705 "-" "Mozilla/5.0 (Windows NT 10.0; Win64; x64) AppleWebKit/537.36"
164.92.249.19 - - [19/Jan/2026:13:33:04 +0000] "PROPFIND / HTTP/1.1" 404 1236 "http://150.230.34.123:443/" "-"
165.22.20.52 - - [19/Jan/2026:13:44:40 +0000] "PROPFIND / HTTP/1.1" 404 1236 "http://150.230.34.123:443/" "-"
167.71.128.248 - - [19/Jan/2026:14:02:33 +0000] "GET /+CSCOL+/Java.jar HTTP/1.1" 404 705 "-" "Mozilla/5.0 (Windows NT 10.0; Win64; x64) AppleWebKit/537.36 (KHTML, like Gecko) Chrome/108.0.0.0 Safari/537.36"
167.71.128.248 - - [19/Jan/2026:14:02:34 +0000] "GET /+CSCOE+/logon_forms.js HTTP/1.1" 404 705 "-" "Mozilla/5.0 (Windows NT 10.0; Win64; x64) AppleWebKit/537.36 (KHTML, like Gecko) Chrome/108.0.0.0 Safari/537.36"
167.71.128.248 - - [19/Jan/2026:14:02:35 +0000] "GET /+CSCOL+/a1.jar HTTP/1.1" 404 705 "-" "Mozilla/5.0 (Windows NT 10.0; Win64; x64) AppleWebKit/537.36 (KHTML, like Gecko) Chrome/108.0.0.0 Safari/537.36"
167.71.128.248 - - [19/Jan/2026:14:02:36 +0000] "GET /+CSCOE+/transfer.js HTTP/1.1" 404 705 "-" "Mozilla/5.0 (Windows NT 10.0; Win64; x64) AppleWebKit/537.36 (KHTML, like Gecko) Chrome/108.0.0.0 Safari/537.36"
213.209.159.181 - - [19/Jan/2026:14:05:05 +0000] "GET /.git/config HTTP/1.1" 404 705 "-" "Mozilla/5.0 (Windows NT 10.0; Win64; x64; WOW64; rv:41.0) Gecko/20100101 Firefox/140.0.4 (x64 de)"
164.92.230.108 - - [19/Jan/2026:14:49:03 +0000] "PROPFIND / HTTP/1.1" 404 1236 "http://150.230.34.123:443/" "-"
167.172.167.202 - - [19/Jan/2026:14:58:55 +0000] "PROPFIND / HTTP/1.1" 404 1236 "http://150.230.34.123:443/" "-"
185.242.226.121 - - [19/Jan/2026:15:17:38 +0000] "GET / HTTP/1.1" 404 705 "-" "Mozilla/5.0 (Windows NT 10.0; Win64; x64) AppleWebKit/537.36 (KHTML, like Gecko) Chrome/88.0.4324.190 Safari/537.36"
71.6.199.23 - - [19/Jan/2026:15:36:14 +0000] "GET / HTTP/1.1" 404 1236 "-" "Mozilla/5.0 (X11; Linux x86_64) AppleWebKit/537.36 (KHTML, like Gecko) Chrome/98.0.4758.102 Safari/537.36"
71.6.199.23 - - [19/Jan/2026:15:36:19 +0000] "GET /robots.txt HTTP/1.1" 404 1236 "-" "-"
71.6.199.23 - - [19/Jan/2026:15:36:19 +0000] "GET /sitemap.xml HTTP/1.1" 404 1236 "-" "-"
71.6.199.23 - - [19/Jan/2026:15:36:20 +0000] "GET /.well-known/security.txt HTTP/1.1" 404 1236 "-" "-"
71.6.199.23 - - [19/Jan/2026:15:36:20 +0000] "GET /favicon.ico HTTP/1.1" 404 705 "-" "Mozilla/5.0 (Windows NT 10.0; Win64; x64) AppleWebKit/537.36 (KHTML, like Gecko) Chrome/102.0.5005.63 Safari/537.36"
64.225.101.76 - - [19/Jan/2026:16:03:02 +0000] "GET / HTTP/1.1" 404 1236 "-" "Mozilla/5.0 (Windows NT 10.0; Win64; x64; rv:109.0) Gecko/20100101 Firefox/118.0"
193.142.147.209 - - [19/Jan/2026:16:14:17 +0000] "POST / HTTP/1.1" 404 705 "-" "Mozilla/5.0 (Windows NT 10.0; Win64; x64) AppleWebKit/537.36"
78.153.140.43 - - [19/Jan/2026:16:17:23 +0000] "GET /.env HTTP/1.1" 404 705 "-" "Mozilla/5.0 (Windows NT 10.0; Win64; x64) AppleWebKit/537.36 (KHTML, like Gecko) Chrome/116.0.5845.140 Safari/537.36"
78.153.140.43 - - [19/Jan/2026:16:17:24 +0000] "POST / HTTP/1.1" 404 705 "-" "Mozilla/5.0 (Windows NT 10.0; Win64; x64) AppleWebKit/537.36 (KHTML, like Gecko) Chrome/116.0.5845.140 Safari/537.36"
185.241.208.170 - - [19/Jan/2026:16:21:06 +0000] "GET /.git/refs/heads/ HTTP/1.1" 404 705 "-" "Mozilla/5.0 (Macintosh; Intel Mac OS X 10_14_6) AppleWebKit/537.36 (KHTML, like Gecko) Chrome/75.0.3770.100 YaBrowser/19.7.0.1990 Yowser/2.5 Safari/537.36"
20.119.72.191 - - [19/Jan/2026:16:33:27 +0000] "GET / HTTP/1.1" 404 705 "-" "Mozilla/5.0 zgrab/0.x"
165.227.207.170 - - [19/Jan/2026:16:51:06 +0000] "GET / HTTP/2" 404 705 "-" "Mozilla/5.0 (Windows NT 10.0; Win64; x64) AppleWebKit/537.36 (KHTML, like Gecko) Chrome/140.0.0.0 Safari/537.36"
165.227.207.170 - - [19/Jan/2026:16:51:11 +0000] "GET /.well-known/security.txt HTTP/2" 404 705 "-" "Mozilla/5.0 (Windows NT 10.0; Win64; x64) AppleWebKit/537.36 (KHTML, like Gecko) Chrome/140.0.0.0 Safari/537.36"
165.227.207.170 - - [19/Jan/2026:16:51:11 +0000] "GET /robots.txt HTTP/2" 404 705 "-" "Mozilla/5.0 (Windows NT 10.0; Win64; x64) AppleWebKit/537.36 (KHTML, like Gecko) Chrome/140.0.0.0 Safari/537.36"
165.227.207.170 - - [19/Jan/2026:16:51:11 +0000] "GET /favicon.ico HTTP/2" 404 705 "-" "Mozilla/5.0 (Windows NT 10.0; Win64; x64) AppleWebKit/537.36 (KHTML, like Gecko) Chrome/140.0.0.0 Safari/537.36"
136.117.35.31 - - [19/Jan/2026:16:57:40 +0000] "GET /.git/config HTTP/1.1" 404 705 "-" "Mozilla/5.0 (Windows NT 10.0; Win64; x64)"
167.94.138.204 - - [19/Jan/2026:17:00:07 +0000] "GET / HTTP/1.1" 404 705 "-" "Mozilla/5.0 (compatible; CensysInspect/1.1; +https://about.censys.io/)"
167.94.138.204 - - [19/Jan/2026:17:01:14 +0000] "GET /wiki HTTP/1.1" 404 705 "-" "Mozilla/5.0 (compatible; CensysInspect/1.1; +https://about.censys.io/)"
5.189.130.33 - - [19/Jan/2026:17:51:43 +0000] "GET / HTTP/1.1" 404 705 "-" "Mozilla/5.0 (Debian; Linux i686) AppleWebKit/537.36 (KHTML, like Gecko) Chrome/122.0.0.0 Safari/537.36"
5.189.130.33 - - [19/Jan/2026:17:51:46 +0000] "GET /favicon.ico HTTP/1.1" 404 705 "-" "Mozilla/5.0 (Debian; Linux i686) AppleWebKit/537.36 (KHTML, like Gecko) Chrome/122.0.0.0 Safari/537.36"
43.173.1.57 - - [19/Jan/2026:17:57:14 +0000] "GET / HTTP/1.1" 404 705 "http://150.230.34.123:443" "Mozilla/5.0 (iPhone; CPU iPhone OS 13_2_3 like Mac OS X) AppleWebKit/605.1.15 (KHTML, like Gecko) Version/13.0.3 Mobile/15E148 Safari/604.1"
78.153.140.43 - - [19/Jan/2026:18:03:30 +0000] "GET /.env HTTP/1.1" 404 705 "-" "Mozilla/5.0 (Windows NT 10.0; Win64; x64) AppleWebKit/537.36 (KHTML, like Gecko) Chrome/116.0.5845.140 Safari/537.36"
78.153.140.43 - - [19/Jan/2026:18:03:32 +0000] "POST / HTTP/1.1" 404 705 "-" "Mozilla/5.0 (Windows NT 10.0; Win64; x64) AppleWebKit/537.36 (KHTML, like Gecko) Chrome/116.0.5845.140 Safari/537.36"
102.22.20.125 - - [19/Jan/2026:18:12:07 +0000] "GET /admin/config.php HTTP/1.0" 404 1236 "-" "xfa1,nvdorz,nvd0rz"
40.80.204.149 - - [19/Jan/2026:18:26:02 +0000] "GET / HTTP/1.1" 404 705 "http://150.230.34.123:443/" "Mozilla/5.0 zgrab/0.x"
64.226.81.232 - - [19/Jan/2026:18:53:34 +0000] "PROPFIND / HTTP/1.1" 404 1236 "http://150.230.34.123:443/" "-"
77.83.39.207 - - [19/Jan/2026:18:55:01 +0000] "GET /.env HTTP/1.1" 404 705 "-" "Mozilla/5.0 (Windows NT 6.1; Win64; x64) AppleWebKit/537.36 (KHTML, like Gecko) Chrome/65.0.3325.181 Safari/537.36"
89.42.231.200 - - [19/Jan/2026:19:01:57 +0000] "GET /SDK/webLanguage HTTP/1.1" 404 705 "-" "Mozilla/5.0 (Windows NT 10.0; Win64; x64) AppleWebKit/537.36 (KHTML, like Gecko) Chrome/90.0.4430.85 Safari/537.36 Edg/90.0.818.46"
165.227.170.186 - - [19/Jan/2026:19:10:56 +0000] "PROPFIND / HTTP/1.1" 404 1236 "http://150.230.34.123:443/" "-"
188.166.165.41 - - [19/Jan/2026:19:21:42 +0000] "PROPFIND / HTTP/1.1" 404 1236 "http://150.230.34.123:443/" "-"
206.189.158.53 - - [19/Jan/2026:20:00:02 +0000] "PROPFIND / HTTP/1.1" 404 1236 "http://150.230.34.123:443/" "-"
165.22.20.52 - - [19/Jan/2026:20:06:26 +0000] "PROPFIND / HTTP/1.1" 404 1236 "http://150.230.34.123:443/" "-"
34.22.151.18 - - [19/Jan/2026:20:08:46 +0000] "GET / HTTP/1.1" 404 705 "-" "python-requests/2.32.5"
193.142.147.209 - - [19/Jan/2026:20:11:53 +0000] "POST / HTTP/1.1" 404 705 "-" "Mozilla/5.0 (Windows NT 10.0; Win64; x64) AppleWebKit/537.36"
78.153.140.43 - - [19/Jan/2026:20:24:09 +0000] "GET /.env HTTP/1.1" 404 705 "-" "Mozilla/5.0 (Windows NT 10.0; Win64; x64) AppleWebKit/537.36 (KHTML, like Gecko) Chrome/116.0.5845.140 Safari/537.36"
78.153.140.43 - - [19/Jan/2026:20:24:10 +0000] "POST / HTTP/1.1" 404 705 "-" "Mozilla/5.0 (Windows NT 10.0; Win64; x64) AppleWebKit/537.36 (KHTML, like Gecko) Chrome/116.0.5845.140 Safari/537.36"
165.22.20.52 - - [19/Jan/2026:21:07:38 +0000] "PROPFIND / HTTP/1.1" 404 1236 "http://150.230.34.123:443/" "-"
167.71.109.123 - - [19/Jan/2026:21:09:05 +0000] "GET / HTTP/1.1" 404 1236 "-" "Mozilla/5.0 (Windows NT 10.0; Win64; x64) AppleWebKit/537.36 (KHTML, like Gecko) Chrome/125.0.0.0 Safari/537.36"
5.183.209.196 - - [19/Jan/2026:21:23:16 +0000] "GET /SDK/webLanguage HTTP/1.1" 404 705 "-" "Mozilla/5.0 (Windows NT 10.0; Win64; x64) AppleWebKit/537.36 (KHTML, like Gecko) Chrome/90.0.4430.85 Safari/537.36 Edg/90.0.818.46"
172.203.234.251 - - [19/Jan/2026:21:35:46 +0000] "GET /ecp/Current/exporttool/microsoft.exchange.ediscovery.exporttool.application HTTP/1.1" 404 705 "-" "Mozilla/5.0 zgrab/0.x"
178.16.55.192 - - [19/Jan/2026:21:36:52 +0000] "GET /login?redir=%2F HTTP/1.1" 404 705 "-" "Mozilla/5.0 (Windows NT 10.0; Win64; x64; rv:82.0) Gecko/20100101 Firefox/82.0"
198.235.24.32 - - [19/Jan/2026:21:53:33 +0000] "GET / HTTP/1.1" 404 705 "-" "Hello from Palo Alto Networks, find out more about our scans in https://docs-cortex.paloaltonetworks.com/r/1/Cortex-Xpanse/Scanning-activity"
209.38.234.247 - - [19/Jan/2026:22:04:16 +0000] "PROPFIND / HTTP/1.1" 404 1236 "http://150.230.34.123:443/" "-"
5.61.209.92 - - [19/Jan/2026:22:19:07 +0000] "GET /SDK/webLanguage HTTP/1.1" 404 705 "-" "Mozilla/5.0 (Windows NT 10.0; Win64; x64) AppleWebKit/537.36 (KHTML, like Gecko) Chrome/90.0.4430.85 Safari/537.36 Edg/90.0.818.46"
167.172.167.202 - - [19/Jan/2026:22:26:06 +0000] "PROPFIND / HTTP/1.1" 404 1236 "http://150.230.34.123:443/" "-"
78.153.140.151 - - [19/Jan/2026:22:34:30 +0000] "GET /.env HTTP/1.1" 404 1236 "-" "Opera/9.80 (Windows NT 6.2; WOW64) Presto/2.12.388 Version/12.18"
78.153.140.151 - - [19/Jan/2026:22:34:31 +0000] "GET /.env-dev.conf HTTP/1.1" 404 1236 "-" "Mozilla/5.0 (X11; U; Linux i686; pl; rv:1.8) Gecko/20051111 Firefox/1.5 Ubuntu"
78.153.140.151 - - [19/Jan/2026:22:34:32 +0000] "GET /.env-devtools HTTP/1.1" 404 1236 "-" "Mozilla/5.0 (Windows; U; Windows NT 5.1; it; rv:1.8.0.9) Gecko/20061206 Firefox/1.5.0.9"
78.153.140.151 - - [19/Jan/2026:22:34:33 +0000] "GET /.env-dump.env HTTP/1.1" 404 1236 "-" "Mozilla/5.0 (Linux; U; Android 4.2.2; it-it; GT-P5110 Build/JDQ39) AppleWebKit/534.30 (KHTML, like Gecko) Version/4.0 Safari/534.30"
78.153.140.151 - - [19/Jan/2026:22:34:34 +0000] "GET /.env-dump.sql HTTP/1.1" 404 1236 "-" "Mozilla/5.0 (Linux; U; Android 2.3.6; en-; SAMSUNG-SGH-I727 Build/GINGERBREAD) AppleWebKit/533.1 (KHTML, like Gecko) Version/4.0 Mobile Safari/533.1"
78.153.140.151 - - [19/Jan/2026:22:34:35 +0000] "GET /.env-firewall HTTP/1.1" 404 1236 "-" "Mozilla/5.0 (Windows NT 6.1; WOW64; Trident/7.0; MATP; MATP; rv:11.0) like Gecko"
78.153.140.151 - - [19/Jan/2026:22:34:36 +0000] "GET /.env-fixtures HTTP/1.1" 404 1236 "-" "Opera/9.80 (Linux mips; ) Presto/2.12.407 Version/12.51 MB97/0.39.24.3 (DIGIHOME, Mxl661L32, wireless) VSTVB_MB97 SmartTvA/3.0.0"
78.153.140.151 - - [19/Jan/2026:22:34:37 +0000] "GET /.env-frontend HTTP/1.1" 404 1236 "-" "Mozilla/5.0 (Macintosh; U; PPC Mac OS X 10_5_5; fi-fi) AppleWebKit/525.26.2 (KHTML, like Gecko) Version/3.2 Safari/525.26.12"
78.153.140.151 - - [19/Jan/2026:22:34:37 +0000] "GET /.env-heapdump HTTP/1.1" 404 1236 "-" "Mozilla/5.0 (Macintosh; U; Intel Mac OS X 10_6_6; es-es) AppleWebKit/533.19.4 (KHTML, like Gecko) Version/5.0.3 Safari/533.19.4"
78.153.140.151 - - [19/Jan/2026:22:34:38 +0000] "GET /.env-hits.env HTTP/1.1" 404 1236 "-" "Mozilla/5.0 (Windows NT 10.0; WOW64) AppleWebKit/537.36 (KHTML, like Gecko) Chrome/53.0.2785.89 Safari/537.36"
78.153.140.151 - - [19/Jan/2026:22:34:39 +0000] "GET /.env-html.log HTTP/1.1" 404 1236 "-" "Mozilla/5.0 (Windows NT 5.1) AppleWebKit/537.36 (KHTML, like Gecko) Chrome/39.0.2171.95 Safari/537.36"
78.153.140.151 - - [19/Jan/2026:22:34:40 +0000] "GET /.env-http.log HTTP/1.1" 404 1236 "-" "Mozilla/5.0 (Macintosh; Intel Mac OS X 10_8_4) AppleWebKit/537.36 (KHTML, like Gecko) Chrome/45.0.2454.85 Safari/537.36"
78.153.140.151 - - [19/Jan/2026:22:34:41 +0000] "GET /.env-identity HTTP/1.1" 404 1236 "-" "Mozilla/5.0 (Macintosh; U; Intel Mac OS X 10_6_2; en-US) AppleWebKit/533.4 (KHTML, like Gecko) Chrome/5.0.375.70 Safari/533.4"
78.153.140.151 - - [19/Jan/2026:22:34:42 +0000] "GET /.env-iis.conf HTTP/1.1" 404 1236 "-" "Mozilla/5.0 (Windows NT 10.0; Win64; x64) AppleWebKit/537.36 (KHTML, like Gecko) Chrome/70.0.3538.77 Safari/537.36"
78.153.140.151 - - [19/Jan/2026:22:34:43 +0000] "GET /.env-info.env HTTP/1.1" 404 1236 "-" "Mozilla/5.0 (Linux; U; Android 1.5; en-us; T-Mobile G1 Build/CRB43) AppleWebKit/528.5 (KHTML, like Gecko) Version/3.1.2 Mobile Safari 525.20.1"
78.153.140.151 - - [19/Jan/2026:22:34:44 +0000] "GET /.env-json.log HTTP/1.1" 404 1236 "-" "Mozilla/5.0 (Linux; Android 6.0.1; SM-G550T1 Build/MMB29K) AppleWebKit/537.36 (KHTML, like Gecko) Chrome/57.0.2987.132 Mobile Safari/537.36"
78.153.140.151 - - [19/Jan/2026:22:34:44 +0000] "GET /.env-info.log HTTP/1.1" 404 1236 "-" "Mozilla/5.0 (Linux; U; Android 2.3.4; en-us; DROID2 Build/4.5.1_57_DR4-51) AppleWebKit/533.1 (KHTML, like Gecko) Version/4.0 Mobile Safari/533.1"
78.153.140.151 - - [19/Jan/2026:22:34:45 +0000] "GET /.env-keycloak HTTP/1.1" 404 1236 "-" "Mozilla/4.0 (compatible; MSIE 4.01; Windows 95)"
78.153.140.151 - - [19/Jan/2026:22:34:46 +0000] "GET /.env-keys.env HTTP/1.1" 404 1236 "-" "Mozilla/5.0 (iPhone; U; CPU iPhone OS 4_0_1 like Mac OS X; en-us) AppleWebKit/532.9 (KHTML, like Gecko) Version/4.0.5 Mobile/8A306 Safari/6531.22.7"
78.153.140.151 - - [19/Jan/2026:22:34:47 +0000] "GET /.env-logs.env HTTP/1.1" 404 1236 "-" "Mozilla/5.0 (Windows NT 6.0; rv:52.0) Gecko/20100101 Firefox/52.0"
78.153.140.151 - - [19/Jan/2026:22:34:48 +0000] "GET /.env-mail.log HTTP/1.1" 404 1236 "-" "Mozilla/5.0 (Linux; U; Android 4.0.4; en-us; GT-S7562 Build/IMM76I) AppleWebKit/534.30 (KHTML, like Gecko) Version/4.0 Mobile Safari/534.30"
78.153.140.151 - - [19/Jan/2026:22:34:49 +0000] "GET /.env-meta.env HTTP/1.1" 404 1236 "-" "Mozilla/5.0 (Windows NT 6.1) AppleWebKit/537.36 (KHTML, like Gecko) Chrome/52.0.2743.116 Safari/537.36 OPR/39.0.2256.71"
78.153.140.151 - - [19/Jan/2026:22:34:50 +0000] "GET /.env-mongoose HTTP/1.1" 404 1236 "-" "Mozilla/5.0 (Macintosh; Intel Mac OS X 10_10_5) AppleWebKit/603.3.8 (KHTML, like Gecko) Version/10.1.2 Safari/603.3.8"
78.153.140.151 - - [19/Jan/2026:22:34:51 +0000] "GET /.env-node.log HTTP/1.1" 404 1236 "-" "Mozilla/5.0 (iPhone; CPU iPhone OS 7_0 like Mac OS X) AppleWebKit/537.51.1 (KHTML, like Gecko) Version/7.0 Mobile/11A465 Safari/9537.53"
78.153.140.151 - - [19/Jan/2026:22:34:52 +0000] "GET /.env-post.env HTTP/1.1" 404 1236 "-" "Mozilla/5.0 (X11; U; Linux i686; en-US; rv:1.8.0.3) Gecko/20060425 SUSE/1.5.0.3-7 Firefox/1.5.0.3"
78.153.140.151 - - [19/Jan/2026:22:34:52 +0000] "GET /.env-prod.env HTTP/1.1" 404 1236 "-" "Mozilla/5.0 (Windows; U; Windows NT 5.0; de-DE; rv:1.7.6) Gecko/20050226 Firefox/1.0.1"
78.153.140.151 - - [19/Jan/2026:22:34:53 +0000] "GET /.env-prod.log HTTP/1.1" 404 1236 "-" "Mozilla/5.0 (X11; U; Linux i686; pl-PL; rv:1.9.0.3) Gecko/2008092700 SUSE/3.0.3-2.2 Firefox/3.0.3"
78.153.140.151 - - [19/Jan/2026:22:34:54 +0000] "GET /.env-s3-creds HTTP/1.1" 404 1236 "-" "Mozilla/5.0 (Macintosh; Intel Mac OS X 10_13_3) AppleWebKit/537.36 (KHTML, like Gecko) Chrome/64.0.3282.167 Safari/537.36"
78.153.140.151 - - [19/Jan/2026:22:34:55 +0000] "GET /.env-scan.env HTTP/1.1" 404 1236 "-" "Mozilla/4.0 (compatible; MSIE 6.0; MSIE 5.5; Windows NT 5.0) Opera 7.0 [en]"
78.153.140.151 - - [19/Jan/2026:22:34:56 +0000] "GET /.env-mail.env HTTP/1.1" 404 1236 "-" "Mozilla/5.0 (iPad; CPU iPad OS 8_0 like Mac OS X) AppleWebKit/600.1.3 (KHTML, like Gecko) Version/8.0 Mobile/12A4345d Safari/600.1.4"
78.153.140.151 - - [19/Jan/2026:22:34:57 +0000] "GET /.env-selenium HTTP/1.1" 404 1236 "-" "Mozilla/5.0 (Linux; Android 5.1.1; SM-J111F Build/LMY47V) AppleWebKit/537.36 (KHTML, like Gecko) Chrome/55.0.2883.91 Mobile Safari/537.36"
104.244.79.113 - - [19/Jan/2026:22:36:53 +0000] "GET /api/me HTTP/1.1" 404 705 "http://150.230.34.123:443/api/me" "Mozilla/5.0"
104.244.79.113 - - [19/Jan/2026:22:36:54 +0000] "GET /api/me HTTP/1.1" 404 705 "-" "Mozilla/5.0"
89.42.231.184 - - [19/Jan/2026:22:43:54 +0000] "GET /boot/boot HTTP/1.1" 404 705 "-" "Mozilla/5.0 (compatible; FastScan/1.0)"
85.217.149.5 - - [19/Jan/2026:22:59:40 +0000] "GET / HTTP/1.1" 404 705 "-" "Mozilla/5.0 (compatible; ModatScanner/1.2; +https://modat.io/)"
54.174.131.247 - - [19/Jan/2026:23:15:37 +0000] "GET / HTTP/1.1" 404 705 "-" "Mozilla/5.0 (Windows NT 10.0; Win64; x64) AppleWebKit/537.36 (KHTML, like Gecko) Chrome/136.0.0.0 Safari/537.36"
54.205.175.31 - - [19/Jan/2026:23:15:46 +0000] "GET /robots.txt HTTP/1.1" 404 705 "-" "Mozilla/5.0 (Windows NT 10.0; Win64; x64) AppleWebKit/537.36 (KHTML, like Gecko) Chrome/136.0.0.0 Safari/537.36"
54.163.33.187 - - [19/Jan/2026:23:16:03 +0000] "GET /favicon.ico HTTP/1.1" 404 705 "-" "Mozilla/5.0 (Windows NT 10.0; Win64; x64) AppleWebKit/537.36 (KHTML, like Gecko) Chrome/136.0.0.0 Safari/537.36"
85.11.183.6 - - [19/Jan/2026:23:20:42 +0000] "GET / HTTP/1.1" 404 705 "-" "Mozilla/5.0 (Windows NT 10.0; Win64; x64) AppleWebKit/537.36 (KHTML, like Gecko) Chrome/140.0.0.0 Safari/537.36"
85.11.183.6 - - [19/Jan/2026:23:20:42 +0000] "GET / HTTP/1.1" 404 705 "-" "Mozilla/5.0 (Windows NT 10.0; Win64; x64) AppleWebKit/537.36 (KHTML, like Gecko) Chrome/140.0.0.0 Safari/537.36"
64.226.81.232 - - [19/Jan/2026:23:27:59 +0000] "PROPFIND / HTTP/1.1" 404 1236 "http://150.230.34.123:443/" "-"
218.233.21.87 - - [19/Jan/2026:23:32:49 +0000] "POST /cgi-bin/%%32%65%%32%65/%%32%65%%32%65/%%32%65%%32%65/%%32%65%%32%65/%%32%65%%32%65/%%32%65%%32%65/%%32%65%%32%65/bin/sh HTTP/1.1" 404 1236 "-" "libredtail-http"
218.233.21.87 - - [19/Jan/2026:23:32:50 +0000] "POST /hello.world?%ADd+allow_url_include%3d1+%ADd+auto_prepend_file%3dphp://input HTTP/1.1" 404 1236 "-" "libredtail-http"
78.153.140.43 - - [19/Jan/2026:23:40:29 +0000] "GET /.env HTTP/1.1" 404 705 "-" "Mozilla/5.0 (Windows NT 10.0; Win64; x64) AppleWebKit/537.36 (KHTML, like Gecko) Chrome/116.0.5845.140 Safari/537.36"
78.153.140.43 - - [19/Jan/2026:23:40:30 +0000] "POST / HTTP/1.1" 404 705 "-" "Mozilla/5.0 (Windows NT 10.0; Win64; x64) AppleWebKit/537.36 (KHTML, like Gecko) Chrome/116.0.5845.140 Safari/537.36"
94.26.106.113 - - [19/Jan/2026:23:40:43 +0000] "PROPFIND / HTTP/1.1" 404 1236 "http://150.230.34.123:443/" "-"
193.142.147.209 - - [19/Jan/2026:23:45:10 +0000] "POST / HTTP/1.1" 404 705 "-" "Mozilla/5.0 (Windows NT 10.0; Win64; x64) AppleWebKit/537.36"
207.154.249.96 - - [20/Jan/2026:00:10:57 +0000] "GET /.env HTTP/1.1" 404 705 "-" "Mozilla/5.0; Keydrop.io/1.0(onlyscans.com/about);"
207.154.249.96 - - [20/Jan/2026:00:10:58 +0000] "GET /.git/config HTTP/1.1" 404 705 "-" "Mozilla/5.0; Keydrop.io/1.0(onlyscans.com/about);"
138.68.145.43 - - [20/Jan/2026:00:25:58 +0000] "GET /+CSCOL+/Java.jar HTTP/1.1" 404 705 "-" "Mozilla/5.0 (Windows NT 10.0; Win64; x64) AppleWebKit/537.36 (KHTML, like Gecko) Chrome/108.0.0.0 Safari/537.36"
138.68.145.43 - - [20/Jan/2026:00:25:59 +0000] "GET /+CSCOE+/logon_forms.js HTTP/1.1" 404 705 "-" "Mozilla/5.0 (Windows NT 10.0; Win64; x64) AppleWebKit/537.36 (KHTML, like Gecko) Chrome/108.0.0.0 Safari/537.36"
138.68.145.43 - - [20/Jan/2026:00:26:00 +0000] "GET /+CSCOL+/a1.jar HTTP/1.1" 404 705 "-" "Mozilla/5.0 (Windows NT 10.0; Win64; x64) AppleWebKit/537.36 (KHTML, like Gecko) Chrome/108.0.0.0 Safari/537.36"
138.68.145.43 - - [20/Jan/2026:00:26:01 +0000] "GET /+CSCOE+/transfer.js HTTP/1.1" 404 705 "-" "Mozilla/5.0 (Windows NT 10.0; Win64; x64) AppleWebKit/537.36 (KHTML, like Gecko) Chrome/108.0.0.0 Safari/537.36"
47.253.116.19 - - [20/Jan/2026:00:51:07 +0000] "GET /dns-query?dns=GPcBAAABAAAAAAAABmdvb2dsZQNjb20AAAEAAQ HTTP/2" 404 1236 "-" "Chrome"
20.65.194.130 - - [20/Jan/2026:00:56:38 +0000] "GET /actuator/health HTTP/1.1" 404 705 "-" "Mozilla/5.0 zgrab/0.x"
47.253.116.19 - - [20/Jan/2026:00:58:54 +0000] "POST /dns-query HTTP/2" 404 1236 "-" "Chrome"
146.190.39.80 - - [20/Jan/2026:01:06:16 +0000] "GET / HTTP/1.1" 404 1236 "-" "Mozilla/5.0 (Windows NT 10.0; Win64; x64) AppleWebKit/537.36 (KHTML, like Gecko) Chrome/125.0.0.0 Safari/537.36"
188.166.165.41 - - [20/Jan/2026:01:14:02 +0000] "PROPFIND / HTTP/1.1" 404 1236 "http://150.230.34.123:443/" "-"
162.216.149.97 - - [20/Jan/2026:01:25:58 +0000] "GET / HTTP/1.1" 404 705 "-" "Hello from Palo Alto Networks, find out more about our scans in https://docs-cortex.paloaltonetworks.com/r/1/Cortex-Xpanse/Scanning-activity"
43.130.72.177 - - [20/Jan/2026:01:27:31 +0000] "GET / HTTP/1.1" 404 705 "http://150.230.34.123:443" "Mozilla/5.0 (iPhone; CPU iPhone OS 13_2_3 like Mac OS X) AppleWebKit/605.1.15 (KHTML, like Gecko) Version/13.0.3 Mobile/15E148 Safari/604.1"
165.22.64.142 - - [20/Jan/2026:01:31:52 +0000] "GET / HTTP/1.1" 404 705 "-" "Mozilla/5.0 (compatible; WPScanner/1.0)"
165.22.64.142 - - [20/Jan/2026:01:31:52 +0000] "HEAD /wp-login.php HTTP/1.1" 404 - "-" "Mozilla/5.0 (compatible; WPScanner/1.0)"
209.38.234.247 - - [20/Jan/2026:01:47:03 +0000] "PROPFIND / HTTP/1.1" 404 1236 "http://150.230.34.123:443/" "-"
91.232.238.112 - - [20/Jan/2026:01:47:42 +0000] "GET /admin/config.php HTTP/1.0" 404 1236 "-" "xfa1"
176.65.149.253 - - [20/Jan/2026:01:55:00 +0000] "GET /.env HTTP/1.0" 404 1236 "-" "Mozilla/5.0 (Windows NT 10.0; Win64; x64) AppleWebKit/537.36 (KHTML, like Gecko) Chrome/124.0.0.0 Safari/537.36"
165.22.64.142 - - [20/Jan/2026:02:04:12 +0000] "GET / HTTP/1.1" 404 705 "-" "Mozilla/5.0 (compatible; WPScanner/1.0)"
165.22.64.142 - - [20/Jan/2026:02:04:13 +0000] "HEAD /wp-login.php HTTP/1.1" 404 - "-" "Mozilla/5.0 (compatible; WPScanner/1.0)"
185.242.226.121 - - [20/Jan/2026:02:10:07 +0000] "GET / HTTP/1.1" 404 705 "http://150.230.34.123:443/" "Mozilla/5.0 (Windows NT 10.0; Win64; x64) AppleWebKit/537.36 (KHTML, like Gecko) Chrome/88.0.4324.190 Safari/537.36"
68.183.68.167 - - [20/Jan/2026:02:31:48 +0000] "PROPFIND / HTTP/1.1" 404 1236 "http://150.230.34.123:443/" "-"
3.130.96.91 - - [20/Jan/2026:02:57:33 +0000] "GET / HTTP/1.1" 404 705 "http://150.230.34.123:443/" "cypex.ai/scanning Mozilla/5.0 (Macintosh; Intel Mac OS X 10_15_7) Chrome/126.0.0.0 Safari/537.36"
195.178.110.246 - - [20/Jan/2026:03:01:50 +0000] "GET /.env HTTP/1.1" 404 705 "-" "Mozilla/5.0 (Windows NT 10.0; Win64; x64) AppleWebKit/537.36 (KHTML, like Gecko) Chrome/71.0.3578.80 Safari/537.36"
3.130.96.91 - - [20/Jan/2026:03:03:17 +0000] "GET / HTTP/1.1" 404 705 "-" "cypex.ai/scanning Mozilla/5.0 (Macintosh; Intel Mac OS X 10_15_7) Chrome/126.0.0.0 Safari/537.36"
167.172.167.202 - - [20/Jan/2026:03:04:48 +0000] "PROPFIND / HTTP/1.1" 404 1236 "http://150.230.34.123:443/" "-"
193.142.147.209 - - [20/Jan/2026:03:13:41 +0000] "POST / HTTP/1.1" 404 705 "-" "Mozilla/5.0 (Windows NT 10.0; Win64; x64) AppleWebKit/537.36"
195.178.110.162 - - [20/Jan/2026:03:18:17 +0000] "GET /.env HTTP/1.1" 404 705 "-" "Mozilla/5.0 (Macintosh; U; Intel Mac OS X 10_6_2; en-us) AppleWebKit/531.21.8 (KHTML, like Gecko) Version/4.0.4 Safari/531.21.10"
167.172.167.202 - - [20/Jan/2026:03:19:02 +0000] "PROPFIND / HTTP/1.1" 404 1236 "http://150.230.34.123:443/" "-"
68.183.68.167 - - [20/Jan/2026:03:25:29 +0000] "PROPFIND / HTTP/1.1" 404 1236 "http://150.230.34.123:443/" "-"
165.22.20.52 - - [20/Jan/2026:03:45:56 +0000] "PROPFIND / HTTP/1.1" 404 1236 "http://150.230.34.123:443/" "-"
164.92.249.19 - - [20/Jan/2026:03:47:51 +0000] "PROPFIND / HTTP/1.1" 404 1236 "http://150.230.34.123:443/" "-"
78.153.140.251 - - [20/Jan/2026:03:55:52 +0000] "GET /.env HTTP/1.1" 404 705 "-" "Mozilla/5.0 (Windows NT 10.0; Win64; x64) AppleWebKit/537.36 (KHTML, like Gecko) Chrome/116.0.5845.140 Safari/537.36"
78.153.140.251 - - [20/Jan/2026:03:55:53 +0000] "POST / HTTP/1.1" 404 705 "-" "Mozilla/5.0 (Windows NT 10.0; Win64; x64) AppleWebKit/537.36 (KHTML, like Gecko) Chrome/116.0.5845.140 Safari/537.36"
206.189.158.53 - - [20/Jan/2026:04:05:28 +0000] "PROPFIND / HTTP/1.1" 404 1236 "http://150.230.34.123:443/" "-"
203.55.131.5 - - [20/Jan/2026:04:27:13 +0000] "GET / HTTP/1.1" 404 705 "-" "Mozilla/5.0 (Windows NT 10.0; Win64; x64) AppleWebKit/537.36 (KHTML, like Gecko) Chrome/133.0.0.0 Safari/537.36"
203.55.131.5 - - [20/Jan/2026:04:28:48 +0000] "GET /favicon.ico HTTP/2" 404 1236 "-" "Mozilla/5.0 (Windows NT 10.0; Win64; x64) AppleWebKit/537.36 (KHTML, like Gecko) Chrome/133.0.0.0 Safari/537.36"
35.205.235.254 - - [20/Jan/2026:04:38:37 +0000] "GET / HTTP/1.1" 404 705 "-" "python-requests/2.32.5"
165.22.20.52 - - [20/Jan/2026:05:30:36 +0000] "PROPFIND / HTTP/1.1" 404 1236 "http://150.230.34.123:443/" "-"
185.189.182.234 - - [20/Jan/2026:05:33:10 +0000] "GET /IoQS HTTP/1.1" 404 1236 "-" "-"
164.92.249.19 - - [20/Jan/2026:05:36:09 +0000] "PROPFIND / HTTP/1.1" 404 1236 "http://150.230.34.123:443/" "-"
209.38.234.247 - - [20/Jan/2026:06:15:05 +0000] "PROPFIND / HTTP/1.1" 404 1236 "http://150.230.34.123:443/" "-"
79.124.40.174 - - [20/Jan/2026:06:16:51 +0000] "GET /?XDEBUG_SESSION_START=phpstorm HTTP/1.1" 404 705 "-" "Mozilla/5.0 (Windows NT 10.0; Win64; x64) AppleWebKit/537.36 (KHTML, like Gecko) Chrome/78.0.3904.108 Safari/537.36"
204.76.203.46 - - [20/Jan/2026:06:30:28 +0000] "GET / HTTP/1.1" 404 705 "-" "Mozilla/5.0 (Windows NT 10.0; Win64; x64) AppleWebKit/537.36"
184.105.247.196 - - [20/Jan/2026:06:33:39 +0000] "GET / HTTP/1.1" 404 705 "-" "Mozilla/5.0 (Windows NT 10.0; rv:91.0) Gecko/20100101 Firefox/91.0"
193.142.147.209 - - [20/Jan/2026:06:38:04 +0000] "POST / HTTP/1.1" 404 705 "-" "Mozilla/5.0 (Windows NT 10.0; Win64; x64) AppleWebKit/537.36"
184.105.247.196 - - [20/Jan/2026:06:41:40 +0000] "GET /favicon.ico HTTP/1.1" 404 705 "-" "Mozilla/5.0 (Windows NT 10.0; Win64; x64) AppleWebKit/537.36 (KHTML, like Gecko) Chrome/122.0.0.0 Safari/537.36 OPR/108.0.0.0"
184.105.247.196 - - [20/Jan/2026:06:44:11 +0000] "GET / HTTP/1.1" 404 705 "-" "Mozilla/5.0 (Windows NT 10.0; rv:91.0) Gecko/20100101 Firefox/91.0"
20.65.195.32 - - [20/Jan/2026:07:06:01 +0000] "GET /developmentserver/metadatauploader HTTP/1.1" 404 705 "-" "Mozilla/5.0 zgrab/0.x"
78.153.140.251 - - [20/Jan/2026:07:08:30 +0000] "GET /.env HTTP/1.1" 404 705 "-" "Mozilla/5.0 (Windows NT 10.0; Win64; x64) AppleWebKit/537.36 (KHTML, like Gecko) Chrome/116.0.5845.140 Safari/537.36"
78.153.140.251 - - [20/Jan/2026:07:08:31 +0000] "POST / HTTP/1.1" 404 705 "-" "Mozilla/5.0 (Windows NT 10.0; Win64; x64) AppleWebKit/537.36 (KHTML, like Gecko) Chrome/116.0.5845.140 Safari/537.36"
178.128.227.250 - - [20/Jan/2026:07:10:23 +0000] "GET / HTTP/1.1" 404 705 "-" "Mozilla/5.0 (X11; Linux x86_64) AppleWebKit/537.36 (KHTML, like Gecko) Chrome/142.0.0.0 Safari/537.36"
178.128.227.250 - - [20/Jan/2026:07:10:25 +0000] "GET /favicon.ico HTTP/1.1" 404 705 "https://150.230.34.123/" "Mozilla/5.0 (X11; Linux x86_64) AppleWebKit/537.36 (KHTML, like Gecko) Chrome/142.0.0.0 Safari/537.36"
206.189.158.53 - - [20/Jan/2026:07:13:59 +0000] "PROPFIND / HTTP/1.1" 404 1236 "http://150.230.34.123:443/" "-"
185.241.208.170 - - [20/Jan/2026:07:26:57 +0000] "GET /.git/refs/tags/ HTTP/1.1" 404 705 "-" "Mozilla/5.0 (X11; Linux x86_64) AppleWebKit/537.36 (KHTML, like Gecko) Chrome/68.0.3440.84 Safari/537.36"
64.226.81.232 - - [20/Jan/2026:07:36:49 +0000] "PROPFIND / HTTP/1.1" 404 1236 "http://150.230.34.123:443/" "-"
164.92.249.19 - - [20/Jan/2026:07:43:59 +0000] "PROPFIND / HTTP/1.1" 404 1236 "http://150.230.34.123:443/" "-"
20.65.193.168 - - [20/Jan/2026:07:50:02 +0000] "GET /owa/auth/logon.aspx HTTP/1.1" 404 705 "-" "Mozilla/5.0 zgrab/0.x"
167.172.167.202 - - [20/Jan/2026:08:08:02 +0000] "PROPFIND / HTTP/1.1" 404 1236 "http://150.230.34.123:443/" "-"
79.124.40.174 - - [20/Jan/2026:08:09:34 +0000] "GET /actuator/gateway/routes HTTP/1.1" 404 705 "-" "Mozilla/5.0 (Windows NT 10.0; Win64; x64) AppleWebKit/537.36 (KHTML, like Gecko) Chrome/78.0.3904.108 Safari/537.36"
115.159.115.172 - - [20/Jan/2026:08:27:18 +0000] "GET / HTTP/1.1" 404 705 "-" "Mozilla/5.0 (Linux; Android 10; LIO-AN00 Build/HUAWEILIO-AN00; wv) MicroMessenger Weixin QQ AppleWebKit/537.36 (KHTML, like Gecko) Version/4.0 Chrome/78.0.3904.62 XWEB/2692 MMWEBSDK/200901 Mobile Safari/537.36"
195.178.110.25 - - [20/Jan/2026:08:32:36 +0000] "POST /api HTTP/1.1" 404 705 "-" "Mozilla/5.0 (Linux; U; Android 4.2.2; he-il; NEO-X5-116A Build/JDQ39) AppleWebKit/534.30 (KHTML, like Gecko) Version/4.0 Safari/534.30"
94.26.106.113 - - [20/Jan/2026:08:39:23 +0000] "PROPFIND / HTTP/1.1" 404 1236 "http://150.230.34.123:443/" "-"
47.251.142.10 - - [20/Jan/2026:08:43:34 +0000] "POST /cgi-bin/%%32%65%%32%65/%%32%65%%32%65/%%32%65%%32%65/%%32%65%%32%65/%%32%65%%32%65/%%32%65%%32%65/%%32%65%%32%65/bin/sh HTTP/1.1" 404 1236 "-" "libredtail-http"
115.159.115.172 - - [20/Jan/2026:08:43:37 +0000] "GET / HTTP/1.1" 404 705 "-" "Mozilla/5.0 (Linux; Android 10; LIO-AN00 Build/HUAWEILIO-AN00; wv) MicroMessenger Weixin QQ AppleWebKit/537.36 (KHTML, like Gecko) Version/4.0 Chrome/78.0.3904.62 XWEB/2692 MMWEBSDK/200901 Mobile Safari/537.36"
43.167.236.228 - - [20/Jan/2026:08:53:36 +0000] "GET / HTTP/1.1" 404 705 "http://150.230.34.123:443" "Mozilla/5.0 (iPhone; CPU iPhone OS 13_2_3 like Mac OS X) AppleWebKit/605.1.15 (KHTML, like Gecko) Version/13.0.3 Mobile/15E148 Safari/604.1"
5.61.209.92 - - [20/Jan/2026:08:54:15 +0000] "GET /SDK/webLanguage HTTP/1.1" 404 705 "-" "Mozilla/5.0 (Windows NT 10.0; Win64; x64) AppleWebKit/537.36 (KHTML, like Gecko) Chrome/90.0.4430.85 Safari/537.36 Edg/90.0.818.46"
20.65.193.203 - - [20/Jan/2026:09:14:15 +0000] "GET /owa/auth/x.js HTTP/1.1" 404 705 "-" "Mozilla/5.0 zgrab/0.x"
185.12.59.118 - - [20/Jan/2026:09:29:34 +0000] "GET / HTTP/1.1" 404 705 "http://150.230.34.123:443/" "Mozilla/5.0 (Windows NT 10.0; Win64; x64; rv:132.0) Gecko/20100101 Firefox/132.0"
20.65.193.244 - - [20/Jan/2026:09:39:15 +0000] "GET /ReportServer HTTP/1.1" 404 705 "-" "Mozilla/5.0 zgrab/0.x"
185.241.208.170 - - [20/Jan/2026:09:39:33 +0000] "GET /.env HTTP/1.1" 404 705 "-" "Mozilla/5.0 (X11; Linux x86_64) AppleWebKit/537.36 (KHTML, like Gecko) Chrome/45.0.2454.85 Safari/537.36 OPR/32.0.1948.25"
213.209.159.181 - - [20/Jan/2026:10:00:35 +0000] "GET /.git/config HTTP/1.1" 404 705 "-" "Mozilla/5.0 (Windows; U; Windows NT 6.1; en-US) AppleWebKit/533.19.4 (KHTML, like Gecko) Version/5.0.2 Safari/533.18.5"
102.220.22.170 - - [20/Jan/2026:10:05:59 +0000] "GET /.env HTTP/1.1" 404 705 "-" "Mozilla/5.0 (Macintosh; Intel Mac OS X 10_14_6) AppleWebKit/537.36 (KHTML, like Gecko) Chrome/78.0.3888.0 Safari/537.36"
165.232.94.223 - - [20/Jan/2026:10:09:36 +0000] "PROPFIND / HTTP/1.1" 404 1236 "http://150.230.34.123:443/" "-"
164.92.249.19 - - [20/Jan/2026:10:23:23 +0000] "PROPFIND / HTTP/1.1" 404 1236 "http://150.230.34.123:443/" "-"
91.92.41.51 - - [20/Jan/2026:10:29:48 +0000] "GET /.env HTTP/1.1" 404 705 "-" "Mozilla/5.0 (X11; Linux x86_64) AppleWebKit/537.36 (KHTML, like Gecko) Chrome/81.0.4044.129 Safari/537.36"
91.92.41.51 - - [20/Jan/2026:10:29:49 +0000] "POST / HTTP/1.1" 404 705 "-" "Mozilla/5.0 (X11; Linux x86_64) AppleWebKit/537.36 (KHTML, like Gecko) Chrome/81.0.4044.129 Safari/537.36"
193.142.147.209 - - [20/Jan/2026:10:31:31 +0000] "POST / HTTP/1.1" 404 705 "-" "Mozilla/5.0 (Windows NT 10.0; Win64; x64) AppleWebKit/537.36"
164.92.230.108 - - [20/Jan/2026:10:50:39 +0000] "PROPFIND / HTTP/1.1" 404 1236 "http://150.230.34.123:443/" "-"
188.166.241.177 - - [20/Jan/2026:10:51:58 +0000] "GET /.aws/credentials HTTP/2" 404 705 "-" "Go-http-client/2.0"
188.166.241.177 - - [20/Jan/2026:10:51:59 +0000] "GET /.aws/credentials.gpg HTTP/2" 404 705 "-" "Go-http-client/2.0"
188.166.241.177 - - [20/Jan/2026:10:52:01 +0000] "GET /.s3cfg HTTP/2" 404 705 "-" "Go-http-client/2.0"
188.166.241.177 - - [20/Jan/2026:10:52:02 +0000] "GET /.passwd-s3fs HTTP/2" 404 705 "-" "Go-http-client/2.0"
188.166.241.177 - - [20/Jan/2026:10:52:04 +0000] "GET /s3cmd.ini HTTP/2" 404 705 "-" "Go-http-client/2.0"
188.166.241.177 - - [20/Jan/2026:10:52:05 +0000] "GET /.env HTTP/2" 404 705 "-" "Go-http-client/2.0"
